{"id":4166,"date":"2026-03-23T08:02:10","date_gmt":"2026-03-23T07:02:10","guid":{"rendered":"https:\/\/www.regionsaris.sk\/?post_type=vyznamna-tvar&#038;p=4166"},"modified":"2026-03-25T14:46:26","modified_gmt":"2026-03-25T13:46:26","slug":"katarina-koscova","status":"publish","type":"vyznamna-tvar","link":"https:\/\/www.regionsaris.sk\/hu\/vyznamna-tvar\/katarina-koscova\/","title":{"rendered":"Katar\u00edna Ko\u0161\u010dov\u00e1"},"content":{"rendered":"<p>Katar\u00edna Ko\u0161\u010dov\u00e1, pop- \u00e9s jazz\u00e9nekesn\u0151, Pre\u0161ovb\u00f3l sz\u00e1rmazik. Filoz\u00f3fi\u00e1t \u00e9s eszt\u00e9tik\u00e1t tanult a Pre\u0161ovi Egyetem b\u00f6lcs\u00e9szkar\u00e1n.&nbsp;<\/p>\n\n\n\n<p>2005-ben \u0151 lett a Szlov\u00e1kia keresi a szuperszt\u00e1rt els\u0151 sz\u00e9ri\u00e1j\u00e1nak gy\u0151ztese. Zenekar\u00e1val, amelyben Michal Brandys (akusztikus git\u00e1r, heged\u0171), Daniel \u0160piner (billenty\u0171s hangszerek), Viliam Cico\u0148 (basszusgit\u00e1r) \u00e9s Miroslav Szirmai (\u00fct\u0151hangszerek) szerepel, klubokban \u00e9s irodalmi rendezv\u00e9nyeken l\u00e9p fel, \u00e9s a Ne\u0159e\u017e zenekarral val\u00f3 egy\u00fcttm\u0171k\u00f6d\u00e9se is sikeres lett.&nbsp;<\/p>\n\n\n\n<p>Sz\u00e1mos sz\u00f3l\u00f3albummal b\u00fcszk\u00e9lkedhet, mint p\u00e9ld\u00e1ul a <em>M\u00e9g nem ismerj\u00fck egym\u00e1st<\/em> (2005), <em>Naboso<\/em> (2006), <em>Rend\u00edthetetlen<\/em> (2009), <em>Szenteste<\/em> (2012), <em>Ablakos<\/em> (2014). Veronika Husovsk\u00e1-val \u00e9s Martin Husovsk\u00fdval k\u00f6z\u00f6sen publik\u00e1lta a <em>CD altat\u00f3dalok<\/em> (2009).&nbsp;<\/p>\n\n\n\n<p><strong>Forr\u00e1s:<\/strong> <a href=\"http:\/\/hc.sk\/\">hc.sk<\/a><br><strong>Fot\u00f3 forr\u00e1sa<\/strong>Szerz\u0151: Pavol Fre\u0161o - flickr.com, CC BY 2.0, https:\/\/commons.wikimedia.org\/w\/index.php?curid=59741755<\/p>","protected":false},"featured_media":4237,"template":"","meta":{"_acf_changed":true},"kategoria-vyznamnych-tvari":[244],"oblast-posobenia":[236,256],"class_list":["post-4166","vyznamna-tvar","type-vyznamna-tvar","status-publish","has-post-thumbnail","hentry","kategoria-vyznamnych-tvari-sucasna-osobnost","oblast-posobenia-hudba","oblast-posobenia-spev"],"acf":[],"yoast_head":"<!-- This site is optimized with the Yoast SEO Premium plugin v26.3 (Yoast SEO v26.8) - https:\/\/yoast.com\/product\/yoast-seo-premium-wordpress\/ -->\n<title>Katar\u00edna Ko\u0161\u010dov\u00e1 - OOCR \u0160ari\u0161<\/title>\n<meta name=\"description\" content=\"Katar\u00edna Ko\u0161\u010dov\u00e1 je popov\u00e1 a jazzov\u00e1 spev\u00e1\u010dka, rod\u00e1\u010dka z Pre\u0161ova. Vy\u0161tudovala filozofiu a estetiku a bola v\u00ed\u0165azka SuperStar.\" \/>\n<meta name=\"robots\" content=\"index, follow, max-snippet:-1, max-image-preview:large, max-video-preview:-1\" \/>\n<link rel=\"canonical\" href=\"https:\/\/www.regionsaris.sk\/hu\/vyznamna-tvar\/katarina-koscova\/\" \/>\n<meta property=\"og:locale\" content=\"hu_HU\" \/>\n<meta property=\"og:type\" content=\"article\" \/>\n<meta property=\"og:title\" content=\"Katar\u00edna Ko\u0161\u010dov\u00e1\" \/>\n<meta property=\"og:description\" content=\"Katar\u00edna Ko\u0161\u010dov\u00e1 je popov\u00e1 a jazzov\u00e1 spev\u00e1\u010dka, rod\u00e1\u010dka z Pre\u0161ova. Vy\u0161tudovala filozofiu a estetiku a bola v\u00ed\u0165azka SuperStar.\" \/>\n<meta property=\"og:url\" content=\"https:\/\/www.regionsaris.sk\/hu\/vyznamna-tvar\/katarina-koscova\/\" \/>\n<meta property=\"og:site_name\" content=\"OOCR \u0160ari\u0161\" \/>\n<meta property=\"article:modified_time\" content=\"2026-03-25T13:46:26+00:00\" \/>\n<meta property=\"og:image\" content=\"https:\/\/www.regionsaris.sk\/wp-content\/uploads\/2026\/03\/katarina-koscova-vyznamne-tvare-regionu-oocrrs.png\" \/>\n\t<meta property=\"og:image:width\" content=\"500\" \/>\n\t<meta property=\"og:image:height\" content=\"500\" \/>\n\t<meta property=\"og:image:type\" content=\"image\/png\" \/>\n<meta name=\"twitter:card\" content=\"summary_large_image\" \/>\n<meta name=\"twitter:label1\" content=\"Becs\u00fclt olvas\u00e1si id\u0151\" \/>\n\t<meta name=\"twitter:data1\" content=\"1 perc\" \/>\n<script type=\"application\/ld+json\" class=\"yoast-schema-graph\">{\"@context\":\"https:\/\/schema.org\",\"@graph\":[{\"@type\":\"WebPage\",\"@id\":\"https:\/\/www.regionsaris.sk\/vyznamna-tvar\/katarina-koscova\/\",\"url\":\"https:\/\/www.regionsaris.sk\/vyznamna-tvar\/katarina-koscova\/\",\"name\":\"Katar\u00edna Ko\u0161\u010dov\u00e1 - OOCR \u0160ari\u0161\",\"isPartOf\":{\"@id\":\"https:\/\/www.regionsaris.sk\/#website\"},\"primaryImageOfPage\":{\"@id\":\"https:\/\/www.regionsaris.sk\/vyznamna-tvar\/katarina-koscova\/#primaryimage\"},\"image\":{\"@id\":\"https:\/\/www.regionsaris.sk\/vyznamna-tvar\/katarina-koscova\/#primaryimage\"},\"thumbnailUrl\":\"https:\/\/www.regionsaris.sk\/wp-content\/uploads\/2026\/03\/katarina-koscova-vyznamne-tvare-regionu-oocrrs.png\",\"datePublished\":\"2026-03-23T07:02:10+00:00\",\"dateModified\":\"2026-03-25T13:46:26+00:00\",\"description\":\"Katar\u00edna Ko\u0161\u010dov\u00e1 je popov\u00e1 a jazzov\u00e1 spev\u00e1\u010dka, rod\u00e1\u010dka z Pre\u0161ova. Vy\u0161tudovala filozofiu a estetiku a bola v\u00ed\u0165azka SuperStar.\",\"breadcrumb\":{\"@id\":\"https:\/\/www.regionsaris.sk\/vyznamna-tvar\/katarina-koscova\/#breadcrumb\"},\"inLanguage\":\"hu\",\"potentialAction\":[{\"@type\":\"ReadAction\",\"target\":[\"https:\/\/www.regionsaris.sk\/vyznamna-tvar\/katarina-koscova\/\"]}]},{\"@type\":\"ImageObject\",\"inLanguage\":\"hu\",\"@id\":\"https:\/\/www.regionsaris.sk\/vyznamna-tvar\/katarina-koscova\/#primaryimage\",\"url\":\"https:\/\/www.regionsaris.sk\/wp-content\/uploads\/2026\/03\/katarina-koscova-vyznamne-tvare-regionu-oocrrs.png\",\"contentUrl\":\"https:\/\/www.regionsaris.sk\/wp-content\/uploads\/2026\/03\/katarina-koscova-vyznamne-tvare-regionu-oocrrs.png\",\"width\":500,\"height\":500},{\"@type\":\"BreadcrumbList\",\"@id\":\"https:\/\/www.regionsaris.sk\/vyznamna-tvar\/katarina-koscova\/#breadcrumb\",\"itemListElement\":[{\"@type\":\"ListItem\",\"position\":1,\"name\":\"Domov\",\"item\":\"https:\/\/www.regionsaris.sk\/\"},{\"@type\":\"ListItem\",\"position\":2,\"name\":\"V\u00fdznamn\u00e9 tv\u00e1re regi\u00f3nu\",\"item\":\"https:\/\/www.regionsaris.sk\/vyznamne-tvare-regionu\/\"},{\"@type\":\"ListItem\",\"position\":3,\"name\":\"Katar\u00edna Ko\u0161\u010dov\u00e1\"}]},{\"@type\":\"WebSite\",\"@id\":\"https:\/\/www.regionsaris.sk\/#website\",\"url\":\"https:\/\/www.regionsaris.sk\/\",\"name\":\"OOCR \u0160ari\u0161\",\"description\":\"\",\"potentialAction\":[{\"@type\":\"SearchAction\",\"target\":{\"@type\":\"EntryPoint\",\"urlTemplate\":\"https:\/\/www.regionsaris.sk\/?s={search_term_string}\"},\"query-input\":{\"@type\":\"PropertyValueSpecification\",\"valueRequired\":true,\"valueName\":\"search_term_string\"}}],\"inLanguage\":\"hu\"}]}<\/script>\n<!-- \/ Yoast SEO Premium plugin. -->","yoast_head_json":{"title":"Katar\u00edna Ko\u0161\u010dov\u00e1 - OOCR \u0160ari\u0161","description":"Katar\u00edna Ko\u0161\u010dov\u00e1 je popov\u00e1 a jazzov\u00e1 spev\u00e1\u010dka, rod\u00e1\u010dka z Pre\u0161ova. Vy\u0161tudovala filozofiu a estetiku a bola v\u00ed\u0165azka SuperStar.","robots":{"index":"index","follow":"follow","max-snippet":"max-snippet:-1","max-image-preview":"max-image-preview:large","max-video-preview":"max-video-preview:-1"},"canonical":"https:\/\/www.regionsaris.sk\/hu\/vyznamna-tvar\/katarina-koscova\/","og_locale":"hu_HU","og_type":"article","og_title":"Katar\u00edna Ko\u0161\u010dov\u00e1","og_description":"Katar\u00edna Ko\u0161\u010dov\u00e1 je popov\u00e1 a jazzov\u00e1 spev\u00e1\u010dka, rod\u00e1\u010dka z Pre\u0161ova. Vy\u0161tudovala filozofiu a estetiku a bola v\u00ed\u0165azka SuperStar.","og_url":"https:\/\/www.regionsaris.sk\/hu\/vyznamna-tvar\/katarina-koscova\/","og_site_name":"OOCR \u0160ari\u0161","article_modified_time":"2026-03-25T13:46:26+00:00","og_image":[{"width":500,"height":500,"url":"https:\/\/www.regionsaris.sk\/wp-content\/uploads\/2026\/03\/katarina-koscova-vyznamne-tvare-regionu-oocrrs.png","type":"image\/png"}],"twitter_card":"summary_large_image","twitter_misc":{"Becs\u00fclt olvas\u00e1si id\u0151":"1 perc"},"schema":{"@context":"https:\/\/schema.org","@graph":[{"@type":"WebPage","@id":"https:\/\/www.regionsaris.sk\/vyznamna-tvar\/katarina-koscova\/","url":"https:\/\/www.regionsaris.sk\/vyznamna-tvar\/katarina-koscova\/","name":"Katar\u00edna Ko\u0161\u010dov\u00e1 - OOCR \u0160ari\u0161","isPartOf":{"@id":"https:\/\/www.regionsaris.sk\/#website"},"primaryImageOfPage":{"@id":"https:\/\/www.regionsaris.sk\/vyznamna-tvar\/katarina-koscova\/#primaryimage"},"image":{"@id":"https:\/\/www.regionsaris.sk\/vyznamna-tvar\/katarina-koscova\/#primaryimage"},"thumbnailUrl":"https:\/\/www.regionsaris.sk\/wp-content\/uploads\/2026\/03\/katarina-koscova-vyznamne-tvare-regionu-oocrrs.png","datePublished":"2026-03-23T07:02:10+00:00","dateModified":"2026-03-25T13:46:26+00:00","description":"Katar\u00edna Ko\u0161\u010dov\u00e1 je popov\u00e1 a jazzov\u00e1 spev\u00e1\u010dka, rod\u00e1\u010dka z Pre\u0161ova. Vy\u0161tudovala filozofiu a estetiku a bola v\u00ed\u0165azka SuperStar.","breadcrumb":{"@id":"https:\/\/www.regionsaris.sk\/vyznamna-tvar\/katarina-koscova\/#breadcrumb"},"inLanguage":"hu","potentialAction":[{"@type":"ReadAction","target":["https:\/\/www.regionsaris.sk\/vyznamna-tvar\/katarina-koscova\/"]}]},{"@type":"ImageObject","inLanguage":"hu","@id":"https:\/\/www.regionsaris.sk\/vyznamna-tvar\/katarina-koscova\/#primaryimage","url":"https:\/\/www.regionsaris.sk\/wp-content\/uploads\/2026\/03\/katarina-koscova-vyznamne-tvare-regionu-oocrrs.png","contentUrl":"https:\/\/www.regionsaris.sk\/wp-content\/uploads\/2026\/03\/katarina-koscova-vyznamne-tvare-regionu-oocrrs.png","width":500,"height":500},{"@type":"BreadcrumbList","@id":"https:\/\/www.regionsaris.sk\/vyznamna-tvar\/katarina-koscova\/#breadcrumb","itemListElement":[{"@type":"ListItem","position":1,"name":"Domov","item":"https:\/\/www.regionsaris.sk\/"},{"@type":"ListItem","position":2,"name":"V\u00fdznamn\u00e9 tv\u00e1re regi\u00f3nu","item":"https:\/\/www.regionsaris.sk\/vyznamne-tvare-regionu\/"},{"@type":"ListItem","position":3,"name":"Katar\u00edna Ko\u0161\u010dov\u00e1"}]},{"@type":"WebSite","@id":"https:\/\/www.regionsaris.sk\/#website","url":"https:\/\/www.regionsaris.sk\/","name":"OOCR \u0160ari\u0161","description":"","potentialAction":[{"@type":"SearchAction","target":{"@type":"EntryPoint","urlTemplate":"https:\/\/www.regionsaris.sk\/?s={search_term_string}"},"query-input":{"@type":"PropertyValueSpecification","valueRequired":true,"valueName":"search_term_string"}}],"inLanguage":"hu"}]}},"_links":{"self":[{"href":"https:\/\/www.regionsaris.sk\/hu\/wp-json\/wp\/v2\/vyznamna-tvar\/4166","targetHints":{"allow":["GET"]}}],"collection":[{"href":"https:\/\/www.regionsaris.sk\/hu\/wp-json\/wp\/v2\/vyznamna-tvar"}],"about":[{"href":"https:\/\/www.regionsaris.sk\/hu\/wp-json\/wp\/v2\/types\/vyznamna-tvar"}],"wp:featuredmedia":[{"embeddable":true,"href":"https:\/\/www.regionsaris.sk\/hu\/wp-json\/wp\/v2\/media\/4237"}],"wp:attachment":[{"href":"https:\/\/www.regionsaris.sk\/hu\/wp-json\/wp\/v2\/media?parent=4166"}],"wp:term":[{"taxonomy":"kategoria-vyznamnych-tvari","embeddable":true,"href":"https:\/\/www.regionsaris.sk\/hu\/wp-json\/wp\/v2\/kategoria-vyznamnych-tvari?post=4166"},{"taxonomy":"oblast-posobenia","embeddable":true,"href":"https:\/\/www.regionsaris.sk\/hu\/wp-json\/wp\/v2\/oblast-posobenia?post=4166"}],"curies":[{"name":"wp","href":"https:\/\/api.w.org\/{rel}","templated":true}]}}

Katarína Koščová

<p>Katarína Koščová, pop- és jazzénekesnő, Prešovból származik. Filozófiát és esztétikát tanult a Prešovi Egyetem bölcsészkarán.&nbsp;</p>



<p>2005-ben ő lett a Szlovákia keresi a szupersztárt első szériájának győztese. Zenekarával, amelyben Michal Brandys (akusztikus gitár, hegedű), Daniel Špiner (billentyűs hangszerek), Viliam Cicoň (basszusgitár) és Miroslav Szirmai (ütőhangszerek) szerepel, klubokban és irodalmi rendezvényeken lép fel, és a Neřež zenekarral való együttműködése is sikeres lett.&nbsp;</p>



<p>Számos szólóalbummal büszkélkedhet, mint például a <em>Még nem ismerjük egymást</em> (2005), <em>Naboso</em> (2006), <em>Rendíthetetlen</em> (2009), <em>Szenteste</em> (2012), <em>Ablakos</em> (2014). Veronika Husovská-val és Martin Husovskýval közösen publikálta a <em>CD altatódalok</em> (2009).&nbsp;</p>



<p><strong>Forrás:</strong> <a href="http://hc.sk/">hc.sk</a><br><strong>Fotó forrása</strong>Szerző: Pavol Frešo - flickr.com, CC BY 2.0, https://commons.wikimedia.org/w/index.php?curid=59741755</p>

<!-- This site is optimized with the Yoast SEO Premium plugin v26.3 (Yoast SEO v26.8) - https://yoast.com/product/yoast-seo-premium-wordpress/ -->
<title>Katarína Koščová - OOCR Šariš</title>
<meta name="description" content="Katarína Koščová je popová a jazzová speváčka, rodáčka z Prešova. Vyštudovala filozofiu a estetiku a bola víťazka SuperStar." />
<meta name="robots" content="index, follow, max-snippet:-1, max-image-preview:large, max-video-preview:-1" />
<link rel="canonical" href="https://www.regionsaris.sk/hu/vyznamna-tvar/katarina-koscova/" />
<meta property="og:locale" content="hu_HU" />
<meta property="og:type" content="article" />
<meta property="og:title" content="Katarína Koščová" />
<meta property="og:description" content="Katarína Koščová je popová a jazzová speváčka, rodáčka z Prešova. Vyštudovala filozofiu a estetiku a bola víťazka SuperStar." />
<meta property="og:url" content="https://www.regionsaris.sk/hu/vyznamna-tvar/katarina-koscova/" />
<meta property="og:site_name" content="OOCR Šariš" />
<meta property="article:modified_time" content="2026-03-25T13:46:26+00:00" />
<meta property="og:image" content="https://www.regionsaris.sk/wp-content/uploads/2026/03/katarina-koscova-vyznamne-tvare-regionu-oocrrs.png" />
	<meta property="og:image:width" content="500" />
	<meta property="og:image:height" content="500" />
	<meta property="og:image:type" content="image/png" />
<meta name="twitter:card" content="summary_large_image" />
<meta name="twitter:label1" content="Becsült olvasási idő" />
	<meta name="twitter:data1" content="1 perc" />
<script type="application/ld+json" class="yoast-schema-graph">{"@context":"https://schema.org","@graph":[{"@type":"WebPage","@id":"https://www.regionsaris.sk/vyznamna-tvar/katarina-koscova/","url":"https://www.regionsaris.sk/vyznamna-tvar/katarina-koscova/","name":"Katarína Koščová - OOCR Šariš","isPartOf":{"@id":"https://www.regionsaris.sk/#website"},"primaryImageOfPage":{"@id":"https://www.regionsaris.sk/vyznamna-tvar/katarina-koscova/#primaryimage"},"image":{"@id":"https://www.regionsaris.sk/vyznamna-tvar/katarina-koscova/#primaryimage"},"thumbnailUrl":"https://www.regionsaris.sk/wp-content/uploads/2026/03/katarina-koscova-vyznamne-tvare-regionu-oocrrs.png","datePublished":"2026-03-23T07:02:10+00:00","dateModified":"2026-03-25T13:46:26+00:00","description":"Katarína Koščová je popová a jazzová speváčka, rodáčka z Prešova. Vyštudovala filozofiu a estetiku a bola víťazka SuperStar.","breadcrumb":{"@id":"https://www.regionsaris.sk/vyznamna-tvar/katarina-koscova/#breadcrumb"},"inLanguage":"hu","potentialAction":[{"@type":"ReadAction","target":["https://www.regionsaris.sk/vyznamna-tvar/katarina-koscova/"]}]},{"@type":"ImageObject","inLanguage":"hu","@id":"https://www.regionsaris.sk/vyznamna-tvar/katarina-koscova/#primaryimage","url":"https://www.regionsaris.sk/wp-content/uploads/2026/03/katarina-koscova-vyznamne-tvare-regionu-oocrrs.png","contentUrl":"https://www.regionsaris.sk/wp-content/uploads/2026/03/katarina-koscova-vyznamne-tvare-regionu-oocrrs.png","width":500,"height":500},{"@type":"BreadcrumbList","@id":"https://www.regionsaris.sk/vyznamna-tvar/katarina-koscova/#breadcrumb","itemListElement":[{"@type":"ListItem","position":1,"name":"Domov","item":"https://www.regionsaris.sk/"},{"@type":"ListItem","position":2,"name":"Významné tváre regiónu","item":"https://www.regionsaris.sk/vyznamne-tvare-regionu/"},{"@type":"ListItem","position":3,"name":"Katarína Koščová"}]},{"@type":"WebSite","@id":"https://www.regionsaris.sk/#website","url":"https://www.regionsaris.sk/","name":"OOCR Šariš","description":"","potentialAction":[{"@type":"SearchAction","target":{"@type":"EntryPoint","urlTemplate":"https://www.regionsaris.sk/?s={search_term_string}"},"query-input":{"@type":"PropertyValueSpecification","valueRequired":true,"valueName":"search_term_string"}}],"inLanguage":"hu"}]}</script>
<!-- / Yoast SEO Premium plugin. -->

Katarína Koščová - OOCR Šariš

Katarína Koščová je popová a jazzová speváčka, rodáčka z Prešova. Vyštudovala filozofiu a estetiku a bola víťazka SuperStar.

OOCR Šariš

Významné tváre regiónu
