{"id":4162,"date":"2026-03-23T07:57:36","date_gmt":"2026-03-23T06:57:36","guid":{"rendered":"https:\/\/www.regionsaris.sk\/?post_type=vyznamna-tvar&#038;p=4162"},"modified":"2026-03-25T14:51:20","modified_gmt":"2026-03-25T13:51:20","slug":"juraj-kukura","status":"publish","type":"vyznamna-tvar","link":"https:\/\/www.regionsaris.sk\/hu\/vyznamna-tvar\/juraj-kukura\/","title":{"rendered":"Juraj Kukura"},"content":{"rendered":"<p>Juraj Kukura 1947. m\u00e1rcius 15-\u00e9n sz\u00fcletett Pre\u0161ovban. A pozsonyi \u00e9p\u00edt\u0151ipari iskola elv\u00e9gz\u00e9se ut\u00e1n a pozsonyi Sz\u00ednm\u0171v\u00e9szeti Akad\u00e9mi\u00e1n tanult sz\u00edn\u00e9szetet. A Korze Sz\u00ednh\u00e1zban, majd az \u00daj Sz\u00ednpadon kezdte, 1976-t\u00f3l 1984-ig a pozsonyi Szlov\u00e1k Nemzeti Sz\u00ednh\u00e1z Dr\u00e1mai Sz\u00ednh\u00e1z\u00e1ban dolgozott, am\u00edg N\u00e9metorsz\u00e1gba nem t\u00e1vozott. Kezdetben a m\u00fcncheni Kammerspiele-ben, k\u00e9s\u0151bb B\u00e1zelben, Bonnban \u00e9s 1985-t\u0151l a hamburgi Schauspielhausban j\u00e1tszott, ahol ma is \u00e9l.&nbsp;<\/p>\n\n\n\n<p>2002-ben a pozsonyi Ar\u00e9na Sz\u00ednh\u00e1z igazgat\u00f3ja lett. N\u0151s \u00e9s egy fia van. N\u00e9metorsz\u00e1g egyik legn\u00e9pszer\u0171bb sz\u00ednh\u00e1zi \u00e9s telev\u00edzi\u00f3s sz\u00edn\u00e9sze. Szerepelt a Helysz\u00ednel\u0151k c\u00edm\u0171 sorozat t\u00f6bb epiz\u00f3dj\u00e1ban, a Via Mala, a Hotel Raj Helicops, a Kobra 11 c\u00edm\u0171 sorozatokban.&nbsp;<\/p>\n\n\n\n<p><strong>D\u00edjak:<\/strong><\/p>\n\n\n\n<p>- A Kecske vagy Ki az a Sylvia c\u00edm\u0171 darabban Martin szerep\u00e9ben ny\u00fajtott alak\u00edt\u00e1s\u00e1\u00e9rt 2004-ben elnyerte a legjobb sz\u00edn\u00e9szi alak\u00edt\u00e1s\u00e9rt j\u00e1r\u00f3 Slabs-d\u00edjat.&nbsp;<\/p>\n\n\n\n<p>- A Pr\u00e1gai Sz\u00ednh\u00e1zi Klub A Karamazov testv\u00e9rek c\u00edm\u0171 el\u0151ad\u00e1s\u00e1ban j\u00e1tszott f\u0151szerep\u00e9\u00e9rt elnyerte a 2014\/2015-\u00f6s \u00e9vad legjobb sz\u00edn\u00e9szi alak\u00edt\u00e1s\u00e1\u00e9rt j\u00e1r\u00f3, m\u0171fajt\u00f3l f\u00fcggetlen\u00fcl oda\u00edt\u00e9lt, rangos Divadeln\u00edch noviny-d\u00edjat.&nbsp;<\/p>\n\n\n\n<p>- Fjodor Karamazov alak\u00edt\u00e1s\u00e1\u00e9rt jel\u00f6lt\u00e9k a Cseh Sz\u00edn\u00e9szek Sz\u00f6vets\u00e9g\u00e9nek \u00e9ves Thalia-d\u00edj\u00e1ra, valamint a neves cseh Sv\u011bt a divadlo (Vil\u00e1g \u00e9s Sz\u00ednh\u00e1z) foly\u00f3irat \u00e1ltal oda\u00edt\u00e9lt Sz\u00ednh\u00e1zi Kritikusok D\u00edj\u00e1ra 2015-ben.&nbsp;<\/p>\n\n\n\n<p>- 2017-ben Milo\u0161 Zeman cseh eln\u00f6kt\u0151l megkapta az \u00c9rdem\u00e9rmet.&nbsp;<\/p>\n\n\n\n<p>- 2025-ben Peter Pellegrini k\u00f6zt\u00e1rsas\u00e1gi eln\u00f6k a Szlov\u00e1k K\u00f6zt\u00e1rsas\u00e1g kultur\u00e1lis fejl\u0151d\u00e9s\u00e9\u00e9rt szerzett kiv\u00e9teles \u00e9rdemei\u00e9rt a Pribina-kereszt I. oszt\u00e1ly\u00fa kit\u00fcntet\u00e9ssel t\u00fcntette ki.<\/p>\n\n\n\n<p><strong>Forr\u00e1s:<\/strong> https:\/\/sk.wikipedia.org\/wiki\/Juraj_Kukura<br><strong>Fot\u00f3 forr\u00e1sa:<\/strong> Szerz\u0151: Pavol Fre\u0161o - flickr.com, CC BY 2.0, https:\/\/commons.wikimedia.org\/w\/index.php?curid=40943290<\/p>\n\n\n\n<p><\/p>","protected":false},"featured_media":4239,"template":"","meta":{"_acf_changed":true},"kategoria-vyznamnych-tvari":[244],"oblast-posobenia":[238,251],"class_list":["post-4162","vyznamna-tvar","type-vyznamna-tvar","status-publish","has-post-thumbnail","hentry","kategoria-vyznamnych-tvari-sucasna-osobnost","oblast-posobenia-divadlo","oblast-posobenia-film"],"acf":[],"yoast_head":"<!-- This site is optimized with the Yoast SEO Premium plugin v26.3 (Yoast SEO v26.8) - https:\/\/yoast.com\/product\/yoast-seo-premium-wordpress\/ -->\n<title>Juraj Kukura - OOCR \u0160ari\u0161<\/title>\n<meta name=\"robots\" content=\"index, follow, max-snippet:-1, max-image-preview:large, max-video-preview:-1\" \/>\n<link rel=\"canonical\" href=\"https:\/\/www.regionsaris.sk\/hu\/vyznamna-tvar\/juraj-kukura\/\" \/>\n<meta property=\"og:locale\" content=\"hu_HU\" \/>\n<meta property=\"og:type\" content=\"article\" \/>\n<meta property=\"og:title\" content=\"Juraj Kukura\" \/>\n<meta property=\"og:description\" content=\"Juraj Kukura sa narodil 15. marca 1947 v Pre\u0161ove. Po ukon\u010den\u00ed stavebnej priemyslovky v Bratislave...\" \/>\n<meta property=\"og:url\" content=\"https:\/\/www.regionsaris.sk\/hu\/vyznamna-tvar\/juraj-kukura\/\" \/>\n<meta property=\"og:site_name\" content=\"OOCR \u0160ari\u0161\" \/>\n<meta property=\"article:modified_time\" content=\"2026-03-25T13:51:20+00:00\" \/>\n<meta property=\"og:image\" content=\"https:\/\/www.regionsaris.sk\/wp-content\/uploads\/2026\/03\/juraj-kukura-vyznamne-tvare-regionu-oocrrs.png\" \/>\n\t<meta property=\"og:image:width\" content=\"500\" \/>\n\t<meta property=\"og:image:height\" content=\"500\" \/>\n\t<meta property=\"og:image:type\" content=\"image\/png\" \/>\n<meta name=\"twitter:card\" content=\"summary_large_image\" \/>\n<meta name=\"twitter:label1\" content=\"Becs\u00fclt olvas\u00e1si id\u0151\" \/>\n\t<meta name=\"twitter:data1\" content=\"2 perc\" \/>\n<script type=\"application\/ld+json\" class=\"yoast-schema-graph\">{\"@context\":\"https:\/\/schema.org\",\"@graph\":[{\"@type\":\"WebPage\",\"@id\":\"https:\/\/www.regionsaris.sk\/vyznamna-tvar\/juraj-kukura\/\",\"url\":\"https:\/\/www.regionsaris.sk\/vyznamna-tvar\/juraj-kukura\/\",\"name\":\"Juraj Kukura - OOCR \u0160ari\u0161\",\"isPartOf\":{\"@id\":\"https:\/\/www.regionsaris.sk\/#website\"},\"primaryImageOfPage\":{\"@id\":\"https:\/\/www.regionsaris.sk\/vyznamna-tvar\/juraj-kukura\/#primaryimage\"},\"image\":{\"@id\":\"https:\/\/www.regionsaris.sk\/vyznamna-tvar\/juraj-kukura\/#primaryimage\"},\"thumbnailUrl\":\"https:\/\/www.regionsaris.sk\/wp-content\/uploads\/2026\/03\/juraj-kukura-vyznamne-tvare-regionu-oocrrs.png\",\"datePublished\":\"2026-03-23T06:57:36+00:00\",\"dateModified\":\"2026-03-25T13:51:20+00:00\",\"breadcrumb\":{\"@id\":\"https:\/\/www.regionsaris.sk\/vyznamna-tvar\/juraj-kukura\/#breadcrumb\"},\"inLanguage\":\"hu\",\"potentialAction\":[{\"@type\":\"ReadAction\",\"target\":[\"https:\/\/www.regionsaris.sk\/vyznamna-tvar\/juraj-kukura\/\"]}]},{\"@type\":\"ImageObject\",\"inLanguage\":\"hu\",\"@id\":\"https:\/\/www.regionsaris.sk\/vyznamna-tvar\/juraj-kukura\/#primaryimage\",\"url\":\"https:\/\/www.regionsaris.sk\/wp-content\/uploads\/2026\/03\/juraj-kukura-vyznamne-tvare-regionu-oocrrs.png\",\"contentUrl\":\"https:\/\/www.regionsaris.sk\/wp-content\/uploads\/2026\/03\/juraj-kukura-vyznamne-tvare-regionu-oocrrs.png\",\"width\":500,\"height\":500},{\"@type\":\"BreadcrumbList\",\"@id\":\"https:\/\/www.regionsaris.sk\/vyznamna-tvar\/juraj-kukura\/#breadcrumb\",\"itemListElement\":[{\"@type\":\"ListItem\",\"position\":1,\"name\":\"Domov\",\"item\":\"https:\/\/www.regionsaris.sk\/\"},{\"@type\":\"ListItem\",\"position\":2,\"name\":\"V\u00fdznamn\u00e9 tv\u00e1re regi\u00f3nu\",\"item\":\"https:\/\/www.regionsaris.sk\/vyznamne-tvare-regionu\/\"},{\"@type\":\"ListItem\",\"position\":3,\"name\":\"Juraj Kukura\"}]},{\"@type\":\"WebSite\",\"@id\":\"https:\/\/www.regionsaris.sk\/#website\",\"url\":\"https:\/\/www.regionsaris.sk\/\",\"name\":\"OOCR \u0160ari\u0161\",\"description\":\"\",\"potentialAction\":[{\"@type\":\"SearchAction\",\"target\":{\"@type\":\"EntryPoint\",\"urlTemplate\":\"https:\/\/www.regionsaris.sk\/?s={search_term_string}\"},\"query-input\":{\"@type\":\"PropertyValueSpecification\",\"valueRequired\":true,\"valueName\":\"search_term_string\"}}],\"inLanguage\":\"hu\"}]}<\/script>\n<!-- \/ Yoast SEO Premium plugin. -->","yoast_head_json":{"title":"Juraj Kukura - OOCR \u0160ari\u0161","robots":{"index":"index","follow":"follow","max-snippet":"max-snippet:-1","max-image-preview":"max-image-preview:large","max-video-preview":"max-video-preview:-1"},"canonical":"https:\/\/www.regionsaris.sk\/hu\/vyznamna-tvar\/juraj-kukura\/","og_locale":"hu_HU","og_type":"article","og_title":"Juraj Kukura","og_description":"Juraj Kukura sa narodil 15. marca 1947 v Pre\u0161ove. Po ukon\u010den\u00ed stavebnej priemyslovky v Bratislave...","og_url":"https:\/\/www.regionsaris.sk\/hu\/vyznamna-tvar\/juraj-kukura\/","og_site_name":"OOCR \u0160ari\u0161","article_modified_time":"2026-03-25T13:51:20+00:00","og_image":[{"width":500,"height":500,"url":"https:\/\/www.regionsaris.sk\/wp-content\/uploads\/2026\/03\/juraj-kukura-vyznamne-tvare-regionu-oocrrs.png","type":"image\/png"}],"twitter_card":"summary_large_image","twitter_misc":{"Becs\u00fclt olvas\u00e1si id\u0151":"2 perc"},"schema":{"@context":"https:\/\/schema.org","@graph":[{"@type":"WebPage","@id":"https:\/\/www.regionsaris.sk\/vyznamna-tvar\/juraj-kukura\/","url":"https:\/\/www.regionsaris.sk\/vyznamna-tvar\/juraj-kukura\/","name":"Juraj Kukura - OOCR \u0160ari\u0161","isPartOf":{"@id":"https:\/\/www.regionsaris.sk\/#website"},"primaryImageOfPage":{"@id":"https:\/\/www.regionsaris.sk\/vyznamna-tvar\/juraj-kukura\/#primaryimage"},"image":{"@id":"https:\/\/www.regionsaris.sk\/vyznamna-tvar\/juraj-kukura\/#primaryimage"},"thumbnailUrl":"https:\/\/www.regionsaris.sk\/wp-content\/uploads\/2026\/03\/juraj-kukura-vyznamne-tvare-regionu-oocrrs.png","datePublished":"2026-03-23T06:57:36+00:00","dateModified":"2026-03-25T13:51:20+00:00","breadcrumb":{"@id":"https:\/\/www.regionsaris.sk\/vyznamna-tvar\/juraj-kukura\/#breadcrumb"},"inLanguage":"hu","potentialAction":[{"@type":"ReadAction","target":["https:\/\/www.regionsaris.sk\/vyznamna-tvar\/juraj-kukura\/"]}]},{"@type":"ImageObject","inLanguage":"hu","@id":"https:\/\/www.regionsaris.sk\/vyznamna-tvar\/juraj-kukura\/#primaryimage","url":"https:\/\/www.regionsaris.sk\/wp-content\/uploads\/2026\/03\/juraj-kukura-vyznamne-tvare-regionu-oocrrs.png","contentUrl":"https:\/\/www.regionsaris.sk\/wp-content\/uploads\/2026\/03\/juraj-kukura-vyznamne-tvare-regionu-oocrrs.png","width":500,"height":500},{"@type":"BreadcrumbList","@id":"https:\/\/www.regionsaris.sk\/vyznamna-tvar\/juraj-kukura\/#breadcrumb","itemListElement":[{"@type":"ListItem","position":1,"name":"Domov","item":"https:\/\/www.regionsaris.sk\/"},{"@type":"ListItem","position":2,"name":"V\u00fdznamn\u00e9 tv\u00e1re regi\u00f3nu","item":"https:\/\/www.regionsaris.sk\/vyznamne-tvare-regionu\/"},{"@type":"ListItem","position":3,"name":"Juraj Kukura"}]},{"@type":"WebSite","@id":"https:\/\/www.regionsaris.sk\/#website","url":"https:\/\/www.regionsaris.sk\/","name":"OOCR \u0160ari\u0161","description":"","potentialAction":[{"@type":"SearchAction","target":{"@type":"EntryPoint","urlTemplate":"https:\/\/www.regionsaris.sk\/?s={search_term_string}"},"query-input":{"@type":"PropertyValueSpecification","valueRequired":true,"valueName":"search_term_string"}}],"inLanguage":"hu"}]}},"_links":{"self":[{"href":"https:\/\/www.regionsaris.sk\/hu\/wp-json\/wp\/v2\/vyznamna-tvar\/4162","targetHints":{"allow":["GET"]}}],"collection":[{"href":"https:\/\/www.regionsaris.sk\/hu\/wp-json\/wp\/v2\/vyznamna-tvar"}],"about":[{"href":"https:\/\/www.regionsaris.sk\/hu\/wp-json\/wp\/v2\/types\/vyznamna-tvar"}],"wp:featuredmedia":[{"embeddable":true,"href":"https:\/\/www.regionsaris.sk\/hu\/wp-json\/wp\/v2\/media\/4239"}],"wp:attachment":[{"href":"https:\/\/www.regionsaris.sk\/hu\/wp-json\/wp\/v2\/media?parent=4162"}],"wp:term":[{"taxonomy":"kategoria-vyznamnych-tvari","embeddable":true,"href":"https:\/\/www.regionsaris.sk\/hu\/wp-json\/wp\/v2\/kategoria-vyznamnych-tvari?post=4162"},{"taxonomy":"oblast-posobenia","embeddable":true,"href":"https:\/\/www.regionsaris.sk\/hu\/wp-json\/wp\/v2\/oblast-posobenia?post=4162"}],"curies":[{"name":"wp","href":"https:\/\/api.w.org\/{rel}","templated":true}]}}

<p>Juraj Kukura 1947. március 15-én született Prešovban. A pozsonyi építőipari iskola elvégzése után a pozsonyi Színművészeti Akadémián tanult színészetet. A Korze Színházban, majd az Új Színpadon kezdte, 1976-tól 1984-ig a pozsonyi Szlovák Nemzeti Színház Drámai Színházában dolgozott, amíg Németországba nem távozott. Kezdetben a müncheni Kammerspiele-ben, később Bázelben, Bonnban és 1985-től a hamburgi Schauspielhausban játszott, ahol ma is él.&nbsp;</p>



<p>2002-ben a pozsonyi Aréna Színház igazgatója lett. Nős és egy fia van. Németország egyik legnépszerűbb színházi és televíziós színésze. Szerepelt a Helyszínelők című sorozat több epizódjában, a Via Mala, a Hotel Raj Helicops, a Kobra 11 című sorozatokban.&nbsp;</p>



<p><strong>Díjak:</strong></p>



<p>- A Kecske vagy Ki az a Sylvia című darabban Martin szerepében nyújtott alakításáért 2004-ben elnyerte a legjobb színészi alakításért járó Slabs-díjat.&nbsp;</p>



<p>- A Prágai Színházi Klub A Karamazov testvérek című előadásában játszott főszerepéért elnyerte a 2014/2015-ös évad legjobb színészi alakításáért járó, műfajtól függetlenül odaítélt, rangos Divadelních noviny-díjat.&nbsp;</p>



<p>- Fjodor Karamazov alakításáért jelölték a Cseh Színészek Szövetségének éves Thalia-díjára, valamint a neves cseh Svět a divadlo (Világ és Színház) folyóirat által odaítélt Színházi Kritikusok Díjára 2015-ben.&nbsp;</p>



<p>- 2017-ben Miloš Zeman cseh elnöktől megkapta az Érdemérmet.&nbsp;</p>



<p>- 2025-ben Peter Pellegrini köztársasági elnök a Szlovák Köztársaság kulturális fejlődéséért szerzett kivételes érdemeiért a Pribina-kereszt I. osztályú kitüntetéssel tüntette ki.</p>



<p><strong>Forrás:</strong> https://sk.wikipedia.org/wiki/Juraj_Kukura<br><strong>Fotó forrása:</strong> Szerző: Pavol Frešo - flickr.com, CC BY 2.0, https://commons.wikimedia.org/w/index.php?curid=40943290</p>



<p></p>

<!-- This site is optimized with the Yoast SEO Premium plugin v26.3 (Yoast SEO v26.8) - https://yoast.com/product/yoast-seo-premium-wordpress/ -->
<title>Juraj Kukura - OOCR Šariš</title>
<meta name="robots" content="index, follow, max-snippet:-1, max-image-preview:large, max-video-preview:-1" />
<link rel="canonical" href="https://www.regionsaris.sk/hu/vyznamna-tvar/juraj-kukura/" />
<meta property="og:locale" content="hu_HU" />
<meta property="og:type" content="article" />
<meta property="og:title" content="Juraj Kukura" />
<meta property="og:description" content="Juraj Kukura sa narodil 15. marca 1947 v Prešove. Po ukončení stavebnej priemyslovky v Bratislave..." />
<meta property="og:url" content="https://www.regionsaris.sk/hu/vyznamna-tvar/juraj-kukura/" />
<meta property="og:site_name" content="OOCR Šariš" />
<meta property="article:modified_time" content="2026-03-25T13:51:20+00:00" />
<meta property="og:image" content="https://www.regionsaris.sk/wp-content/uploads/2026/03/juraj-kukura-vyznamne-tvare-regionu-oocrrs.png" />
	<meta property="og:image:width" content="500" />
	<meta property="og:image:height" content="500" />
	<meta property="og:image:type" content="image/png" />
<meta name="twitter:card" content="summary_large_image" />
<meta name="twitter:label1" content="Becsült olvasási idő" />
	<meta name="twitter:data1" content="2 perc" />
<script type="application/ld+json" class="yoast-schema-graph">{"@context":"https://schema.org","@graph":[{"@type":"WebPage","@id":"https://www.regionsaris.sk/vyznamna-tvar/juraj-kukura/","url":"https://www.regionsaris.sk/vyznamna-tvar/juraj-kukura/","name":"Juraj Kukura - OOCR Šariš","isPartOf":{"@id":"https://www.regionsaris.sk/#website"},"primaryImageOfPage":{"@id":"https://www.regionsaris.sk/vyznamna-tvar/juraj-kukura/#primaryimage"},"image":{"@id":"https://www.regionsaris.sk/vyznamna-tvar/juraj-kukura/#primaryimage"},"thumbnailUrl":"https://www.regionsaris.sk/wp-content/uploads/2026/03/juraj-kukura-vyznamne-tvare-regionu-oocrrs.png","datePublished":"2026-03-23T06:57:36+00:00","dateModified":"2026-03-25T13:51:20+00:00","breadcrumb":{"@id":"https://www.regionsaris.sk/vyznamna-tvar/juraj-kukura/#breadcrumb"},"inLanguage":"hu","potentialAction":[{"@type":"ReadAction","target":["https://www.regionsaris.sk/vyznamna-tvar/juraj-kukura/"]}]},{"@type":"ImageObject","inLanguage":"hu","@id":"https://www.regionsaris.sk/vyznamna-tvar/juraj-kukura/#primaryimage","url":"https://www.regionsaris.sk/wp-content/uploads/2026/03/juraj-kukura-vyznamne-tvare-regionu-oocrrs.png","contentUrl":"https://www.regionsaris.sk/wp-content/uploads/2026/03/juraj-kukura-vyznamne-tvare-regionu-oocrrs.png","width":500,"height":500},{"@type":"BreadcrumbList","@id":"https://www.regionsaris.sk/vyznamna-tvar/juraj-kukura/#breadcrumb","itemListElement":[{"@type":"ListItem","position":1,"name":"Domov","item":"https://www.regionsaris.sk/"},{"@type":"ListItem","position":2,"name":"Významné tváre regiónu","item":"https://www.regionsaris.sk/vyznamne-tvare-regionu/"},{"@type":"ListItem","position":3,"name":"Juraj Kukura"}]},{"@type":"WebSite","@id":"https://www.regionsaris.sk/#website","url":"https://www.regionsaris.sk/","name":"OOCR Šariš","description":"","potentialAction":[{"@type":"SearchAction","target":{"@type":"EntryPoint","urlTemplate":"https://www.regionsaris.sk/?s={search_term_string}"},"query-input":{"@type":"PropertyValueSpecification","valueRequired":true,"valueName":"search_term_string"}}],"inLanguage":"hu"}]}</script>
<!-- / Yoast SEO Premium plugin. -->

Juraj Kukura - OOCR Šariš

Juraj Kukura sa narodil 15. marca 1947 v Prešove. Po ukončení stavebnej priemyslovky v Bratislave...

OOCR Šariš

Významné tváre regiónu
