{"id":4130,"date":"2026-03-22T16:09:31","date_gmt":"2026-03-22T15:09:31","guid":{"rendered":"https:\/\/www.regionsaris.sk\/?post_type=vyznamna-tvar&#038;p=4130"},"modified":"2026-04-01T10:07:07","modified_gmt":"2026-04-01T09:07:07","slug":"jan-rombauer","status":"publish","type":"vyznamna-tvar","link":"https:\/\/www.regionsaris.sk\/hu\/vyznamna-tvar\/jan-rombauer\/","title":{"rendered":"J\u00e1n Rombauer"},"content":{"rendered":"<p>1782. m\u00e1jus 25-\u00e9n sz\u00fcletett egy l\u00e9vai \u00e1cs csal\u00e1dj\u00e1ban. Az egyetemi tanulm\u00e1nyok el\u0151tt a fest\u00e9szetet r\u00e9szes\u00edtette el\u0151nyben. A h\u00edres fest\u0151t\u0151l, Stundert\u0151l \u00e9rt\u00e9kes leck\u00e9ket kapott a h\u00edress\u00e9gek portr\u00e9i ter\u00e9n, valamint seg\u00edts\u00e9get kapott els\u0151 megb\u00edz\u00e1saihoz a Cs\u00e1ky csal\u00e1dt\u00f3l \u00e9s a pre\u0161ovi Steinh\u00fcbel keresked\u0151t\u0151l.&nbsp;<\/p>\n\n\n\n<p>I. S\u00e1ndor c\u00e1r bardejovi gy\u00f3gyf\u00fcrd\u0151i tart\u00f3zkod\u00e1sa alatt tal\u00e1lkozott Iljinszkij gr\u00f3ffal, aki megh\u00edvta \u0151t a birtok\u00e1ra. 1805-ben Szentp\u00e9terv\u00e1rra utazott, ahol 19 \u00e9ven \u00e1t a nemess\u00e9g, az \u00e9rtelmis\u00e9g, valamint a magas katonai \u00e9s politikai k\u00f6r\u00f6kh\u00f6z tartoz\u00f3 szem\u00e9lyek portr\u00e9inak fest\u0151jek\u00e9nt dolgozott. Tagja volt a szentp\u00e9terv\u00e1ri M\u0171v\u00e9szeti Akad\u00e9mi\u00e1nak.&nbsp;<\/p>\n\n\n\n<p>1817-ben feles\u00e9g\u00fcl vette Bauman Am\u00e1li\u00e1t, akivel 1825-ben Pre\u0161ovban telepedett le, ahol a testv\u00e9rei \u00e9ltek. Itt Rombauer sz\u00e1mos realista portr\u00e9t festett a szepesi \u00e9s a sz\u00e1ri nemess\u00e9gr\u0151l \u00e9s a pre\u0161ovi polg\u00e1rokr\u00f3l. A portr\u00e9k mellett sz\u00e1mos vall\u00e1sos m\u0171vet is k\u00e9sz\u00edtett kelet-szlov\u00e1kiai templomok sz\u00e1m\u00e1ra, valamint szabad kompoz\u00edci\u00f3kat. Pre\u0161ovi tart\u00f3zkod\u00e1s\u00e1nak eml\u00e9k\u00e9t \u0151rzi a Szenth\u00e1roms\u00e1g evang\u00e9likus templomban tal\u00e1lhat\u00f3 Hitetlen Tom\u00e1\u0161 c\u00edm\u0171 olajfestm\u00e9nye, a V\u00e1laszt\u00e1si kocsisok, a Veduta Pre\u0161ov l\u00e1tk\u00e9pe vagy a Hlavn\u00e1 16-os h\u00e1zban tal\u00e1lhat\u00f3 Amor a Psych\u00e9 c\u00edm\u0171 mennyezetfestm\u00e9nye. Sz\u00e1mos m\u0171ve jelenleg a szentp\u00e9terv\u00e1ri Ermit\u00e1zs M\u00fazeum, a moszkvai Tretyakov Gal\u00e9ria, a pozsonyi Szlov\u00e1k Nemzeti Gal\u00e9ria \u00e9s a pre\u0161ovi \u0160ari\u0161 Gal\u00e9ria gy\u0171jtem\u00e9ny\u00e9ben tal\u00e1lhat\u00f3. Pre\u0161ovban \u00e9lt \u00e9lete v\u00e9g\u00e9ig, 1849. febru\u00e1r 12-ig. A helyi temet\u0151ben van eltemetve.<\/p>\n\n\n\n<p><br><strong>Forr\u00e1s: <\/strong>Region\u00e1lis k\u00f6nyvt\u00e1r P. O. Hviezdoslav in Pre\u0161ov; Mikroprojekt. Pre\u0161ov: \u0160ari\u0161sk\u00e1 gal\u00e9ria, 2010.<br><strong>Fot\u00f3 forr\u00e1sa: <\/strong>Rombauer J\u00e1nos (1782-1849) - Nap\u00f3leon \u00e9s a forradalom, Szabad munka, https:\/\/commons.wikimedia.org\/w\/index.php?curid=77726326<\/p>\n\n\n\n<p><\/p>","protected":false},"featured_media":4266,"template":"","meta":{"_acf_changed":true},"kategoria-vyznamnych-tvari":[230],"oblast-posobenia":[255,253],"class_list":["post-4130","vyznamna-tvar","type-vyznamna-tvar","status-publish","has-post-thumbnail","hentry","kategoria-vyznamnych-tvari-historicka-osobnost","oblast-posobenia-maliarstvo","oblast-posobenia-vytvarne-umenie"],"acf":[],"yoast_head":"<!-- This site is optimized with the Yoast SEO Premium plugin v26.3 (Yoast SEO v26.8) - https:\/\/yoast.com\/product\/yoast-seo-premium-wordpress\/ -->\n<title>J\u00e1n Rombauer - OOCR \u0160ari\u0161<\/title>\n<meta name=\"description\" content=\"J\u00e1n Rombauer - popredn\u00fd portr\u00e9tista minulej doby, ktor\u00fd bol dvorn\u00fdm c\u00e1rskym maliarom v regi\u00f3ne \u0160ari\u0161. Ma\u013eoval v\u00fdznamn\u00e9 osobnosti regi\u00f3nu.\" \/>\n<meta name=\"robots\" content=\"index, follow, max-snippet:-1, max-image-preview:large, max-video-preview:-1\" \/>\n<link rel=\"canonical\" href=\"https:\/\/www.regionsaris.sk\/hu\/vyznamna-tvar\/jan-rombauer\/\" \/>\n<meta property=\"og:locale\" content=\"hu_HU\" \/>\n<meta property=\"og:type\" content=\"article\" \/>\n<meta property=\"og:title\" content=\"J\u00e1n Rombauer\" \/>\n<meta property=\"og:description\" content=\"J\u00e1n Rombauer - popredn\u00fd portr\u00e9tista minulej doby, ktor\u00fd bol dvorn\u00fdm c\u00e1rskym maliarom v regi\u00f3ne \u0160ari\u0161. Ma\u013eoval v\u00fdznamn\u00e9 osobnosti regi\u00f3nu.\" \/>\n<meta property=\"og:url\" content=\"https:\/\/www.regionsaris.sk\/hu\/vyznamna-tvar\/jan-rombauer\/\" \/>\n<meta property=\"og:site_name\" content=\"OOCR \u0160ari\u0161\" \/>\n<meta property=\"article:modified_time\" content=\"2026-04-01T09:07:07+00:00\" \/>\n<meta property=\"og:image\" content=\"https:\/\/www.regionsaris.sk\/wp-content\/uploads\/2026\/03\/jan-rombauer-vyznamne-tvare-regionu-oocrrs.jpg\" \/>\n\t<meta property=\"og:image:width\" content=\"500\" \/>\n\t<meta property=\"og:image:height\" content=\"500\" \/>\n\t<meta property=\"og:image:type\" content=\"image\/jpeg\" \/>\n<meta name=\"twitter:card\" content=\"summary_large_image\" \/>\n<meta name=\"twitter:label1\" content=\"Becs\u00fclt olvas\u00e1si id\u0151\" \/>\n\t<meta name=\"twitter:data1\" content=\"2 perc\" \/>\n<script type=\"application\/ld+json\" class=\"yoast-schema-graph\">{\"@context\":\"https:\/\/schema.org\",\"@graph\":[{\"@type\":\"WebPage\",\"@id\":\"https:\/\/www.regionsaris.sk\/vyznamna-tvar\/jan-rombauer\/\",\"url\":\"https:\/\/www.regionsaris.sk\/vyznamna-tvar\/jan-rombauer\/\",\"name\":\"J\u00e1n Rombauer - OOCR \u0160ari\u0161\",\"isPartOf\":{\"@id\":\"https:\/\/www.regionsaris.sk\/#website\"},\"primaryImageOfPage\":{\"@id\":\"https:\/\/www.regionsaris.sk\/vyznamna-tvar\/jan-rombauer\/#primaryimage\"},\"image\":{\"@id\":\"https:\/\/www.regionsaris.sk\/vyznamna-tvar\/jan-rombauer\/#primaryimage\"},\"thumbnailUrl\":\"https:\/\/www.regionsaris.sk\/wp-content\/uploads\/2026\/03\/jan-rombauer-vyznamne-tvare-regionu-oocrrs.jpg\",\"datePublished\":\"2026-03-22T15:09:31+00:00\",\"dateModified\":\"2026-04-01T09:07:07+00:00\",\"description\":\"J\u00e1n Rombauer - popredn\u00fd portr\u00e9tista minulej doby, ktor\u00fd bol dvorn\u00fdm c\u00e1rskym maliarom v regi\u00f3ne \u0160ari\u0161. Ma\u013eoval v\u00fdznamn\u00e9 osobnosti regi\u00f3nu.\",\"breadcrumb\":{\"@id\":\"https:\/\/www.regionsaris.sk\/vyznamna-tvar\/jan-rombauer\/#breadcrumb\"},\"inLanguage\":\"hu\",\"potentialAction\":[{\"@type\":\"ReadAction\",\"target\":[\"https:\/\/www.regionsaris.sk\/vyznamna-tvar\/jan-rombauer\/\"]}]},{\"@type\":\"ImageObject\",\"inLanguage\":\"hu\",\"@id\":\"https:\/\/www.regionsaris.sk\/vyznamna-tvar\/jan-rombauer\/#primaryimage\",\"url\":\"https:\/\/www.regionsaris.sk\/wp-content\/uploads\/2026\/03\/jan-rombauer-vyznamne-tvare-regionu-oocrrs.jpg\",\"contentUrl\":\"https:\/\/www.regionsaris.sk\/wp-content\/uploads\/2026\/03\/jan-rombauer-vyznamne-tvare-regionu-oocrrs.jpg\",\"width\":500,\"height\":500},{\"@type\":\"BreadcrumbList\",\"@id\":\"https:\/\/www.regionsaris.sk\/vyznamna-tvar\/jan-rombauer\/#breadcrumb\",\"itemListElement\":[{\"@type\":\"ListItem\",\"position\":1,\"name\":\"Domov\",\"item\":\"https:\/\/www.regionsaris.sk\/\"},{\"@type\":\"ListItem\",\"position\":2,\"name\":\"V\u00fdznamn\u00e9 tv\u00e1re regi\u00f3nu\",\"item\":\"https:\/\/www.regionsaris.sk\/vyznamne-tvare-regionu\/\"},{\"@type\":\"ListItem\",\"position\":3,\"name\":\"J\u00e1n Rombauer\"}]},{\"@type\":\"WebSite\",\"@id\":\"https:\/\/www.regionsaris.sk\/#website\",\"url\":\"https:\/\/www.regionsaris.sk\/\",\"name\":\"OOCR \u0160ari\u0161\",\"description\":\"\",\"potentialAction\":[{\"@type\":\"SearchAction\",\"target\":{\"@type\":\"EntryPoint\",\"urlTemplate\":\"https:\/\/www.regionsaris.sk\/?s={search_term_string}\"},\"query-input\":{\"@type\":\"PropertyValueSpecification\",\"valueRequired\":true,\"valueName\":\"search_term_string\"}}],\"inLanguage\":\"hu\"}]}<\/script>\n<!-- \/ Yoast SEO Premium plugin. -->","yoast_head_json":{"title":"J\u00e1n Rombauer - OOCR \u0160ari\u0161","description":"J\u00e1n Rombauer - popredn\u00fd portr\u00e9tista minulej doby, ktor\u00fd bol dvorn\u00fdm c\u00e1rskym maliarom v regi\u00f3ne \u0160ari\u0161. Ma\u013eoval v\u00fdznamn\u00e9 osobnosti regi\u00f3nu.","robots":{"index":"index","follow":"follow","max-snippet":"max-snippet:-1","max-image-preview":"max-image-preview:large","max-video-preview":"max-video-preview:-1"},"canonical":"https:\/\/www.regionsaris.sk\/hu\/vyznamna-tvar\/jan-rombauer\/","og_locale":"hu_HU","og_type":"article","og_title":"J\u00e1n Rombauer","og_description":"J\u00e1n Rombauer - popredn\u00fd portr\u00e9tista minulej doby, ktor\u00fd bol dvorn\u00fdm c\u00e1rskym maliarom v regi\u00f3ne \u0160ari\u0161. Ma\u013eoval v\u00fdznamn\u00e9 osobnosti regi\u00f3nu.","og_url":"https:\/\/www.regionsaris.sk\/hu\/vyznamna-tvar\/jan-rombauer\/","og_site_name":"OOCR \u0160ari\u0161","article_modified_time":"2026-04-01T09:07:07+00:00","og_image":[{"width":500,"height":500,"url":"https:\/\/www.regionsaris.sk\/wp-content\/uploads\/2026\/03\/jan-rombauer-vyznamne-tvare-regionu-oocrrs.jpg","type":"image\/jpeg"}],"twitter_card":"summary_large_image","twitter_misc":{"Becs\u00fclt olvas\u00e1si id\u0151":"2 perc"},"schema":{"@context":"https:\/\/schema.org","@graph":[{"@type":"WebPage","@id":"https:\/\/www.regionsaris.sk\/vyznamna-tvar\/jan-rombauer\/","url":"https:\/\/www.regionsaris.sk\/vyznamna-tvar\/jan-rombauer\/","name":"J\u00e1n Rombauer - OOCR \u0160ari\u0161","isPartOf":{"@id":"https:\/\/www.regionsaris.sk\/#website"},"primaryImageOfPage":{"@id":"https:\/\/www.regionsaris.sk\/vyznamna-tvar\/jan-rombauer\/#primaryimage"},"image":{"@id":"https:\/\/www.regionsaris.sk\/vyznamna-tvar\/jan-rombauer\/#primaryimage"},"thumbnailUrl":"https:\/\/www.regionsaris.sk\/wp-content\/uploads\/2026\/03\/jan-rombauer-vyznamne-tvare-regionu-oocrrs.jpg","datePublished":"2026-03-22T15:09:31+00:00","dateModified":"2026-04-01T09:07:07+00:00","description":"J\u00e1n Rombauer - popredn\u00fd portr\u00e9tista minulej doby, ktor\u00fd bol dvorn\u00fdm c\u00e1rskym maliarom v regi\u00f3ne \u0160ari\u0161. Ma\u013eoval v\u00fdznamn\u00e9 osobnosti regi\u00f3nu.","breadcrumb":{"@id":"https:\/\/www.regionsaris.sk\/vyznamna-tvar\/jan-rombauer\/#breadcrumb"},"inLanguage":"hu","potentialAction":[{"@type":"ReadAction","target":["https:\/\/www.regionsaris.sk\/vyznamna-tvar\/jan-rombauer\/"]}]},{"@type":"ImageObject","inLanguage":"hu","@id":"https:\/\/www.regionsaris.sk\/vyznamna-tvar\/jan-rombauer\/#primaryimage","url":"https:\/\/www.regionsaris.sk\/wp-content\/uploads\/2026\/03\/jan-rombauer-vyznamne-tvare-regionu-oocrrs.jpg","contentUrl":"https:\/\/www.regionsaris.sk\/wp-content\/uploads\/2026\/03\/jan-rombauer-vyznamne-tvare-regionu-oocrrs.jpg","width":500,"height":500},{"@type":"BreadcrumbList","@id":"https:\/\/www.regionsaris.sk\/vyznamna-tvar\/jan-rombauer\/#breadcrumb","itemListElement":[{"@type":"ListItem","position":1,"name":"Domov","item":"https:\/\/www.regionsaris.sk\/"},{"@type":"ListItem","position":2,"name":"V\u00fdznamn\u00e9 tv\u00e1re regi\u00f3nu","item":"https:\/\/www.regionsaris.sk\/vyznamne-tvare-regionu\/"},{"@type":"ListItem","position":3,"name":"J\u00e1n Rombauer"}]},{"@type":"WebSite","@id":"https:\/\/www.regionsaris.sk\/#website","url":"https:\/\/www.regionsaris.sk\/","name":"OOCR \u0160ari\u0161","description":"","potentialAction":[{"@type":"SearchAction","target":{"@type":"EntryPoint","urlTemplate":"https:\/\/www.regionsaris.sk\/?s={search_term_string}"},"query-input":{"@type":"PropertyValueSpecification","valueRequired":true,"valueName":"search_term_string"}}],"inLanguage":"hu"}]}},"_links":{"self":[{"href":"https:\/\/www.regionsaris.sk\/hu\/wp-json\/wp\/v2\/vyznamna-tvar\/4130","targetHints":{"allow":["GET"]}}],"collection":[{"href":"https:\/\/www.regionsaris.sk\/hu\/wp-json\/wp\/v2\/vyznamna-tvar"}],"about":[{"href":"https:\/\/www.regionsaris.sk\/hu\/wp-json\/wp\/v2\/types\/vyznamna-tvar"}],"wp:featuredmedia":[{"embeddable":true,"href":"https:\/\/www.regionsaris.sk\/hu\/wp-json\/wp\/v2\/media\/4266"}],"wp:attachment":[{"href":"https:\/\/www.regionsaris.sk\/hu\/wp-json\/wp\/v2\/media?parent=4130"}],"wp:term":[{"taxonomy":"kategoria-vyznamnych-tvari","embeddable":true,"href":"https:\/\/www.regionsaris.sk\/hu\/wp-json\/wp\/v2\/kategoria-vyznamnych-tvari?post=4130"},{"taxonomy":"oblast-posobenia","embeddable":true,"href":"https:\/\/www.regionsaris.sk\/hu\/wp-json\/wp\/v2\/oblast-posobenia?post=4130"}],"curies":[{"name":"wp","href":"https:\/\/api.w.org\/{rel}","templated":true}]}}

Ján Rombauer

<p>1782. május 25-én született egy lévai ács családjában. Az egyetemi tanulmányok előtt a festészetet részesítette előnyben. A híres festőtől, Stundertől értékes leckéket kapott a hírességek portréi terén, valamint segítséget kapott első megbízásaihoz a Csáky családtól és a prešovi Steinhübel kereskedőtől.&nbsp;</p>



<p>I. Sándor cár bardejovi gyógyfürdői tartózkodása alatt találkozott Iljinszkij gróffal, aki meghívta őt a birtokára. 1805-ben Szentpétervárra utazott, ahol 19 éven át a nemesség, az értelmiség, valamint a magas katonai és politikai körökhöz tartozó személyek portréinak festőjeként dolgozott. Tagja volt a szentpétervári Művészeti Akadémiának.&nbsp;</p>



<p>1817-ben feleségül vette Bauman Amáliát, akivel 1825-ben Prešovban telepedett le, ahol a testvérei éltek. Itt Rombauer számos realista portrét festett a szepesi és a szári nemességről és a prešovi polgárokról. A portrék mellett számos vallásos művet is készített kelet-szlovákiai templomok számára, valamint szabad kompozíciókat. Prešovi tartózkodásának emlékét őrzi a Szentháromság evangélikus templomban található Hitetlen Tomáš című olajfestménye, a Választási kocsisok, a Veduta Prešov látképe vagy a Hlavná 16-os házban található Amor a Psyché című mennyezetfestménye. Számos műve jelenleg a szentpétervári Ermitázs Múzeum, a moszkvai Tretyakov Galéria, a pozsonyi Szlovák Nemzeti Galéria és a prešovi Šariš Galéria gyűjteményében található. Prešovban élt élete végéig, 1849. február 12-ig. A helyi temetőben van eltemetve.</p>



<p><br><strong>Forrás: </strong>Regionális könyvtár P. O. Hviezdoslav in Prešov; Mikroprojekt. Prešov: Šarišská galéria, 2010.<br><strong>Fotó forrása: </strong>Rombauer János (1782-1849) - Napóleon és a forradalom, Szabad munka, https://commons.wikimedia.org/w/index.php?curid=77726326</p>



<p></p>

<!-- This site is optimized with the Yoast SEO Premium plugin v26.3 (Yoast SEO v26.8) - https://yoast.com/product/yoast-seo-premium-wordpress/ -->
<title>Ján Rombauer - OOCR Šariš</title>
<meta name="description" content="Ján Rombauer - popredný portrétista minulej doby, ktorý bol dvorným cárskym maliarom v regióne Šariš. Maľoval významné osobnosti regiónu." />
<meta name="robots" content="index, follow, max-snippet:-1, max-image-preview:large, max-video-preview:-1" />
<link rel="canonical" href="https://www.regionsaris.sk/hu/vyznamna-tvar/jan-rombauer/" />
<meta property="og:locale" content="hu_HU" />
<meta property="og:type" content="article" />
<meta property="og:title" content="Ján Rombauer" />
<meta property="og:description" content="Ján Rombauer - popredný portrétista minulej doby, ktorý bol dvorným cárskym maliarom v regióne Šariš. Maľoval významné osobnosti regiónu." />
<meta property="og:url" content="https://www.regionsaris.sk/hu/vyznamna-tvar/jan-rombauer/" />
<meta property="og:site_name" content="OOCR Šariš" />
<meta property="article:modified_time" content="2026-04-01T09:07:07+00:00" />
<meta property="og:image" content="https://www.regionsaris.sk/wp-content/uploads/2026/03/jan-rombauer-vyznamne-tvare-regionu-oocrrs.jpg" />
	<meta property="og:image:width" content="500" />
	<meta property="og:image:height" content="500" />
	<meta property="og:image:type" content="image/jpeg" />
<meta name="twitter:card" content="summary_large_image" />
<meta name="twitter:label1" content="Becsült olvasási idő" />
	<meta name="twitter:data1" content="2 perc" />
<script type="application/ld+json" class="yoast-schema-graph">{"@context":"https://schema.org","@graph":[{"@type":"WebPage","@id":"https://www.regionsaris.sk/vyznamna-tvar/jan-rombauer/","url":"https://www.regionsaris.sk/vyznamna-tvar/jan-rombauer/","name":"Ján Rombauer - OOCR Šariš","isPartOf":{"@id":"https://www.regionsaris.sk/#website"},"primaryImageOfPage":{"@id":"https://www.regionsaris.sk/vyznamna-tvar/jan-rombauer/#primaryimage"},"image":{"@id":"https://www.regionsaris.sk/vyznamna-tvar/jan-rombauer/#primaryimage"},"thumbnailUrl":"https://www.regionsaris.sk/wp-content/uploads/2026/03/jan-rombauer-vyznamne-tvare-regionu-oocrrs.jpg","datePublished":"2026-03-22T15:09:31+00:00","dateModified":"2026-04-01T09:07:07+00:00","description":"Ján Rombauer - popredný portrétista minulej doby, ktorý bol dvorným cárskym maliarom v regióne Šariš. Maľoval významné osobnosti regiónu.","breadcrumb":{"@id":"https://www.regionsaris.sk/vyznamna-tvar/jan-rombauer/#breadcrumb"},"inLanguage":"hu","potentialAction":[{"@type":"ReadAction","target":["https://www.regionsaris.sk/vyznamna-tvar/jan-rombauer/"]}]},{"@type":"ImageObject","inLanguage":"hu","@id":"https://www.regionsaris.sk/vyznamna-tvar/jan-rombauer/#primaryimage","url":"https://www.regionsaris.sk/wp-content/uploads/2026/03/jan-rombauer-vyznamne-tvare-regionu-oocrrs.jpg","contentUrl":"https://www.regionsaris.sk/wp-content/uploads/2026/03/jan-rombauer-vyznamne-tvare-regionu-oocrrs.jpg","width":500,"height":500},{"@type":"BreadcrumbList","@id":"https://www.regionsaris.sk/vyznamna-tvar/jan-rombauer/#breadcrumb","itemListElement":[{"@type":"ListItem","position":1,"name":"Domov","item":"https://www.regionsaris.sk/"},{"@type":"ListItem","position":2,"name":"Významné tváre regiónu","item":"https://www.regionsaris.sk/vyznamne-tvare-regionu/"},{"@type":"ListItem","position":3,"name":"Ján Rombauer"}]},{"@type":"WebSite","@id":"https://www.regionsaris.sk/#website","url":"https://www.regionsaris.sk/","name":"OOCR Šariš","description":"","potentialAction":[{"@type":"SearchAction","target":{"@type":"EntryPoint","urlTemplate":"https://www.regionsaris.sk/?s={search_term_string}"},"query-input":{"@type":"PropertyValueSpecification","valueRequired":true,"valueName":"search_term_string"}}],"inLanguage":"hu"}]}</script>
<!-- / Yoast SEO Premium plugin. -->

Ján Rombauer - OOCR Šariš

Ján Rombauer - popredný portrétista minulej doby, ktorý bol dvorným cárskym maliarom v regióne Šariš. Maľoval významné osobnosti regiónu.

OOCR Šariš

Významné tváre regiónu
