{"id":4099,"date":"2026-03-21T20:36:52","date_gmt":"2026-03-21T19:36:52","guid":{"rendered":"https:\/\/www.regionsaris.sk\/?post_type=vyznamna-tvar&#038;p=4099"},"modified":"2026-04-01T10:46:53","modified_gmt":"2026-04-01T09:46:53","slug":"oskar-berger","status":"publish","type":"vyznamna-tvar","link":"https:\/\/www.regionsaris.sk\/hu\/vyznamna-tvar\/oskar-berger\/","title":{"rendered":"Oskar Berger"},"content":{"rendered":"<p>1901. m\u00e1jus 12-\u00e9n sz\u00fcletett a pre\u0161ovi Berger sz\u00e1lloda tulajdonos\u00e1nak zsid\u00f3 csal\u00e1dj\u00e1ban. M\u0171v\u00e9szi tehets\u00e9g\u00e9t pr\u00e1gai, p\u00e1rizsi \u00e9s berlini tanulm\u00e1nyai sor\u00e1n fejlesztette ki, ahol az egyik legnagyobb napilapn\u00e1l helyezkedett el. \u00dajs\u00e1g\u00edr\u00f3k\u00e9nt 1923-ban r\u00e9szt vett Hitler sikertelen puccsk\u00eds\u00e9rlete ut\u00e1ni m\u00fcncheni t\u00e1rgyal\u00e1son. Hitler hatalomra ker\u00fcl\u00e9se ut\u00e1n menek\u00fclnie kellett N\u00e9metorsz\u00e1gb\u00f3l. R\u00f6vid ideig Budapesten, P\u00e1rizsban \u00e9s Genfben tart\u00f3zkodott, ahol r\u00e9szt vett a N\u00e9psz\u00f6vets\u00e9g \u00fcl\u00e9sein.&nbsp;<\/p>\n\n\n\n<p>1935-ben Londonban telepedett le, \u00e9s a Daily Telegraphnak kezdett dolgozni. A m\u00e1sodik vil\u00e1gh\u00e1bor\u00fa ut\u00e1n az Egyes\u00fclt \u00c1llamokba, New Yorkba k\u00f6lt\u00f6z\u00f6tt, \u00e9s olyan neves \u00fajs\u00e1gokban \u00e9s magazinokban publik\u00e1lt, mint a New York Times, a New York Herald Tribune, a Life magazin \u00e9s a Le Figaro. Az 1950-es \u00e9vekben Berger r\u00e9szt vett az ENSZ k\u00f6zgy\u0171l\u00e9sein, \u00e9s szinte minden fontos vezet\u0151t lerajzolt, aki ott megjelent. Ugyanilyen saj\u00e1tos m\u00f3don \u00e1br\u00e1zolt uralkod\u00f3kat, h\u00edres szem\u00e9lyis\u00e9geket \u00e9s filmszt\u00e1rokat.&nbsp;<\/p>\n\n\n\n<p>Karikat\u00far\u00e1kat k\u00e9sz\u00edtett Winston Churchillr\u0151l, John F. Kennedyr\u0151l, Richard Nixonr\u00f3l, Dwight Eisenhowerr\u0151l, Vjacseszlav Mihajlov Molotovr\u00f3l, Albert Einsteinr\u0151l, II. J\u00e1nos P\u00e1lr\u00f3l, Thomas S. Elliotr\u00f3l, Laurence Olivierr\u0151l, Greta Garb\u00f3r\u00f3l, Charlie Chaplinr\u0151l, Vivien Leigh-r\u0151l \u00e9s sok m\u00e1sr\u00f3l. Mindannyiukat meg\u00f6r\u00f6k\u00edtette eleg\u00e1ns ceruzavon\u00e1sokkal, a szem\u00e9ly egyedis\u00e9g\u00e9re \u00e9s a jellegzetes r\u00e9szletekre figyelve. Karikat\u00far\u00e1i mellett politikai viccek karikaturist\u00e1ja is volt.&nbsp;<\/p>\n\n\n\n<p>Term\u00e9keny munk\u00e1ss\u00e1g\u00e1b\u00f3l sz\u00e1mos k\u00f6nyv sz\u00fcletett, mint p\u00e9ld\u00e1ul a H\u00edres arcok - A karikaturista v\u00e1zlatk\u00f6nyv\u00e9b\u0151l (1950), \u00c1ldozataim - Hogyan k\u00e9sz\u00edtsek karikat\u00far\u00e1t (1952), eln\u00f6k\u00f6k - Washingtont\u00f3l napjainkig (1968). Berger munk\u00e1i a washingtoni National Portrait Gallery \u00e1lland\u00f3 ki\u00e1ll\u00edt\u00e1s\u00e1n is megtekinthet\u0151k. Berger 1997. m\u00e1jus 15-\u00e9n hunyt el New Yorkban.<\/p>\n\n\n\n<p><strong>Forr\u00e1s: <\/strong>Region\u00e1lis k\u00f6nyvt\u00e1r P. O. Hviezdoslav, Pre\u0161ov; Mikroprojekt.<br><strong>Fot\u00f3 forr\u00e1sa: <\/strong>Ismeretlen fot\u00f3s - Eredeti k\u00f6zz\u00e9t\u00e9tel: ismeretlen, mikor, hol vagy hogyan jelent meg el\u0151sz\u00f6r K\u00f6zvetlen forr\u00e1s: https:\/\/spartacus-educational.com\/ARTberger.htm, Fair use, https:\/\/en.wikipedia.org\/w\/index.php?curid=76151688<\/p>\n\n\n\n<p><\/p>","protected":false},"featured_media":4272,"template":"","meta":{"_acf_changed":true},"kategoria-vyznamnych-tvari":[230],"oblast-posobenia":[241,235],"class_list":["post-4099","vyznamna-tvar","type-vyznamna-tvar","status-publish","has-post-thumbnail","hentry","kategoria-vyznamnych-tvari-historicka-osobnost","oblast-posobenia-publicistika","oblast-posobenia-umenie"],"acf":[],"yoast_head":"<!-- This site is optimized with the Yoast SEO Premium plugin v26.3 (Yoast SEO v26.8) - https:\/\/yoast.com\/product\/yoast-seo-premium-wordpress\/ -->\n<title>Oskar Berger - OOCR \u0160ari\u0161<\/title>\n<meta name=\"description\" content=\"Umelec svetovej \u00farovne - to je Oskar Berger, ktor\u00fd svojho \u010dasu karikuroval v\u0161etky zn\u00e1me osobnosti svetov\u00e9ho aj dom\u00e1ceho diania.\" \/>\n<meta name=\"robots\" content=\"index, follow, max-snippet:-1, max-image-preview:large, max-video-preview:-1\" \/>\n<link rel=\"canonical\" href=\"https:\/\/www.regionsaris.sk\/hu\/vyznamna-tvar\/oskar-berger\/\" \/>\n<meta property=\"og:locale\" content=\"hu_HU\" \/>\n<meta property=\"og:type\" content=\"article\" \/>\n<meta property=\"og:title\" content=\"Oskar Berger\" \/>\n<meta property=\"og:description\" content=\"Umelec svetovej \u00farovne - to je Oskar Berger, ktor\u00fd svojho \u010dasu karikuroval v\u0161etky zn\u00e1me osobnosti svetov\u00e9ho aj dom\u00e1ceho diania.\" \/>\n<meta property=\"og:url\" content=\"https:\/\/www.regionsaris.sk\/hu\/vyznamna-tvar\/oskar-berger\/\" \/>\n<meta property=\"og:site_name\" content=\"OOCR \u0160ari\u0161\" \/>\n<meta property=\"article:modified_time\" content=\"2026-04-01T09:46:53+00:00\" \/>\n<meta property=\"og:image\" content=\"https:\/\/www.regionsaris.sk\/wp-content\/uploads\/2026\/03\/oskar-berger-vyznamne-tvare-regionu-oocrrs.jpg\" \/>\n\t<meta property=\"og:image:width\" content=\"500\" \/>\n\t<meta property=\"og:image:height\" content=\"500\" \/>\n\t<meta property=\"og:image:type\" content=\"image\/jpeg\" \/>\n<meta name=\"twitter:card\" content=\"summary_large_image\" \/>\n<meta name=\"twitter:label1\" content=\"Becs\u00fclt olvas\u00e1si id\u0151\" \/>\n\t<meta name=\"twitter:data1\" content=\"2 perc\" \/>\n<script type=\"application\/ld+json\" class=\"yoast-schema-graph\">{\"@context\":\"https:\/\/schema.org\",\"@graph\":[{\"@type\":\"WebPage\",\"@id\":\"https:\/\/www.regionsaris.sk\/vyznamna-tvar\/oskar-berger\/\",\"url\":\"https:\/\/www.regionsaris.sk\/vyznamna-tvar\/oskar-berger\/\",\"name\":\"Oskar Berger - OOCR \u0160ari\u0161\",\"isPartOf\":{\"@id\":\"https:\/\/www.regionsaris.sk\/#website\"},\"primaryImageOfPage\":{\"@id\":\"https:\/\/www.regionsaris.sk\/vyznamna-tvar\/oskar-berger\/#primaryimage\"},\"image\":{\"@id\":\"https:\/\/www.regionsaris.sk\/vyznamna-tvar\/oskar-berger\/#primaryimage\"},\"thumbnailUrl\":\"https:\/\/www.regionsaris.sk\/wp-content\/uploads\/2026\/03\/oskar-berger-vyznamne-tvare-regionu-oocrrs.jpg\",\"datePublished\":\"2026-03-21T19:36:52+00:00\",\"dateModified\":\"2026-04-01T09:46:53+00:00\",\"description\":\"Umelec svetovej \u00farovne - to je Oskar Berger, ktor\u00fd svojho \u010dasu karikuroval v\u0161etky zn\u00e1me osobnosti svetov\u00e9ho aj dom\u00e1ceho diania.\",\"breadcrumb\":{\"@id\":\"https:\/\/www.regionsaris.sk\/vyznamna-tvar\/oskar-berger\/#breadcrumb\"},\"inLanguage\":\"hu\",\"potentialAction\":[{\"@type\":\"ReadAction\",\"target\":[\"https:\/\/www.regionsaris.sk\/vyznamna-tvar\/oskar-berger\/\"]}]},{\"@type\":\"ImageObject\",\"inLanguage\":\"hu\",\"@id\":\"https:\/\/www.regionsaris.sk\/vyznamna-tvar\/oskar-berger\/#primaryimage\",\"url\":\"https:\/\/www.regionsaris.sk\/wp-content\/uploads\/2026\/03\/oskar-berger-vyznamne-tvare-regionu-oocrrs.jpg\",\"contentUrl\":\"https:\/\/www.regionsaris.sk\/wp-content\/uploads\/2026\/03\/oskar-berger-vyznamne-tvare-regionu-oocrrs.jpg\",\"width\":500,\"height\":500},{\"@type\":\"BreadcrumbList\",\"@id\":\"https:\/\/www.regionsaris.sk\/vyznamna-tvar\/oskar-berger\/#breadcrumb\",\"itemListElement\":[{\"@type\":\"ListItem\",\"position\":1,\"name\":\"Domov\",\"item\":\"https:\/\/www.regionsaris.sk\/\"},{\"@type\":\"ListItem\",\"position\":2,\"name\":\"V\u00fdznamn\u00e9 tv\u00e1re regi\u00f3nu\",\"item\":\"https:\/\/www.regionsaris.sk\/vyznamne-tvare-regionu\/\"},{\"@type\":\"ListItem\",\"position\":3,\"name\":\"Oskar Berger\"}]},{\"@type\":\"WebSite\",\"@id\":\"https:\/\/www.regionsaris.sk\/#website\",\"url\":\"https:\/\/www.regionsaris.sk\/\",\"name\":\"OOCR \u0160ari\u0161\",\"description\":\"\",\"potentialAction\":[{\"@type\":\"SearchAction\",\"target\":{\"@type\":\"EntryPoint\",\"urlTemplate\":\"https:\/\/www.regionsaris.sk\/?s={search_term_string}\"},\"query-input\":{\"@type\":\"PropertyValueSpecification\",\"valueRequired\":true,\"valueName\":\"search_term_string\"}}],\"inLanguage\":\"hu\"}]}<\/script>\n<!-- \/ Yoast SEO Premium plugin. -->","yoast_head_json":{"title":"Oskar Berger - OOCR \u0160ari\u0161","description":"Umelec svetovej \u00farovne - to je Oskar Berger, ktor\u00fd svojho \u010dasu karikuroval v\u0161etky zn\u00e1me osobnosti svetov\u00e9ho aj dom\u00e1ceho diania.","robots":{"index":"index","follow":"follow","max-snippet":"max-snippet:-1","max-image-preview":"max-image-preview:large","max-video-preview":"max-video-preview:-1"},"canonical":"https:\/\/www.regionsaris.sk\/hu\/vyznamna-tvar\/oskar-berger\/","og_locale":"hu_HU","og_type":"article","og_title":"Oskar Berger","og_description":"Umelec svetovej \u00farovne - to je Oskar Berger, ktor\u00fd svojho \u010dasu karikuroval v\u0161etky zn\u00e1me osobnosti svetov\u00e9ho aj dom\u00e1ceho diania.","og_url":"https:\/\/www.regionsaris.sk\/hu\/vyznamna-tvar\/oskar-berger\/","og_site_name":"OOCR \u0160ari\u0161","article_modified_time":"2026-04-01T09:46:53+00:00","og_image":[{"width":500,"height":500,"url":"https:\/\/www.regionsaris.sk\/wp-content\/uploads\/2026\/03\/oskar-berger-vyznamne-tvare-regionu-oocrrs.jpg","type":"image\/jpeg"}],"twitter_card":"summary_large_image","twitter_misc":{"Becs\u00fclt olvas\u00e1si id\u0151":"2 perc"},"schema":{"@context":"https:\/\/schema.org","@graph":[{"@type":"WebPage","@id":"https:\/\/www.regionsaris.sk\/vyznamna-tvar\/oskar-berger\/","url":"https:\/\/www.regionsaris.sk\/vyznamna-tvar\/oskar-berger\/","name":"Oskar Berger - OOCR \u0160ari\u0161","isPartOf":{"@id":"https:\/\/www.regionsaris.sk\/#website"},"primaryImageOfPage":{"@id":"https:\/\/www.regionsaris.sk\/vyznamna-tvar\/oskar-berger\/#primaryimage"},"image":{"@id":"https:\/\/www.regionsaris.sk\/vyznamna-tvar\/oskar-berger\/#primaryimage"},"thumbnailUrl":"https:\/\/www.regionsaris.sk\/wp-content\/uploads\/2026\/03\/oskar-berger-vyznamne-tvare-regionu-oocrrs.jpg","datePublished":"2026-03-21T19:36:52+00:00","dateModified":"2026-04-01T09:46:53+00:00","description":"Umelec svetovej \u00farovne - to je Oskar Berger, ktor\u00fd svojho \u010dasu karikuroval v\u0161etky zn\u00e1me osobnosti svetov\u00e9ho aj dom\u00e1ceho diania.","breadcrumb":{"@id":"https:\/\/www.regionsaris.sk\/vyznamna-tvar\/oskar-berger\/#breadcrumb"},"inLanguage":"hu","potentialAction":[{"@type":"ReadAction","target":["https:\/\/www.regionsaris.sk\/vyznamna-tvar\/oskar-berger\/"]}]},{"@type":"ImageObject","inLanguage":"hu","@id":"https:\/\/www.regionsaris.sk\/vyznamna-tvar\/oskar-berger\/#primaryimage","url":"https:\/\/www.regionsaris.sk\/wp-content\/uploads\/2026\/03\/oskar-berger-vyznamne-tvare-regionu-oocrrs.jpg","contentUrl":"https:\/\/www.regionsaris.sk\/wp-content\/uploads\/2026\/03\/oskar-berger-vyznamne-tvare-regionu-oocrrs.jpg","width":500,"height":500},{"@type":"BreadcrumbList","@id":"https:\/\/www.regionsaris.sk\/vyznamna-tvar\/oskar-berger\/#breadcrumb","itemListElement":[{"@type":"ListItem","position":1,"name":"Domov","item":"https:\/\/www.regionsaris.sk\/"},{"@type":"ListItem","position":2,"name":"V\u00fdznamn\u00e9 tv\u00e1re regi\u00f3nu","item":"https:\/\/www.regionsaris.sk\/vyznamne-tvare-regionu\/"},{"@type":"ListItem","position":3,"name":"Oskar Berger"}]},{"@type":"WebSite","@id":"https:\/\/www.regionsaris.sk\/#website","url":"https:\/\/www.regionsaris.sk\/","name":"OOCR \u0160ari\u0161","description":"","potentialAction":[{"@type":"SearchAction","target":{"@type":"EntryPoint","urlTemplate":"https:\/\/www.regionsaris.sk\/?s={search_term_string}"},"query-input":{"@type":"PropertyValueSpecification","valueRequired":true,"valueName":"search_term_string"}}],"inLanguage":"hu"}]}},"_links":{"self":[{"href":"https:\/\/www.regionsaris.sk\/hu\/wp-json\/wp\/v2\/vyznamna-tvar\/4099","targetHints":{"allow":["GET"]}}],"collection":[{"href":"https:\/\/www.regionsaris.sk\/hu\/wp-json\/wp\/v2\/vyznamna-tvar"}],"about":[{"href":"https:\/\/www.regionsaris.sk\/hu\/wp-json\/wp\/v2\/types\/vyznamna-tvar"}],"wp:featuredmedia":[{"embeddable":true,"href":"https:\/\/www.regionsaris.sk\/hu\/wp-json\/wp\/v2\/media\/4272"}],"wp:attachment":[{"href":"https:\/\/www.regionsaris.sk\/hu\/wp-json\/wp\/v2\/media?parent=4099"}],"wp:term":[{"taxonomy":"kategoria-vyznamnych-tvari","embeddable":true,"href":"https:\/\/www.regionsaris.sk\/hu\/wp-json\/wp\/v2\/kategoria-vyznamnych-tvari?post=4099"},{"taxonomy":"oblast-posobenia","embeddable":true,"href":"https:\/\/www.regionsaris.sk\/hu\/wp-json\/wp\/v2\/oblast-posobenia?post=4099"}],"curies":[{"name":"wp","href":"https:\/\/api.w.org\/{rel}","templated":true}]}}

<p>1901. május 12-én született a prešovi Berger szálloda tulajdonosának zsidó családjában. Művészi tehetségét prágai, párizsi és berlini tanulmányai során fejlesztette ki, ahol az egyik legnagyobb napilapnál helyezkedett el. Újságíróként 1923-ban részt vett Hitler sikertelen puccskísérlete utáni müncheni tárgyaláson. Hitler hatalomra kerülése után menekülnie kellett Németországból. Rövid ideig Budapesten, Párizsban és Genfben tartózkodott, ahol részt vett a Népszövetség ülésein.&nbsp;</p>



<p>1935-ben Londonban telepedett le, és a Daily Telegraphnak kezdett dolgozni. A második világháború után az Egyesült Államokba, New Yorkba költözött, és olyan neves újságokban és magazinokban publikált, mint a New York Times, a New York Herald Tribune, a Life magazin és a Le Figaro. Az 1950-es években Berger részt vett az ENSZ közgyűlésein, és szinte minden fontos vezetőt lerajzolt, aki ott megjelent. Ugyanilyen sajátos módon ábrázolt uralkodókat, híres személyiségeket és filmsztárokat.&nbsp;</p>



<p>Karikatúrákat készített Winston Churchillről, John F. Kennedyről, Richard Nixonról, Dwight Eisenhowerről, Vjacseszlav Mihajlov Molotovról, Albert Einsteinről, II. János Pálról, Thomas S. Elliotról, Laurence Olivierről, Greta Garbóról, Charlie Chaplinről, Vivien Leigh-ről és sok másról. Mindannyiukat megörökítette elegáns ceruzavonásokkal, a személy egyediségére és a jellegzetes részletekre figyelve. Karikatúrái mellett politikai viccek karikaturistája is volt.&nbsp;</p>



<p>Termékeny munkásságából számos könyv született, mint például a Híres arcok - A karikaturista vázlatkönyvéből (1950), Áldozataim - Hogyan készítsek karikatúrát (1952), elnökök - Washingtontól napjainkig (1968). Berger munkái a washingtoni National Portrait Gallery állandó kiállításán is megtekinthetők. Berger 1997. május 15-én hunyt el New Yorkban.</p>



<p><strong>Forrás: </strong>Regionális könyvtár P. O. Hviezdoslav, Prešov; Mikroprojekt.<br><strong>Fotó forrása: </strong>Ismeretlen fotós - Eredeti közzététel: ismeretlen, mikor, hol vagy hogyan jelent meg először Közvetlen forrás: https://spartacus-educational.com/ARTberger.htm, Fair use, https://en.wikipedia.org/w/index.php?curid=76151688</p>



<p></p>

<!-- This site is optimized with the Yoast SEO Premium plugin v26.3 (Yoast SEO v26.8) - https://yoast.com/product/yoast-seo-premium-wordpress/ -->
<title>Oskar Berger - OOCR Šariš</title>
<meta name="description" content="Umelec svetovej úrovne - to je Oskar Berger, ktorý svojho času karikuroval všetky známe osobnosti svetového aj domáceho diania." />
<meta name="robots" content="index, follow, max-snippet:-1, max-image-preview:large, max-video-preview:-1" />
<link rel="canonical" href="https://www.regionsaris.sk/hu/vyznamna-tvar/oskar-berger/" />
<meta property="og:locale" content="hu_HU" />
<meta property="og:type" content="article" />
<meta property="og:title" content="Oskar Berger" />
<meta property="og:description" content="Umelec svetovej úrovne - to je Oskar Berger, ktorý svojho času karikuroval všetky známe osobnosti svetového aj domáceho diania." />
<meta property="og:url" content="https://www.regionsaris.sk/hu/vyznamna-tvar/oskar-berger/" />
<meta property="og:site_name" content="OOCR Šariš" />
<meta property="article:modified_time" content="2026-04-01T09:46:53+00:00" />
<meta property="og:image" content="https://www.regionsaris.sk/wp-content/uploads/2026/03/oskar-berger-vyznamne-tvare-regionu-oocrrs.jpg" />
	<meta property="og:image:width" content="500" />
	<meta property="og:image:height" content="500" />
	<meta property="og:image:type" content="image/jpeg" />
<meta name="twitter:card" content="summary_large_image" />
<meta name="twitter:label1" content="Becsült olvasási idő" />
	<meta name="twitter:data1" content="2 perc" />
<script type="application/ld+json" class="yoast-schema-graph">{"@context":"https://schema.org","@graph":[{"@type":"WebPage","@id":"https://www.regionsaris.sk/vyznamna-tvar/oskar-berger/","url":"https://www.regionsaris.sk/vyznamna-tvar/oskar-berger/","name":"Oskar Berger - OOCR Šariš","isPartOf":{"@id":"https://www.regionsaris.sk/#website"},"primaryImageOfPage":{"@id":"https://www.regionsaris.sk/vyznamna-tvar/oskar-berger/#primaryimage"},"image":{"@id":"https://www.regionsaris.sk/vyznamna-tvar/oskar-berger/#primaryimage"},"thumbnailUrl":"https://www.regionsaris.sk/wp-content/uploads/2026/03/oskar-berger-vyznamne-tvare-regionu-oocrrs.jpg","datePublished":"2026-03-21T19:36:52+00:00","dateModified":"2026-04-01T09:46:53+00:00","description":"Umelec svetovej úrovne - to je Oskar Berger, ktorý svojho času karikuroval všetky známe osobnosti svetového aj domáceho diania.","breadcrumb":{"@id":"https://www.regionsaris.sk/vyznamna-tvar/oskar-berger/#breadcrumb"},"inLanguage":"hu","potentialAction":[{"@type":"ReadAction","target":["https://www.regionsaris.sk/vyznamna-tvar/oskar-berger/"]}]},{"@type":"ImageObject","inLanguage":"hu","@id":"https://www.regionsaris.sk/vyznamna-tvar/oskar-berger/#primaryimage","url":"https://www.regionsaris.sk/wp-content/uploads/2026/03/oskar-berger-vyznamne-tvare-regionu-oocrrs.jpg","contentUrl":"https://www.regionsaris.sk/wp-content/uploads/2026/03/oskar-berger-vyznamne-tvare-regionu-oocrrs.jpg","width":500,"height":500},{"@type":"BreadcrumbList","@id":"https://www.regionsaris.sk/vyznamna-tvar/oskar-berger/#breadcrumb","itemListElement":[{"@type":"ListItem","position":1,"name":"Domov","item":"https://www.regionsaris.sk/"},{"@type":"ListItem","position":2,"name":"Významné tváre regiónu","item":"https://www.regionsaris.sk/vyznamne-tvare-regionu/"},{"@type":"ListItem","position":3,"name":"Oskar Berger"}]},{"@type":"WebSite","@id":"https://www.regionsaris.sk/#website","url":"https://www.regionsaris.sk/","name":"OOCR Šariš","description":"","potentialAction":[{"@type":"SearchAction","target":{"@type":"EntryPoint","urlTemplate":"https://www.regionsaris.sk/?s={search_term_string}"},"query-input":{"@type":"PropertyValueSpecification","valueRequired":true,"valueName":"search_term_string"}}],"inLanguage":"hu"}]}</script>
<!-- / Yoast SEO Premium plugin. -->

Oskar Berger - OOCR Šariš

Umelec svetovej úrovne - to je Oskar Berger, ktorý svojho času karikuroval všetky známe osobnosti svetového aj domáceho diania.

OOCR Šariš

Významné tváre regiónu
