{"id":4062,"date":"2026-03-20T09:43:05","date_gmt":"2026-03-20T08:43:05","guid":{"rendered":"https:\/\/www.regionsaris.sk\/?post_type=vyznamna-tvar&#038;p=4062"},"modified":"2026-04-01T11:12:22","modified_gmt":"2026-04-01T10:12:22","slug":"mikulas-moyzes","status":"publish","type":"vyznamna-tvar","link":"https:\/\/www.regionsaris.sk\/hu\/vyznamna-tvar\/mikulas-moyzes\/","title":{"rendered":"Mikul\u00e1\u0161 Moyzes"},"content":{"rendered":"<p>1872. december 6-\u00e1n sz\u00fcletett Zvolensk\u00e1 Slatin\u00e1ban egy tan\u00edt\u00f3 csal\u00e1dj\u00e1ban. M\u00e1r gyermekkor\u00e1ban megtanult zongor\u00e1zni \u00e9s orgon\u00e1lni. Kl\u00e1\u0161tor pod Znievomban v\u00e9gezte el a tan\u00edt\u00f3k\u00e9pz\u0151t, majd a budapesti Magyar Kir\u00e1lyi Akad\u00e9mi\u00e1n \u00e1llamvizsg\u00e1zott zen\u00e9b\u0151l. Orgonistak\u00e9nt \u00e9s zenetan\u00e1rk\u00e9nt dolgozott Jagrban, Nagyv\u00e1radon, \u010curgovban \u00e9s Kl\u00e1\u0161tor pod Znievomban.&nbsp;<\/p>\n\n\n\n<p>1908-ban Pre\u0161ovban telepedett le, \u00e9s a Magyar Kir\u00e1lyi \u00c1llami Tan\u00edt\u00f3k\u00e9pz\u0151 F\u0151gimn\u00e1zium zene- \u00e9s szlov\u00e1k szakos tan\u00e1ra lett. Moyzes 1919-t\u0151l ennek az iskol\u00e1nak az els\u0151 szlov\u00e1k adminisztr\u00e1tora \u00e9s a \u0160ari\u0161 megyei k\u00f6zigazgat\u00e1si bizotts\u00e1g eln\u00f6ke volt. 1920-ban a Szlov\u00e1k M\u00e1trix helyi fi\u00f3kj\u00e1nak egyik alap\u00edt\u00f3 tagja volt. Ugyanakkor a v\u00e1rosi zeneiskola adminisztr\u00e1tora \u00e9s tan\u00e1ra, 1921-1929-ben pedig igazgat\u00f3ja is volt.<\/p>\n\n\n\n<p>Moyzes sikeres zeneszerz\u0151k\u00e9nt, koncertm\u0171v\u00e9szk\u00e9nt, k\u00f3rusvezet\u0151k\u00e9nt \u00e9s vil\u00e1gi \u00e9s egyh\u00e1zi k\u00f3rusok karnagyak\u00e9nt is meg\u00e1llta a hely\u00e9t. A szlov\u00e1k zene realista ir\u00e1nyzatainak \u00fatt\u00f6r\u0151je \u00e9s a szlov\u00e1k zenei modernizmus el\u0151fut\u00e1ra volt. \u0150 kompon\u00e1lta a Missa solemnis c-ben, a Missa d-mollban, a Kis felvid\u00e9ki szimf\u00f3nia, a Ctibora, a Kar\u00e1csonyi \u00e9nek, az \u00c1rv\u00e1k, Az erdei le\u00e1ny, Az \u00f6rd\u00f6g foly\u00f3ja \u00e9s a Mi Szlov\u00e1ki\u00e1nk c\u00edm\u0171 zenekari kompoz\u00edci\u00f3t.&nbsp;<\/p>\n\n\n\n<p>T\u00f6bb tank\u00f6nyvet \u00edrt szlov\u00e1k iskol\u00e1k sz\u00e1m\u00e1ra: zeneelm\u00e9leti zenei k\u00f6nyvet, iskolai \u00e9nekesk\u00f6nyvet szlov\u00e1k \u00f3vod\u00e1k \u00e9s n\u00e9piskol\u00e1k sz\u00e1m\u00e1ra, valamint egy kis \u00e9nekiskol\u00e1t. Szlov\u00e1k n\u00e9pdalokat hangszerelt, k\u00fcl\u00f6n\u00f6sen sz\u00fcl\u0151helye, Zvolen \u00e9s \u0160ari\u0161 k\u00f6rny\u00e9k\u00e9r\u0151l. Pre\u0161ovban halt meg 1944. \u00e1prilis 2-\u00e1n, a helyi temet\u0151ben nyugszik. Az egyik alapfok\u00fa m\u0171v\u00e9szeti iskol\u00e1t r\u00f3la nevezt\u00e9k el.<\/p>\n\n\n\n<p><strong>Forr\u00e1s: <\/strong>Region\u00e1lis k\u00f6nyvt\u00e1r P. O. Hviezdoslav, Pre\u0161ov; Mikroprojekt.<br><strong>Fot\u00f3 forr\u00e1sa:<\/strong> Szerz\u0151 Presov Szlov\u00e1kia 1227.JPG: Ing.Mgr. Mathuzalem - Presov Slovakia 1227.JPG, CC BY 3.0, https:\/\/commons.wikimedia.org\/w\/index.php?curid=16691032<\/p>\n\n\n\n<p><\/p>","protected":false},"featured_media":4277,"template":"","meta":{"_acf_changed":true},"kategoria-vyznamnych-tvari":[230],"oblast-posobenia":[236,235],"class_list":["post-4062","vyznamna-tvar","type-vyznamna-tvar","status-publish","has-post-thumbnail","hentry","kategoria-vyznamnych-tvari-historicka-osobnost","oblast-posobenia-hudba","oblast-posobenia-umenie"],"acf":[],"yoast_head":"<!-- This site is optimized with the Yoast SEO Premium plugin v26.3 (Yoast SEO v26.8) - https:\/\/yoast.com\/product\/yoast-seo-premium-wordpress\/ -->\n<title>Mikul\u00e1\u0161 Moyzes - OOCR \u0160ari\u0161<\/title>\n<meta name=\"description\" content=\"Mikul\u00e1\u0161 Moyzes je d\u00f4le\u017eit\u00e1 osobnos\u0165 hudobnej sc\u00e9ny. Bol v\u00fdznamn\u00fdm dirigentom, skladate\u013eom, organistom a umelcom.\" \/>\n<meta name=\"robots\" content=\"index, follow, max-snippet:-1, max-image-preview:large, max-video-preview:-1\" \/>\n<link rel=\"canonical\" href=\"https:\/\/www.regionsaris.sk\/hu\/vyznamna-tvar\/mikulas-moyzes\/\" \/>\n<meta property=\"og:locale\" content=\"hu_HU\" \/>\n<meta property=\"og:type\" content=\"article\" \/>\n<meta property=\"og:title\" content=\"Mikul\u00e1\u0161 Moyzes\" \/>\n<meta property=\"og:description\" content=\"Mikul\u00e1\u0161 Moyzes je d\u00f4le\u017eit\u00e1 osobnos\u0165 hudobnej sc\u00e9ny. Bol v\u00fdznamn\u00fdm dirigentom, skladate\u013eom, organistom a umelcom.\" \/>\n<meta property=\"og:url\" content=\"https:\/\/www.regionsaris.sk\/hu\/vyznamna-tvar\/mikulas-moyzes\/\" \/>\n<meta property=\"og:site_name\" content=\"OOCR \u0160ari\u0161\" \/>\n<meta property=\"article:modified_time\" content=\"2026-04-01T10:12:22+00:00\" \/>\n<meta property=\"og:image\" content=\"https:\/\/www.regionsaris.sk\/wp-content\/uploads\/2026\/03\/mikulas-moyzes-vyznamne-tvare-regionu-oocrrs.jpg\" \/>\n\t<meta property=\"og:image:width\" content=\"500\" \/>\n\t<meta property=\"og:image:height\" content=\"500\" \/>\n\t<meta property=\"og:image:type\" content=\"image\/jpeg\" \/>\n<meta name=\"twitter:card\" content=\"summary_large_image\" \/>\n<meta name=\"twitter:label1\" content=\"Becs\u00fclt olvas\u00e1si id\u0151\" \/>\n\t<meta name=\"twitter:data1\" content=\"2 perc\" \/>\n<script type=\"application\/ld+json\" class=\"yoast-schema-graph\">{\"@context\":\"https:\/\/schema.org\",\"@graph\":[{\"@type\":\"WebPage\",\"@id\":\"https:\/\/www.regionsaris.sk\/vyznamna-tvar\/mikulas-moyzes\/\",\"url\":\"https:\/\/www.regionsaris.sk\/vyznamna-tvar\/mikulas-moyzes\/\",\"name\":\"Mikul\u00e1\u0161 Moyzes - OOCR \u0160ari\u0161\",\"isPartOf\":{\"@id\":\"https:\/\/www.regionsaris.sk\/#website\"},\"primaryImageOfPage\":{\"@id\":\"https:\/\/www.regionsaris.sk\/vyznamna-tvar\/mikulas-moyzes\/#primaryimage\"},\"image\":{\"@id\":\"https:\/\/www.regionsaris.sk\/vyznamna-tvar\/mikulas-moyzes\/#primaryimage\"},\"thumbnailUrl\":\"https:\/\/www.regionsaris.sk\/wp-content\/uploads\/2026\/03\/mikulas-moyzes-vyznamne-tvare-regionu-oocrrs.jpg\",\"datePublished\":\"2026-03-20T08:43:05+00:00\",\"dateModified\":\"2026-04-01T10:12:22+00:00\",\"description\":\"Mikul\u00e1\u0161 Moyzes je d\u00f4le\u017eit\u00e1 osobnos\u0165 hudobnej sc\u00e9ny. Bol v\u00fdznamn\u00fdm dirigentom, skladate\u013eom, organistom a umelcom.\",\"breadcrumb\":{\"@id\":\"https:\/\/www.regionsaris.sk\/vyznamna-tvar\/mikulas-moyzes\/#breadcrumb\"},\"inLanguage\":\"hu\",\"potentialAction\":[{\"@type\":\"ReadAction\",\"target\":[\"https:\/\/www.regionsaris.sk\/vyznamna-tvar\/mikulas-moyzes\/\"]}]},{\"@type\":\"ImageObject\",\"inLanguage\":\"hu\",\"@id\":\"https:\/\/www.regionsaris.sk\/vyznamna-tvar\/mikulas-moyzes\/#primaryimage\",\"url\":\"https:\/\/www.regionsaris.sk\/wp-content\/uploads\/2026\/03\/mikulas-moyzes-vyznamne-tvare-regionu-oocrrs.jpg\",\"contentUrl\":\"https:\/\/www.regionsaris.sk\/wp-content\/uploads\/2026\/03\/mikulas-moyzes-vyznamne-tvare-regionu-oocrrs.jpg\",\"width\":500,\"height\":500},{\"@type\":\"BreadcrumbList\",\"@id\":\"https:\/\/www.regionsaris.sk\/vyznamna-tvar\/mikulas-moyzes\/#breadcrumb\",\"itemListElement\":[{\"@type\":\"ListItem\",\"position\":1,\"name\":\"Domov\",\"item\":\"https:\/\/www.regionsaris.sk\/\"},{\"@type\":\"ListItem\",\"position\":2,\"name\":\"V\u00fdznamn\u00e9 tv\u00e1re regi\u00f3nu\",\"item\":\"https:\/\/www.regionsaris.sk\/vyznamne-tvare-regionu\/\"},{\"@type\":\"ListItem\",\"position\":3,\"name\":\"Mikul\u00e1\u0161 Moyzes\"}]},{\"@type\":\"WebSite\",\"@id\":\"https:\/\/www.regionsaris.sk\/#website\",\"url\":\"https:\/\/www.regionsaris.sk\/\",\"name\":\"OOCR \u0160ari\u0161\",\"description\":\"\",\"potentialAction\":[{\"@type\":\"SearchAction\",\"target\":{\"@type\":\"EntryPoint\",\"urlTemplate\":\"https:\/\/www.regionsaris.sk\/?s={search_term_string}\"},\"query-input\":{\"@type\":\"PropertyValueSpecification\",\"valueRequired\":true,\"valueName\":\"search_term_string\"}}],\"inLanguage\":\"hu\"}]}<\/script>\n<!-- \/ Yoast SEO Premium plugin. -->","yoast_head_json":{"title":"Mikul\u00e1\u0161 Moyzes - OOCR \u0160ari\u0161","description":"Mikul\u00e1\u0161 Moyzes je d\u00f4le\u017eit\u00e1 osobnos\u0165 hudobnej sc\u00e9ny. Bol v\u00fdznamn\u00fdm dirigentom, skladate\u013eom, organistom a umelcom.","robots":{"index":"index","follow":"follow","max-snippet":"max-snippet:-1","max-image-preview":"max-image-preview:large","max-video-preview":"max-video-preview:-1"},"canonical":"https:\/\/www.regionsaris.sk\/hu\/vyznamna-tvar\/mikulas-moyzes\/","og_locale":"hu_HU","og_type":"article","og_title":"Mikul\u00e1\u0161 Moyzes","og_description":"Mikul\u00e1\u0161 Moyzes je d\u00f4le\u017eit\u00e1 osobnos\u0165 hudobnej sc\u00e9ny. Bol v\u00fdznamn\u00fdm dirigentom, skladate\u013eom, organistom a umelcom.","og_url":"https:\/\/www.regionsaris.sk\/hu\/vyznamna-tvar\/mikulas-moyzes\/","og_site_name":"OOCR \u0160ari\u0161","article_modified_time":"2026-04-01T10:12:22+00:00","og_image":[{"width":500,"height":500,"url":"https:\/\/www.regionsaris.sk\/wp-content\/uploads\/2026\/03\/mikulas-moyzes-vyznamne-tvare-regionu-oocrrs.jpg","type":"image\/jpeg"}],"twitter_card":"summary_large_image","twitter_misc":{"Becs\u00fclt olvas\u00e1si id\u0151":"2 perc"},"schema":{"@context":"https:\/\/schema.org","@graph":[{"@type":"WebPage","@id":"https:\/\/www.regionsaris.sk\/vyznamna-tvar\/mikulas-moyzes\/","url":"https:\/\/www.regionsaris.sk\/vyznamna-tvar\/mikulas-moyzes\/","name":"Mikul\u00e1\u0161 Moyzes - OOCR \u0160ari\u0161","isPartOf":{"@id":"https:\/\/www.regionsaris.sk\/#website"},"primaryImageOfPage":{"@id":"https:\/\/www.regionsaris.sk\/vyznamna-tvar\/mikulas-moyzes\/#primaryimage"},"image":{"@id":"https:\/\/www.regionsaris.sk\/vyznamna-tvar\/mikulas-moyzes\/#primaryimage"},"thumbnailUrl":"https:\/\/www.regionsaris.sk\/wp-content\/uploads\/2026\/03\/mikulas-moyzes-vyznamne-tvare-regionu-oocrrs.jpg","datePublished":"2026-03-20T08:43:05+00:00","dateModified":"2026-04-01T10:12:22+00:00","description":"Mikul\u00e1\u0161 Moyzes je d\u00f4le\u017eit\u00e1 osobnos\u0165 hudobnej sc\u00e9ny. Bol v\u00fdznamn\u00fdm dirigentom, skladate\u013eom, organistom a umelcom.","breadcrumb":{"@id":"https:\/\/www.regionsaris.sk\/vyznamna-tvar\/mikulas-moyzes\/#breadcrumb"},"inLanguage":"hu","potentialAction":[{"@type":"ReadAction","target":["https:\/\/www.regionsaris.sk\/vyznamna-tvar\/mikulas-moyzes\/"]}]},{"@type":"ImageObject","inLanguage":"hu","@id":"https:\/\/www.regionsaris.sk\/vyznamna-tvar\/mikulas-moyzes\/#primaryimage","url":"https:\/\/www.regionsaris.sk\/wp-content\/uploads\/2026\/03\/mikulas-moyzes-vyznamne-tvare-regionu-oocrrs.jpg","contentUrl":"https:\/\/www.regionsaris.sk\/wp-content\/uploads\/2026\/03\/mikulas-moyzes-vyznamne-tvare-regionu-oocrrs.jpg","width":500,"height":500},{"@type":"BreadcrumbList","@id":"https:\/\/www.regionsaris.sk\/vyznamna-tvar\/mikulas-moyzes\/#breadcrumb","itemListElement":[{"@type":"ListItem","position":1,"name":"Domov","item":"https:\/\/www.regionsaris.sk\/"},{"@type":"ListItem","position":2,"name":"V\u00fdznamn\u00e9 tv\u00e1re regi\u00f3nu","item":"https:\/\/www.regionsaris.sk\/vyznamne-tvare-regionu\/"},{"@type":"ListItem","position":3,"name":"Mikul\u00e1\u0161 Moyzes"}]},{"@type":"WebSite","@id":"https:\/\/www.regionsaris.sk\/#website","url":"https:\/\/www.regionsaris.sk\/","name":"OOCR \u0160ari\u0161","description":"","potentialAction":[{"@type":"SearchAction","target":{"@type":"EntryPoint","urlTemplate":"https:\/\/www.regionsaris.sk\/?s={search_term_string}"},"query-input":{"@type":"PropertyValueSpecification","valueRequired":true,"valueName":"search_term_string"}}],"inLanguage":"hu"}]}},"_links":{"self":[{"href":"https:\/\/www.regionsaris.sk\/hu\/wp-json\/wp\/v2\/vyznamna-tvar\/4062","targetHints":{"allow":["GET"]}}],"collection":[{"href":"https:\/\/www.regionsaris.sk\/hu\/wp-json\/wp\/v2\/vyznamna-tvar"}],"about":[{"href":"https:\/\/www.regionsaris.sk\/hu\/wp-json\/wp\/v2\/types\/vyznamna-tvar"}],"wp:featuredmedia":[{"embeddable":true,"href":"https:\/\/www.regionsaris.sk\/hu\/wp-json\/wp\/v2\/media\/4277"}],"wp:attachment":[{"href":"https:\/\/www.regionsaris.sk\/hu\/wp-json\/wp\/v2\/media?parent=4062"}],"wp:term":[{"taxonomy":"kategoria-vyznamnych-tvari","embeddable":true,"href":"https:\/\/www.regionsaris.sk\/hu\/wp-json\/wp\/v2\/kategoria-vyznamnych-tvari?post=4062"},{"taxonomy":"oblast-posobenia","embeddable":true,"href":"https:\/\/www.regionsaris.sk\/hu\/wp-json\/wp\/v2\/oblast-posobenia?post=4062"}],"curies":[{"name":"wp","href":"https:\/\/api.w.org\/{rel}","templated":true}]}}

Mikuláš Moyzes

<p>1872. december 6-án született Zvolenská Slatinában egy tanító családjában. Már gyermekkorában megtanult zongorázni és orgonálni. Kláštor pod Znievomban végezte el a tanítóképzőt, majd a budapesti Magyar Királyi Akadémián államvizsgázott zenéből. Orgonistaként és zenetanárként dolgozott Jagrban, Nagyváradon, Čurgovban és Kláštor pod Znievomban.&nbsp;</p>



<p>1908-ban Prešovban telepedett le, és a Magyar Királyi Állami Tanítóképző Főgimnázium zene- és szlovák szakos tanára lett. Moyzes 1919-től ennek az iskolának az első szlovák adminisztrátora és a Šariš megyei közigazgatási bizottság elnöke volt. 1920-ban a Szlovák Mátrix helyi fiókjának egyik alapító tagja volt. Ugyanakkor a városi zeneiskola adminisztrátora és tanára, 1921-1929-ben pedig igazgatója is volt.</p>



<p>Moyzes sikeres zeneszerzőként, koncertművészként, kórusvezetőként és világi és egyházi kórusok karnagyaként is megállta a helyét. A szlovák zene realista irányzatainak úttörője és a szlovák zenei modernizmus előfutára volt. Ő komponálta a Missa solemnis c-ben, a Missa d-mollban, a Kis felvidéki szimfónia, a Ctibora, a Karácsonyi ének, az Árvák, Az erdei leány, Az ördög folyója és a Mi Szlovákiánk című zenekari kompozíciót.&nbsp;</p>



<p>Több tankönyvet írt szlovák iskolák számára: zeneelméleti zenei könyvet, iskolai énekeskönyvet szlovák óvodák és népiskolák számára, valamint egy kis énekiskolát. Szlovák népdalokat hangszerelt, különösen szülőhelye, Zvolen és Šariš környékéről. Prešovban halt meg 1944. április 2-án, a helyi temetőben nyugszik. Az egyik alapfokú művészeti iskolát róla nevezték el.</p>



<p><strong>Forrás: </strong>Regionális könyvtár P. O. Hviezdoslav, Prešov; Mikroprojekt.<br><strong>Fotó forrása:</strong> Szerző Presov Szlovákia 1227.JPG: Ing.Mgr. Mathuzalem - Presov Slovakia 1227.JPG, CC BY 3.0, https://commons.wikimedia.org/w/index.php?curid=16691032</p>



<p></p>

<!-- This site is optimized with the Yoast SEO Premium plugin v26.3 (Yoast SEO v26.8) - https://yoast.com/product/yoast-seo-premium-wordpress/ -->
<title>Mikuláš Moyzes - OOCR Šariš</title>
<meta name="description" content="Mikuláš Moyzes je dôležitá osobnosť hudobnej scény. Bol významným dirigentom, skladateľom, organistom a umelcom." />
<meta name="robots" content="index, follow, max-snippet:-1, max-image-preview:large, max-video-preview:-1" />
<link rel="canonical" href="https://www.regionsaris.sk/hu/vyznamna-tvar/mikulas-moyzes/" />
<meta property="og:locale" content="hu_HU" />
<meta property="og:type" content="article" />
<meta property="og:title" content="Mikuláš Moyzes" />
<meta property="og:description" content="Mikuláš Moyzes je dôležitá osobnosť hudobnej scény. Bol významným dirigentom, skladateľom, organistom a umelcom." />
<meta property="og:url" content="https://www.regionsaris.sk/hu/vyznamna-tvar/mikulas-moyzes/" />
<meta property="og:site_name" content="OOCR Šariš" />
<meta property="article:modified_time" content="2026-04-01T10:12:22+00:00" />
<meta property="og:image" content="https://www.regionsaris.sk/wp-content/uploads/2026/03/mikulas-moyzes-vyznamne-tvare-regionu-oocrrs.jpg" />
	<meta property="og:image:width" content="500" />
	<meta property="og:image:height" content="500" />
	<meta property="og:image:type" content="image/jpeg" />
<meta name="twitter:card" content="summary_large_image" />
<meta name="twitter:label1" content="Becsült olvasási idő" />
	<meta name="twitter:data1" content="2 perc" />
<script type="application/ld+json" class="yoast-schema-graph">{"@context":"https://schema.org","@graph":[{"@type":"WebPage","@id":"https://www.regionsaris.sk/vyznamna-tvar/mikulas-moyzes/","url":"https://www.regionsaris.sk/vyznamna-tvar/mikulas-moyzes/","name":"Mikuláš Moyzes - OOCR Šariš","isPartOf":{"@id":"https://www.regionsaris.sk/#website"},"primaryImageOfPage":{"@id":"https://www.regionsaris.sk/vyznamna-tvar/mikulas-moyzes/#primaryimage"},"image":{"@id":"https://www.regionsaris.sk/vyznamna-tvar/mikulas-moyzes/#primaryimage"},"thumbnailUrl":"https://www.regionsaris.sk/wp-content/uploads/2026/03/mikulas-moyzes-vyznamne-tvare-regionu-oocrrs.jpg","datePublished":"2026-03-20T08:43:05+00:00","dateModified":"2026-04-01T10:12:22+00:00","description":"Mikuláš Moyzes je dôležitá osobnosť hudobnej scény. Bol významným dirigentom, skladateľom, organistom a umelcom.","breadcrumb":{"@id":"https://www.regionsaris.sk/vyznamna-tvar/mikulas-moyzes/#breadcrumb"},"inLanguage":"hu","potentialAction":[{"@type":"ReadAction","target":["https://www.regionsaris.sk/vyznamna-tvar/mikulas-moyzes/"]}]},{"@type":"ImageObject","inLanguage":"hu","@id":"https://www.regionsaris.sk/vyznamna-tvar/mikulas-moyzes/#primaryimage","url":"https://www.regionsaris.sk/wp-content/uploads/2026/03/mikulas-moyzes-vyznamne-tvare-regionu-oocrrs.jpg","contentUrl":"https://www.regionsaris.sk/wp-content/uploads/2026/03/mikulas-moyzes-vyznamne-tvare-regionu-oocrrs.jpg","width":500,"height":500},{"@type":"BreadcrumbList","@id":"https://www.regionsaris.sk/vyznamna-tvar/mikulas-moyzes/#breadcrumb","itemListElement":[{"@type":"ListItem","position":1,"name":"Domov","item":"https://www.regionsaris.sk/"},{"@type":"ListItem","position":2,"name":"Významné tváre regiónu","item":"https://www.regionsaris.sk/vyznamne-tvare-regionu/"},{"@type":"ListItem","position":3,"name":"Mikuláš Moyzes"}]},{"@type":"WebSite","@id":"https://www.regionsaris.sk/#website","url":"https://www.regionsaris.sk/","name":"OOCR Šariš","description":"","potentialAction":[{"@type":"SearchAction","target":{"@type":"EntryPoint","urlTemplate":"https://www.regionsaris.sk/?s={search_term_string}"},"query-input":{"@type":"PropertyValueSpecification","valueRequired":true,"valueName":"search_term_string"}}],"inLanguage":"hu"}]}</script>
<!-- / Yoast SEO Premium plugin. -->

Mikuláš Moyzes - OOCR Šariš

Mikuláš Moyzes je dôležitá osobnosť hudobnej scény. Bol významným dirigentom, skladateľom, organistom a umelcom.

OOCR Šariš

Významné tváre regiónu
