{"id":6189,"date":"2026-09-04T12:41:41","date_gmt":"2026-09-04T11:41:41","guid":{"rendered":"https:\/\/www.regionsaris.sk\/?post_type=prirodne-krasy&#038;p=6189"},"modified":"2026-09-04T12:41:41","modified_gmt":"2026-09-04T11:41:41","slug":"vrchol-lysa","status":"publish","type":"prirodne-krasy","link":"https:\/\/www.regionsaris.sk\/hu\/prirodne-krasy\/vrchol-lysa\/","title":{"rendered":"A Lys\u00e1-cs\u00facs"},"content":{"rendered":"<p class=\"wp-block-paragraph\"><strong>Lys\u00e1, Drienica k\u00f6zel\u00e9ben<\/strong>\u00a0a legn\u00e9pszer\u0171bb turisztikai cs\u00facsok k\u00f6z\u00e9 tartozik <a href=\"https:\/\/pohoriecergov.sk\" target=\"_blank\" rel=\"noopener\">a \u010cergov-hegys\u00e9g<\/a> \u00e9s egyben a k\u00f6rny\u00e9k legn\u00e9pszer\u0171bb kir\u00e1ndul\u00f3helyei k\u00f6z\u00e9 tartozik <a href=\"https:\/\/www.regionsaris.sk\/hu\/lokalita\/sabinov-a-okolie\/\" data-type=\"lokalita\" data-id=\"27\">Sabinova<\/a> a <a href=\"https:\/\/www.regionsaris.sk\/hu\/lokalita\/mesto-presov\/\" data-type=\"lokalita\" data-id=\"26\">Pre\u0161ov<\/a>. A cs\u00facs tengerszint feletti magass\u00e1ga\u00a0<strong>1 067,9 m tengerszint feletti magass\u00e1gban.<\/strong>\u00a0\u00e9s ez a \u010cergov-hegys\u00e9g legd\u00e9libb ezeres cs\u00facsa. A \u010cergov-h\u00e1g\u00f3t\u00f3l d\u00e9lnyugatra kiny\u00fal\u00f3 oldalgerincen helyezkedik el, Drienica \u00e9s Olejn\u00edkov telep\u00fcl\u00e9sek k\u00f6zigazgat\u00e1si ter\u00fclet\u00e9n.\u00a0<\/p>\n\n\n\n<h2 class=\"wp-block-heading\">Kil\u00e1t\u00e1s a Lys\u00e1-cs\u00facsr\u00f3l<\/h2>\n\n\n\n<p class=\"wp-block-paragraph\">Az egyik legf\u0151bb vonzereje az, hogy&nbsp;<strong>panor\u00e1m\u00e1s kil\u00e1t\u00e1s a \u010cergov-hegys\u00e9gre \u00e9s a k\u00f6rnyez\u0151 hegyvid\u00e9ki ter\u00fcletekre<\/strong>. A cs\u00facsr\u00f3l l\u00e1that\u00f3 a f\u0151 \u010cergov-hegygerinc, a Ve\u013ek\u00e1 Javorina \u00e9s a Min\u010dol. J\u00f3 l\u00e1t\u00e1si viszonyok mellett a t\u00e1volban a T\u00e1tr\u00e1k is megjelennnek. \u00c9szak fel\u00e9 a Ve\u013ek\u00e1 Javorina k\u00f6rny\u00e9ki hegygerincre ny\u00edlik kil\u00e1t\u00e1s.&nbsp;<\/p>\n\n\n\n<p class=\"wp-block-paragraph\">A cs\u00facs egy\u00fattal \u00e9rdekes \u00f6tv\u00f6zetet k\u00edn\u00e1l a term\u00e9szeti t\u00e1j \u00e9s a helysz\u00edn hossz\u00fa \u00e9vek \u00f3ta tart\u00f3 rekre\u00e1ci\u00f3s \u00e9s t\u00e9li sportc\u00e9l\u00fa hasznos\u00edt\u00e1s\u00e1nak nyomai k\u00f6z\u00f6tt. A k\u00f6zel\u00e9ben tal\u00e1lhat\u00f3k a s\u00edk\u00f6zpont m\u0171szaki l\u00e9tes\u00edtm\u00e9nyei \u00e9s a s\u00edfelvon\u00f3 fels\u0151 \u00e1llom\u00e1sa.<\/p>\n\n\n\n<h2 class=\"wp-block-heading\">T\u00fara a Lys\u00e1-hegyre<\/h2>\n\n\n\n<p class=\"wp-block-paragraph\">A Lys\u00e1-hegyre t\u00f6bb t\u00fara\u00fatvonal is vezet. A&nbsp;<strong>Drienice<\/strong>&nbsp;A Lys\u00e1-h\u00e1g\u00f3 fel\u00e9 aszfalt\u00fat vezet, a h\u00e1g\u00f3r\u00f3l pedig z\u00f6ld jelz\u00e9s\u0171 t\u00fara\u00fatvonal vezet tov\u00e1bb a cs\u00facs fel\u00e9. A cs\u00facsra a \u010cergov-h\u00e1g\u00f3 fel\u0151l is fel lehet jutni. A Drienica s\u00edk\u00f6zpontb\u00f3l k\u00e9k t\u00farajelz\u00e9s vezet a Lys\u00e1-h\u00e1g\u00f3hoz.&nbsp;<\/p>\n\n\n\n<p class=\"wp-block-paragraph\">A Lys\u00e1-hegyre vezet\u0151 \u00fat nem ig\u00e9nyel nagy er\u0151fesz\u00edt\u00e9st, \u00e9s a helysz\u00edn eg\u00e9sz \u00e9vben alkalmas kir\u00e1ndul\u00e1sokra. Ny\u00e1ron a gyalogos turist\u00e1k \u00e9s a ker\u00e9kp\u00e1rosok kedvelt c\u00e9lpontja, t\u00e9len pedig a k\u00f6rny\u00e9k els\u0151sorban a t\u00e9li sportokkal t\u00e1rsul.\u00a0<\/p>\n\n\n\n<h2 class=\"wp-block-heading\">A Lys\u00e1 s\u00edp\u00e1lya \u00e9s a k\u00f6rny\u00e9kbeli programlehet\u0151s\u00e9gek<\/h2>\n\n\n\n<p class=\"wp-block-paragraph\">A Lys\u00e1-cs\u00facs a rekre\u00e1ci\u00f3s \u00e9s sportkomplexum r\u00e9sze&nbsp;<strong>Drienica \u2013 Lys\u00e1<\/strong>, amely a \u010cergov d\u00e9li lejt\u0151i alatt fekszik. A s\u00edk\u00f6zpont t\u00e9li szabadid\u0151s tev\u00e9kenys\u00e9gekhez k\u00edn\u00e1l lehet\u0151s\u00e9geket, a k\u00f6rny\u00e9ken pedig t\u00fara\u00fatvonalak, ker\u00e9kp\u00e1rutak, s\u00edfut\u00f3p\u00e1ly\u00e1k \u00e9s s\u00edhegyi t\u00fara\u00fatvonalak is rendelkez\u00e9sre \u00e1llnak.&nbsp;<\/p>\n\n\n\n<p class=\"wp-block-paragraph\">A cs\u00facs k\u00f6zel\u00e9ben tal\u00e1lhat\u00f3 m\u00e9g&nbsp;<strong>Olt\u00e1rk\u0151<\/strong>, ahov\u00e1 egy z\u00f6ld jelz\u00e9s\u0171 \u00f6sv\u00e9ny vezet. A cs\u00facst\u00f3l k\u00f6r\u00fclbel\u00fcl 250 m\u00e9terre \u00e1ll az \u00dar \u00e1tv\u00e1ltoz\u00e1s\u00e1nak szentelt k\u00e1polna, amelyet 2001-ben \u00e9p\u00edtettek az Olt\u00e1r-k\u0151 mellett.&nbsp;<\/p>\n\n\n\n<h2 class=\"wp-block-heading\">\u00daj l\u00e1tnival\u00f3k a Lys\u00e1-hegyen<\/h2>\n\n\n\n<p class=\"wp-block-paragraph\">Lys\u00e1 az elm\u00falt \u00e9vekben a csal\u00e1di \u00e9s \u00e9lm\u00e9nyturizmus c\u00e9lpontjak\u00e9nt is fejl\u0151dik. 2026 j\u00fanius\u00e1ban a cs\u00facs k\u00f6zel\u00e9ben megnyitott\u00e1k\u00a0<strong><a href=\"https:\/\/www.regionsaris.sk\/hu\/pre-rodiny\/zabavno-naucny-chodnik-cergov\/\" data-type=\"pre-rodiny\" data-id=\"5093\">a \u010cergov sz\u00f3rakoztat\u00f3-oktat\u00f3 tan\u00f6sv\u00e9ny<\/a><\/strong>. A k\u00f6r\u00fclbel\u00fcl egy kilom\u00e9ter hossz\u00fa \u00fatvonal az erd\u0151n halad \u00e1t, \u00e9s j\u00e1t\u00e9kos elemek seg\u00edts\u00e9g\u00e9vel ismerteti a l\u00e1togat\u00f3kkal \u010cergov p\u00e1sztor t\u00f6rt\u00e9net\u00e9t, a helyi hagyom\u00e1nyokat \u00e9s szimb\u00f3lumokat, p\u00e9ld\u00e1ul a hegyi juh\u00e1szh\u00e1zat vagy a farkasbarlangot.\u00a0<\/p>\n\n\n\n<p class=\"wp-block-paragraph\">A Drienica melletti Lys\u00e1 \u00edgy vonz\u00f3 c\u00e9lpont egy egynapos kir\u00e1ndul\u00e1shoz, amely \u00f6tv\u00f6zi a hegyvid\u00e9ki k\u00f6rnyezetet, a kil\u00e1t\u00e1sokat, a t\u00fara\u00fatvonalakat \u00e9s az eg\u00e9sz \u00e9vben el\u00e9rhet\u0151 akt\u00edv pihen\u00e9si lehet\u0151s\u00e9geket.<\/p>\n\n\n\n<p class=\"wp-block-paragraph\">Forr\u00e1s: OOCR R\u0160<br>A fot\u00f3k forr\u00e1sa: OOCR R\u0160<\/p>","protected":false},"featured_media":6190,"template":"","meta":{"_acf_changed":true},"kategoria-poi":[276,100,102,175,107],"lokalita":[27],"sezona-poi":[12],"trvanie-vyletu":[180,194],"class_list":["post-6189","prirodne-krasy","type-prirodne-krasy","status-publish","has-post-thumbnail","hentry","kategoria-poi-naucny-chodnik","kategoria-poi-pre-rodiny","kategoria-poi-prirodne-krasy","kategoria-poi-sporty","kategoria-poi-turistika","lokalita-sabinov-a-okolie","sezona-poi-celorocne","trvanie-vyletu-poldenne-vylety","trvanie-vyletu-skolske-vylety"],"acf":[],"_links":{"self":[{"href":"https:\/\/www.regionsaris.sk\/hu\/wp-json\/wp\/v2\/prirodne-krasy\/6189","targetHints":{"allow":["GET"]}}],"collection":[{"href":"https:\/\/www.regionsaris.sk\/hu\/wp-json\/wp\/v2\/prirodne-krasy"}],"about":[{"href":"https:\/\/www.regionsaris.sk\/hu\/wp-json\/wp\/v2\/types\/prirodne-krasy"}],"wp:featuredmedia":[{"embeddable":true,"href":"https:\/\/www.regionsaris.sk\/hu\/wp-json\/wp\/v2\/media\/6190"}],"wp:attachment":[{"href":"https:\/\/www.regionsaris.sk\/hu\/wp-json\/wp\/v2\/media?parent=6189"}],"wp:term":[{"taxonomy":"kategoria-poi","embeddable":true,"href":"https:\/\/www.regionsaris.sk\/hu\/wp-json\/wp\/v2\/kategoria-poi?post=6189"},{"taxonomy":"lokalita","embeddable":true,"href":"https:\/\/www.regionsaris.sk\/hu\/wp-json\/wp\/v2\/lokalita?post=6189"},{"taxonomy":"sezona-poi","embeddable":true,"href":"https:\/\/www.regionsaris.sk\/hu\/wp-json\/wp\/v2\/sezona-poi?post=6189"},{"taxonomy":"trvanie-vyletu","embeddable":true,"href":"https:\/\/www.regionsaris.sk\/hu\/wp-json\/wp\/v2\/trvanie-vyletu?post=6189"}],"curies":[{"name":"wp","href":"https:\/\/api.w.org\/{rel}","templated":true}]}}

A Lysá-csúcs

<p class="wp-block-paragraph"><strong>Lysá, Drienica közelében</strong> a legnépszerűbb turisztikai csúcsok közé tartozik <a href="https://pohoriecergov.sk" target="_blank" rel="noopener">a Čergov-hegység</a> és egyben a környék legnépszerűbb kirándulóhelyei közé tartozik <a href="https://www.regionsaris.sk/hu/lokalita/sabinov-a-okolie/" data-type="lokalita" data-id="27">Sabinova</a> a <a href="https://www.regionsaris.sk/hu/lokalita/mesto-presov/" data-type="lokalita" data-id="26">Prešov</a>. A csúcs tengerszint feletti magassága <strong>1 067,9 m tengerszint feletti magasságban.</strong> és ez a Čergov-hegység legdélibb ezeres csúcsa. A Čergov-hágótól délnyugatra kinyúló oldalgerincen helyezkedik el, Drienica és Olejníkov települések közigazgatási területén. </p>



<h2 class="wp-block-heading">Kilátás a Lysá-csúcsról</h2>



<p class="wp-block-paragraph">Az egyik legfőbb vonzereje az, hogy&nbsp;<strong>panorámás kilátás a Čergov-hegységre és a környező hegyvidéki területekre</strong>. A csúcsról látható a fő Čergov-hegygerinc, a Veľká Javorina és a Minčol. Jó látási viszonyok mellett a távolban a Tátrák is megjelennnek. Észak felé a Veľká Javorina környéki hegygerincre nyílik kilátás.&nbsp;</p>



<p class="wp-block-paragraph">A csúcs egyúttal érdekes ötvözetet kínál a természeti táj és a helyszín hosszú évek óta tartó rekreációs és téli sportcélú hasznosításának nyomai között. A közelében találhatók a síközpont műszaki létesítményei és a sífelvonó felső állomása.</p>



<h2 class="wp-block-heading">Túra a Lysá-hegyre</h2>



<p class="wp-block-paragraph">A Lysá-hegyre több túraútvonal is vezet. A&nbsp;<strong>Drienice</strong>&nbsp;A Lysá-hágó felé aszfaltút vezet, a hágóról pedig zöld jelzésű túraútvonal vezet tovább a csúcs felé. A csúcsra a Čergov-hágó felől is fel lehet jutni. A Drienica síközpontból kék túrajelzés vezet a Lysá-hágóhoz.&nbsp;</p>



<p class="wp-block-paragraph">A Lysá-hegyre vezető út nem igényel nagy erőfeszítést, és a helyszín egész évben alkalmas kirándulásokra. Nyáron a gyalogos turisták és a kerékpárosok kedvelt célpontja, télen pedig a környék elsősorban a téli sportokkal társul. </p>



<h2 class="wp-block-heading">A Lysá sípálya és a környékbeli programlehetőségek</h2>



<p class="wp-block-paragraph">A Lysá-csúcs a rekreációs és sportkomplexum része&nbsp;<strong>Drienica – Lysá</strong>, amely a Čergov déli lejtői alatt fekszik. A síközpont téli szabadidős tevékenységekhez kínál lehetőségeket, a környéken pedig túraútvonalak, kerékpárutak, sífutópályák és síhegyi túraútvonalak is rendelkezésre állnak.&nbsp;</p>



<p class="wp-block-paragraph">A csúcs közelében található még&nbsp;<strong>Oltárkő</strong>, ahová egy zöld jelzésű ösvény vezet. A csúcstól körülbelül 250 méterre áll az Úr átváltozásának szentelt kápolna, amelyet 2001-ben építettek az Oltár-kő mellett.&nbsp;</p>



<h2 class="wp-block-heading">Új látnivalók a Lysá-hegyen</h2>



<p class="wp-block-paragraph">Lysá az elmúlt években a családi és élményturizmus célpontjaként is fejlődik. 2026 júniusában a csúcs közelében megnyitották <strong><a href="https://www.regionsaris.sk/hu/pre-rodiny/zabavno-naucny-chodnik-cergov/" data-type="pre-rodiny" data-id="5093">a Čergov szórakoztató-oktató tanösvény</a></strong>. A körülbelül egy kilométer hosszú útvonal az erdőn halad át, és játékos elemek segítségével ismerteti a látogatókkal Čergov pásztor történetét, a helyi hagyományokat és szimbólumokat, például a hegyi juhászházat vagy a farkasbarlangot. </p>



<p class="wp-block-paragraph">A Drienica melletti Lysá így vonzó célpont egy egynapos kiránduláshoz, amely ötvözi a hegyvidéki környezetet, a kilátásokat, a túraútvonalakat és az egész évben elérhető aktív pihenési lehetőségeket.</p>



<p class="wp-block-paragraph">Forrás: OOCR RŠ<br>A fotók forrása: OOCR RŠ</p>
