{"id":2959,"date":"2026-01-07T19:24:40","date_gmt":"2026-01-07T18:24:40","guid":{"rendered":"https:\/\/www.regionsaris.sk\/?post_type=prirodne-krasy&#038;p=2959"},"modified":"2026-02-05T14:29:45","modified_gmt":"2026-02-05T13:29:45","slug":"sekvojovec-mamuti-uzovsky-salgov","status":"publish","type":"prirodne-krasy","link":"https:\/\/www.regionsaris.sk\/hu\/prirodne-krasy\/sekvojovec-mamuti-uzovsky-salgov\/","title":{"rendered":"Mammut Sequoia 130 r.- Uzovsk\u00fd \u0160algov"},"content":{"rendered":"<p>A 19. sz\u00e1zadban az Uzovsk\u00fd \u0160algov tulajdonosai a k\u00f6vetkez\u0151k lettek <strong>A P\u00e9chys, <\/strong>aki egy k\u00e9s\u0151 klasszicista kast\u00e9lyt \u00e9p\u00edtett. Az \u00e9p\u00edt\u00e9shez r\u00e9gebbi alapokat haszn\u00e1ltak fel, val\u00f3sz\u00edn\u0171leg az eredeti kast\u00e9lyb\u00f3l. Az udvarh\u00e1z a templom feletti dombon \u00e9p\u00fclt, a f\u00f6ldter\u00fcletet, amelyen az udvarh\u00e1z \u00e1ll, Pansk\u00e1 l\u00faka n\u00e9ven emlegetik. Itt a P\u00e9chyek parkot telep\u00edtettek, amely ut\u00e1n n\u00e9h\u00e1ny fa m\u00e9g ma is megmaradt, pl. feny\u0151, b\u00fckk (Fagus sylvatica 'Atropunicea'), n\u00e9h\u00e1ny h\u00e1rsfa, de a park legh\u00edresebb p\u00e9ld\u00e1nya a v\u00e9dett \u00fan. <strong>Mammut Sequoia.<\/strong> Az Egyed\u00fcl\u00e1ll\u00f3 fa egy ritka t\u0171level\u0171 fa, amelyet 1989 \u00f3ta v\u00e9dett f\u00e1v\u00e1 nyilv\u00e1n\u00edtottak egyed\u00fcl\u00e1ll\u00f3 el\u0151fordul\u00e1sa miatt.<\/p>\n\n\n\n<p>A hatalmas fa a kert k\u00f6zep\u00e9n n\u0151, kor\u00e1t k\u00f6r\u00fclbel\u00fcl a k\u00f6vetkez\u0151re becs\u00fclik <strong>130 \u00e9v<\/strong>. A park telep\u00edt\u00e9se sor\u00e1n ker\u00fclt a kast\u00e9ly k\u00f6zel\u00e9be, amelyet a m\u00faltban helyi nemesek \u00e9p\u00edtettek. A t\u0171level\u0171 t\u00f6bb mint 20 m\u00e9ter magasra n\u0151tt, \u00e9s k\u00f6r\u00fclbel\u00fcl f\u00e9l m\u00e9terrel a f\u00f6ld felett 1,3 m\u00e9teres t\u00f6rzsker\u00fclet\u0171. T\u00f6rzse massz\u00edv \u00e9s egyenes, a n\u00f6veked\u00e9s nagyon szimmetrikusnak tekinthet\u0151, korona\u00e1tm\u00e9r\u0151je k\u00f6r\u00fclbel\u00fcl 14 m\u00e9ter.<br>A szakirodalom szerint ez a fafaj eredetileg Kaliforni\u00e1b\u00f3l sz\u00e1rmazik, \u00e9s parkok d\u00edszf\u00e1jak\u00e9nt ker\u00fclt Eur\u00f3p\u00e1ba. A jelent\u00e9sek szerint egyes p\u00e9ld\u00e1nyok sz\u00e1rmaz\u00e1si orsz\u00e1gukban ak\u00e1r 80 m\u00e9ter magasra is megn\u0151hetnek, \u00e9s t\u00f6rzs\u00fck ker\u00fclete meghaladja a 30 m\u00e9tert. A szak\u00e9rt\u0151k becsl\u00e9se szerint a mamutfeny\u0151 maxim\u00e1lis kora el\u00e9rheti a k\u00f6vetkez\u0151 \u00e9rt\u00e9keket <strong>4000 \u00e9vig<\/strong>, ami hihetetlen. J\u00f3 p\u00e9lda erre \u00e1ll\u00edt\u00f3lag egy kaliforniai mamutfeny\u0151, amely a Sherman t\u00e1bornok nevet kapta, a c\u00edm birtokosa. <em>\u201eA leghatalmasabb fa\u201c<\/em>. Kor\u00e1t a szak\u00e9rt\u0151k 2500 \u00e9vre becs\u00fclik.<\/p>\n\n\n\n<p>Forr\u00e1s :Uzovsk\u00fd \u0160algov telep\u00fcl\u00e9s.<\/p>","protected":false},"featured_media":2383,"template":"","meta":{"_acf_changed":false},"kategoria-poi":[102,174],"lokalita":[27],"sezona-poi":[13,15,14],"trvanie-vyletu":[180],"class_list":["post-2959","prirodne-krasy","type-prirodne-krasy","status-publish","has-post-thumbnail","hentry","kategoria-poi-prirodne-krasy","kategoria-poi-prirodne-zaujimavosti","lokalita-sabinov-a-okolie","sezona-poi-jar","sezona-poi-jesen","sezona-poi-leto","trvanie-vyletu-poldenne-vylety"],"acf":[],"yoast_head":"<!-- This site is optimized with the Yoast SEO Premium plugin v26.3 (Yoast SEO v26.8) - https:\/\/yoast.com\/product\/yoast-seo-premium-wordpress\/ -->\n<title>Sekvojovec mamut\u00ed 130 r.- Uzovsk\u00fd \u0160algov - OOCR \u0160ari\u0161<\/title>\n<meta name=\"robots\" content=\"index, follow, max-snippet:-1, max-image-preview:large, max-video-preview:-1\" \/>\n<link rel=\"canonical\" href=\"https:\/\/www.regionsaris.sk\/hu\/prirodne-krasy\/sekvojovec-mamuti-uzovsky-salgov\/\" \/>\n<meta property=\"og:locale\" content=\"hu_HU\" \/>\n<meta property=\"og:type\" content=\"article\" \/>\n<meta property=\"og:title\" content=\"Sekvojovec mamut\u00ed 130 r.- Uzovsk\u00fd \u0160algov\" \/>\n<meta property=\"og:description\" content=\"V 19. storo\u010d\u00ed sa majite\u013emi obce Uzovsk\u00fd \u0160algov st\u00e1vaj\u00fa P\u00e9chyovci, ktor\u00ed postavili neskoroklasicistick\u00fd ka\u0161tie\u013e. Pri...\" \/>\n<meta property=\"og:url\" content=\"https:\/\/www.regionsaris.sk\/hu\/prirodne-krasy\/sekvojovec-mamuti-uzovsky-salgov\/\" \/>\n<meta property=\"og:site_name\" content=\"OOCR \u0160ari\u0161\" \/>\n<meta property=\"article:modified_time\" content=\"2026-02-05T13:29:45+00:00\" \/>\n<meta property=\"og:image\" content=\"https:\/\/www.regionsaris.sk\/wp-content\/uploads\/2026\/01\/186-kastiel-uzovsky-salgov-177.jpg\" \/>\n\t<meta property=\"og:image:width\" content=\"600\" \/>\n\t<meta property=\"og:image:height\" content=\"800\" \/>\n\t<meta property=\"og:image:type\" content=\"image\/jpeg\" \/>\n<meta name=\"twitter:card\" content=\"summary_large_image\" \/>\n<meta name=\"twitter:label1\" content=\"Becs\u00fclt olvas\u00e1si id\u0151\" \/>\n\t<meta name=\"twitter:data1\" content=\"1 perc\" \/>\n<script type=\"application\/ld+json\" class=\"yoast-schema-graph\">{\"@context\":\"https:\/\/schema.org\",\"@graph\":[{\"@type\":\"WebPage\",\"@id\":\"https:\/\/www.regionsaris.sk\/prirodne-krasy\/sekvojovec-mamuti-uzovsky-salgov\/\",\"url\":\"https:\/\/www.regionsaris.sk\/prirodne-krasy\/sekvojovec-mamuti-uzovsky-salgov\/\",\"name\":\"Sekvojovec mamut\u00ed 130 r.- Uzovsk\u00fd \u0160algov - OOCR \u0160ari\u0161\",\"isPartOf\":{\"@id\":\"https:\/\/www.regionsaris.sk\/#website\"},\"primaryImageOfPage\":{\"@id\":\"https:\/\/www.regionsaris.sk\/prirodne-krasy\/sekvojovec-mamuti-uzovsky-salgov\/#primaryimage\"},\"image\":{\"@id\":\"https:\/\/www.regionsaris.sk\/prirodne-krasy\/sekvojovec-mamuti-uzovsky-salgov\/#primaryimage\"},\"thumbnailUrl\":\"https:\/\/www.regionsaris.sk\/wp-content\/uploads\/2026\/01\/186-kastiel-uzovsky-salgov-177.jpg\",\"datePublished\":\"2026-01-07T18:24:40+00:00\",\"dateModified\":\"2026-02-05T13:29:45+00:00\",\"breadcrumb\":{\"@id\":\"https:\/\/www.regionsaris.sk\/prirodne-krasy\/sekvojovec-mamuti-uzovsky-salgov\/#breadcrumb\"},\"inLanguage\":\"hu\",\"potentialAction\":[{\"@type\":\"ReadAction\",\"target\":[\"https:\/\/www.regionsaris.sk\/prirodne-krasy\/sekvojovec-mamuti-uzovsky-salgov\/\"]}]},{\"@type\":\"ImageObject\",\"inLanguage\":\"hu\",\"@id\":\"https:\/\/www.regionsaris.sk\/prirodne-krasy\/sekvojovec-mamuti-uzovsky-salgov\/#primaryimage\",\"url\":\"https:\/\/www.regionsaris.sk\/wp-content\/uploads\/2026\/01\/186-kastiel-uzovsky-salgov-177.jpg\",\"contentUrl\":\"https:\/\/www.regionsaris.sk\/wp-content\/uploads\/2026\/01\/186-kastiel-uzovsky-salgov-177.jpg\",\"width\":600,\"height\":800},{\"@type\":\"BreadcrumbList\",\"@id\":\"https:\/\/www.regionsaris.sk\/prirodne-krasy\/sekvojovec-mamuti-uzovsky-salgov\/#breadcrumb\",\"itemListElement\":[{\"@type\":\"ListItem\",\"position\":1,\"name\":\"Domov\",\"item\":\"https:\/\/www.regionsaris.sk\/\"},{\"@type\":\"ListItem\",\"position\":2,\"name\":\"Pr\u00edrodn\u00e9 kr\u00e1sy v regi\u00f3ne\",\"item\":\"https:\/\/www.regionsaris.sk\/prirodne-krasy-v-regione\/\"},{\"@type\":\"ListItem\",\"position\":3,\"name\":\"Sekvojovec mamut\u00ed 130 r.- Uzovsk\u00fd \u0160algov\"}]},{\"@type\":\"WebSite\",\"@id\":\"https:\/\/www.regionsaris.sk\/#website\",\"url\":\"https:\/\/www.regionsaris.sk\/\",\"name\":\"OOCR \u0160ari\u0161\",\"description\":\"\",\"potentialAction\":[{\"@type\":\"SearchAction\",\"target\":{\"@type\":\"EntryPoint\",\"urlTemplate\":\"https:\/\/www.regionsaris.sk\/?s={search_term_string}\"},\"query-input\":{\"@type\":\"PropertyValueSpecification\",\"valueRequired\":true,\"valueName\":\"search_term_string\"}}],\"inLanguage\":\"hu\"}]}<\/script>\n<!-- \/ Yoast SEO Premium plugin. -->","yoast_head_json":{"title":"Sekvojovec mamut\u00ed 130 r.- Uzovsk\u00fd \u0160algov - OOCR \u0160ari\u0161","robots":{"index":"index","follow":"follow","max-snippet":"max-snippet:-1","max-image-preview":"max-image-preview:large","max-video-preview":"max-video-preview:-1"},"canonical":"https:\/\/www.regionsaris.sk\/hu\/prirodne-krasy\/sekvojovec-mamuti-uzovsky-salgov\/","og_locale":"hu_HU","og_type":"article","og_title":"Sekvojovec mamut\u00ed 130 r.- Uzovsk\u00fd \u0160algov","og_description":"V 19. storo\u010d\u00ed sa majite\u013emi obce Uzovsk\u00fd \u0160algov st\u00e1vaj\u00fa P\u00e9chyovci, ktor\u00ed postavili neskoroklasicistick\u00fd ka\u0161tie\u013e. Pri...","og_url":"https:\/\/www.regionsaris.sk\/hu\/prirodne-krasy\/sekvojovec-mamuti-uzovsky-salgov\/","og_site_name":"OOCR \u0160ari\u0161","article_modified_time":"2026-02-05T13:29:45+00:00","og_image":[{"width":600,"height":800,"url":"https:\/\/www.regionsaris.sk\/wp-content\/uploads\/2026\/01\/186-kastiel-uzovsky-salgov-177.jpg","type":"image\/jpeg"}],"twitter_card":"summary_large_image","twitter_misc":{"Becs\u00fclt olvas\u00e1si id\u0151":"1 perc"},"schema":{"@context":"https:\/\/schema.org","@graph":[{"@type":"WebPage","@id":"https:\/\/www.regionsaris.sk\/prirodne-krasy\/sekvojovec-mamuti-uzovsky-salgov\/","url":"https:\/\/www.regionsaris.sk\/prirodne-krasy\/sekvojovec-mamuti-uzovsky-salgov\/","name":"Sekvojovec mamut\u00ed 130 r.- Uzovsk\u00fd \u0160algov - OOCR \u0160ari\u0161","isPartOf":{"@id":"https:\/\/www.regionsaris.sk\/#website"},"primaryImageOfPage":{"@id":"https:\/\/www.regionsaris.sk\/prirodne-krasy\/sekvojovec-mamuti-uzovsky-salgov\/#primaryimage"},"image":{"@id":"https:\/\/www.regionsaris.sk\/prirodne-krasy\/sekvojovec-mamuti-uzovsky-salgov\/#primaryimage"},"thumbnailUrl":"https:\/\/www.regionsaris.sk\/wp-content\/uploads\/2026\/01\/186-kastiel-uzovsky-salgov-177.jpg","datePublished":"2026-01-07T18:24:40+00:00","dateModified":"2026-02-05T13:29:45+00:00","breadcrumb":{"@id":"https:\/\/www.regionsaris.sk\/prirodne-krasy\/sekvojovec-mamuti-uzovsky-salgov\/#breadcrumb"},"inLanguage":"hu","potentialAction":[{"@type":"ReadAction","target":["https:\/\/www.regionsaris.sk\/prirodne-krasy\/sekvojovec-mamuti-uzovsky-salgov\/"]}]},{"@type":"ImageObject","inLanguage":"hu","@id":"https:\/\/www.regionsaris.sk\/prirodne-krasy\/sekvojovec-mamuti-uzovsky-salgov\/#primaryimage","url":"https:\/\/www.regionsaris.sk\/wp-content\/uploads\/2026\/01\/186-kastiel-uzovsky-salgov-177.jpg","contentUrl":"https:\/\/www.regionsaris.sk\/wp-content\/uploads\/2026\/01\/186-kastiel-uzovsky-salgov-177.jpg","width":600,"height":800},{"@type":"BreadcrumbList","@id":"https:\/\/www.regionsaris.sk\/prirodne-krasy\/sekvojovec-mamuti-uzovsky-salgov\/#breadcrumb","itemListElement":[{"@type":"ListItem","position":1,"name":"Domov","item":"https:\/\/www.regionsaris.sk\/"},{"@type":"ListItem","position":2,"name":"Pr\u00edrodn\u00e9 kr\u00e1sy v regi\u00f3ne","item":"https:\/\/www.regionsaris.sk\/prirodne-krasy-v-regione\/"},{"@type":"ListItem","position":3,"name":"Sekvojovec mamut\u00ed 130 r.- Uzovsk\u00fd \u0160algov"}]},{"@type":"WebSite","@id":"https:\/\/www.regionsaris.sk\/#website","url":"https:\/\/www.regionsaris.sk\/","name":"OOCR \u0160ari\u0161","description":"","potentialAction":[{"@type":"SearchAction","target":{"@type":"EntryPoint","urlTemplate":"https:\/\/www.regionsaris.sk\/?s={search_term_string}"},"query-input":{"@type":"PropertyValueSpecification","valueRequired":true,"valueName":"search_term_string"}}],"inLanguage":"hu"}]}},"_links":{"self":[{"href":"https:\/\/www.regionsaris.sk\/hu\/wp-json\/wp\/v2\/prirodne-krasy\/2959","targetHints":{"allow":["GET"]}}],"collection":[{"href":"https:\/\/www.regionsaris.sk\/hu\/wp-json\/wp\/v2\/prirodne-krasy"}],"about":[{"href":"https:\/\/www.regionsaris.sk\/hu\/wp-json\/wp\/v2\/types\/prirodne-krasy"}],"wp:featuredmedia":[{"embeddable":true,"href":"https:\/\/www.regionsaris.sk\/hu\/wp-json\/wp\/v2\/media\/2383"}],"wp:attachment":[{"href":"https:\/\/www.regionsaris.sk\/hu\/wp-json\/wp\/v2\/media?parent=2959"}],"wp:term":[{"taxonomy":"kategoria-poi","embeddable":true,"href":"https:\/\/www.regionsaris.sk\/hu\/wp-json\/wp\/v2\/kategoria-poi?post=2959"},{"taxonomy":"lokalita","embeddable":true,"href":"https:\/\/www.regionsaris.sk\/hu\/wp-json\/wp\/v2\/lokalita?post=2959"},{"taxonomy":"sezona-poi","embeddable":true,"href":"https:\/\/www.regionsaris.sk\/hu\/wp-json\/wp\/v2\/sezona-poi?post=2959"},{"taxonomy":"trvanie-vyletu","embeddable":true,"href":"https:\/\/www.regionsaris.sk\/hu\/wp-json\/wp\/v2\/trvanie-vyletu?post=2959"}],"curies":[{"name":"wp","href":"https:\/\/api.w.org\/{rel}","templated":true}]}}

Mammut Sequoia 130 r.- Uzovský Šalgov

<p>A 19. században az Uzovský Šalgov tulajdonosai a következők lettek <strong>A Péchys, </strong>aki egy késő klasszicista kastélyt épített. Az építéshez régebbi alapokat használtak fel, valószínűleg az eredeti kastélyból. Az udvarház a templom feletti dombon épült, a földterületet, amelyen az udvarház áll, Panská lúka néven emlegetik. Itt a Péchyek parkot telepítettek, amely után néhány fa még ma is megmaradt, pl. fenyő, bükk (Fagus sylvatica 'Atropunicea'), néhány hársfa, de a park leghíresebb példánya a védett ún. <strong>Mammut Sequoia.</strong> Az Egyedülálló fa egy ritka tűlevelű fa, amelyet 1989 óta védett fává nyilvánítottak egyedülálló előfordulása miatt.</p>



<p>A hatalmas fa a kert közepén nő, korát körülbelül a következőre becsülik <strong>130 év</strong>. A park telepítése során került a kastély közelébe, amelyet a múltban helyi nemesek építettek. A tűlevelű több mint 20 méter magasra nőtt, és körülbelül fél méterrel a föld felett 1,3 méteres törzskerületű. Törzse masszív és egyenes, a növekedés nagyon szimmetrikusnak tekinthető, koronaátmérője körülbelül 14 méter.<br>A szakirodalom szerint ez a fafaj eredetileg Kaliforniából származik, és parkok díszfájaként került Európába. A jelentések szerint egyes példányok származási országukban akár 80 méter magasra is megnőhetnek, és törzsük kerülete meghaladja a 30 métert. A szakértők becslése szerint a mamutfenyő maximális kora elérheti a következő értékeket <strong>4000 évig</strong>, ami hihetetlen. Jó példa erre állítólag egy kaliforniai mamutfenyő, amely a Sherman tábornok nevet kapta, a cím birtokosa. <em>„A leghatalmasabb fa“</em>. Korát a szakértők 2500 évre becsülik.</p>



<p>Forrás :Uzovský Šalgov település.</p>

<!-- This site is optimized with the Yoast SEO Premium plugin v26.3 (Yoast SEO v26.8) - https://yoast.com/product/yoast-seo-premium-wordpress/ -->
<title>Sekvojovec mamutí 130 r.- Uzovský Šalgov - OOCR Šariš</title>
<meta name="robots" content="index, follow, max-snippet:-1, max-image-preview:large, max-video-preview:-1" />
<link rel="canonical" href="https://www.regionsaris.sk/hu/prirodne-krasy/sekvojovec-mamuti-uzovsky-salgov/" />
<meta property="og:locale" content="hu_HU" />
<meta property="og:type" content="article" />
<meta property="og:title" content="Sekvojovec mamutí 130 r.- Uzovský Šalgov" />
<meta property="og:description" content="V 19. storočí sa majiteľmi obce Uzovský Šalgov stávajú Péchyovci, ktorí postavili neskoroklasicistický kaštieľ. Pri..." />
<meta property="og:url" content="https://www.regionsaris.sk/hu/prirodne-krasy/sekvojovec-mamuti-uzovsky-salgov/" />
<meta property="og:site_name" content="OOCR Šariš" />
<meta property="article:modified_time" content="2026-02-05T13:29:45+00:00" />
<meta property="og:image" content="https://www.regionsaris.sk/wp-content/uploads/2026/01/186-kastiel-uzovsky-salgov-177.jpg" />
	<meta property="og:image:width" content="600" />
	<meta property="og:image:height" content="800" />
	<meta property="og:image:type" content="image/jpeg" />
<meta name="twitter:card" content="summary_large_image" />
<meta name="twitter:label1" content="Becsült olvasási idő" />
	<meta name="twitter:data1" content="1 perc" />
<script type="application/ld+json" class="yoast-schema-graph">{"@context":"https://schema.org","@graph":[{"@type":"WebPage","@id":"https://www.regionsaris.sk/prirodne-krasy/sekvojovec-mamuti-uzovsky-salgov/","url":"https://www.regionsaris.sk/prirodne-krasy/sekvojovec-mamuti-uzovsky-salgov/","name":"Sekvojovec mamutí 130 r.- Uzovský Šalgov - OOCR Šariš","isPartOf":{"@id":"https://www.regionsaris.sk/#website"},"primaryImageOfPage":{"@id":"https://www.regionsaris.sk/prirodne-krasy/sekvojovec-mamuti-uzovsky-salgov/#primaryimage"},"image":{"@id":"https://www.regionsaris.sk/prirodne-krasy/sekvojovec-mamuti-uzovsky-salgov/#primaryimage"},"thumbnailUrl":"https://www.regionsaris.sk/wp-content/uploads/2026/01/186-kastiel-uzovsky-salgov-177.jpg","datePublished":"2026-01-07T18:24:40+00:00","dateModified":"2026-02-05T13:29:45+00:00","breadcrumb":{"@id":"https://www.regionsaris.sk/prirodne-krasy/sekvojovec-mamuti-uzovsky-salgov/#breadcrumb"},"inLanguage":"hu","potentialAction":[{"@type":"ReadAction","target":["https://www.regionsaris.sk/prirodne-krasy/sekvojovec-mamuti-uzovsky-salgov/"]}]},{"@type":"ImageObject","inLanguage":"hu","@id":"https://www.regionsaris.sk/prirodne-krasy/sekvojovec-mamuti-uzovsky-salgov/#primaryimage","url":"https://www.regionsaris.sk/wp-content/uploads/2026/01/186-kastiel-uzovsky-salgov-177.jpg","contentUrl":"https://www.regionsaris.sk/wp-content/uploads/2026/01/186-kastiel-uzovsky-salgov-177.jpg","width":600,"height":800},{"@type":"BreadcrumbList","@id":"https://www.regionsaris.sk/prirodne-krasy/sekvojovec-mamuti-uzovsky-salgov/#breadcrumb","itemListElement":[{"@type":"ListItem","position":1,"name":"Domov","item":"https://www.regionsaris.sk/"},{"@type":"ListItem","position":2,"name":"Prírodné krásy v regióne","item":"https://www.regionsaris.sk/prirodne-krasy-v-regione/"},{"@type":"ListItem","position":3,"name":"Sekvojovec mamutí 130 r.- Uzovský Šalgov"}]},{"@type":"WebSite","@id":"https://www.regionsaris.sk/#website","url":"https://www.regionsaris.sk/","name":"OOCR Šariš","description":"","potentialAction":[{"@type":"SearchAction","target":{"@type":"EntryPoint","urlTemplate":"https://www.regionsaris.sk/?s={search_term_string}"},"query-input":{"@type":"PropertyValueSpecification","valueRequired":true,"valueName":"search_term_string"}}],"inLanguage":"hu"}]}</script>
<!-- / Yoast SEO Premium plugin. -->

Sekvojovec mamutí 130 r.- Uzovský Šalgov - OOCR Šariš

Sekvojovec mamutí 130 r.- Uzovský Šalgov

V 19. storočí sa majiteľmi obce Uzovský Šalgov stávajú Péchyovci, ktorí postavili neskoroklasicistický kaštieľ. Pri...

OOCR Šariš

Prírodné krásy v regióne
