{"id":2904,"date":"2026-01-07T19:24:47","date_gmt":"2026-01-07T18:24:47","guid":{"rendered":"https:\/\/www.regionsaris.sk\/?post_type=prirodne-krasy&#038;p=2904"},"modified":"2026-02-05T14:24:44","modified_gmt":"2026-02-05T13:24:44","slug":"nizny-slavkov","status":"publish","type":"prirodne-krasy","link":"https:\/\/www.regionsaris.sk\/hu\/prirodne-krasy\/nizny-slavkov\/","title":{"rendered":"Nyizsnyij Szlavkov"},"content":{"rendered":"<p>A telep\u00fcl\u00e9s 520 m tengerszint feletti magass\u00e1gban, a \u0160ari\u0161sk\u00e1 vrchovina, Bachurna, Branisko \u00e9s Levo\u010da hegys\u00e9g hat\u00e1r\u00e1n, a Slavkovsk\u00fd patak v\u00f6lgy\u00e9ben tal\u00e1lhat\u00f3. A k\u00f6zs\u00e9g neve a Slavk, Slavek vagy Slavko szl\u00e1v szem\u00e9lyn\u00e9vb\u0151l ered, amely az alap\u00edt\u00f3 csal\u00e1dra - a Slavkayakra - eml\u00e9keztet, amely a 19. sz\u00e1zadig fenn\u00e1llt.<\/p>\n\n\n\n<p>Ni\u017en\u00e9 Slavkov els\u0151 \u00edr\u00e1sos eml\u00edt\u00e9se 1214-b\u0151l sz\u00e1rmazik, amikor a Szent Anna-templom (a mai k\u00e1polna) \u00e9s 12 h\u00e1z m\u00e1r \u00e1llt. Ezt az \u0151si falut k\u00f6zvetlen\u00fcl a \u0160ari\u0161ot a k\u00f6zeli Szepess\u00e9ggel \u00f6sszek\u00f6t\u0151 \u00fagynevezett Nagy \u00fat (Via magna) mellett fekv\u0151 f\u00f6ldter\u00fcleten alap\u00edtott\u00e1k, \u00e9s a kataszter legnagyobb ter\u00fclet\u00e9vel (2314 ha) rendelkezett, gazdag erd\u0151kkel \u00e9s legel\u0151kkel, ami a m\u00faltban azt jelentette, hogy t\u00f6bb f\u00f6ldbirtokos is birtokba akarta venni. A k\u00f6zs\u00e9gben t\u00f6bb \u00e9rt\u00e9kes 13. sz\u00e1zadi szakr\u00e1lis eml\u00e9k is tal\u00e1lhat\u00f3, mint p\u00e9ld\u00e1ul a Szent Anna k\u00e9s\u0151 rom\u00e1n kori k\u00e1polna, amely a Sz\u0171z M\u00e1ria sz\u00fclet\u00e9se kora g\u00f3tikus templom r\u00e9sze, vagy a 13. sz\u00e1zadi tat\u00e1rj\u00e1r\u00e1snak eml\u00e9ket \u00e1ll\u00edt\u00f3 k\u00e9t \u00fatmenti k\u00e1polna. Egy m\u00e1sik \u00e9rt\u00e9kes m\u0171eml\u00e9k a Ladislav Melczer gr\u00f3f \u00e1ltal a templom ter\u00fclet\u00e9n \u00e9p\u00edtett, 1821-b\u0151l sz\u00e1rmaz\u00f3 klasszicista Nepomuki Szent J\u00e1nos-k\u00e1polna. A szakr\u00e1lis m\u0171eml\u00e9kek mellett figyelemre m\u00e9lt\u00f3 term\u00e9szeti eml\u00e9k az \u00d6regmalom \u00e9s az utols\u00f3 sz\u00e9napajt\u00e1k (pajt\u00e1k) az \u00fagynevezett parasztfalub\u00f3l a Fekete-mocs\u00e1r v\u00f6lgy\u00e9ben.<\/p>","protected":false},"featured_media":2359,"template":"","meta":{"_acf_changed":false},"kategoria-poi":[102,107],"lokalita":[27],"sezona-poi":[12],"trvanie-vyletu":[180],"class_list":["post-2904","prirodne-krasy","type-prirodne-krasy","status-publish","has-post-thumbnail","hentry","kategoria-poi-prirodne-krasy","kategoria-poi-turistika","lokalita-sabinov-a-okolie","sezona-poi-celorocne","trvanie-vyletu-poldenne-vylety"],"acf":[],"yoast_head":"<!-- This site is optimized with the Yoast SEO Premium plugin v26.3 (Yoast SEO v26.8) - https:\/\/yoast.com\/product\/yoast-seo-premium-wordpress\/ -->\n<title>Ni\u017en\u00fd Slavkov - OOCR \u0160ari\u0161<\/title>\n<meta name=\"robots\" content=\"index, follow, max-snippet:-1, max-image-preview:large, max-video-preview:-1\" \/>\n<link rel=\"canonical\" href=\"https:\/\/www.regionsaris.sk\/hu\/prirodne-krasy\/nizny-slavkov\/\" \/>\n<meta property=\"og:locale\" content=\"hu_HU\" \/>\n<meta property=\"og:type\" content=\"article\" \/>\n<meta property=\"og:title\" content=\"Ni\u017en\u00fd Slavkov\" \/>\n<meta property=\"og:description\" content=\"Nach\u00e1dza sa v nadmorskej v\u00fd\u0161ke 520 m n. m. na rozhran\u00ed \u0160ari\u0161skej vrchoviny, Bachurne, Braniska...\" \/>\n<meta property=\"og:url\" content=\"https:\/\/www.regionsaris.sk\/hu\/prirodne-krasy\/nizny-slavkov\/\" \/>\n<meta property=\"og:site_name\" content=\"OOCR \u0160ari\u0161\" \/>\n<meta property=\"article:modified_time\" content=\"2026-02-05T13:24:44+00:00\" \/>\n<meta property=\"og:image\" content=\"https:\/\/www.regionsaris.sk\/wp-content\/uploads\/2026\/01\/slavkov173-thumb.jpg\" \/>\n\t<meta property=\"og:image:width\" content=\"600\" \/>\n\t<meta property=\"og:image:height\" content=\"400\" \/>\n\t<meta property=\"og:image:type\" content=\"image\/jpeg\" \/>\n<meta name=\"twitter:card\" content=\"summary_large_image\" \/>\n<meta name=\"twitter:label1\" content=\"Becs\u00fclt olvas\u00e1si id\u0151\" \/>\n\t<meta name=\"twitter:data1\" content=\"1 perc\" \/>\n<script type=\"application\/ld+json\" class=\"yoast-schema-graph\">{\"@context\":\"https:\/\/schema.org\",\"@graph\":[{\"@type\":\"WebPage\",\"@id\":\"https:\/\/www.regionsaris.sk\/prirodne-krasy\/nizny-slavkov\/\",\"url\":\"https:\/\/www.regionsaris.sk\/prirodne-krasy\/nizny-slavkov\/\",\"name\":\"Ni\u017en\u00fd Slavkov - OOCR \u0160ari\u0161\",\"isPartOf\":{\"@id\":\"https:\/\/www.regionsaris.sk\/#website\"},\"primaryImageOfPage\":{\"@id\":\"https:\/\/www.regionsaris.sk\/prirodne-krasy\/nizny-slavkov\/#primaryimage\"},\"image\":{\"@id\":\"https:\/\/www.regionsaris.sk\/prirodne-krasy\/nizny-slavkov\/#primaryimage\"},\"thumbnailUrl\":\"https:\/\/www.regionsaris.sk\/wp-content\/uploads\/2026\/01\/slavkov173-thumb.jpg\",\"datePublished\":\"2026-01-07T18:24:47+00:00\",\"dateModified\":\"2026-02-05T13:24:44+00:00\",\"breadcrumb\":{\"@id\":\"https:\/\/www.regionsaris.sk\/prirodne-krasy\/nizny-slavkov\/#breadcrumb\"},\"inLanguage\":\"hu\",\"potentialAction\":[{\"@type\":\"ReadAction\",\"target\":[\"https:\/\/www.regionsaris.sk\/prirodne-krasy\/nizny-slavkov\/\"]}]},{\"@type\":\"ImageObject\",\"inLanguage\":\"hu\",\"@id\":\"https:\/\/www.regionsaris.sk\/prirodne-krasy\/nizny-slavkov\/#primaryimage\",\"url\":\"https:\/\/www.regionsaris.sk\/wp-content\/uploads\/2026\/01\/slavkov173-thumb.jpg\",\"contentUrl\":\"https:\/\/www.regionsaris.sk\/wp-content\/uploads\/2026\/01\/slavkov173-thumb.jpg\",\"width\":600,\"height\":400},{\"@type\":\"BreadcrumbList\",\"@id\":\"https:\/\/www.regionsaris.sk\/prirodne-krasy\/nizny-slavkov\/#breadcrumb\",\"itemListElement\":[{\"@type\":\"ListItem\",\"position\":1,\"name\":\"Domov\",\"item\":\"https:\/\/www.regionsaris.sk\/\"},{\"@type\":\"ListItem\",\"position\":2,\"name\":\"Pr\u00edrodn\u00e9 kr\u00e1sy v regi\u00f3ne\",\"item\":\"https:\/\/www.regionsaris.sk\/prirodne-krasy-v-regione\/\"},{\"@type\":\"ListItem\",\"position\":3,\"name\":\"Ni\u017en\u00fd Slavkov\"}]},{\"@type\":\"WebSite\",\"@id\":\"https:\/\/www.regionsaris.sk\/#website\",\"url\":\"https:\/\/www.regionsaris.sk\/\",\"name\":\"OOCR \u0160ari\u0161\",\"description\":\"\",\"potentialAction\":[{\"@type\":\"SearchAction\",\"target\":{\"@type\":\"EntryPoint\",\"urlTemplate\":\"https:\/\/www.regionsaris.sk\/?s={search_term_string}\"},\"query-input\":{\"@type\":\"PropertyValueSpecification\",\"valueRequired\":true,\"valueName\":\"search_term_string\"}}],\"inLanguage\":\"hu\"}]}<\/script>\n<!-- \/ Yoast SEO Premium plugin. -->","yoast_head_json":{"title":"Ni\u017en\u00fd Slavkov - OOCR \u0160ari\u0161","robots":{"index":"index","follow":"follow","max-snippet":"max-snippet:-1","max-image-preview":"max-image-preview:large","max-video-preview":"max-video-preview:-1"},"canonical":"https:\/\/www.regionsaris.sk\/hu\/prirodne-krasy\/nizny-slavkov\/","og_locale":"hu_HU","og_type":"article","og_title":"Ni\u017en\u00fd Slavkov","og_description":"Nach\u00e1dza sa v nadmorskej v\u00fd\u0161ke 520 m n. m. na rozhran\u00ed \u0160ari\u0161skej vrchoviny, Bachurne, Braniska...","og_url":"https:\/\/www.regionsaris.sk\/hu\/prirodne-krasy\/nizny-slavkov\/","og_site_name":"OOCR \u0160ari\u0161","article_modified_time":"2026-02-05T13:24:44+00:00","og_image":[{"width":600,"height":400,"url":"https:\/\/www.regionsaris.sk\/wp-content\/uploads\/2026\/01\/slavkov173-thumb.jpg","type":"image\/jpeg"}],"twitter_card":"summary_large_image","twitter_misc":{"Becs\u00fclt olvas\u00e1si id\u0151":"1 perc"},"schema":{"@context":"https:\/\/schema.org","@graph":[{"@type":"WebPage","@id":"https:\/\/www.regionsaris.sk\/prirodne-krasy\/nizny-slavkov\/","url":"https:\/\/www.regionsaris.sk\/prirodne-krasy\/nizny-slavkov\/","name":"Ni\u017en\u00fd Slavkov - OOCR \u0160ari\u0161","isPartOf":{"@id":"https:\/\/www.regionsaris.sk\/#website"},"primaryImageOfPage":{"@id":"https:\/\/www.regionsaris.sk\/prirodne-krasy\/nizny-slavkov\/#primaryimage"},"image":{"@id":"https:\/\/www.regionsaris.sk\/prirodne-krasy\/nizny-slavkov\/#primaryimage"},"thumbnailUrl":"https:\/\/www.regionsaris.sk\/wp-content\/uploads\/2026\/01\/slavkov173-thumb.jpg","datePublished":"2026-01-07T18:24:47+00:00","dateModified":"2026-02-05T13:24:44+00:00","breadcrumb":{"@id":"https:\/\/www.regionsaris.sk\/prirodne-krasy\/nizny-slavkov\/#breadcrumb"},"inLanguage":"hu","potentialAction":[{"@type":"ReadAction","target":["https:\/\/www.regionsaris.sk\/prirodne-krasy\/nizny-slavkov\/"]}]},{"@type":"ImageObject","inLanguage":"hu","@id":"https:\/\/www.regionsaris.sk\/prirodne-krasy\/nizny-slavkov\/#primaryimage","url":"https:\/\/www.regionsaris.sk\/wp-content\/uploads\/2026\/01\/slavkov173-thumb.jpg","contentUrl":"https:\/\/www.regionsaris.sk\/wp-content\/uploads\/2026\/01\/slavkov173-thumb.jpg","width":600,"height":400},{"@type":"BreadcrumbList","@id":"https:\/\/www.regionsaris.sk\/prirodne-krasy\/nizny-slavkov\/#breadcrumb","itemListElement":[{"@type":"ListItem","position":1,"name":"Domov","item":"https:\/\/www.regionsaris.sk\/"},{"@type":"ListItem","position":2,"name":"Pr\u00edrodn\u00e9 kr\u00e1sy v regi\u00f3ne","item":"https:\/\/www.regionsaris.sk\/prirodne-krasy-v-regione\/"},{"@type":"ListItem","position":3,"name":"Ni\u017en\u00fd Slavkov"}]},{"@type":"WebSite","@id":"https:\/\/www.regionsaris.sk\/#website","url":"https:\/\/www.regionsaris.sk\/","name":"OOCR \u0160ari\u0161","description":"","potentialAction":[{"@type":"SearchAction","target":{"@type":"EntryPoint","urlTemplate":"https:\/\/www.regionsaris.sk\/?s={search_term_string}"},"query-input":{"@type":"PropertyValueSpecification","valueRequired":true,"valueName":"search_term_string"}}],"inLanguage":"hu"}]}},"_links":{"self":[{"href":"https:\/\/www.regionsaris.sk\/hu\/wp-json\/wp\/v2\/prirodne-krasy\/2904","targetHints":{"allow":["GET"]}}],"collection":[{"href":"https:\/\/www.regionsaris.sk\/hu\/wp-json\/wp\/v2\/prirodne-krasy"}],"about":[{"href":"https:\/\/www.regionsaris.sk\/hu\/wp-json\/wp\/v2\/types\/prirodne-krasy"}],"wp:featuredmedia":[{"embeddable":true,"href":"https:\/\/www.regionsaris.sk\/hu\/wp-json\/wp\/v2\/media\/2359"}],"wp:attachment":[{"href":"https:\/\/www.regionsaris.sk\/hu\/wp-json\/wp\/v2\/media?parent=2904"}],"wp:term":[{"taxonomy":"kategoria-poi","embeddable":true,"href":"https:\/\/www.regionsaris.sk\/hu\/wp-json\/wp\/v2\/kategoria-poi?post=2904"},{"taxonomy":"lokalita","embeddable":true,"href":"https:\/\/www.regionsaris.sk\/hu\/wp-json\/wp\/v2\/lokalita?post=2904"},{"taxonomy":"sezona-poi","embeddable":true,"href":"https:\/\/www.regionsaris.sk\/hu\/wp-json\/wp\/v2\/sezona-poi?post=2904"},{"taxonomy":"trvanie-vyletu","embeddable":true,"href":"https:\/\/www.regionsaris.sk\/hu\/wp-json\/wp\/v2\/trvanie-vyletu?post=2904"}],"curies":[{"name":"wp","href":"https:\/\/api.w.org\/{rel}","templated":true}]}}

<p>A település 520 m tengerszint feletti magasságban, a Šarišská vrchovina, Bachurna, Branisko és Levoča hegység határán, a Slavkovský patak völgyében található. A község neve a Slavk, Slavek vagy Slavko szláv személynévből ered, amely az alapító családra - a Slavkayakra - emlékeztet, amely a 19. századig fennállt.</p>



<p>Nižné Slavkov első írásos említése 1214-ből származik, amikor a Szent Anna-templom (a mai kápolna) és 12 ház már állt. Ezt az ősi falut közvetlenül a Šarišot a közeli Szepességgel összekötő úgynevezett Nagy út (Via magna) mellett fekvő földterületen alapították, és a kataszter legnagyobb területével (2314 ha) rendelkezett, gazdag erdőkkel és legelőkkel, ami a múltban azt jelentette, hogy több földbirtokos is birtokba akarta venni. A községben több értékes 13. századi szakrális emlék is található, mint például a Szent Anna késő román kori kápolna, amely a Szűz Mária születése kora gótikus templom része, vagy a 13. századi tatárjárásnak emléket állító két útmenti kápolna. Egy másik értékes műemlék a Ladislav Melczer gróf által a templom területén épített, 1821-ből származó klasszicista Nepomuki Szent János-kápolna. A szakrális műemlékek mellett figyelemre méltó természeti emlék az Öregmalom és az utolsó szénapajták (pajták) az úgynevezett parasztfaluból a Fekete-mocsár völgyében.</p>

<!-- This site is optimized with the Yoast SEO Premium plugin v26.3 (Yoast SEO v26.8) - https://yoast.com/product/yoast-seo-premium-wordpress/ -->
<title>Nižný Slavkov - OOCR Šariš</title>
<meta name="robots" content="index, follow, max-snippet:-1, max-image-preview:large, max-video-preview:-1" />
<link rel="canonical" href="https://www.regionsaris.sk/hu/prirodne-krasy/nizny-slavkov/" />
<meta property="og:locale" content="hu_HU" />
<meta property="og:type" content="article" />
<meta property="og:title" content="Nižný Slavkov" />
<meta property="og:description" content="Nachádza sa v nadmorskej výške 520 m n. m. na rozhraní Šarišskej vrchoviny, Bachurne, Braniska..." />
<meta property="og:url" content="https://www.regionsaris.sk/hu/prirodne-krasy/nizny-slavkov/" />
<meta property="og:site_name" content="OOCR Šariš" />
<meta property="article:modified_time" content="2026-02-05T13:24:44+00:00" />
<meta property="og:image" content="https://www.regionsaris.sk/wp-content/uploads/2026/01/slavkov173-thumb.jpg" />
	<meta property="og:image:width" content="600" />
	<meta property="og:image:height" content="400" />
	<meta property="og:image:type" content="image/jpeg" />
<meta name="twitter:card" content="summary_large_image" />
<meta name="twitter:label1" content="Becsült olvasási idő" />
	<meta name="twitter:data1" content="1 perc" />
<script type="application/ld+json" class="yoast-schema-graph">{"@context":"https://schema.org","@graph":[{"@type":"WebPage","@id":"https://www.regionsaris.sk/prirodne-krasy/nizny-slavkov/","url":"https://www.regionsaris.sk/prirodne-krasy/nizny-slavkov/","name":"Nižný Slavkov - OOCR Šariš","isPartOf":{"@id":"https://www.regionsaris.sk/#website"},"primaryImageOfPage":{"@id":"https://www.regionsaris.sk/prirodne-krasy/nizny-slavkov/#primaryimage"},"image":{"@id":"https://www.regionsaris.sk/prirodne-krasy/nizny-slavkov/#primaryimage"},"thumbnailUrl":"https://www.regionsaris.sk/wp-content/uploads/2026/01/slavkov173-thumb.jpg","datePublished":"2026-01-07T18:24:47+00:00","dateModified":"2026-02-05T13:24:44+00:00","breadcrumb":{"@id":"https://www.regionsaris.sk/prirodne-krasy/nizny-slavkov/#breadcrumb"},"inLanguage":"hu","potentialAction":[{"@type":"ReadAction","target":["https://www.regionsaris.sk/prirodne-krasy/nizny-slavkov/"]}]},{"@type":"ImageObject","inLanguage":"hu","@id":"https://www.regionsaris.sk/prirodne-krasy/nizny-slavkov/#primaryimage","url":"https://www.regionsaris.sk/wp-content/uploads/2026/01/slavkov173-thumb.jpg","contentUrl":"https://www.regionsaris.sk/wp-content/uploads/2026/01/slavkov173-thumb.jpg","width":600,"height":400},{"@type":"BreadcrumbList","@id":"https://www.regionsaris.sk/prirodne-krasy/nizny-slavkov/#breadcrumb","itemListElement":[{"@type":"ListItem","position":1,"name":"Domov","item":"https://www.regionsaris.sk/"},{"@type":"ListItem","position":2,"name":"Prírodné krásy v regióne","item":"https://www.regionsaris.sk/prirodne-krasy-v-regione/"},{"@type":"ListItem","position":3,"name":"Nižný Slavkov"}]},{"@type":"WebSite","@id":"https://www.regionsaris.sk/#website","url":"https://www.regionsaris.sk/","name":"OOCR Šariš","description":"","potentialAction":[{"@type":"SearchAction","target":{"@type":"EntryPoint","urlTemplate":"https://www.regionsaris.sk/?s={search_term_string}"},"query-input":{"@type":"PropertyValueSpecification","valueRequired":true,"valueName":"search_term_string"}}],"inLanguage":"hu"}]}</script>
<!-- / Yoast SEO Premium plugin. -->

Nižný Slavkov - OOCR Šariš

Nižný Slavkov

Nachádza sa v nadmorskej výške 520 m n. m. na rozhraní Šarišskej vrchoviny, Bachurne, Braniska...

OOCR Šariš

Prírodné krásy v regióne
