{"id":2796,"date":"2026-01-07T19:24:59","date_gmt":"2026-01-07T18:24:59","guid":{"rendered":"https:\/\/www.regionsaris.sk\/?post_type=prirodne-krasy&#038;p=2796"},"modified":"2026-02-11T11:06:55","modified_gmt":"2026-02-11T10:06:55","slug":"600-rocny-dub-v-giraltovciach","status":"publish","type":"prirodne-krasy","link":"https:\/\/www.regionsaris.sk\/hu\/prirodne-krasy\/600-rocny-dub-v-giraltovciach\/","title":{"rendered":"600 \u00e9ves t\u00f6lgyfa Giraltovce-ban"},"content":{"rendered":"<p>Giraltovce orsz\u00e1gos jelent\u0151s\u00e9g\u0171 l\u00e1tnival\u00f3i k\u00f6z\u00e9 tartozik a Svidn\u00edk ker\u00fclet legr\u00e9gebbi ny\u00e1ri t\u00f6lgye. A mintegy 600 \u00e9ves ny\u00e1ri t\u00f6lgy az egykori kast\u00e9ly k\u00f6zel\u00e9ben (a kult\u00farh\u00e1z mellett), az egykori kast\u00e9lypark maradv\u00e1nyak\u00e9nt \"\u00e1ll\". A t\u00f6rv\u00e9ny \u00e1ltal v\u00e9dett t\u00f6rt\u00e9nelmi ny\u00e1ri t\u00f6lgy (Quercus robur) term\u00e9szeti \u00e9s t\u00f6rt\u00e9nelmi jelent\u0151s\u00e9ggel b\u00edr, ez\u00e9rt figyelemre m\u00e9lt\u00f3. T\u00f6rzsk\u00f6rm\u00e9rete 643 cm, magass\u00e1ga 17 m. A 14. sz\u00e1zadban \u00fcltette a Sz\u00e9chy csal\u00e1d egyik tagja, aki akkoriban f\u00f6ldbirtokos volt a ter\u00fcleten. Fens\u00e9ges, t\u00f6rzse j\u00f3l megmaradt, a fa koron\u00e1ja szab\u00e1lyos. 2007-ben beker\u00fclt az \u00c9v f\u00e1ja 2007 felm\u00e9r\u00e9sbe.<\/p>\n\n\n\n<p>Forr\u00e1s\/fot\u00f3 Giraltovce v\u00e1ros<\/p>","protected":false},"featured_media":2317,"template":"","meta":{"_acf_changed":false},"kategoria-poi":[102,174],"lokalita":[179],"sezona-poi":[13,14],"trvanie-vyletu":[217],"class_list":["post-2796","prirodne-krasy","type-prirodne-krasy","status-publish","has-post-thumbnail","hentry","kategoria-poi-prirodne-krasy","kategoria-poi-prirodne-zaujimavosti","lokalita-hanusovce-nad-toplou-a-okolie","sezona-poi-jar","sezona-poi-leto","trvanie-vyletu-kratke-vylety"],"acf":[],"yoast_head":"<!-- This site is optimized with the Yoast SEO Premium plugin v26.3 (Yoast SEO v26.8) - https:\/\/yoast.com\/product\/yoast-seo-premium-wordpress\/ -->\n<title>600 ro\u010dn\u00fd dub v Giraltovciach - OOCR \u0160ari\u0161<\/title>\n<meta name=\"robots\" content=\"index, follow, max-snippet:-1, max-image-preview:large, max-video-preview:-1\" \/>\n<link rel=\"canonical\" href=\"https:\/\/www.regionsaris.sk\/hu\/prirodne-krasy\/600-rocny-dub-v-giraltovciach\/\" \/>\n<meta property=\"og:locale\" content=\"hu_HU\" \/>\n<meta property=\"og:type\" content=\"article\" \/>\n<meta property=\"og:title\" content=\"600 ro\u010dn\u00fd dub v Giraltovciach\" \/>\n<meta property=\"og:description\" content=\"Medzi zauj\u00edmavosti s celoslovensk\u00fdm v\u00fdznamom v meste Giraltovce patr\u00ed najstar\u0161\u00ed dub letn\u00fd v okrese Svidn\u00edk....\" \/>\n<meta property=\"og:url\" content=\"https:\/\/www.regionsaris.sk\/hu\/prirodne-krasy\/600-rocny-dub-v-giraltovciach\/\" \/>\n<meta property=\"og:site_name\" content=\"OOCR \u0160ari\u0161\" \/>\n<meta property=\"article:modified_time\" content=\"2026-02-11T10:06:55+00:00\" \/>\n<meta property=\"og:image\" content=\"https:\/\/www.regionsaris.sk\/wp-content\/uploads\/2026\/01\/dub.jpg\" \/>\n\t<meta property=\"og:image:width\" content=\"363\" \/>\n\t<meta property=\"og:image:height\" content=\"503\" \/>\n\t<meta property=\"og:image:type\" content=\"image\/jpeg\" \/>\n<meta name=\"twitter:card\" content=\"summary_large_image\" \/>\n<meta name=\"twitter:label1\" content=\"Becs\u00fclt olvas\u00e1si id\u0151\" \/>\n\t<meta name=\"twitter:data1\" content=\"1 perc\" \/>\n<script type=\"application\/ld+json\" class=\"yoast-schema-graph\">{\"@context\":\"https:\/\/schema.org\",\"@graph\":[{\"@type\":\"WebPage\",\"@id\":\"https:\/\/www.regionsaris.sk\/prirodne-krasy\/600-rocny-dub-v-giraltovciach\/\",\"url\":\"https:\/\/www.regionsaris.sk\/prirodne-krasy\/600-rocny-dub-v-giraltovciach\/\",\"name\":\"600 ro\u010dn\u00fd dub v Giraltovciach - OOCR \u0160ari\u0161\",\"isPartOf\":{\"@id\":\"https:\/\/www.regionsaris.sk\/#website\"},\"primaryImageOfPage\":{\"@id\":\"https:\/\/www.regionsaris.sk\/prirodne-krasy\/600-rocny-dub-v-giraltovciach\/#primaryimage\"},\"image\":{\"@id\":\"https:\/\/www.regionsaris.sk\/prirodne-krasy\/600-rocny-dub-v-giraltovciach\/#primaryimage\"},\"thumbnailUrl\":\"https:\/\/www.regionsaris.sk\/wp-content\/uploads\/2026\/01\/dub.jpg\",\"datePublished\":\"2026-01-07T18:24:59+00:00\",\"dateModified\":\"2026-02-11T10:06:55+00:00\",\"breadcrumb\":{\"@id\":\"https:\/\/www.regionsaris.sk\/prirodne-krasy\/600-rocny-dub-v-giraltovciach\/#breadcrumb\"},\"inLanguage\":\"hu\",\"potentialAction\":[{\"@type\":\"ReadAction\",\"target\":[\"https:\/\/www.regionsaris.sk\/prirodne-krasy\/600-rocny-dub-v-giraltovciach\/\"]}]},{\"@type\":\"ImageObject\",\"inLanguage\":\"hu\",\"@id\":\"https:\/\/www.regionsaris.sk\/prirodne-krasy\/600-rocny-dub-v-giraltovciach\/#primaryimage\",\"url\":\"https:\/\/www.regionsaris.sk\/wp-content\/uploads\/2026\/01\/dub.jpg\",\"contentUrl\":\"https:\/\/www.regionsaris.sk\/wp-content\/uploads\/2026\/01\/dub.jpg\",\"width\":363,\"height\":503},{\"@type\":\"BreadcrumbList\",\"@id\":\"https:\/\/www.regionsaris.sk\/prirodne-krasy\/600-rocny-dub-v-giraltovciach\/#breadcrumb\",\"itemListElement\":[{\"@type\":\"ListItem\",\"position\":1,\"name\":\"Domov\",\"item\":\"https:\/\/www.regionsaris.sk\/\"},{\"@type\":\"ListItem\",\"position\":2,\"name\":\"Pr\u00edrodn\u00e9 kr\u00e1sy v regi\u00f3ne\",\"item\":\"https:\/\/www.regionsaris.sk\/prirodne-krasy-v-regione\/\"},{\"@type\":\"ListItem\",\"position\":3,\"name\":\"600 ro\u010dn\u00fd dub v Giraltovciach\"}]},{\"@type\":\"WebSite\",\"@id\":\"https:\/\/www.regionsaris.sk\/#website\",\"url\":\"https:\/\/www.regionsaris.sk\/\",\"name\":\"OOCR \u0160ari\u0161\",\"description\":\"\",\"potentialAction\":[{\"@type\":\"SearchAction\",\"target\":{\"@type\":\"EntryPoint\",\"urlTemplate\":\"https:\/\/www.regionsaris.sk\/?s={search_term_string}\"},\"query-input\":{\"@type\":\"PropertyValueSpecification\",\"valueRequired\":true,\"valueName\":\"search_term_string\"}}],\"inLanguage\":\"hu\"}]}<\/script>\n<!-- \/ Yoast SEO Premium plugin. -->","yoast_head_json":{"title":"600 ro\u010dn\u00fd dub v Giraltovciach - OOCR \u0160ari\u0161","robots":{"index":"index","follow":"follow","max-snippet":"max-snippet:-1","max-image-preview":"max-image-preview:large","max-video-preview":"max-video-preview:-1"},"canonical":"https:\/\/www.regionsaris.sk\/hu\/prirodne-krasy\/600-rocny-dub-v-giraltovciach\/","og_locale":"hu_HU","og_type":"article","og_title":"600 ro\u010dn\u00fd dub v Giraltovciach","og_description":"Medzi zauj\u00edmavosti s celoslovensk\u00fdm v\u00fdznamom v meste Giraltovce patr\u00ed najstar\u0161\u00ed dub letn\u00fd v okrese Svidn\u00edk....","og_url":"https:\/\/www.regionsaris.sk\/hu\/prirodne-krasy\/600-rocny-dub-v-giraltovciach\/","og_site_name":"OOCR \u0160ari\u0161","article_modified_time":"2026-02-11T10:06:55+00:00","og_image":[{"width":363,"height":503,"url":"https:\/\/www.regionsaris.sk\/wp-content\/uploads\/2026\/01\/dub.jpg","type":"image\/jpeg"}],"twitter_card":"summary_large_image","twitter_misc":{"Becs\u00fclt olvas\u00e1si id\u0151":"1 perc"},"schema":{"@context":"https:\/\/schema.org","@graph":[{"@type":"WebPage","@id":"https:\/\/www.regionsaris.sk\/prirodne-krasy\/600-rocny-dub-v-giraltovciach\/","url":"https:\/\/www.regionsaris.sk\/prirodne-krasy\/600-rocny-dub-v-giraltovciach\/","name":"600 ro\u010dn\u00fd dub v Giraltovciach - OOCR \u0160ari\u0161","isPartOf":{"@id":"https:\/\/www.regionsaris.sk\/#website"},"primaryImageOfPage":{"@id":"https:\/\/www.regionsaris.sk\/prirodne-krasy\/600-rocny-dub-v-giraltovciach\/#primaryimage"},"image":{"@id":"https:\/\/www.regionsaris.sk\/prirodne-krasy\/600-rocny-dub-v-giraltovciach\/#primaryimage"},"thumbnailUrl":"https:\/\/www.regionsaris.sk\/wp-content\/uploads\/2026\/01\/dub.jpg","datePublished":"2026-01-07T18:24:59+00:00","dateModified":"2026-02-11T10:06:55+00:00","breadcrumb":{"@id":"https:\/\/www.regionsaris.sk\/prirodne-krasy\/600-rocny-dub-v-giraltovciach\/#breadcrumb"},"inLanguage":"hu","potentialAction":[{"@type":"ReadAction","target":["https:\/\/www.regionsaris.sk\/prirodne-krasy\/600-rocny-dub-v-giraltovciach\/"]}]},{"@type":"ImageObject","inLanguage":"hu","@id":"https:\/\/www.regionsaris.sk\/prirodne-krasy\/600-rocny-dub-v-giraltovciach\/#primaryimage","url":"https:\/\/www.regionsaris.sk\/wp-content\/uploads\/2026\/01\/dub.jpg","contentUrl":"https:\/\/www.regionsaris.sk\/wp-content\/uploads\/2026\/01\/dub.jpg","width":363,"height":503},{"@type":"BreadcrumbList","@id":"https:\/\/www.regionsaris.sk\/prirodne-krasy\/600-rocny-dub-v-giraltovciach\/#breadcrumb","itemListElement":[{"@type":"ListItem","position":1,"name":"Domov","item":"https:\/\/www.regionsaris.sk\/"},{"@type":"ListItem","position":2,"name":"Pr\u00edrodn\u00e9 kr\u00e1sy v regi\u00f3ne","item":"https:\/\/www.regionsaris.sk\/prirodne-krasy-v-regione\/"},{"@type":"ListItem","position":3,"name":"600 ro\u010dn\u00fd dub v Giraltovciach"}]},{"@type":"WebSite","@id":"https:\/\/www.regionsaris.sk\/#website","url":"https:\/\/www.regionsaris.sk\/","name":"OOCR \u0160ari\u0161","description":"","potentialAction":[{"@type":"SearchAction","target":{"@type":"EntryPoint","urlTemplate":"https:\/\/www.regionsaris.sk\/?s={search_term_string}"},"query-input":{"@type":"PropertyValueSpecification","valueRequired":true,"valueName":"search_term_string"}}],"inLanguage":"hu"}]}},"_links":{"self":[{"href":"https:\/\/www.regionsaris.sk\/hu\/wp-json\/wp\/v2\/prirodne-krasy\/2796","targetHints":{"allow":["GET"]}}],"collection":[{"href":"https:\/\/www.regionsaris.sk\/hu\/wp-json\/wp\/v2\/prirodne-krasy"}],"about":[{"href":"https:\/\/www.regionsaris.sk\/hu\/wp-json\/wp\/v2\/types\/prirodne-krasy"}],"wp:featuredmedia":[{"embeddable":true,"href":"https:\/\/www.regionsaris.sk\/hu\/wp-json\/wp\/v2\/media\/2317"}],"wp:attachment":[{"href":"https:\/\/www.regionsaris.sk\/hu\/wp-json\/wp\/v2\/media?parent=2796"}],"wp:term":[{"taxonomy":"kategoria-poi","embeddable":true,"href":"https:\/\/www.regionsaris.sk\/hu\/wp-json\/wp\/v2\/kategoria-poi?post=2796"},{"taxonomy":"lokalita","embeddable":true,"href":"https:\/\/www.regionsaris.sk\/hu\/wp-json\/wp\/v2\/lokalita?post=2796"},{"taxonomy":"sezona-poi","embeddable":true,"href":"https:\/\/www.regionsaris.sk\/hu\/wp-json\/wp\/v2\/sezona-poi?post=2796"},{"taxonomy":"trvanie-vyletu","embeddable":true,"href":"https:\/\/www.regionsaris.sk\/hu\/wp-json\/wp\/v2\/trvanie-vyletu?post=2796"}],"curies":[{"name":"wp","href":"https:\/\/api.w.org\/{rel}","templated":true}]}}

600 éves tölgyfa Giraltovce-ban

<p>Giraltovce országos jelentőségű látnivalói közé tartozik a Svidník kerület legrégebbi nyári tölgye. A mintegy 600 éves nyári tölgy az egykori kastély közelében (a kultúrház mellett), az egykori kastélypark maradványaként "áll". A törvény által védett történelmi nyári tölgy (Quercus robur) természeti és történelmi jelentőséggel bír, ezért figyelemre méltó. Törzskörmérete 643 cm, magassága 17 m. A 14. században ültette a Széchy család egyik tagja, aki akkoriban földbirtokos volt a területen. Fenséges, törzse jól megmaradt, a fa koronája szabályos. 2007-ben bekerült az Év fája 2007 felmérésbe.</p>



<p>Forrás/fotó Giraltovce város</p>

<!-- This site is optimized with the Yoast SEO Premium plugin v26.3 (Yoast SEO v26.8) - https://yoast.com/product/yoast-seo-premium-wordpress/ -->
<title>600 ročný dub v Giraltovciach - OOCR Šariš</title>
<meta name="robots" content="index, follow, max-snippet:-1, max-image-preview:large, max-video-preview:-1" />
<link rel="canonical" href="https://www.regionsaris.sk/hu/prirodne-krasy/600-rocny-dub-v-giraltovciach/" />
<meta property="og:locale" content="hu_HU" />
<meta property="og:type" content="article" />
<meta property="og:title" content="600 ročný dub v Giraltovciach" />
<meta property="og:description" content="Medzi zaujímavosti s celoslovenským významom v meste Giraltovce patrí najstarší dub letný v okrese Svidník...." />
<meta property="og:url" content="https://www.regionsaris.sk/hu/prirodne-krasy/600-rocny-dub-v-giraltovciach/" />
<meta property="og:site_name" content="OOCR Šariš" />
<meta property="article:modified_time" content="2026-02-11T10:06:55+00:00" />
<meta property="og:image" content="https://www.regionsaris.sk/wp-content/uploads/2026/01/dub.jpg" />
	<meta property="og:image:width" content="363" />
	<meta property="og:image:height" content="503" />
	<meta property="og:image:type" content="image/jpeg" />
<meta name="twitter:card" content="summary_large_image" />
<meta name="twitter:label1" content="Becsült olvasási idő" />
	<meta name="twitter:data1" content="1 perc" />
<script type="application/ld+json" class="yoast-schema-graph">{"@context":"https://schema.org","@graph":[{"@type":"WebPage","@id":"https://www.regionsaris.sk/prirodne-krasy/600-rocny-dub-v-giraltovciach/","url":"https://www.regionsaris.sk/prirodne-krasy/600-rocny-dub-v-giraltovciach/","name":"600 ročný dub v Giraltovciach - OOCR Šariš","isPartOf":{"@id":"https://www.regionsaris.sk/#website"},"primaryImageOfPage":{"@id":"https://www.regionsaris.sk/prirodne-krasy/600-rocny-dub-v-giraltovciach/#primaryimage"},"image":{"@id":"https://www.regionsaris.sk/prirodne-krasy/600-rocny-dub-v-giraltovciach/#primaryimage"},"thumbnailUrl":"https://www.regionsaris.sk/wp-content/uploads/2026/01/dub.jpg","datePublished":"2026-01-07T18:24:59+00:00","dateModified":"2026-02-11T10:06:55+00:00","breadcrumb":{"@id":"https://www.regionsaris.sk/prirodne-krasy/600-rocny-dub-v-giraltovciach/#breadcrumb"},"inLanguage":"hu","potentialAction":[{"@type":"ReadAction","target":["https://www.regionsaris.sk/prirodne-krasy/600-rocny-dub-v-giraltovciach/"]}]},{"@type":"ImageObject","inLanguage":"hu","@id":"https://www.regionsaris.sk/prirodne-krasy/600-rocny-dub-v-giraltovciach/#primaryimage","url":"https://www.regionsaris.sk/wp-content/uploads/2026/01/dub.jpg","contentUrl":"https://www.regionsaris.sk/wp-content/uploads/2026/01/dub.jpg","width":363,"height":503},{"@type":"BreadcrumbList","@id":"https://www.regionsaris.sk/prirodne-krasy/600-rocny-dub-v-giraltovciach/#breadcrumb","itemListElement":[{"@type":"ListItem","position":1,"name":"Domov","item":"https://www.regionsaris.sk/"},{"@type":"ListItem","position":2,"name":"Prírodné krásy v regióne","item":"https://www.regionsaris.sk/prirodne-krasy-v-regione/"},{"@type":"ListItem","position":3,"name":"600 ročný dub v Giraltovciach"}]},{"@type":"WebSite","@id":"https://www.regionsaris.sk/#website","url":"https://www.regionsaris.sk/","name":"OOCR Šariš","description":"","potentialAction":[{"@type":"SearchAction","target":{"@type":"EntryPoint","urlTemplate":"https://www.regionsaris.sk/?s={search_term_string}"},"query-input":{"@type":"PropertyValueSpecification","valueRequired":true,"valueName":"search_term_string"}}],"inLanguage":"hu"}]}</script>
<!-- / Yoast SEO Premium plugin. -->

600 ročný dub v Giraltovciach - OOCR Šariš

600 ročný dub v Giraltovciach

Medzi zaujímavosti s celoslovenským významom v meste Giraltovce patrí najstarší dub letný v okrese Svidník....

OOCR Šariš

Prírodné krásy v regióne
