{"id":6194,"date":"2026-09-04T13:21:41","date_gmt":"2026-09-04T12:21:41","guid":{"rendered":"https:\/\/www.regionsaris.sk\/?post_type=pre-rodiny&#038;p=6194"},"modified":"2026-09-04T13:21:42","modified_gmt":"2026-09-04T12:21:42","slug":"naucny-chodnik-sigordske-kolecko","status":"publish","type":"pre-rodiny","link":"https:\/\/www.regionsaris.sk\/hu\/pre-rodiny\/naucny-chodnik-sigordske-kolecko\/","title":{"rendered":"A \u201eSigordsk\u00e9 kole\u010dko\u201d tan\u00f6sv\u00e9ny"},"content":{"rendered":"<p class=\"wp-block-paragraph\"><strong>A \u201eSigordsk\u00e9 kole\u010dko\u201d tan\u00f6sv\u00e9ny<\/strong>\u00a0a Pre\u0161ov k\u00f6rny\u00e9k\u00e9nek k\u00f6nny\u0171 t\u00fara\u00fatvonalai k\u00f6z\u00e9 tartozik. A k\u00f6vetkez\u0151 helyen tal\u00e1lhat\u00f3:\u00a0<strong><a href=\"https:\/\/www.regionsaris.sk\/hu\/prirodne-krasy\/sigord-vodna-nadrz\/\" data-type=\"prirodne-krasy\" data-id=\"5494\">a Sigord-v\u00edzt\u00e1roz\u00f3<\/a><\/strong>\u00a0v <a href=\"https:\/\/slanskevrchy.com\" target=\"_blank\" rel=\"noopener\">Slansk\u00e9 hegyek<\/a> \u00e9s kellemes s\u00e9t\u00e1ra invit\u00e1l az erd\u0151k, r\u00e9tek \u00e9s v\u00edztestek k\u00f6z\u00f6tt. A helysz\u00edn k\u00f6r\u00fclbel\u00fcl 15 perces aut\u00f3\u00fatra fekszik <a href=\"https:\/\/www.regionsaris.sk\/hu\/lokalita\/mesto-presov\/\" data-type=\"lokalita\" data-id=\"26\">Pre\u0161ov<\/a>, \u00edgy r\u00f6videbb kir\u00e1ndul\u00e1sokra is alkalmas, an\u00e9lk\u00fcl, hogy ig\u00e9nyes t\u00far\u00e1t kellene tervezni.\u00a0<\/p>\n\n\n\n<h2 class=\"wp-block-heading\">S\u00e9ta a v\u00edzt\u00e1roz\u00f3 k\u00f6r\u00fcl<\/h2>\n\n\n\n<p class=\"wp-block-paragraph\">Az \u00fatvonal hossza k\u00f6r\u00fclbel\u00fcl&nbsp;<strong>1 kilom\u00e9ter<\/strong>&nbsp;\u00e9s f\u0151k\u00e9nt a v\u00edzt\u00e1roz\u00f3 partja k\u00f6zel\u00e9ben h\u00faz\u00f3d\u00f3 j\u00e1rd\u00e1n halad. A szintk\u00fcl\u00f6nbs\u00e9g mind\u00f6ssze k\u00f6r\u00fclbel\u00fcl 21 m\u00e9ter, ez\u00e9rt a k\u00f6nny\u0171 \u00fatvonalak k\u00f6z\u00e9 tartozik, amelyek nyugodt s\u00e9t\u00e1kra alkalmasak. A k\u00f6rt a temp\u00f3t\u00f3l \u00e9s a meg\u00e1ll\u00e1sokt\u00f3l f\u00fcgg\u0151en k\u00f6r\u00fclbel\u00fcl 15\u201330 perc alatt lehet bej\u00e1rni.&nbsp;<\/p>\n\n\n\n<p class=\"wp-block-paragraph\">Az \u00f6sv\u00e9ny oktat\u00f3 jelleg\u00e9t kieg\u00e9sz\u00edtik&nbsp;<strong>a helyi term\u00e9szetnek \u00e9s \u00e1llatvil\u00e1gnak szentelt inform\u00e1ci\u00f3s t\u00e1bl\u00e1k<\/strong>. A s\u00e9ta sor\u00e1n a l\u00e1togat\u00f3k megpihenhetnek a padokon \u00e9s a pihen\u0151helyeken, ahonnan kil\u00e1t\u00e1s ny\u00edlik a v\u00edzre. Az \u00fatvonal r\u00e9sze egy f\u00e1b\u00f3l k\u00e9sz\u00fclt h\u00edd is, amely a Del\u0148a-patak felett \u00edvel, \u00e9s hozz\u00e1j\u00e1rul az \u00f6sv\u00e9ny hangulat\u00e1hoz.&nbsp;<\/p>\n\n\n\n<h2 class=\"wp-block-heading\">Sigord, mint pihen\u0151hely<\/h2>\n\n\n\n<p class=\"wp-block-paragraph\">A tan\u00f6sv\u00e9ny a Sigord-v\u00edzt\u00e1roz\u00f3 melletti kiterjedt \u00fcd\u00fcl\u0151ter\u00fclet r\u00e9sze. A k\u00f6rny\u00e9k lehet\u0151s\u00e9get k\u00edn\u00e1l a term\u00e9szetben val\u00f3 kikapcsol\u00f3d\u00e1sra \u00e9s a v\u00edz melletti tev\u00e9kenys\u00e9gekre. Fontos l\u00e1tnival\u00f3 a\u00a0<strong><a href=\"https:\/\/www.regionsaris.sk\/hu\/prirodne-krasy\/sigord-vodna-nadrz\/\" data-type=\"prirodne-krasy\" data-id=\"5494\">Sigord haj\u00f3gy\u00e1r<\/a><\/strong>, amely a \u010cavargy polg\u00e1ri egyes\u00fclet tev\u00e9kenys\u00e9g\u00e9nek k\u00f6sz\u00f6nhet\u0151en fokozatosan a sport-, kultur\u00e1lis \u00e9s k\u00f6rnyezetv\u00e9delmi tev\u00e9kenys\u00e9gek k\u00f6zpontj\u00e1v\u00e1 v\u00e1lt. A ny\u00e1ri \u00e9s \u0151szi szezonban cs\u00f3nak\u00e1z\u00e1si lehet\u0151s\u00e9g is rendelkez\u00e9sre \u00e1ll.\u00a0<\/p>\n\n\n\n<p class=\"wp-block-paragraph\">A v\u00edzt\u00e1roz\u00f3 k\u00f6rny\u00e9ke gyermekes csal\u00e1dok, szabadid\u0151s turist\u00e1k \u00e9s id\u0151sek sz\u00e1m\u00e1ra is ide\u00e1lis, akik egy r\u00f6videbb, jelent\u0151s szintk\u00fcl\u00f6nbs\u00e9g n\u00e9lk\u00fcli \u00fatvonalat keresnek. A s\u00e9ta\u00fat kuty\u00e1val \u00e9rkez\u0151 l\u00e1togat\u00f3k sz\u00e1m\u00e1ra is alkalmas.&nbsp;<\/p>\n\n\n\n<h2 class=\"wp-block-heading\">M\u00e1s \u00fatvonalakkal \u00f6sszekapcsol\u00f3d\u00f3 kir\u00e1ndul\u00e1s<\/h2>\n\n\n\n<p class=\"wp-block-paragraph\">Sigord \u00e9rdekes kiindul\u00f3pont hosszabb kir\u00e1ndul\u00e1sokhoz is. A t\u00e1gabb k\u00f6rny\u00e9ken t\u00fara- \u00e9s ker\u00e9kp\u00e1rutak tal\u00e1lhat\u00f3k <a href=\"https:\/\/www.regionsaris.sk\/hu\/sport\/cyklozeleznicka-z-presova-na-sigord\/\" data-type=\"sport\" data-id=\"2471\">Ker\u00e9kp\u00e1r vas\u00fat<\/a> a Slansk\u00e9-hegys\u00e9g fel\u00e9 vezet\u0151.<\/p>\n\n\n\n<p class=\"wp-block-paragraph\">A Sigordba tett l\u00e1togat\u00e1st teh\u00e1t tekinthetj\u00fck egy r\u00f6vid s\u00e9t\u00e1nak a v\u00edzparton, vagy egy eg\u00e9sz napos kir\u00e1ndul\u00e1s kezdet\u00e9nek. Pre\u0161ov k\u00f6zels\u00e9ge, a k\u00f6nnyen bej\u00e1rhat\u00f3 terep \u00e9s a pihen\u00e9si lehet\u0151s\u00e9gek miatt ez a hely&nbsp;<strong>A Sigordi k\u00f6r\u00fat<\/strong>&nbsp;gyakorlati tippek a tartom\u00e1nyi sz\u00e9khely k\u00f6rny\u00e9k\u00e9n tett kir\u00e1ndul\u00e1sokhoz.<\/p>\n\n\n\n<p class=\"wp-block-paragraph\">Forr\u00e1s: OOCR R\u0160<br>A fot\u00f3k forr\u00e1sa: OOCR R\u0160<\/p>","protected":false},"featured_media":6196,"template":"","meta":{"_acf_changed":true},"kategoria-poi":[191,276,100,102],"lokalita":[28],"sezona-poi":[12],"trvanie-vyletu":[180],"class_list":["post-6194","pre-rodiny","type-pre-rodiny","status-publish","has-post-thumbnail","hentry","kategoria-poi-geopark-slanske-vrchy","kategoria-poi-naucny-chodnik","kategoria-poi-pre-rodiny","kategoria-poi-prirodne-krasy","lokalita-presov-a-okolie","sezona-poi-celorocne","trvanie-vyletu-poldenne-vylety"],"acf":[],"_links":{"self":[{"href":"https:\/\/www.regionsaris.sk\/hu\/wp-json\/wp\/v2\/pre-rodiny\/6194","targetHints":{"allow":["GET"]}}],"collection":[{"href":"https:\/\/www.regionsaris.sk\/hu\/wp-json\/wp\/v2\/pre-rodiny"}],"about":[{"href":"https:\/\/www.regionsaris.sk\/hu\/wp-json\/wp\/v2\/types\/pre-rodiny"}],"wp:featuredmedia":[{"embeddable":true,"href":"https:\/\/www.regionsaris.sk\/hu\/wp-json\/wp\/v2\/media\/6196"}],"wp:attachment":[{"href":"https:\/\/www.regionsaris.sk\/hu\/wp-json\/wp\/v2\/media?parent=6194"}],"wp:term":[{"taxonomy":"kategoria-poi","embeddable":true,"href":"https:\/\/www.regionsaris.sk\/hu\/wp-json\/wp\/v2\/kategoria-poi?post=6194"},{"taxonomy":"lokalita","embeddable":true,"href":"https:\/\/www.regionsaris.sk\/hu\/wp-json\/wp\/v2\/lokalita?post=6194"},{"taxonomy":"sezona-poi","embeddable":true,"href":"https:\/\/www.regionsaris.sk\/hu\/wp-json\/wp\/v2\/sezona-poi?post=6194"},{"taxonomy":"trvanie-vyletu","embeddable":true,"href":"https:\/\/www.regionsaris.sk\/hu\/wp-json\/wp\/v2\/trvanie-vyletu?post=6194"}],"curies":[{"name":"wp","href":"https:\/\/api.w.org\/{rel}","templated":true}]}}

A „Sigordské kolečko” tanösvény

<p class="wp-block-paragraph"><strong>A „Sigordské kolečko” tanösvény</strong> a Prešov környékének könnyű túraútvonalai közé tartozik. A következő helyen található: <strong><a href="https://www.regionsaris.sk/hu/prirodne-krasy/sigord-vodna-nadrz/" data-type="prirodne-krasy" data-id="5494">a Sigord-víztározó</a></strong> v <a href="https://slanskevrchy.com" target="_blank" rel="noopener">Slanské hegyek</a> és kellemes sétára invitál az erdők, rétek és víztestek között. A helyszín körülbelül 15 perces autóútra fekszik <a href="https://www.regionsaris.sk/hu/lokalita/mesto-presov/" data-type="lokalita" data-id="26">Prešov</a>, így rövidebb kirándulásokra is alkalmas, anélkül, hogy igényes túrát kellene tervezni. </p>



<h2 class="wp-block-heading">Séta a víztározó körül</h2>



<p class="wp-block-paragraph">Az útvonal hossza körülbelül&nbsp;<strong>1 kilométer</strong>&nbsp;és főként a víztározó partja közelében húzódó járdán halad. A szintkülönbség mindössze körülbelül 21 méter, ezért a könnyű útvonalak közé tartozik, amelyek nyugodt sétákra alkalmasak. A kört a tempótól és a megállásoktól függően körülbelül 15–30 perc alatt lehet bejárni.&nbsp;</p>



<p class="wp-block-paragraph">Az ösvény oktató jellegét kiegészítik&nbsp;<strong>a helyi természetnek és állatvilágnak szentelt információs táblák</strong>. A séta során a látogatók megpihenhetnek a padokon és a pihenőhelyeken, ahonnan kilátás nyílik a vízre. Az útvonal része egy fából készült híd is, amely a Delňa-patak felett ível, és hozzájárul az ösvény hangulatához.&nbsp;</p>



<h2 class="wp-block-heading">Sigord, mint pihenőhely</h2>



<p class="wp-block-paragraph">A tanösvény a Sigord-víztározó melletti kiterjedt üdülőterület része. A környék lehetőséget kínál a természetben való kikapcsolódásra és a víz melletti tevékenységekre. Fontos látnivaló a <strong><a href="https://www.regionsaris.sk/hu/prirodne-krasy/sigord-vodna-nadrz/" data-type="prirodne-krasy" data-id="5494">Sigord hajógyár</a></strong>, amely a Čavargy polgári egyesület tevékenységének köszönhetően fokozatosan a sport-, kulturális és környezetvédelmi tevékenységek központjává vált. A nyári és őszi szezonban csónakázási lehetőség is rendelkezésre áll. </p>



<p class="wp-block-paragraph">A víztározó környéke gyermekes családok, szabadidős turisták és idősek számára is ideális, akik egy rövidebb, jelentős szintkülönbség nélküli útvonalat keresnek. A sétaút kutyával érkező látogatók számára is alkalmas.&nbsp;</p>



<h2 class="wp-block-heading">Más útvonalakkal összekapcsolódó kirándulás</h2>



<p class="wp-block-paragraph">Sigord érdekes kiindulópont hosszabb kirándulásokhoz is. A tágabb környéken túra- és kerékpárutak találhatók <a href="https://www.regionsaris.sk/hu/sport/cyklozeleznicka-z-presova-na-sigord/" data-type="sport" data-id="2471">Kerékpár vasút</a> a Slanské-hegység felé vezető.</p>



<p class="wp-block-paragraph">A Sigordba tett látogatást tehát tekinthetjük egy rövid sétának a vízparton, vagy egy egész napos kirándulás kezdetének. Prešov közelsége, a könnyen bejárható terep és a pihenési lehetőségek miatt ez a hely&nbsp;<strong>A Sigordi körút</strong>&nbsp;gyakorlati tippek a tartományi székhely környékén tett kirándulásokhoz.</p>



<p class="wp-block-paragraph">Forrás: OOCR RŠ<br>A fotók forrása: OOCR RŠ</p>
