{"id":6191,"date":"2026-09-04T13:05:27","date_gmt":"2026-09-04T12:05:27","guid":{"rendered":"https:\/\/www.regionsaris.sk\/?post_type=pre-rodiny&#038;p=6191"},"modified":"2026-09-04T13:12:31","modified_gmt":"2026-09-04T12:12:31","slug":"naucny-chodnik-slovenske-opalove-bane","status":"publish","type":"pre-rodiny","link":"https:\/\/www.regionsaris.sk\/hu\/pre-rodiny\/naucny-chodnik-slovenske-opalove-bane\/","title":{"rendered":"A szlov\u00e1k op\u00e1lb\u00e1ny\u00e1k tan\u00f6sv\u00e9nye"},"content":{"rendered":"<p class=\"wp-block-paragraph\"><strong>A szlov\u00e1k op\u00e1lb\u00e1ny\u00e1k tan\u00f6sv\u00e9nye<\/strong>\u00a0megismerteti a l\u00e1togat\u00f3kkal a b\u00e1ny\u00e1szat t\u00f6rt\u00e9nete, a dr\u00e1gak\u0151 op\u00e1l \u00e9s a term\u00e9szet egyed\u00fcl\u00e1ll\u00f3 \u00f6sszefon\u00f3d\u00e1s\u00e1t <a href=\"https:\/\/slanskevrchy.com\" target=\"_blank\" rel=\"noopener\">Slansk\u00e9 hegyek<\/a>. Az \u00fatvonal\u00a0<strong>A Dubnick\u00e9 b\u00e1ny\u00e1k v\u00e9dett ter\u00fclete<\/strong>, konkr\u00e9tan a Libanka nev\u0171 t\u00f6rt\u00e9nelmi b\u00e1nyater\u00fcleten, ahol megmaradtak a dr\u00e1ga op\u00e1l kitermel\u00e9s\u00e9hez kapcsol\u00f3d\u00f3 r\u00e9gi b\u00e1nyam\u0171vek.\u00a0<\/p>\n\n\n\n<h2 class=\"wp-block-heading\">A dr\u00e1ga op\u00e1l kitermel\u00e9s\u00e9nek nyom\u00e1ban<\/h2>\n\n\n\n<p class=\"wp-block-paragraph\">A tan\u00f6sv\u00e9ny hossza k\u00f6r\u00fclbel\u00fcl&nbsp;<strong>1,5 kilom\u00e9ter<\/strong>&nbsp;\u00e9s a l\u00e1togat\u00f3k sz\u00e1m\u00e1ra 14 inform\u00e1ci\u00f3s t\u00e1bl\u00e1t k\u00edn\u00e1l. Ezek bemutatj\u00e1k az op\u00e1l keletkez\u00e9s\u00e9t \u00e9s tulajdons\u00e1gait, a kitermel\u00e9s t\u00f6rt\u00e9net\u00e9t, kiv\u00e1lasztott b\u00e1nyam\u0171veket, valamint a k\u00f6rnyez\u0151 ter\u00fclet term\u00e9szeti adotts\u00e1gait is. Egy k\u00fcl\u00f6n r\u00e9sz a denev\u00e9reknek van szentelve, amelyek a b\u00e1ny\u00e1szati tev\u00e9kenys\u00e9g befejez\u00e9se ut\u00e1n a kiterjedt f\u00f6ldalatti terekben megfelel\u0151 felt\u00e9teleket tal\u00e1ltak a telel\u00e9shez.&nbsp;<\/p>\n\n\n\n<p class=\"wp-block-paragraph\"><a href=\"https:\/\/www.regionsaris.sk\/hu\/prirodne-krasy\/slovenske-opalove-bane\/\" data-type=\"prirodne-krasy\" data-id=\"2751\">Szlov\u00e1k op\u00e1lb\u00e1ny\u00e1k<\/a> ezek a helyek a dr\u00e1ga op\u00e1l kitermel\u00e9s\u00e9hez kapcsol\u00f3d\u00f3 jelent\u0151s helysz\u00ednek k\u00f6z\u00e9 tartoznak Szlov\u00e1ki\u00e1ban. A tan\u00f6sv\u00e9ny ez\u00e9rt lehet\u0151v\u00e9 teszi, hogy a b\u00e1nyater\u00fcletet egy m\u00e1sik szemsz\u00f6gb\u0151l is megismerj\u00fck \u2013 nem csup\u00e1n t\u00f6rt\u00e9nelmi b\u00e1nyatelepk\u00e9nt, hanem \u00e9rt\u00e9kes term\u00e9szeti ter\u00fcletk\u00e9nt is.<\/p>\n\n\n\n<h2 class=\"wp-block-heading\">A Slansk\u00e9-hegys\u00e9g term\u00e9szete<\/h2>\n\n\n\n<p class=\"wp-block-paragraph\">Az \u00fatvonal erd\u0151s k\u00f6rnyezetben halad <a href=\"https:\/\/slanskevrchy.com\" target=\"_blank\" rel=\"noopener\">Slansk\u00e9 hegyek<\/a>, mik\u00f6zben az inform\u00e1ci\u00f3s t\u00e1bl\u00e1k a k\u00f6vetkez\u0151 t\u00e9m\u00e1kkal is foglalkoznak:\u00a0<strong>geol\u00f3gi\u00e1ban, n\u00f6v\u00e9nytanban \u00e9s \u00e1llattanban<\/strong> a k\u00f6rnyez\u0151 t\u00e1jr\u00f3l. \u00cdgy a l\u00e1togat\u00f3 egy s\u00e9t\u00e1t k\u00f6vet\u0151en alapvet\u0151 \u00e1ttekint\u00e9st kap arr\u00f3l, hogy milyen \u00f6sszef\u00fcgg\u00e9sek vannak a geol\u00f3giai viszonyok, a b\u00e1ny\u00e1szat t\u00f6rt\u00e9nete \u00e9s a term\u00e9szet mai arculata k\u00f6z\u00f6tt.\u00a0<\/p>\n\n\n\n<p class=\"wp-block-paragraph\">A ter\u00fclet egyik fontos eleme \u00e9ppen a denev\u00e9rek. A volt b\u00e1ny\u00e1k f\u00f6ldalatti terei fontos telel\u0151helyet jelentenek sz\u00e1mukra, \u00e9s \u00e9ppen ez\u00e9rt a ter\u00fcletet&nbsp;<strong>1964-ben a Dubnica-i b\u00e1nyater\u00fcletet v\u00e9dett ter\u00fclett\u00e9 nyilv\u00e1n\u00edtott\u00e1k<\/strong>.&nbsp;<\/p>\n\n\n\n<h2 class=\"wp-block-heading\">V\u00e9dett ter\u00fclet<\/h2>\n\n\n\n<p class=\"wp-block-paragraph\">Az ismeretterjeszt\u0151 tan\u00f6sv\u00e9ny egy olyan ter\u00fcleten tal\u00e1lhat\u00f3, ahol&nbsp;<strong>4. term\u00e9szetv\u00e9delmi fokozat<\/strong>. C\u00e9lja ez\u00e9rt nem csup\u00e1n a szlov\u00e1k op\u00e1lb\u00e1ny\u00e1k t\u00f6rt\u00e9nelmi \u00f6r\u00f6ks\u00e9g\u00e9nek bemutat\u00e1sa, hanem egy\u00fattal felh\u00edvni a figyelmet a helyi \u00e9l\u0151helyek v\u00e9delm\u00e9nek fontoss\u00e1g\u00e1ra \u00e9s a term\u00e9szetben val\u00f3 felel\u0151ss\u00e9gteljes viselked\u00e9sre is. Az inform\u00e1ci\u00f3s t\u00e1bl\u00e1k a fenntarthat\u00f3 erd\u0151gazd\u00e1lkod\u00e1s t\u00e9m\u00e1j\u00e1t is \u00e9rintik.&nbsp;<\/p>\n\n\n\n<p class=\"wp-block-paragraph\">A tan\u00f6sv\u00e9ny a Szlov\u00e1k Op\u00e1lb\u00e1ny\u00e1k, a Szlov\u00e1k Erd\u0151gazdas\u00e1g \u00e9s a Pre\u0161ov-i Region\u00e1lis Term\u00e9szetv\u00e9delmi K\u00f6zpont egy\u00fcttm\u0171k\u00f6d\u00e9s\u00e9ben j\u00f6tt l\u00e9tre. Az inform\u00e1ci\u00f3s t\u00e1bl\u00e1k szlov\u00e1k \u00e9s angol nyelven is olvashat\u00f3k, \u00edgy a helysz\u00edn k\u00fclf\u00f6ldi l\u00e1togat\u00f3k sz\u00e1m\u00e1ra is alkalmas. A t\u00fara\u00fatvonalra a bel\u00e9p\u00e9s ingyenes, \u00e9s az \u00fczemeltet\u0151 szerint gyermekek \u00e9s feln\u0151ttek sz\u00e1m\u00e1ra egyar\u00e1nt alkalmas.\u00a0<\/p>\n\n\n\n<h2 class=\"wp-block-heading\">Kir\u00e1ndul\u00e1s a t\u00f6rt\u00e9nelem \u00e9s a term\u00e9szet nyom\u00e1ban<\/h2>\n\n\n\n<p class=\"wp-block-paragraph\">A \u201eSzlov\u00e1k op\u00e1lb\u00e1ny\u00e1k\u201d tan\u00f6sv\u00e9ny kiv\u00e1l\u00f3 kieg\u00e9sz\u00edt\u0151je a l\u00e1togat\u00e1snak&nbsp;<strong>A szlov\u00e1k op\u00e1lb\u00e1ny\u00e1k Dubn\u00edkban<\/strong>. M\u00edg a b\u00e1nyater\u00fcletek bej\u00e1r\u00e1sa a l\u00e1togat\u00f3knak bemutatja a b\u00e1ny\u00e1szok \u00e9let\u00e9t \u00e9s mag\u00e1t a b\u00e1ny\u00e1szatot, az ismeretterjeszt\u0151 \u00fatvonal lehet\u0151s\u00e9get ny\u00fajt a t\u00f6rt\u00e9nelmi b\u00e1nyavid\u00e9k t\u00e1gabb ter\u00fclet\u00e9nek \u00e9s term\u00e9szeti \u00e9rt\u00e9keinek megismer\u00e9s\u00e9re.<\/p>\n\n\n\n<p class=\"wp-block-paragraph\">A turist\u00e1k sz\u00e1m\u00e1ra ez a k\u00f6r\u00fclbel\u00fcl 1,5 kilom\u00e9teres k\u00f6r\u00fat lehet\u0151s\u00e9get ny\u00fajt egy nyugodtabb erdei s\u00e9t\u00e1ra, amely sor\u00e1n rengeteg inform\u00e1ci\u00f3t kaphatnak az op\u00e1lr\u00f3l, a b\u00e1ny\u00e1szatr\u00f3l \u00e9s a Slansk\u00e9-hegys\u00e9gr\u0151l. Ez teh\u00e1t egy \u00e9rdekes tipp a&nbsp;<strong>kir\u00e1ndul\u00e1s Pre\u0161ov k\u00f6rny\u00e9k\u00e9n<\/strong>, amely \u00f6sszek\u00f6ti a term\u00e9szeti k\u00f6rnyezetet \u00e9s a szlov\u00e1kiai egyik legjelent\u0151sebb op\u00e1l-lel\u0151hely t\u00f6rt\u00e9net\u00e9t.&nbsp;<\/p>\n\n\n\n<p class=\"wp-block-paragraph\">Forr\u00e1s: OOCR R\u0160<br>A fot\u00f3k forr\u00e1sa: OOCR R\u0160<\/p>","protected":false},"featured_media":6193,"template":"","meta":{"_acf_changed":true},"kategoria-poi":[191,105,276,100,102],"lokalita":[28],"sezona-poi":[12],"trvanie-vyletu":[180],"class_list":["post-6191","pre-rodiny","type-pre-rodiny","status-publish","has-post-thumbnail","hentry","kategoria-poi-geopark-slanske-vrchy","kategoria-poi-historia","kategoria-poi-naucny-chodnik","kategoria-poi-pre-rodiny","kategoria-poi-prirodne-krasy","lokalita-presov-a-okolie","sezona-poi-celorocne","trvanie-vyletu-poldenne-vylety"],"acf":[],"_links":{"self":[{"href":"https:\/\/www.regionsaris.sk\/hu\/wp-json\/wp\/v2\/pre-rodiny\/6191","targetHints":{"allow":["GET"]}}],"collection":[{"href":"https:\/\/www.regionsaris.sk\/hu\/wp-json\/wp\/v2\/pre-rodiny"}],"about":[{"href":"https:\/\/www.regionsaris.sk\/hu\/wp-json\/wp\/v2\/types\/pre-rodiny"}],"wp:featuredmedia":[{"embeddable":true,"href":"https:\/\/www.regionsaris.sk\/hu\/wp-json\/wp\/v2\/media\/6193"}],"wp:attachment":[{"href":"https:\/\/www.regionsaris.sk\/hu\/wp-json\/wp\/v2\/media?parent=6191"}],"wp:term":[{"taxonomy":"kategoria-poi","embeddable":true,"href":"https:\/\/www.regionsaris.sk\/hu\/wp-json\/wp\/v2\/kategoria-poi?post=6191"},{"taxonomy":"lokalita","embeddable":true,"href":"https:\/\/www.regionsaris.sk\/hu\/wp-json\/wp\/v2\/lokalita?post=6191"},{"taxonomy":"sezona-poi","embeddable":true,"href":"https:\/\/www.regionsaris.sk\/hu\/wp-json\/wp\/v2\/sezona-poi?post=6191"},{"taxonomy":"trvanie-vyletu","embeddable":true,"href":"https:\/\/www.regionsaris.sk\/hu\/wp-json\/wp\/v2\/trvanie-vyletu?post=6191"}],"curies":[{"name":"wp","href":"https:\/\/api.w.org\/{rel}","templated":true}]}}

A szlovák opálbányák tanösvénye

<p class="wp-block-paragraph"><strong>A szlovák opálbányák tanösvénye</strong> megismerteti a látogatókkal a bányászat története, a drágakő opál és a természet egyedülálló összefonódását <a href="https://slanskevrchy.com" target="_blank" rel="noopener">Slanské hegyek</a>. Az útvonal <strong>A Dubnické bányák védett területe</strong>, konkrétan a Libanka nevű történelmi bányaterületen, ahol megmaradtak a drága opál kitermeléséhez kapcsolódó régi bányaművek. </p>



<h2 class="wp-block-heading">A drága opál kitermelésének nyomában</h2>



<p class="wp-block-paragraph">A tanösvény hossza körülbelül&nbsp;<strong>1,5 kilométer</strong>&nbsp;és a látogatók számára 14 információs táblát kínál. Ezek bemutatják az opál keletkezését és tulajdonságait, a kitermelés történetét, kiválasztott bányaműveket, valamint a környező terület természeti adottságait is. Egy külön rész a denevéreknek van szentelve, amelyek a bányászati tevékenység befejezése után a kiterjedt földalatti terekben megfelelő feltételeket találtak a teleléshez.&nbsp;</p>



<p class="wp-block-paragraph"><a href="https://www.regionsaris.sk/hu/prirodne-krasy/slovenske-opalove-bane/" data-type="prirodne-krasy" data-id="2751">Szlovák opálbányák</a> ezek a helyek a drága opál kitermeléséhez kapcsolódó jelentős helyszínek közé tartoznak Szlovákiában. A tanösvény ezért lehetővé teszi, hogy a bányaterületet egy másik szemszögből is megismerjük – nem csupán történelmi bányatelepként, hanem értékes természeti területként is.</p>



<h2 class="wp-block-heading">A Slanské-hegység természete</h2>



<p class="wp-block-paragraph">Az útvonal erdős környezetben halad <a href="https://slanskevrchy.com" target="_blank" rel="noopener">Slanské hegyek</a>, miközben az információs táblák a következő témákkal is foglalkoznak: <strong>geológiában, növénytanban és állattanban</strong> a környező tájról. Így a látogató egy sétát követően alapvető áttekintést kap arról, hogy milyen összefüggések vannak a geológiai viszonyok, a bányászat története és a természet mai arculata között. </p>



<p class="wp-block-paragraph">A terület egyik fontos eleme éppen a denevérek. A volt bányák földalatti terei fontos telelőhelyet jelentenek számukra, és éppen ezért a területet&nbsp;<strong>1964-ben a Dubnica-i bányaterületet védett területté nyilvánították</strong>.&nbsp;</p>



<h2 class="wp-block-heading">Védett terület</h2>



<p class="wp-block-paragraph">Az ismeretterjesztő tanösvény egy olyan területen található, ahol&nbsp;<strong>4. természetvédelmi fokozat</strong>. Célja ezért nem csupán a szlovák opálbányák történelmi örökségének bemutatása, hanem egyúttal felhívni a figyelmet a helyi élőhelyek védelmének fontosságára és a természetben való felelősségteljes viselkedésre is. Az információs táblák a fenntartható erdőgazdálkodás témáját is érintik.&nbsp;</p>



<p class="wp-block-paragraph">A tanösvény a Szlovák Opálbányák, a Szlovák Erdőgazdaság és a Prešov-i Regionális Természetvédelmi Központ együttműködésében jött létre. Az információs táblák szlovák és angol nyelven is olvashatók, így a helyszín külföldi látogatók számára is alkalmas. A túraútvonalra a belépés ingyenes, és az üzemeltető szerint gyermekek és felnőttek számára egyaránt alkalmas. </p>



<h2 class="wp-block-heading">Kirándulás a történelem és a természet nyomában</h2>



<p class="wp-block-paragraph">A „Szlovák opálbányák” tanösvény kiváló kiegészítője a látogatásnak&nbsp;<strong>A szlovák opálbányák Dubníkban</strong>. Míg a bányaterületek bejárása a látogatóknak bemutatja a bányászok életét és magát a bányászatot, az ismeretterjesztő útvonal lehetőséget nyújt a történelmi bányavidék tágabb területének és természeti értékeinek megismerésére.</p>



<p class="wp-block-paragraph">A turisták számára ez a körülbelül 1,5 kilométeres körút lehetőséget nyújt egy nyugodtabb erdei sétára, amely során rengeteg információt kaphatnak az opálról, a bányászatról és a Slanské-hegységről. Ez tehát egy érdekes tipp a&nbsp;<strong>kirándulás Prešov környékén</strong>, amely összeköti a természeti környezetet és a szlovákiai egyik legjelentősebb opál-lelőhely történetét.&nbsp;</p>



<p class="wp-block-paragraph">Forrás: OOCR RŠ<br>A fotók forrása: OOCR RŠ</p>
