{"id":6187,"date":"2026-09-04T12:28:53","date_gmt":"2026-09-04T11:28:53","guid":{"rendered":"https:\/\/www.regionsaris.sk\/?post_type=pre-rodiny&#038;p=6187"},"modified":"2026-09-04T12:28:54","modified_gmt":"2026-09-04T11:28:54","slug":"rozhladna-na-malkovskej-horke","status":"publish","type":"pre-rodiny","link":"https:\/\/www.regionsaris.sk\/hu\/pre-rodiny\/rozhladna-na-malkovskej-horke\/","title":{"rendered":"A Malkovsk\u00e1-hegyi kil\u00e1t\u00f3"},"content":{"rendered":"<p class=\"wp-block-paragraph\"><strong>A Malkovsk\u00e1-hegyi kil\u00e1t\u00f3<\/strong>\u00a0a k\u00f6rny\u00e9k egyik legn\u00e9pszer\u0171bb kil\u00e1t\u00f3pontja <a href=\"https:\/\/www.regionsaris.sk\/hu\/lokalita\/mesto-presov\/\" data-type=\"lokalita\" data-id=\"26\">Pre\u0161ov<\/a>. A Cemjata erdei parkban tal\u00e1lhat\u00f3, a Malkovsk\u00e1 h\u00f4rka cs\u00facs\u00e1n, k\u00f6r\u00fclbel\u00fcl 497 m tengerszint feletti magass\u00e1gban. A 19,6 m\u00e9ter magas, f\u00e1b\u00f3l k\u00e9sz\u00fclt kil\u00e1t\u00f3toronyb\u00f3l sz\u00e9les kil\u00e1t\u00e1s ny\u00edlik a \u0160ari\u0161-vid\u00e9kre.\u00a0<\/p>\n\n\n\n<h2 class=\"wp-block-heading\">Kil\u00e1t\u00e1s \u0160ari\u0161ra \u00e9s Pre\u0161ov k\u00f6rny\u00e9k\u00e9re<\/h2>\n\n\n\n<p class=\"wp-block-paragraph\">A kil\u00e1t\u00f3teraszr\u00f3l gy\u00f6ny\u00f6r\u0171 panor\u00e1ma ny\u00edlik a k\u00f6rnyez\u0151 t\u00e1jra. J\u00f3 l\u00e1t\u00e1si viszonyok mellett megfigyelhet\u0151\u00a0<strong><a href=\"https:\/\/www.regionsaris.sk\/hu\/lokalita\/mesto-presov\/\" data-type=\"lokalita\" data-id=\"26\">Pre\u0161ov<\/a>, <a href=\"https:\/\/www.regionsaris.sk\/hu\/historia\/hrad-saris\/\" data-type=\"historia\" data-id=\"2065\">\u0160ari\u0161 v\u00e1r<\/a>, <a href=\"https:\/\/www.regionsaris.sk\/hu\/historia\/kapusiansky-hrad\/\" data-type=\"historia\" data-id=\"2066\">Kapu\u0161ian v\u00e1r<\/a>, <a href=\"https:\/\/pohoriecergov.sk\" target=\"_blank\" rel=\"noopener\">a \u010cergov-hegys\u00e9g<\/a>, <a href=\"https:\/\/slanskevrchy.com\" target=\"_blank\" rel=\"noopener\">Slansk\u00e9 vrchy<\/a> \u00e9s a cs\u00facs <a href=\"https:\/\/www.regionsaris.sk\/hu\/prirodne-krasy\/straz\/\" data-type=\"prirodne-krasy\" data-id=\"3020\">\u0150rs\u00e9g<\/a><\/strong>. A kil\u00e1t\u00f3 \u00edgy \u00e9rdekes r\u00e1l\u00e1t\u00e1st ny\u00fajt a r\u00e9gi\u00f3 term\u00e9szeti \u00e9s t\u00f6rt\u00e9nelmi nevezetess\u00e9geire.\u00a0<\/p>\n\n\n\n<p class=\"wp-block-paragraph\">Maga a Malkovsk\u00e1 h\u00f4rka a Cemjata erdei park r\u00e9sze, amely ide\u00e1lis k\u00f6r\u00fclm\u00e9nyeket biztos\u00edt r\u00f6videbb s\u00e9t\u00e1khoz \u00e9s kir\u00e1ndul\u00e1sokhoz a term\u00e9szetben. A kil\u00e1t\u00f3hoz vezet\u0151 kir\u00e1ndul\u00e1st \u00f6sszekapcsolhatjuk a Pre\u0161ov k\u00f6rny\u00e9ki egy\u00e9b \u00fatvonalakkal, \u00e9s \u00edgy hosszabb t\u00fara- vagy ker\u00e9kp\u00e1ros k\u00f6rutat alak\u00edthatunk ki.<\/p>\n\n\n\n<h2 class=\"wp-block-heading\">T\u00far\u00e1z\u00e1s \u00e9s ker\u00e9kp\u00e1roz\u00e1s<\/h2>\n\n\n\n<p class=\"wp-block-paragraph\">A kil\u00e1t\u00f3hoz t\u00f6bb jelzett \u00fatvonal is vezet. Megk\u00f6zel\u00edthet\u0151 p\u00e9ld\u00e1ul Hanisk\u00e1b\u00f3l Pre\u0161ov k\u00f6zel\u00e9ben, Radat\u00edcb\u00f3l, Janovb\u00f3l, Cemjat\u00e1b\u00f3l vagy <a href=\"https:\/\/www.regionsaris.sk\/hu\/nabozensky-turizmus\/kalvaria\/\" data-type=\"nabozensky-turizmus\" data-id=\"2607\">a pre\u0161ovi K\u00e1lv\u00e1ria<\/a>. Sz\u00e1mos megk\u00f6zel\u00edt\u00e9si \u00fatvonal r\u00f6vid, \u00e9s a region\u00e1lis turisztikai port\u00e1l szerint ezek t\u00f6bbs\u00e9ge nem haladja meg a k\u00f6r\u00fclbel\u00fcl 2 kilom\u00e9tert.\u00a0<\/p>\n\n\n\n<p class=\"wp-block-paragraph\">\u00c9rdekes lehet\u0151s\u00e9g a Kalv\u00e1ria fel\u0151l vezet\u0151 \u00fatvonal is, amely a \u201eTri jarky\u201d n\u00e9ven ismert, \u00e9s a ker\u00e9kp\u00e1rosok sz\u00e1m\u00e1ra hegyi t\u00fara\u00fatvonalk\u00e9nt szolg\u00e1l. A kil\u00e1t\u00f3 k\u00f6rny\u00e9ke nemcsak gyalogos t\u00far\u00e1z\u00e1sra, hanem ker\u00e9kp\u00e1roz\u00e1sra is alkalmas. Az erdei utak \u00e9s \u00f6sv\u00e9nyek lehet\u0151v\u00e9 teszik, hogy a Malkovsk\u00e1 h\u00f4rka r\u00e9sze legyen egy akt\u00edv kir\u00e1ndul\u00e1snak Pre\u0161ov k\u00f6rny\u00e9k\u00e9n.\u00a0<\/p>\n\n\n\n<h2 class=\"wp-block-heading\">Hely egy r\u00f6vid kir\u00e1ndul\u00e1sra<\/h2>\n\n\n\n<p class=\"wp-block-paragraph\">A kil\u00e1t\u00f3 el\u0151nye, hogy a megyei sz\u00e9khely k\u00f6zel\u00e9ben tal\u00e1lhat\u00f3. A l\u00e1togat\u00e1s ez\u00e9rt nem felt\u00e9tlen\u00fcl jelenti egy eg\u00e9sz napos t\u00far\u00e1t \u2013 r\u00e9sze lehet egy r\u00f6videbb s\u00e9t\u00e1nak vagy egy spont\u00e1n kir\u00e1ndul\u00e1snak a term\u00e9szetbe. Az \u00fatvonal ment\u00e9n pavilonok \u00e9s padok tal\u00e1lhat\u00f3k, amelyek lehet\u0151s\u00e9get ny\u00fajtanak a pihen\u00e9sre.\u00a0<\/p>\n\n\n\n<p class=\"wp-block-paragraph\">A Malkovsk\u00e1 h\u00f4rka kil\u00e1t\u00f3ja \u00edgy kiv\u00e1l\u00f3 v\u00e1laszt\u00e1s azoknak a l\u00e1togat\u00f3knak, akik a term\u00e9szetben t\u00f6lt\u00f6tt id\u0151t panor\u00e1m\u00e1s kil\u00e1t\u00e1ssal szeretn\u00e9k \u00f6tv\u00f6zni. Mivel t\u00f6bb ir\u00e1nyb\u00f3l is megk\u00f6zel\u00edthet\u0151, Pre\u0161ov k\u00f6zvetlen k\u00f6rnyezet\u00e9nek egyik leg\u00e9rdekesebb kir\u00e1ndul\u00f3helye.<\/p>\n\n\n\n<p class=\"wp-block-paragraph\">Forr\u00e1s: OOCR R\u0160<br>A fot\u00f3k forr\u00e1sa: OOCR R\u0160<\/p>","protected":false},"featured_media":6188,"template":"","meta":{"_acf_changed":true},"kategoria-poi":[193,100,275,107],"lokalita":[28],"sezona-poi":[12],"trvanie-vyletu":[180,194],"class_list":["post-6187","pre-rodiny","type-pre-rodiny","status-publish","has-post-thumbnail","hentry","kategoria-poi-cyklo-pre-rodiny","kategoria-poi-pre-rodiny","kategoria-poi-rozhladne","kategoria-poi-turistika","lokalita-presov-a-okolie","sezona-poi-celorocne","trvanie-vyletu-poldenne-vylety","trvanie-vyletu-skolske-vylety"],"acf":[],"_links":{"self":[{"href":"https:\/\/www.regionsaris.sk\/hu\/wp-json\/wp\/v2\/pre-rodiny\/6187","targetHints":{"allow":["GET"]}}],"collection":[{"href":"https:\/\/www.regionsaris.sk\/hu\/wp-json\/wp\/v2\/pre-rodiny"}],"about":[{"href":"https:\/\/www.regionsaris.sk\/hu\/wp-json\/wp\/v2\/types\/pre-rodiny"}],"wp:featuredmedia":[{"embeddable":true,"href":"https:\/\/www.regionsaris.sk\/hu\/wp-json\/wp\/v2\/media\/6188"}],"wp:attachment":[{"href":"https:\/\/www.regionsaris.sk\/hu\/wp-json\/wp\/v2\/media?parent=6187"}],"wp:term":[{"taxonomy":"kategoria-poi","embeddable":true,"href":"https:\/\/www.regionsaris.sk\/hu\/wp-json\/wp\/v2\/kategoria-poi?post=6187"},{"taxonomy":"lokalita","embeddable":true,"href":"https:\/\/www.regionsaris.sk\/hu\/wp-json\/wp\/v2\/lokalita?post=6187"},{"taxonomy":"sezona-poi","embeddable":true,"href":"https:\/\/www.regionsaris.sk\/hu\/wp-json\/wp\/v2\/sezona-poi?post=6187"},{"taxonomy":"trvanie-vyletu","embeddable":true,"href":"https:\/\/www.regionsaris.sk\/hu\/wp-json\/wp\/v2\/trvanie-vyletu?post=6187"}],"curies":[{"name":"wp","href":"https:\/\/api.w.org\/{rel}","templated":true}]}}

A Malkovská-hegyi kilátó

<p class="wp-block-paragraph"><strong>A Malkovská-hegyi kilátó</strong> a környék egyik legnépszerűbb kilátópontja <a href="https://www.regionsaris.sk/hu/lokalita/mesto-presov/" data-type="lokalita" data-id="26">Prešov</a>. A Cemjata erdei parkban található, a Malkovská hôrka csúcsán, körülbelül 497 m tengerszint feletti magasságban. A 19,6 méter magas, fából készült kilátótoronyból széles kilátás nyílik a Šariš-vidékre. </p>



<h2 class="wp-block-heading">Kilátás Šarišra és Prešov környékére</h2>



<p class="wp-block-paragraph">A kilátóteraszról gyönyörű panoráma nyílik a környező tájra. Jó látási viszonyok mellett megfigyelhető <strong><a href="https://www.regionsaris.sk/hu/lokalita/mesto-presov/" data-type="lokalita" data-id="26">Prešov</a>, <a href="https://www.regionsaris.sk/hu/historia/hrad-saris/" data-type="historia" data-id="2065">Šariš vár</a>, <a href="https://www.regionsaris.sk/hu/historia/kapusiansky-hrad/" data-type="historia" data-id="2066">Kapušian vár</a>, <a href="https://pohoriecergov.sk" target="_blank" rel="noopener">a Čergov-hegység</a>, <a href="https://slanskevrchy.com" target="_blank" rel="noopener">Slanské vrchy</a> és a csúcs <a href="https://www.regionsaris.sk/hu/prirodne-krasy/straz/" data-type="prirodne-krasy" data-id="3020">Őrség</a></strong>. A kilátó így érdekes rálátást nyújt a régió természeti és történelmi nevezetességeire. </p>



<p class="wp-block-paragraph">Maga a Malkovská hôrka a Cemjata erdei park része, amely ideális körülményeket biztosít rövidebb sétákhoz és kirándulásokhoz a természetben. A kilátóhoz vezető kirándulást összekapcsolhatjuk a Prešov környéki egyéb útvonalakkal, és így hosszabb túra- vagy kerékpáros körutat alakíthatunk ki.</p>



<h2 class="wp-block-heading">Túrázás és kerékpározás</h2>



<p class="wp-block-paragraph">A kilátóhoz több jelzett útvonal is vezet. Megközelíthető például Haniskából Prešov közelében, Radatícból, Janovból, Cemjatából vagy <a href="https://www.regionsaris.sk/hu/nabozensky-turizmus/kalvaria/" data-type="nabozensky-turizmus" data-id="2607">a prešovi Kálvária</a>. Számos megközelítési útvonal rövid, és a regionális turisztikai portál szerint ezek többsége nem haladja meg a körülbelül 2 kilométert. </p>



<p class="wp-block-paragraph">Érdekes lehetőség a Kalvária felől vezető útvonal is, amely a „Tri jarky” néven ismert, és a kerékpárosok számára hegyi túraútvonalként szolgál. A kilátó környéke nemcsak gyalogos túrázásra, hanem kerékpározásra is alkalmas. Az erdei utak és ösvények lehetővé teszik, hogy a Malkovská hôrka része legyen egy aktív kirándulásnak Prešov környékén. </p>



<h2 class="wp-block-heading">Hely egy rövid kirándulásra</h2>



<p class="wp-block-paragraph">A kilátó előnye, hogy a megyei székhely közelében található. A látogatás ezért nem feltétlenül jelenti egy egész napos túrát – része lehet egy rövidebb sétának vagy egy spontán kirándulásnak a természetbe. Az útvonal mentén pavilonok és padok találhatók, amelyek lehetőséget nyújtanak a pihenésre. </p>



<p class="wp-block-paragraph">A Malkovská hôrka kilátója így kiváló választás azoknak a látogatóknak, akik a természetben töltött időt panorámás kilátással szeretnék ötvözni. Mivel több irányból is megközelíthető, Prešov közvetlen környezetének egyik legérdekesebb kirándulóhelye.</p>



<p class="wp-block-paragraph">Forrás: OOCR RŠ<br>A fotók forrása: OOCR RŠ</p>
