{"id":6167,"date":"2026-09-04T09:48:46","date_gmt":"2026-09-04T08:48:46","guid":{"rendered":"https:\/\/www.regionsaris.sk\/?post_type=pre-rodiny&#038;p=6167"},"modified":"2026-09-04T09:48:47","modified_gmt":"2026-09-04T08:48:47","slug":"obria-hojdacka-buce","status":"publish","type":"pre-rodiny","link":"https:\/\/www.regionsaris.sk\/hu\/pre-rodiny\/obria-hojdacka-buce\/","title":{"rendered":"A B\u00fa\u010de-i \u00f3ri\u00e1s hintal\u00f3"},"content":{"rendered":"<p class=\"wp-block-paragraph\"><strong>A Bu\u010de-i \u00f3ri\u00e1s hintal\u00f3<\/strong>&nbsp;a Bachure\u0148-hegys\u00e9g \u00faj turisztikai l\u00e1tv\u00e1nyoss\u00e1ga, amely a t\u00fara k\u00f6zbeni pihen\u00e9st a k\u00f6rnyez\u0151 hegyvid\u00e9kekre ny\u00edl\u00f3 kil\u00e1t\u00e1ssal \u00f6tv\u00f6zi. A Bu\u010de-h\u00e1g\u00f3n tal\u00e1lhat\u00f3, a Ren\u010di\u0161ov\u2013Bu\u010de telep\u00fcl\u00e9s feletti kereszt k\u00f6zel\u00e9ben, k\u00f6r\u00fclbel\u00fcl 700 m\u00e9terre a cs\u00facst\u00f3l&nbsp;<strong>Bu\u010de, 1005 m\u00e9teres tengerszint feletti magass\u00e1ggal<\/strong>.<\/p>\n\n\n\n<p class=\"wp-block-paragraph\">A hintal\u00f3 egy ny\u00edlt, r\u00e9tes jelleg\u0171 hegyvid\u00e9ki t\u00e1jban \u00e1ll, \u00edgy sz\u00e9les kil\u00e1t\u00e1st ny\u00fajt a k\u00f6rnyez\u0151 t\u00e1jra. Ugyanakkor a Bachure\u0148en \u00e1tvezet\u0151 t\u00fara\u00fatvonalak egyik jellegzetes t\u00e1j\u00e9koz\u00f3d\u00e1si pontja \u00e9s fot\u00f3helysz\u00edne is.<\/p>\n\n\n\n<h2 class=\"wp-block-heading\">\u00d3ri\u00e1si fa hinta<\/h2>\n\n\n\n<p class=\"wp-block-paragraph\">A fa hinta magass\u00e1ga k\u00f6r\u00fclbel\u00fcl&nbsp;<strong>\u00f6t m\u00e9ter<\/strong>&nbsp;\u00e9s egyszerre ak\u00e1r \u00f6t szem\u00e9ly is haszn\u00e1lhatja. A f\u0151\u00fcl\u00e9s h\u00e1tt\u00e1ml\u00e1val van ell\u00e1tva, oldalain pedig k\u00e9t kisebb \u00fcl\u00e9s tal\u00e1lhat\u00f3.<\/p>\n\n\n\n<p class=\"wp-block-paragraph\">Elhelyezked\u00e9se tiszteletben tartja a helysz\u00edn term\u00e9szetes jelleg\u00e9t, \u00e9s lehet\u0151s\u00e9get ny\u00fajt egy r\u00f6vid pihen\u0151re gyalogos vagy ker\u00e9kp\u00e1ros t\u00fara k\u00f6zben. M\u00e9ret\u00e9nek k\u00f6sz\u00f6nhet\u0151en a hintal\u00f3 m\u00e1r nagyobb t\u00e1vols\u00e1gb\u00f3l is j\u00f3l l\u00e1that\u00f3, \u00e9s term\u00e9szetesen kieg\u00e9sz\u00edti a hegyvid\u00e9k ezen r\u00e9sz\u00e9nek turisztikai infrastrukt\u00far\u00e1j\u00e1t.<\/p>\n\n\n\n<h2 class=\"wp-block-heading\">Kil\u00e1t\u00e1sok a Bu\u010de telep\u00fcl\u00e9sr\u0151l<\/h2>\n\n\n\n<p class=\"wp-block-paragraph\">A hely egyik legnagyobb l\u00e1tv\u00e1nyoss\u00e1ga a\u00a0<strong>kil\u00e1t\u00e1s a k\u00f6rnyez\u0151 hegyvid\u00e9kekre<\/strong>. A ny\u00edlt r\u00e9tes lejt\u0151kr\u0151l p\u00e9ld\u00e1ul Branisko, az Alacsony-T\u00e1tr\u00e1k keleti r\u00e9sze, a Beli\u00e1n-T\u00e1tr\u00e1k l\u00e1that\u00f3k, <a href=\"https:\/\/pohoriecergov.sk\" target=\"_blank\" rel=\"noopener\">Chergov<\/a> vagy <a href=\"https:\/\/slanskevrchy.com\" target=\"_blank\" rel=\"noopener\">Slansk\u00e9 vrchy<\/a>.<\/p>\n\n\n\n<p class=\"wp-block-paragraph\">A legszebb kil\u00e1t\u00e1sok k\u00f6zvetlen\u00fcl a hegygerinc-szakaszokr\u00f3l ny\u00edlnak, ez\u00e9rt \u00e9rdemes a hint\u00e1t megl\u00e1togatni, majd tov\u00e1bbhaladni a t\u00fara\u00fatvonalon, \u00e9s nem csak a fot\u00f3pontn\u00e1l maradni.<\/p>\n\n\n\n<h2 class=\"wp-block-heading\">Hogyan juthatunk el a Bu\u010de-hint\u00e1hoz?<\/h2>\n\n\n\n<p class=\"wp-block-paragraph\">A hint\u00e1hoz t\u00f6bb t\u00fara\u00fatvonal is vezet. Az egyik lehet\u0151s\u00e9g az, hogy&nbsp;<strong>\u00fatvonal Lipovce-b\u0151l a s\u00e1rga t\u00farajelz\u00e9s ment\u00e9n<\/strong>, amelynek hossza alig h\u00e1rom kilom\u00e9ter, \u00e9s a szintk\u00fcl\u00f6nbs\u00e9g k\u00f6r\u00fclbel\u00fcl 360 m\u00e9ter. A feljut\u00e1s k\u00f6r\u00fclbel\u00fcl m\u00e1sf\u00e9l \u00f3r\u00e1t vesz ig\u00e9nybe.<\/p>\n\n\n\n<p class=\"wp-block-paragraph\">Tov\u00e1bbi lehet\u0151s\u00e9geket k\u00edn\u00e1lnak az al\u00e1bbi \u00fatvonalak:&nbsp;<strong>La\u010dnova, Ren\u010di\u0161ova vagy Hermanoviec<\/strong>. A ker\u00e9kp\u00e1rosok p\u00e9ld\u00e1ul ig\u00e9nybe vehetik a La\u010dnovb\u00f3l indul\u00f3 z\u00f6ld ker\u00e9kp\u00e1rutat, vagy a Magura-h\u00e1g\u00f3n \u00e1tvezet\u0151, piros jelz\u00e9s\u0171 hosszabb \u00fatvonalat.<\/p>\n\n\n\n<p class=\"wp-block-paragraph\">A helysz\u00edn el\u0151nye, hogy a kir\u00e1ndul\u00e1st k\u00fcl\u00f6nb\u00f6z\u0151 ir\u00e1nyokb\u00f3l is megtervezheti, \u00e9s a hint\u00e1t a Bachure\u0148-hegys\u00e9g m\u00e1s l\u00e1tnival\u00f3ival is \u00f6sszekapcsolhatja.<\/p>\n\n\n\n<h2 class=\"wp-block-heading\">A hint\u00e1k, mint a t\u00fara\u00fatvonal r\u00e9szei<\/h2>\n\n\n\n<p class=\"wp-block-paragraph\">A Bu\u010de-i \u00f3ri\u00e1s hintal\u00f3 nem \u00f6n\u00e1ll\u00f3 l\u00e1tnival\u00f3, hanem els\u0151sorban&nbsp;<strong>a t\u00fara\u00fatvonal egyik meg\u00e1ll\u00f3ja<\/strong>. A k\u00f6rny\u00e9k\u00e9r\u0151l tov\u00e1bb lehet haladni p\u00e9ld\u00e1ul a k\u00f6vetkez\u0151 ir\u00e1nyba:&nbsp;<strong>Mind\u017eov\u00e1 \u00e9s a Mind\u017eov\u00e1 kil\u00e1t\u00f3<\/strong>, amely 13,5 m\u00e9ter magas, \u00e9s a Chot\u00e1rna mened\u00e9kh\u00e1z mellett tal\u00e1lhat\u00f3.<\/p>\n\n\n\n<p class=\"wp-block-paragraph\">Egy m\u00e1sik lehet\u0151s\u00e9g az, hogy a Magura-h\u00e1g\u00f3n \u00e1t vagy La\u010dnov fel\u00e9 folytatjuk az utat. A t\u00far\u00e1t ezut\u00e1n kieg\u00e9sz\u00edthetj\u00fck\u00a0<a href=\"https:\/\/www.regionsaris.sk\/hu\/prirodne-krasy\/lacnovska-tiesnava\/\" data-type=\"prirodne-krasy\" data-id=\"2772\">A La\u010dnov-kanyon<\/a>, <a href=\"https:\/\/www.regionsaris.sk\/hu\/prirodne-krasy\/lacnovska-anomalia\/\" data-type=\"prirodne-krasy\" data-id=\"2774\">A La\u010dnov-i gravit\u00e1ci\u00f3s anom\u00e1lia<\/a>, <a href=\"https:\/\/www.regionsaris.sk\/hu\/prirodne-krasy\/vyhliadka-srdiecko-lipovce\/\" data-type=\"prirodne-krasy\" data-id=\"3005\">a Srdie\u010dko kil\u00e1t\u00f3<\/a> vagy <a href=\"https:\/\/www.regionsaris.sk\/hu\/prirodne-krasy\/jaskyna-zla-diera-2\/\" data-type=\"prirodne-krasy\" data-id=\"5971\">a Zl\u00e1 diera barlangot<\/a>.<\/p>\n\n\n\n<p class=\"wp-block-paragraph\">A Bu\u010de-i \u00f3ri\u00e1s hinta \u00edgy praktikus meg\u00e1ll\u00f3helyet jelent a felfedez\u0151\u00fat sor\u00e1n&nbsp;<strong>a Bachure\u0148-hegys\u00e9g \u00e9s a \u0160ari\u0161 term\u00e9szeti l\u00e1tnival\u00f3i<\/strong>. A kil\u00e1t\u00e1sok, a t\u00fara\u00fatvonalak \u00e9s a k\u00f6zeli term\u00e9szeti l\u00e1tnival\u00f3k kombin\u00e1ci\u00f3j\u00e1nak k\u00f6sz\u00f6nhet\u0151en ez a hely ak\u00e1r egy r\u00f6vid kir\u00e1ndul\u00e1s, ak\u00e1r egy hosszabb, eg\u00e9sz napos t\u00fara r\u00e9sze is lehet.<\/p>\n\n\n\n<p class=\"wp-block-paragraph\">Forr\u00e1s: Pre\u0161ov r\u00e9gi\u00f3<br>A fot\u00f3k forr\u00e1sa: Pre\u0161ov Region<\/p>","protected":false},"featured_media":6168,"template":"","meta":{"_acf_changed":true},"kategoria-poi":[100,107,273],"lokalita":[28],"sezona-poi":[13,15,14],"trvanie-vyletu":[180],"class_list":["post-6167","pre-rodiny","type-pre-rodiny","status-publish","has-post-thumbnail","hentry","kategoria-poi-pre-rodiny","kategoria-poi-turistika","kategoria-poi-zaujimavosti","lokalita-presov-a-okolie","sezona-poi-jar","sezona-poi-jesen","sezona-poi-leto","trvanie-vyletu-poldenne-vylety"],"acf":[],"_links":{"self":[{"href":"https:\/\/www.regionsaris.sk\/hu\/wp-json\/wp\/v2\/pre-rodiny\/6167","targetHints":{"allow":["GET"]}}],"collection":[{"href":"https:\/\/www.regionsaris.sk\/hu\/wp-json\/wp\/v2\/pre-rodiny"}],"about":[{"href":"https:\/\/www.regionsaris.sk\/hu\/wp-json\/wp\/v2\/types\/pre-rodiny"}],"wp:featuredmedia":[{"embeddable":true,"href":"https:\/\/www.regionsaris.sk\/hu\/wp-json\/wp\/v2\/media\/6168"}],"wp:attachment":[{"href":"https:\/\/www.regionsaris.sk\/hu\/wp-json\/wp\/v2\/media?parent=6167"}],"wp:term":[{"taxonomy":"kategoria-poi","embeddable":true,"href":"https:\/\/www.regionsaris.sk\/hu\/wp-json\/wp\/v2\/kategoria-poi?post=6167"},{"taxonomy":"lokalita","embeddable":true,"href":"https:\/\/www.regionsaris.sk\/hu\/wp-json\/wp\/v2\/lokalita?post=6167"},{"taxonomy":"sezona-poi","embeddable":true,"href":"https:\/\/www.regionsaris.sk\/hu\/wp-json\/wp\/v2\/sezona-poi?post=6167"},{"taxonomy":"trvanie-vyletu","embeddable":true,"href":"https:\/\/www.regionsaris.sk\/hu\/wp-json\/wp\/v2\/trvanie-vyletu?post=6167"}],"curies":[{"name":"wp","href":"https:\/\/api.w.org\/{rel}","templated":true}]}}

A Búče-i óriás hintaló

<p class="wp-block-paragraph"><strong>A Buče-i óriás hintaló</strong>&nbsp;a Bachureň-hegység új turisztikai látványossága, amely a túra közbeni pihenést a környező hegyvidékekre nyíló kilátással ötvözi. A Buče-hágón található, a Renčišov–Buče település feletti kereszt közelében, körülbelül 700 méterre a csúcstól&nbsp;<strong>Buče, 1005 méteres tengerszint feletti magassággal</strong>.</p>



<p class="wp-block-paragraph">A hintaló egy nyílt, rétes jellegű hegyvidéki tájban áll, így széles kilátást nyújt a környező tájra. Ugyanakkor a Bachureňen átvezető túraútvonalak egyik jellegzetes tájékozódási pontja és fotóhelyszíne is.</p>



<h2 class="wp-block-heading">Óriási fa hinta</h2>



<p class="wp-block-paragraph">A fa hinta magassága körülbelül&nbsp;<strong>öt méter</strong>&nbsp;és egyszerre akár öt személy is használhatja. A főülés háttámlával van ellátva, oldalain pedig két kisebb ülés található.</p>



<p class="wp-block-paragraph">Elhelyezkedése tiszteletben tartja a helyszín természetes jellegét, és lehetőséget nyújt egy rövid pihenőre gyalogos vagy kerékpáros túra közben. Méretének köszönhetően a hintaló már nagyobb távolságból is jól látható, és természetesen kiegészíti a hegyvidék ezen részének turisztikai infrastruktúráját.</p>



<h2 class="wp-block-heading">Kilátások a Buče településről</h2>



<p class="wp-block-paragraph">A hely egyik legnagyobb látványossága a <strong>kilátás a környező hegyvidékekre</strong>. A nyílt rétes lejtőkről például Branisko, az Alacsony-Tátrák keleti része, a Belián-Tátrák láthatók, <a href="https://pohoriecergov.sk" target="_blank" rel="noopener">Chergov</a> vagy <a href="https://slanskevrchy.com" target="_blank" rel="noopener">Slanské vrchy</a>.</p>



<p class="wp-block-paragraph">A legszebb kilátások közvetlenül a hegygerinc-szakaszokról nyílnak, ezért érdemes a hintát meglátogatni, majd továbbhaladni a túraútvonalon, és nem csak a fotópontnál maradni.</p>



<h2 class="wp-block-heading">Hogyan juthatunk el a Buče-hintához?</h2>



<p class="wp-block-paragraph">A hintához több túraútvonal is vezet. Az egyik lehetőség az, hogy&nbsp;<strong>útvonal Lipovce-ből a sárga túrajelzés mentén</strong>, amelynek hossza alig három kilométer, és a szintkülönbség körülbelül 360 méter. A feljutás körülbelül másfél órát vesz igénybe.</p>



<p class="wp-block-paragraph">További lehetőségeket kínálnak az alábbi útvonalak:&nbsp;<strong>Lačnova, Renčišova vagy Hermanoviec</strong>. A kerékpárosok például igénybe vehetik a Lačnovból induló zöld kerékpárutat, vagy a Magura-hágón átvezető, piros jelzésű hosszabb útvonalat.</p>



<p class="wp-block-paragraph">A helyszín előnye, hogy a kirándulást különböző irányokból is megtervezheti, és a hintát a Bachureň-hegység más látnivalóival is összekapcsolhatja.</p>



<h2 class="wp-block-heading">A hinták, mint a túraútvonal részei</h2>



<p class="wp-block-paragraph">A Buče-i óriás hintaló nem önálló látnivaló, hanem elsősorban&nbsp;<strong>a túraútvonal egyik megállója</strong>. A környékéről tovább lehet haladni például a következő irányba:&nbsp;<strong>Mindžová és a Mindžová kilátó</strong>, amely 13,5 méter magas, és a Chotárna menedékház mellett található.</p>



<p class="wp-block-paragraph">Egy másik lehetőség az, hogy a Magura-hágón át vagy Lačnov felé folytatjuk az utat. A túrát ezután kiegészíthetjük <a href="https://www.regionsaris.sk/hu/prirodne-krasy/lacnovska-tiesnava/" data-type="prirodne-krasy" data-id="2772">A Lačnov-kanyon</a>, <a href="https://www.regionsaris.sk/hu/prirodne-krasy/lacnovska-anomalia/" data-type="prirodne-krasy" data-id="2774">A Lačnov-i gravitációs anomália</a>, <a href="https://www.regionsaris.sk/hu/prirodne-krasy/vyhliadka-srdiecko-lipovce/" data-type="prirodne-krasy" data-id="3005">a Srdiečko kilátó</a> vagy <a href="https://www.regionsaris.sk/hu/prirodne-krasy/jaskyna-zla-diera-2/" data-type="prirodne-krasy" data-id="5971">a Zlá diera barlangot</a>.</p>



<p class="wp-block-paragraph">A Buče-i óriás hinta így praktikus megállóhelyet jelent a felfedezőút során&nbsp;<strong>a Bachureň-hegység és a Šariš természeti látnivalói</strong>. A kilátások, a túraútvonalak és a közeli természeti látnivalók kombinációjának köszönhetően ez a hely akár egy rövid kirándulás, akár egy hosszabb, egész napos túra része is lehet.</p>



<p class="wp-block-paragraph">Forrás: Prešov régió<br>A fotók forrása: Prešov Region</p>
