{"id":6120,"date":"2026-09-03T12:40:39","date_gmt":"2026-09-03T11:40:39","guid":{"rendered":"https:\/\/www.regionsaris.sk\/?post_type=pre-rodiny&#038;p=6120"},"modified":"2026-09-03T12:40:40","modified_gmt":"2026-09-03T11:40:40","slug":"archeopark-velky-saris","status":"publish","type":"pre-rodiny","link":"https:\/\/www.regionsaris.sk\/hu\/pre-rodiny\/archeopark-velky-saris\/","title":{"rendered":"Ve\u013ek\u00fd \u0160ari\u0161 R\u00e9g\u00e9szeti Park"},"content":{"rendered":"<p class=\"wp-block-paragraph\"><strong>Ve\u013ek\u00fd \u0160ari\u0161 R\u00e9g\u00e9szeti Park<\/strong>\u00a0egy szokatlan m\u00f3dja annak, hogy megismerj\u00fck a k\u00f6z\u00e9pkori emberek mindennapi \u00e9let\u00e9t. A k\u00f6vetkez\u0151 helyen tal\u00e1lhat\u00f3:\u00a0<strong><a href=\"https:\/\/www.regionsaris.sk\/hu\/historia\/hrad-saris\/\" data-type=\"historia\" data-id=\"2065\">a \u0160ari\u0161-kast\u00e9ly<\/a><\/strong>\u00a0\u00e9s bemutatja, hogyan n\u00e9zhetett ki a v\u00e1r alatti telep\u00fcl\u00e9s k\u00f6r\u00fclbel\u00fcl a 12. sz\u00e1zadban. A l\u00e1togat\u00f3 itt nem csup\u00e1n klasszikus inform\u00e1ci\u00f3s t\u00e1bl\u00e1kat tal\u00e1l, hanem hagyom\u00e1nyos technol\u00f3gi\u00e1kkal \u00e9s term\u00e9szetes anyagokb\u00f3l \u00e9p\u00edtett, rekonstru\u00e1lt \u00e9p\u00fcleteket is. Az archeopark \u00edgy szeml\u00e9letes k\u00e9pet ad arr\u00f3l, hogyan n\u00e9zhettek ki a lak\u00f3\u00e9p\u00fcletek, a gazdas\u00e1gi h\u00e1tt\u00e9r \u00e9s a k\u00f6z\u00e9pkori \u0160ari\u0161 lak\u00f3inak \u00e9lete.\u00a0<\/p>\n\n\n\n<h2 class=\"wp-block-heading\">Hogyan n\u00e9zett ki a k\u00f6z\u00e9pkori v\u00e1r alatti telep\u00fcl\u00e9s?<\/h2>\n\n\n\n<p class=\"wp-block-paragraph\">A Ve\u013ek\u00fd \u0160ari\u0161 Archeopark ter\u00fclete v\u00e9dett&nbsp;<strong>hull\u00e1m alak\u00fa fa er\u0151d\u00edtm\u00e9ny<\/strong>&nbsp;bej\u00e1rati \u0151rtoronnyal. M\u00f6g\u00f6tte egy fel\u00faj\u00edtott \u00e9p\u00fcletegy\u00fcttes tal\u00e1lhat\u00f3, amely a k\u00f6z\u00e9pkori k\u00f6z\u00f6ss\u00e9g \u00e9let\u00e9nek k\u00fcl\u00f6nb\u00f6z\u0151 aspektusait mutatja be. A domin\u00e1ns \u00e9p\u00edt\u0151anyag a fa, amelyet k\u0151, agyag, vessz\u0151 \u00e9s szalma eg\u00e9sz\u00edt ki. Az egyes \u00e9p\u00fcletek jellegzetes eleme a szalm\u00e1val fedett tet\u0151.<\/p>\n\n\n\n<p class=\"wp-block-paragraph\">A komplexum r\u00e9sz\u00e9t k\u00e9pezi&nbsp;<strong>A gazda h\u00e1za<\/strong>, amely bemutatja a v\u00e1r alatti telep\u00fcl\u00e9s tehet\u0151sebb lak\u00f3inak \u00e9let\u00e9t \u00e9s a k\u00f6z\u00e9pkori \u0160ari\u0161 gazdas\u00e1gi viszonyait. K\u00fcl\u00f6n\u00e1ll\u00f3&nbsp;<strong>Paraszth\u00e1z<\/strong>&nbsp;Ez egy egyszer\u0171, egyter\u0171 lak\u00f3\u00e9p\u00fclet, amelynek szerkezete fonott vessz\u0151b\u0151l \u00e9s agyag-szalma vakolatb\u00f3l \u00e1ll. A mindennapi h\u00e1ztart\u00e1si tev\u00e9kenys\u00e9gekhez kapcsol\u00f3dik egy kisebb, \u00e1llattart\u00e1sra szolg\u00e1l\u00f3 gazdas\u00e1gi \u00e9p\u00fclet.&nbsp;<\/p>\n\n\n\n<h2 class=\"wp-block-heading\">K\u00f6z\u00e9pkori k\u00e9zm\u0171vess\u00e9g \u00e9s mindennapi \u00e9let<\/h2>\n\n\n\n<p class=\"wp-block-paragraph\">Az Archeopark els\u0151sorban a k\u00f6vetkez\u0151kre \u00f6sszpontos\u00edt:&nbsp;<strong>a k\u00f6z\u00e9pkori ember mindennapi \u00e9lete<\/strong>. Az egyes \u00e9p\u00fcletekben tal\u00e1lhat\u00f3 oktat\u00e1si elemek bemutatj\u00e1k a gazda, a paraszt \u00e9s a k\u00e9zm\u0171ves munk\u00e1j\u00e1t. \u00cdgy a l\u00e1togat\u00f3 jobban meg\u00e9rtheti, hogyan m\u0171k\u00f6d\u00f6tt a gazdas\u00e1g, milyen anyagokat haszn\u00e1ltak a lak\u00f3\u00e9p\u00fcletek \u00e9p\u00edt\u00e9s\u00e9hez, \u00e9s milyen szerepet j\u00e1tszottak az akkori k\u00e9zm\u0171ves mesters\u00e9gek.<\/p>\n\n\n\n<p class=\"wp-block-paragraph\">Az Archeopark-projekt keret\u00e9ben t\u00f6rt\u00e9nelmi tev\u00e9kenys\u00e9gek \u00e9l\u0151 bemutat\u00e1s\u00e1ra is sor ker\u00fcl. A rendezv\u00e9nyek alkalm\u00e1val a ter\u00fcleten p\u00e9ld\u00e1ul megjelennek&nbsp;<strong>fafarag\u00e1s, m\u00e9h\u00e9szet, sz\u00f6v\u00e9s, gyapj\u00fafeldolgoz\u00e1s, haszon\u00e1llatteny\u00e9szt\u00e9s, \u00e9rm\u00e9k ver\u00e9se vagy k\u00f6z\u00e9pkori fegyverek gy\u00e1rt\u00e1sa<\/strong>. Az Archeopark \u00edgy nem csup\u00e1n ismeretszerz\u0151 helyk\u00e9nt, hanem az \u00e9lm\u00e9nyalap\u00fa oktat\u00e1s sz\u00ednterek\u00e9nt is m\u0171k\u00f6dik.&nbsp;<\/p>\n\n\n\n<h2 class=\"wp-block-heading\">Archeopark a \u0160ari\u0161-kast\u00e9ly alatt<\/h2>\n\n\n\n<p class=\"wp-block-paragraph\">A r\u00e9gi\u00f3 egyik legjelent\u0151sebb k\u00f6z\u00e9pkori v\u00e1r\u00e1nak k\u00f6zel\u00e9ben fekv\u0151 elhelyezked\u00e9s term\u00e9szetes t\u00f6rt\u00e9nelmi h\u00e1tteret k\u00f6lcs\u00f6n\u00f6z a komplexumnak.&nbsp;<strong>\u0160ari\u0161 v\u00e1r<\/strong>&nbsp;1245-ben eml\u00edtik el\u0151sz\u00f6r \u00edr\u00e1sos forr\u00e1sokban, \u00e9s t\u00f6rt\u00e9nete a Magyar Kir\u00e1lys\u00e1g kialakul\u00e1s\u00e1nak id\u0151szak\u00e1ig ny\u00falik vissza. A r\u00e9g\u00e9szeti leletek egy\u00fattal meger\u0151s\u00edtik, hogy a v\u00e1rhegyet m\u00e1r az \u0151skorban is lakt\u00e1k.&nbsp;<\/p>\n\n\n\n<p class=\"wp-block-paragraph\">Az Archeopark l\u00e1togat\u00e1s\u00e1t ez\u00e9rt \u00f6sszekapcsolhatjuk a v\u00e1rra val\u00f3 felm\u00e1sz\u00e1ssal, \u00e9s \u00edgy egy \u00e1tfog\u00f3 kir\u00e1ndul\u00e1st szervezhet\u00fcnk, amely a Ve\u013ek\u00fd \u0160ari\u0161 t\u00f6rt\u00e9nelm\u00e9nek szentelt. M\u00edg a v\u00e1r a hatalom, a v\u00e9delem \u00e9s a ter\u00fclet igazgat\u00e1s\u00e1nak k\u00f6zpontj\u00e1t jelenti, az archeopark azoknak az embereknek a mindennapi \u00e9let\u00e9t mutatja be, akik a v\u00e1r alatti ter\u00fcleten \u00e9ltek.<\/p>\n\n\n\n<p class=\"wp-block-paragraph\"><strong>Ve\u013ek\u00fd \u0160ari\u0161 R\u00e9g\u00e9szeti Park<\/strong>&nbsp;ide\u00e1lis \u00fati c\u00e9l a gyermekes csal\u00e1dok, az iskol\u00e1k, a turist\u00e1k, valamint mindazok sz\u00e1m\u00e1ra, akik a t\u00f6rt\u00e9nelmet szeml\u00e9letesen \u00e9s rekonstrukci\u00f3k seg\u00edts\u00e9g\u00e9vel szeretn\u00e9k megismerni. A l\u00e9tes\u00edtm\u00e9ny el\u0151tt parkol\u00f3, turist\u00e1k sz\u00e1m\u00e1ra kialak\u00edtott pavilon \u00e9s mosd\u00f3k tal\u00e1lhat\u00f3k.&nbsp;<\/p>\n\n\n\n<p class=\"wp-block-paragraph\">Forr\u00e1s: OOCR R\u0160<br>A fot\u00f3k forr\u00e1sa: OOCR R\u0160<\/p>","protected":false},"featured_media":6122,"template":"","meta":{"_acf_changed":true},"kategoria-poi":[105,108,100,109],"lokalita":[28],"sezona-poi":[13,15,14],"trvanie-vyletu":[180],"class_list":["post-6120","pre-rodiny","type-pre-rodiny","status-publish","has-post-thumbnail","hentry","kategoria-poi-historia","kategoria-poi-kultura-a-umenie","kategoria-poi-pre-rodiny","kategoria-poi-remesla","lokalita-presov-a-okolie","sezona-poi-jar","sezona-poi-jesen","sezona-poi-leto","trvanie-vyletu-poldenne-vylety"],"acf":[],"_links":{"self":[{"href":"https:\/\/www.regionsaris.sk\/hu\/wp-json\/wp\/v2\/pre-rodiny\/6120","targetHints":{"allow":["GET"]}}],"collection":[{"href":"https:\/\/www.regionsaris.sk\/hu\/wp-json\/wp\/v2\/pre-rodiny"}],"about":[{"href":"https:\/\/www.regionsaris.sk\/hu\/wp-json\/wp\/v2\/types\/pre-rodiny"}],"wp:featuredmedia":[{"embeddable":true,"href":"https:\/\/www.regionsaris.sk\/hu\/wp-json\/wp\/v2\/media\/6122"}],"wp:attachment":[{"href":"https:\/\/www.regionsaris.sk\/hu\/wp-json\/wp\/v2\/media?parent=6120"}],"wp:term":[{"taxonomy":"kategoria-poi","embeddable":true,"href":"https:\/\/www.regionsaris.sk\/hu\/wp-json\/wp\/v2\/kategoria-poi?post=6120"},{"taxonomy":"lokalita","embeddable":true,"href":"https:\/\/www.regionsaris.sk\/hu\/wp-json\/wp\/v2\/lokalita?post=6120"},{"taxonomy":"sezona-poi","embeddable":true,"href":"https:\/\/www.regionsaris.sk\/hu\/wp-json\/wp\/v2\/sezona-poi?post=6120"},{"taxonomy":"trvanie-vyletu","embeddable":true,"href":"https:\/\/www.regionsaris.sk\/hu\/wp-json\/wp\/v2\/trvanie-vyletu?post=6120"}],"curies":[{"name":"wp","href":"https:\/\/api.w.org\/{rel}","templated":true}]}}

Veľký Šariš Régészeti Park

<p class="wp-block-paragraph"><strong>Veľký Šariš Régészeti Park</strong> egy szokatlan módja annak, hogy megismerjük a középkori emberek mindennapi életét. A következő helyen található: <strong><a href="https://www.regionsaris.sk/hu/historia/hrad-saris/" data-type="historia" data-id="2065">a Šariš-kastély</a></strong> és bemutatja, hogyan nézhetett ki a vár alatti település körülbelül a 12. században. A látogató itt nem csupán klasszikus információs táblákat talál, hanem hagyományos technológiákkal és természetes anyagokból épített, rekonstruált épületeket is. Az archeopark így szemléletes képet ad arról, hogyan nézhettek ki a lakóépületek, a gazdasági háttér és a középkori Šariš lakóinak élete. </p>



<h2 class="wp-block-heading">Hogyan nézett ki a középkori vár alatti település?</h2>



<p class="wp-block-paragraph">A Veľký Šariš Archeopark területe védett&nbsp;<strong>hullám alakú fa erődítmény</strong>&nbsp;bejárati őrtoronnyal. Mögötte egy felújított épületegyüttes található, amely a középkori közösség életének különböző aspektusait mutatja be. A domináns építőanyag a fa, amelyet kő, agyag, vessző és szalma egészít ki. Az egyes épületek jellegzetes eleme a szalmával fedett tető.</p>



<p class="wp-block-paragraph">A komplexum részét képezi&nbsp;<strong>A gazda háza</strong>, amely bemutatja a vár alatti település tehetősebb lakóinak életét és a középkori Šariš gazdasági viszonyait. Különálló&nbsp;<strong>Parasztház</strong>&nbsp;Ez egy egyszerű, egyterű lakóépület, amelynek szerkezete fonott vesszőből és agyag-szalma vakolatból áll. A mindennapi háztartási tevékenységekhez kapcsolódik egy kisebb, állattartásra szolgáló gazdasági épület.&nbsp;</p>



<h2 class="wp-block-heading">Középkori kézművesség és mindennapi élet</h2>



<p class="wp-block-paragraph">Az Archeopark elsősorban a következőkre összpontosít:&nbsp;<strong>a középkori ember mindennapi élete</strong>. Az egyes épületekben található oktatási elemek bemutatják a gazda, a paraszt és a kézműves munkáját. Így a látogató jobban megértheti, hogyan működött a gazdaság, milyen anyagokat használtak a lakóépületek építéséhez, és milyen szerepet játszottak az akkori kézműves mesterségek.</p>



<p class="wp-block-paragraph">Az Archeopark-projekt keretében történelmi tevékenységek élő bemutatására is sor kerül. A rendezvények alkalmával a területen például megjelennek&nbsp;<strong>fafaragás, méhészet, szövés, gyapjúfeldolgozás, haszonállattenyésztés, érmék verése vagy középkori fegyverek gyártása</strong>. Az Archeopark így nem csupán ismeretszerző helyként, hanem az élményalapú oktatás színtereként is működik.&nbsp;</p>



<h2 class="wp-block-heading">Archeopark a Šariš-kastély alatt</h2>



<p class="wp-block-paragraph">A régió egyik legjelentősebb középkori várának közelében fekvő elhelyezkedés természetes történelmi hátteret kölcsönöz a komplexumnak.&nbsp;<strong>Šariš vár</strong>&nbsp;1245-ben említik először írásos forrásokban, és története a Magyar Királyság kialakulásának időszakáig nyúlik vissza. A régészeti leletek egyúttal megerősítik, hogy a várhegyet már az őskorban is lakták.&nbsp;</p>



<p class="wp-block-paragraph">Az Archeopark látogatását ezért összekapcsolhatjuk a várra való felmászással, és így egy átfogó kirándulást szervezhetünk, amely a Veľký Šariš történelmének szentelt. Míg a vár a hatalom, a védelem és a terület igazgatásának központját jelenti, az archeopark azoknak az embereknek a mindennapi életét mutatja be, akik a vár alatti területen éltek.</p>



<p class="wp-block-paragraph"><strong>Veľký Šariš Régészeti Park</strong>&nbsp;ideális úti cél a gyermekes családok, az iskolák, a turisták, valamint mindazok számára, akik a történelmet szemléletesen és rekonstrukciók segítségével szeretnék megismerni. A létesítmény előtt parkoló, turisták számára kialakított pavilon és mosdók találhatók.&nbsp;</p>



<p class="wp-block-paragraph">Forrás: OOCR RŠ<br>A fotók forrása: OOCR RŠ</p>
