{"id":3861,"date":"2026-02-24T15:30:13","date_gmt":"2026-02-24T14:30:13","guid":{"rendered":"https:\/\/www.regionsaris.sk\/?post_type=podujatie&#038;p=3861"},"modified":"2026-02-24T15:32:35","modified_gmt":"2026-02-24T14:32:35","slug":"jarne-prazdniny-na-hrade-saris","status":"publish","type":"podujatie","link":"https:\/\/www.regionsaris.sk\/hu\/podujatie\/jarne-prazdniny-na-hrade-saris\/","title":{"rendered":"Tavaszi \u00fcnnepek a \u0160ari\u0161-kast\u00e9lyban"},"content":{"rendered":"<p><strong>Mikor:<\/strong> 2.-6.3.2026<br><strong>Hol:<\/strong> \u0160ari\u0161 v\u00e1r \u00e9s a Ve\u013ek\u00fd \u0160ari\u0161 r\u00e9g\u00e9szeti park (Ve\u013ek\u00fd \u0160ari\u0161)<br><strong>Nyitva tart\u00e1s:<\/strong> minden nap 10:00-16:00<\/p>\n\n\n\n<p>A \u0160ari\u0161-kast\u00e9ly kiv\u00e9telesen a tavaszi sz\u00fcnid\u0151 eg\u00e9sz het\u00e9ben megnyitja kapuit. J\u00f6jj\u00f6n el \u00e9s \u00e9lvezze a sz\u00f3rakoz\u00e1ssal, pihen\u00e9ssel, \u00e9lm\u00e9nyekkel teli napokat, \u00e9s \u00fcnnepelje vel\u00fcnk a k\u00f6zelg\u0151 tavasz hangulat\u00e1t. Olyan tev\u00e9kenys\u00e9gek v\u00e1rj\u00e1k \u00d6nt, amelyek felejthetetlen exped\u00edci\u00f3v\u00e1 teszik a v\u00e1rl\u00e1togat\u00e1st.\u00a0<\/p>\n\n\n\n<p>&nbsp;H\u00e9tf\u0151n egyed\u00fcl\u00e1ll\u00f3 lehet\u0151s\u00e9ged ny\u00edlik bepillantani a Donjon-toronyban tal\u00e1lhat\u00f3 titokzatos lapid\u00e1riumba.<\/p>\n\n\n\n<p>A keddi napot kiz\u00e1r\u00f3lag az elveszett kincsek kalandos felkutat\u00e1s\u00e1nak szentelj\u00fck a kast\u00e9ly udvar\u00e1n, amelynek v\u00e9g\u00e9n \u00e9des jutalom v\u00e1rja a kis felfedez\u0151ket \u00e9s kalandorokat.<\/p>\n\n\n\n<p>&nbsp;Szerd\u00e1n elmer\u00fclhetsz a k\u00f6z\u00e9pkori sportok var\u00e1zs\u00e1ban, ahol \u00edj\u00e1szatban pr\u00f3b\u00e1ra teheted l\u00f6v\u00e9szi k\u00e9pess\u00e9geidet, vagy \u00f6sszem\u00e9rheted er\u0151det a k\u00f6t\u00e9lh\u00faz\u00e1sban.&nbsp;<\/p>\n\n\n\n<p>&nbsp;Cs\u00fct\u00f6rt\u00f6k\u00f6n megtanulhatj\u00e1k, hogyan kell feladni a v\u00e1rpost\u00e1t - a bor\u00edt\u00e9kok lez\u00e1r\u00e1sa a v\u00e1r pecs\u00e9tj\u00e9vel, a kreat\u00edv kicsik \u00e9s nagyok pedig rajz- \u00e9s sz\u00ednez\u0151foglalkoz\u00e1son vehetnek r\u00e9szt.<\/p>\n\n\n\n<p>P\u00e9nteken a k\u00f6z\u00e9pkori konyha egyedis\u00e9g\u00e9t fedezheted fel a v\u00e1rkemenc\u00e9ben a pos\u00fach\u00e1k elk\u00e9sz\u00edt\u00e9se form\u00e1j\u00e1ban, amelyeket te magad is megs\u00fcthetsz !&nbsp;<\/p>\n\n\n\n<p>Hozza el csal\u00e1dj\u00e1t, bar\u00e1tait \u00e9s nyaral\u00f3 gyermekeit, \u00e9s \u00e9lvezze a friss leveg\u0151n tett s\u00e9t\u00e1t a Donjon-toronyb\u00f3l ny\u00edl\u00f3 kil\u00e1t\u00e1ssal. Eg\u00e9sz h\u00e9ten 10 \u00e9s 16 \u00f3ra k\u00f6z\u00f6tt tartunk nyitva. Szeretettel v\u00e1rjuk \u00d6nt !<\/p>","protected":false},"featured_media":3862,"template":"","meta":{"_acf_changed":true},"kategoria-podujatia":[],"lokalita":[28],"class_list":["post-3861","podujatie","type-podujatie","status-publish","has-post-thumbnail","hentry","lokalita-presov-a-okolie"],"acf":[],"yoast_head":"<!-- This site is optimized with the Yoast SEO Premium plugin v26.3 (Yoast SEO v26.8) - https:\/\/yoast.com\/product\/yoast-seo-premium-wordpress\/ -->\n<title>Jarn\u00e9 pr\u00e1zdniny na Hrade \u0160ari\u0161 - OOCR \u0160ari\u0161<\/title>\n<meta name=\"description\" content=\"Pr\u00ed\u010fte si vychutna\u0165 jarn\u00e9 po\u010dasie po\u010das jarn\u00fdch pr\u00e1zdnin na Hrad \u0160ari\u0161, kde v\u00e1s \u010dak\u00e1 bohat\u00fd program po\u010das cel\u00e9ho t\u00fd\u017ed\u0148a.\" \/>\n<meta name=\"robots\" content=\"index, follow, max-snippet:-1, max-image-preview:large, max-video-preview:-1\" \/>\n<link rel=\"canonical\" href=\"https:\/\/www.regionsaris.sk\/hu\/podujatie\/jarne-prazdniny-na-hrade-saris\/\" \/>\n<meta property=\"og:locale\" content=\"hu_HU\" \/>\n<meta property=\"og:type\" content=\"article\" \/>\n<meta property=\"og:title\" content=\"Jarn\u00e9 pr\u00e1zdniny na Hrade \u0160ari\u0161\" \/>\n<meta property=\"og:description\" content=\"Pr\u00ed\u010fte si vychutna\u0165 jarn\u00e9 po\u010dasie po\u010das jarn\u00fdch pr\u00e1zdnin na Hrad \u0160ari\u0161, kde v\u00e1s \u010dak\u00e1 bohat\u00fd program po\u010das cel\u00e9ho t\u00fd\u017ed\u0148a.\" \/>\n<meta property=\"og:url\" content=\"https:\/\/www.regionsaris.sk\/hu\/podujatie\/jarne-prazdniny-na-hrade-saris\/\" \/>\n<meta property=\"og:site_name\" content=\"OOCR \u0160ari\u0161\" \/>\n<meta property=\"article:modified_time\" content=\"2026-02-24T14:32:35+00:00\" \/>\n<meta property=\"og:image\" content=\"https:\/\/www.regionsaris.sk\/wp-content\/uploads\/2026\/02\/jarne-prazdnina-na-hrade-saris.jpg\" \/>\n\t<meta property=\"og:image:width\" content=\"1414\" \/>\n\t<meta property=\"og:image:height\" content=\"2000\" \/>\n\t<meta property=\"og:image:type\" content=\"image\/jpeg\" \/>\n<meta name=\"twitter:card\" content=\"summary_large_image\" \/>\n<meta name=\"twitter:label1\" content=\"Becs\u00fclt olvas\u00e1si id\u0151\" \/>\n\t<meta name=\"twitter:data1\" content=\"2 perc\" \/>\n<script type=\"application\/ld+json\" class=\"yoast-schema-graph\">{\"@context\":\"https:\/\/schema.org\",\"@graph\":[{\"@type\":\"WebPage\",\"@id\":\"https:\/\/www.regionsaris.sk\/podujatie\/jarne-prazdniny-na-hrade-saris\/\",\"url\":\"https:\/\/www.regionsaris.sk\/podujatie\/jarne-prazdniny-na-hrade-saris\/\",\"name\":\"Jarn\u00e9 pr\u00e1zdniny na Hrade \u0160ari\u0161 - OOCR \u0160ari\u0161\",\"isPartOf\":{\"@id\":\"https:\/\/www.regionsaris.sk\/#website\"},\"primaryImageOfPage\":{\"@id\":\"https:\/\/www.regionsaris.sk\/podujatie\/jarne-prazdniny-na-hrade-saris\/#primaryimage\"},\"image\":{\"@id\":\"https:\/\/www.regionsaris.sk\/podujatie\/jarne-prazdniny-na-hrade-saris\/#primaryimage\"},\"thumbnailUrl\":\"https:\/\/www.regionsaris.sk\/wp-content\/uploads\/2026\/02\/jarne-prazdnina-na-hrade-saris.jpg\",\"datePublished\":\"2026-02-24T14:30:13+00:00\",\"dateModified\":\"2026-02-24T14:32:35+00:00\",\"description\":\"Pr\u00ed\u010fte si vychutna\u0165 jarn\u00e9 po\u010dasie po\u010das jarn\u00fdch pr\u00e1zdnin na Hrad \u0160ari\u0161, kde v\u00e1s \u010dak\u00e1 bohat\u00fd program po\u010das cel\u00e9ho t\u00fd\u017ed\u0148a.\",\"breadcrumb\":{\"@id\":\"https:\/\/www.regionsaris.sk\/podujatie\/jarne-prazdniny-na-hrade-saris\/#breadcrumb\"},\"inLanguage\":\"hu\",\"potentialAction\":[{\"@type\":\"ReadAction\",\"target\":[\"https:\/\/www.regionsaris.sk\/podujatie\/jarne-prazdniny-na-hrade-saris\/\"]}]},{\"@type\":\"ImageObject\",\"inLanguage\":\"hu\",\"@id\":\"https:\/\/www.regionsaris.sk\/podujatie\/jarne-prazdniny-na-hrade-saris\/#primaryimage\",\"url\":\"https:\/\/www.regionsaris.sk\/wp-content\/uploads\/2026\/02\/jarne-prazdnina-na-hrade-saris.jpg\",\"contentUrl\":\"https:\/\/www.regionsaris.sk\/wp-content\/uploads\/2026\/02\/jarne-prazdnina-na-hrade-saris.jpg\",\"width\":1414,\"height\":2000},{\"@type\":\"BreadcrumbList\",\"@id\":\"https:\/\/www.regionsaris.sk\/podujatie\/jarne-prazdniny-na-hrade-saris\/#breadcrumb\",\"itemListElement\":[{\"@type\":\"ListItem\",\"position\":1,\"name\":\"Domov\",\"item\":\"https:\/\/www.regionsaris.sk\/\"},{\"@type\":\"ListItem\",\"position\":2,\"name\":\"Podujatia\",\"item\":\"https:\/\/www.regionsaris.sk\/vsetky-podujatia\/\"},{\"@type\":\"ListItem\",\"position\":3,\"name\":\"Jarn\u00e9 pr\u00e1zdniny na Hrade \u0160ari\u0161\"}]},{\"@type\":\"WebSite\",\"@id\":\"https:\/\/www.regionsaris.sk\/#website\",\"url\":\"https:\/\/www.regionsaris.sk\/\",\"name\":\"OOCR \u0160ari\u0161\",\"description\":\"\",\"potentialAction\":[{\"@type\":\"SearchAction\",\"target\":{\"@type\":\"EntryPoint\",\"urlTemplate\":\"https:\/\/www.regionsaris.sk\/?s={search_term_string}\"},\"query-input\":{\"@type\":\"PropertyValueSpecification\",\"valueRequired\":true,\"valueName\":\"search_term_string\"}}],\"inLanguage\":\"hu\"}]}<\/script>\n<!-- \/ Yoast SEO Premium plugin. -->","yoast_head_json":{"title":"Jarn\u00e9 pr\u00e1zdniny na Hrade \u0160ari\u0161 - OOCR \u0160ari\u0161","description":"Pr\u00ed\u010fte si vychutna\u0165 jarn\u00e9 po\u010dasie po\u010das jarn\u00fdch pr\u00e1zdnin na Hrad \u0160ari\u0161, kde v\u00e1s \u010dak\u00e1 bohat\u00fd program po\u010das cel\u00e9ho t\u00fd\u017ed\u0148a.","robots":{"index":"index","follow":"follow","max-snippet":"max-snippet:-1","max-image-preview":"max-image-preview:large","max-video-preview":"max-video-preview:-1"},"canonical":"https:\/\/www.regionsaris.sk\/hu\/podujatie\/jarne-prazdniny-na-hrade-saris\/","og_locale":"hu_HU","og_type":"article","og_title":"Jarn\u00e9 pr\u00e1zdniny na Hrade \u0160ari\u0161","og_description":"Pr\u00ed\u010fte si vychutna\u0165 jarn\u00e9 po\u010dasie po\u010das jarn\u00fdch pr\u00e1zdnin na Hrad \u0160ari\u0161, kde v\u00e1s \u010dak\u00e1 bohat\u00fd program po\u010das cel\u00e9ho t\u00fd\u017ed\u0148a.","og_url":"https:\/\/www.regionsaris.sk\/hu\/podujatie\/jarne-prazdniny-na-hrade-saris\/","og_site_name":"OOCR \u0160ari\u0161","article_modified_time":"2026-02-24T14:32:35+00:00","og_image":[{"width":1414,"height":2000,"url":"https:\/\/www.regionsaris.sk\/wp-content\/uploads\/2026\/02\/jarne-prazdnina-na-hrade-saris.jpg","type":"image\/jpeg"}],"twitter_card":"summary_large_image","twitter_misc":{"Becs\u00fclt olvas\u00e1si id\u0151":"2 perc"},"schema":{"@context":"https:\/\/schema.org","@graph":[{"@type":"WebPage","@id":"https:\/\/www.regionsaris.sk\/podujatie\/jarne-prazdniny-na-hrade-saris\/","url":"https:\/\/www.regionsaris.sk\/podujatie\/jarne-prazdniny-na-hrade-saris\/","name":"Jarn\u00e9 pr\u00e1zdniny na Hrade \u0160ari\u0161 - OOCR \u0160ari\u0161","isPartOf":{"@id":"https:\/\/www.regionsaris.sk\/#website"},"primaryImageOfPage":{"@id":"https:\/\/www.regionsaris.sk\/podujatie\/jarne-prazdniny-na-hrade-saris\/#primaryimage"},"image":{"@id":"https:\/\/www.regionsaris.sk\/podujatie\/jarne-prazdniny-na-hrade-saris\/#primaryimage"},"thumbnailUrl":"https:\/\/www.regionsaris.sk\/wp-content\/uploads\/2026\/02\/jarne-prazdnina-na-hrade-saris.jpg","datePublished":"2026-02-24T14:30:13+00:00","dateModified":"2026-02-24T14:32:35+00:00","description":"Pr\u00ed\u010fte si vychutna\u0165 jarn\u00e9 po\u010dasie po\u010das jarn\u00fdch pr\u00e1zdnin na Hrad \u0160ari\u0161, kde v\u00e1s \u010dak\u00e1 bohat\u00fd program po\u010das cel\u00e9ho t\u00fd\u017ed\u0148a.","breadcrumb":{"@id":"https:\/\/www.regionsaris.sk\/podujatie\/jarne-prazdniny-na-hrade-saris\/#breadcrumb"},"inLanguage":"hu","potentialAction":[{"@type":"ReadAction","target":["https:\/\/www.regionsaris.sk\/podujatie\/jarne-prazdniny-na-hrade-saris\/"]}]},{"@type":"ImageObject","inLanguage":"hu","@id":"https:\/\/www.regionsaris.sk\/podujatie\/jarne-prazdniny-na-hrade-saris\/#primaryimage","url":"https:\/\/www.regionsaris.sk\/wp-content\/uploads\/2026\/02\/jarne-prazdnina-na-hrade-saris.jpg","contentUrl":"https:\/\/www.regionsaris.sk\/wp-content\/uploads\/2026\/02\/jarne-prazdnina-na-hrade-saris.jpg","width":1414,"height":2000},{"@type":"BreadcrumbList","@id":"https:\/\/www.regionsaris.sk\/podujatie\/jarne-prazdniny-na-hrade-saris\/#breadcrumb","itemListElement":[{"@type":"ListItem","position":1,"name":"Domov","item":"https:\/\/www.regionsaris.sk\/"},{"@type":"ListItem","position":2,"name":"Podujatia","item":"https:\/\/www.regionsaris.sk\/vsetky-podujatia\/"},{"@type":"ListItem","position":3,"name":"Jarn\u00e9 pr\u00e1zdniny na Hrade \u0160ari\u0161"}]},{"@type":"WebSite","@id":"https:\/\/www.regionsaris.sk\/#website","url":"https:\/\/www.regionsaris.sk\/","name":"OOCR \u0160ari\u0161","description":"","potentialAction":[{"@type":"SearchAction","target":{"@type":"EntryPoint","urlTemplate":"https:\/\/www.regionsaris.sk\/?s={search_term_string}"},"query-input":{"@type":"PropertyValueSpecification","valueRequired":true,"valueName":"search_term_string"}}],"inLanguage":"hu"}]}},"_links":{"self":[{"href":"https:\/\/www.regionsaris.sk\/hu\/wp-json\/wp\/v2\/podujatie\/3861","targetHints":{"allow":["GET"]}}],"collection":[{"href":"https:\/\/www.regionsaris.sk\/hu\/wp-json\/wp\/v2\/podujatie"}],"about":[{"href":"https:\/\/www.regionsaris.sk\/hu\/wp-json\/wp\/v2\/types\/podujatie"}],"wp:featuredmedia":[{"embeddable":true,"href":"https:\/\/www.regionsaris.sk\/hu\/wp-json\/wp\/v2\/media\/3862"}],"wp:attachment":[{"href":"https:\/\/www.regionsaris.sk\/hu\/wp-json\/wp\/v2\/media?parent=3861"}],"wp:term":[{"taxonomy":"kategoria-podujatia","embeddable":true,"href":"https:\/\/www.regionsaris.sk\/hu\/wp-json\/wp\/v2\/kategoria-podujatia?post=3861"},{"taxonomy":"lokalita","embeddable":true,"href":"https:\/\/www.regionsaris.sk\/hu\/wp-json\/wp\/v2\/lokalita?post=3861"}],"curies":[{"name":"wp","href":"https:\/\/api.w.org\/{rel}","templated":true}]}}

Tavaszi ünnepek a Šariš-kastélyban

<p><strong>Mikor:</strong> 2.-6.3.2026<br><strong>Hol:</strong> Šariš vár és a Veľký Šariš régészeti park (Veľký Šariš)<br><strong>Nyitva tartás:</strong> minden nap 10:00-16:00</p>



<p>A Šariš-kastély kivételesen a tavaszi szünidő egész hetében megnyitja kapuit. Jöjjön el és élvezze a szórakozással, pihenéssel, élményekkel teli napokat, és ünnepelje velünk a közelgő tavasz hangulatát. Olyan tevékenységek várják Önt, amelyek felejthetetlen expedícióvá teszik a várlátogatást. </p>



<p>&nbsp;Hétfőn egyedülálló lehetőséged nyílik bepillantani a Donjon-toronyban található titokzatos lapidáriumba.</p>



<p>A keddi napot kizárólag az elveszett kincsek kalandos felkutatásának szenteljük a kastély udvarán, amelynek végén édes jutalom várja a kis felfedezőket és kalandorokat.</p>



<p>&nbsp;Szerdán elmerülhetsz a középkori sportok varázsában, ahol íjászatban próbára teheted lövészi képességeidet, vagy összemérheted erődet a kötélhúzásban.&nbsp;</p>



<p>&nbsp;Csütörtökön megtanulhatják, hogyan kell feladni a várpostát - a borítékok lezárása a vár pecsétjével, a kreatív kicsik és nagyok pedig rajz- és színezőfoglalkozáson vehetnek részt.</p>



<p>Pénteken a középkori konyha egyediségét fedezheted fel a várkemencében a posúchák elkészítése formájában, amelyeket te magad is megsüthetsz !&nbsp;</p>



<p>Hozza el családját, barátait és nyaraló gyermekeit, és élvezze a friss levegőn tett sétát a Donjon-toronyból nyíló kilátással. Egész héten 10 és 16 óra között tartunk nyitva. Szeretettel várjuk Önt !</p>

<!-- This site is optimized with the Yoast SEO Premium plugin v26.3 (Yoast SEO v26.8) - https://yoast.com/product/yoast-seo-premium-wordpress/ -->
<title>Jarné prázdniny na Hrade Šariš - OOCR Šariš</title>
<meta name="description" content="Príďte si vychutnať jarné počasie počas jarných prázdnin na Hrad Šariš, kde vás čaká bohatý program počas celého týždňa." />
<meta name="robots" content="index, follow, max-snippet:-1, max-image-preview:large, max-video-preview:-1" />
<link rel="canonical" href="https://www.regionsaris.sk/hu/podujatie/jarne-prazdniny-na-hrade-saris/" />
<meta property="og:locale" content="hu_HU" />
<meta property="og:type" content="article" />
<meta property="og:title" content="Jarné prázdniny na Hrade Šariš" />
<meta property="og:description" content="Príďte si vychutnať jarné počasie počas jarných prázdnin na Hrad Šariš, kde vás čaká bohatý program počas celého týždňa." />
<meta property="og:url" content="https://www.regionsaris.sk/hu/podujatie/jarne-prazdniny-na-hrade-saris/" />
<meta property="og:site_name" content="OOCR Šariš" />
<meta property="article:modified_time" content="2026-02-24T14:32:35+00:00" />
<meta property="og:image" content="https://www.regionsaris.sk/wp-content/uploads/2026/02/jarne-prazdnina-na-hrade-saris.jpg" />
	<meta property="og:image:width" content="1414" />
	<meta property="og:image:height" content="2000" />
	<meta property="og:image:type" content="image/jpeg" />
<meta name="twitter:card" content="summary_large_image" />
<meta name="twitter:label1" content="Becsült olvasási idő" />
	<meta name="twitter:data1" content="2 perc" />
<script type="application/ld+json" class="yoast-schema-graph">{"@context":"https://schema.org","@graph":[{"@type":"WebPage","@id":"https://www.regionsaris.sk/podujatie/jarne-prazdniny-na-hrade-saris/","url":"https://www.regionsaris.sk/podujatie/jarne-prazdniny-na-hrade-saris/","name":"Jarné prázdniny na Hrade Šariš - OOCR Šariš","isPartOf":{"@id":"https://www.regionsaris.sk/#website"},"primaryImageOfPage":{"@id":"https://www.regionsaris.sk/podujatie/jarne-prazdniny-na-hrade-saris/#primaryimage"},"image":{"@id":"https://www.regionsaris.sk/podujatie/jarne-prazdniny-na-hrade-saris/#primaryimage"},"thumbnailUrl":"https://www.regionsaris.sk/wp-content/uploads/2026/02/jarne-prazdnina-na-hrade-saris.jpg","datePublished":"2026-02-24T14:30:13+00:00","dateModified":"2026-02-24T14:32:35+00:00","description":"Príďte si vychutnať jarné počasie počas jarných prázdnin na Hrad Šariš, kde vás čaká bohatý program počas celého týždňa.","breadcrumb":{"@id":"https://www.regionsaris.sk/podujatie/jarne-prazdniny-na-hrade-saris/#breadcrumb"},"inLanguage":"hu","potentialAction":[{"@type":"ReadAction","target":["https://www.regionsaris.sk/podujatie/jarne-prazdniny-na-hrade-saris/"]}]},{"@type":"ImageObject","inLanguage":"hu","@id":"https://www.regionsaris.sk/podujatie/jarne-prazdniny-na-hrade-saris/#primaryimage","url":"https://www.regionsaris.sk/wp-content/uploads/2026/02/jarne-prazdnina-na-hrade-saris.jpg","contentUrl":"https://www.regionsaris.sk/wp-content/uploads/2026/02/jarne-prazdnina-na-hrade-saris.jpg","width":1414,"height":2000},{"@type":"BreadcrumbList","@id":"https://www.regionsaris.sk/podujatie/jarne-prazdniny-na-hrade-saris/#breadcrumb","itemListElement":[{"@type":"ListItem","position":1,"name":"Domov","item":"https://www.regionsaris.sk/"},{"@type":"ListItem","position":2,"name":"Podujatia","item":"https://www.regionsaris.sk/vsetky-podujatia/"},{"@type":"ListItem","position":3,"name":"Jarné prázdniny na Hrade Šariš"}]},{"@type":"WebSite","@id":"https://www.regionsaris.sk/#website","url":"https://www.regionsaris.sk/","name":"OOCR Šariš","description":"","potentialAction":[{"@type":"SearchAction","target":{"@type":"EntryPoint","urlTemplate":"https://www.regionsaris.sk/?s={search_term_string}"},"query-input":{"@type":"PropertyValueSpecification","valueRequired":true,"valueName":"search_term_string"}}],"inLanguage":"hu"}]}</script>
<!-- / Yoast SEO Premium plugin. -->

Jarné prázdniny na Hrade Šariš - OOCR Šariš

Príďte si vychutnať jarné počasie počas jarných prázdnin na Hrad Šariš, kde vás čaká bohatý program počas celého týždňa.

Jarné prázdniny na Hrade Šariš

OOCR Šariš
