{"id":3511,"date":"2026-02-09T08:19:26","date_gmt":"2026-02-09T07:19:26","guid":{"rendered":"https:\/\/www.regionsaris.sk\/?post_type=podujatie&#038;p=3511"},"modified":"2026-02-09T08:22:35","modified_gmt":"2026-02-09T07:22:35","slug":"caj-o-piatej-u-rakociho","status":"publish","type":"podujatie","link":"https:\/\/www.regionsaris.sk\/hu\/podujatie\/caj-o-piatej-u-rakociho\/","title":{"rendered":"Tea \u00f6tkor a Rakociban"},"content":{"rendered":"<p><strong>D\u00e1tum: 10 febru\u00e1r 2025<br>Id\u0151pont: 17.00.<br>Helysz\u00edn: a Pre\u0161ovi Region\u00e1lis K\u00f6nyvt\u00e1r egykori \u00e9p\u00fclete, Hlavn\u00e1 139.<\/strong><\/p>\n\n\n\n<p>A Pre\u0161ovi Region\u00e1lis M\u00fazeum \u00e9s a Pre\u0161ovi \u00d6nkorm\u00e1nyzati Ter\u00fclet<\/p>\n\n\n\n<p>megh\u00edvjuk \u00d6nt, hogy<\/p>\n\n\n\n<p><strong>Nemzeti H\u00e1zass\u00e1g Hete a Region\u00e1lis M\u00fazeumban&nbsp;<\/strong><\/p>\n\n\n\n<p>Az Orsz\u00e1gos H\u00e1zass\u00e1g Hete alatt a Region\u00e1lis M\u00fazeum minden fi\u00f3kja kedvezm\u00e9nyes \u00e1rat k\u00edn\u00e1l.&nbsp;<strong>ingyenes bel\u00e9p\u00e9s 1+1&nbsp;<\/strong>(a m\u00e1sodik bel\u00e9p\u0151 ingyenes). P\u00e1rokat \u00e9s p\u00e1rokat h\u00edvunk, hogy egy\u00fctt t\u00f6ltsenek id\u0151t a t\u00f6rt\u00e9nelem, a m\u0171v\u00e9szet \u00e9s a kultur\u00e1lis \u00f6r\u00f6ks\u00e9g k\u00f6rnyezet\u00e9ben.<\/p>\n\n\n\n<p>R\u00e9szv\u00e9tel\u00fcnkh\u00f6z tartozik a n\u00e9pszer\u0171 Tea at Five sorozat k\u00fcl\u00f6nleges kiad\u00e1sa, amelyet a Region\u00e1lis M\u00fazeum gy\u0171jtem\u00e9nyeiben tal\u00e1lhat\u00f3 h\u00e1zass\u00e1goknak szentel\u00fcnk.<\/p>\n\n\n\n<p><strong>Tea \u00f6tkor a Rakociban<\/strong><\/p>\n\n\n\n<p><strong><em>\u201eH\u00c1ZASS\u00c1G A REGION\u00c1LIS M\u00daZEUM GY\u0170JTEM\u00c9NYEIBEN: A BUJANOVICSOK PORTR\u00c9I\u201c<\/em><\/strong><\/p>\n\n\n\n<p><\/p>\n\n\n\n<p>Mgr. Art. Ivana Ram\u00e1\u010dov\u00e1 a Region\u00e1lis M\u00fazeum gy\u0171jtem\u00e9ny\u00e9b\u0151l sz\u00e1rmaz\u00f3 portr\u00e9kon kereszt\u00fcl mutatja be \u0160\u00e1ndor Bujanovics - m\u00e1ra m\u00e1r szinte elfeledett politikus \u00e9s f\u00f6ldbirtokos - szem\u00e9lyis\u00e9g\u00e9t, valamint csal\u00e1djuk sors\u00e1t. Bemutatja tov\u00e1bb\u00e1 Endreya S\u00e1ndor (1867-1940) magyar fest\u0151m\u0171v\u00e9sz munk\u00e1ss\u00e1g\u00e1t, aki mindk\u00e9t portr\u00e9 szerz\u0151je. K\u00fcl\u00f6n\u00f6s figyelmet szentel a restaur\u00e1tori kutat\u00e1snak \u00e9s a m\u0171vek restaur\u00e1l\u00e1s\u00e1nak folyamat\u00e1nak, a kezdeti vizsg\u00e1latt\u00f3l a v\u00e9gleges form\u00e1ig.<\/p>\n\n\n\n<p>Az esem\u00e9ny nyilv\u00e1nos, az el\u0151ad\u00e1sra a bel\u00e9p\u00e9s ingyenes.<br>Tov\u00e1bbi inform\u00e1ci\u00f3k a Pre\u0161ovi Region\u00e1lis M\u00fazeum honlapj\u00e1n \u00e9s a k\u00f6z\u00f6ss\u00e9gi oldalon tal\u00e1lhat\u00f3k.<br>h\u00e1l\u00f3zatok.<\/p>\n\n\n\n<p><\/p>","protected":false},"featured_media":3512,"template":"","meta":{"_acf_changed":true},"kategoria-podujatia":[],"lokalita":[26],"class_list":["post-3511","podujatie","type-podujatie","status-publish","has-post-thumbnail","hentry","lokalita-mesto-presov"],"acf":[],"yoast_head":"<!-- This site is optimized with the Yoast SEO Premium plugin v26.3 (Yoast SEO v26.8) - https:\/\/yoast.com\/product\/yoast-seo-premium-wordpress\/ -->\n<title>\u010caj o piatej u R\u00e1kociho - OOCR \u0160ari\u0161<\/title>\n<meta name=\"robots\" content=\"index, follow, max-snippet:-1, max-image-preview:large, max-video-preview:-1\" \/>\n<link rel=\"canonical\" href=\"https:\/\/www.regionsaris.sk\/hu\/podujatie\/caj-o-piatej-u-rakociho\/\" \/>\n<meta property=\"og:locale\" content=\"hu_HU\" \/>\n<meta property=\"og:type\" content=\"article\" \/>\n<meta property=\"og:title\" content=\"\u010caj o piatej u R\u00e1kociho\" \/>\n<meta property=\"og:description\" content=\"D\u00e1tum: 10. febru\u00e1r 2025\u010cas: 17.00 hod.Miesto konania: B\u00fdval\u00e1 budova Krajskej kni\u017enice v Pre\u0161ove, Hlavn\u00e1 139...\" \/>\n<meta property=\"og:url\" content=\"https:\/\/www.regionsaris.sk\/hu\/podujatie\/caj-o-piatej-u-rakociho\/\" \/>\n<meta property=\"og:site_name\" content=\"OOCR \u0160ari\u0161\" \/>\n<meta property=\"article:modified_time\" content=\"2026-02-09T07:22:35+00:00\" \/>\n<meta property=\"og:image\" content=\"https:\/\/www.regionsaris.sk\/wp-content\/uploads\/2026\/02\/c203ac48-scaled.jpeg\" \/>\n\t<meta property=\"og:image:width\" content=\"1810\" \/>\n\t<meta property=\"og:image:height\" content=\"2560\" \/>\n\t<meta property=\"og:image:type\" content=\"image\/jpeg\" \/>\n<meta name=\"twitter:card\" content=\"summary_large_image\" \/>\n<meta name=\"twitter:label1\" content=\"Becs\u00fclt olvas\u00e1si id\u0151\" \/>\n\t<meta name=\"twitter:data1\" content=\"2 perc\" \/>\n<script type=\"application\/ld+json\" class=\"yoast-schema-graph\">{\"@context\":\"https:\/\/schema.org\",\"@graph\":[{\"@type\":\"WebPage\",\"@id\":\"https:\/\/www.regionsaris.sk\/podujatie\/caj-o-piatej-u-rakociho\/\",\"url\":\"https:\/\/www.regionsaris.sk\/podujatie\/caj-o-piatej-u-rakociho\/\",\"name\":\"\u010caj o piatej u R\u00e1kociho - OOCR \u0160ari\u0161\",\"isPartOf\":{\"@id\":\"https:\/\/www.regionsaris.sk\/#website\"},\"primaryImageOfPage\":{\"@id\":\"https:\/\/www.regionsaris.sk\/podujatie\/caj-o-piatej-u-rakociho\/#primaryimage\"},\"image\":{\"@id\":\"https:\/\/www.regionsaris.sk\/podujatie\/caj-o-piatej-u-rakociho\/#primaryimage\"},\"thumbnailUrl\":\"https:\/\/www.regionsaris.sk\/wp-content\/uploads\/2026\/02\/c203ac48-scaled.jpeg\",\"datePublished\":\"2026-02-09T07:19:26+00:00\",\"dateModified\":\"2026-02-09T07:22:35+00:00\",\"breadcrumb\":{\"@id\":\"https:\/\/www.regionsaris.sk\/podujatie\/caj-o-piatej-u-rakociho\/#breadcrumb\"},\"inLanguage\":\"hu\",\"potentialAction\":[{\"@type\":\"ReadAction\",\"target\":[\"https:\/\/www.regionsaris.sk\/podujatie\/caj-o-piatej-u-rakociho\/\"]}]},{\"@type\":\"ImageObject\",\"inLanguage\":\"hu\",\"@id\":\"https:\/\/www.regionsaris.sk\/podujatie\/caj-o-piatej-u-rakociho\/#primaryimage\",\"url\":\"https:\/\/www.regionsaris.sk\/wp-content\/uploads\/2026\/02\/c203ac48-scaled.jpeg\",\"contentUrl\":\"https:\/\/www.regionsaris.sk\/wp-content\/uploads\/2026\/02\/c203ac48-scaled.jpeg\",\"width\":1810,\"height\":2560},{\"@type\":\"BreadcrumbList\",\"@id\":\"https:\/\/www.regionsaris.sk\/podujatie\/caj-o-piatej-u-rakociho\/#breadcrumb\",\"itemListElement\":[{\"@type\":\"ListItem\",\"position\":1,\"name\":\"Domov\",\"item\":\"https:\/\/www.regionsaris.sk\/\"},{\"@type\":\"ListItem\",\"position\":2,\"name\":\"Podujatia\",\"item\":\"https:\/\/www.regionsaris.sk\/vsetky-podujatia\/\"},{\"@type\":\"ListItem\",\"position\":3,\"name\":\"\u010caj o piatej u R\u00e1kociho\"}]},{\"@type\":\"WebSite\",\"@id\":\"https:\/\/www.regionsaris.sk\/#website\",\"url\":\"https:\/\/www.regionsaris.sk\/\",\"name\":\"OOCR \u0160ari\u0161\",\"description\":\"\",\"potentialAction\":[{\"@type\":\"SearchAction\",\"target\":{\"@type\":\"EntryPoint\",\"urlTemplate\":\"https:\/\/www.regionsaris.sk\/?s={search_term_string}\"},\"query-input\":{\"@type\":\"PropertyValueSpecification\",\"valueRequired\":true,\"valueName\":\"search_term_string\"}}],\"inLanguage\":\"hu\"}]}<\/script>\n<!-- \/ Yoast SEO Premium plugin. -->","yoast_head_json":{"title":"\u010caj o piatej u R\u00e1kociho - OOCR \u0160ari\u0161","robots":{"index":"index","follow":"follow","max-snippet":"max-snippet:-1","max-image-preview":"max-image-preview:large","max-video-preview":"max-video-preview:-1"},"canonical":"https:\/\/www.regionsaris.sk\/hu\/podujatie\/caj-o-piatej-u-rakociho\/","og_locale":"hu_HU","og_type":"article","og_title":"\u010caj o piatej u R\u00e1kociho","og_description":"D\u00e1tum: 10. febru\u00e1r 2025\u010cas: 17.00 hod.Miesto konania: B\u00fdval\u00e1 budova Krajskej kni\u017enice v Pre\u0161ove, Hlavn\u00e1 139...","og_url":"https:\/\/www.regionsaris.sk\/hu\/podujatie\/caj-o-piatej-u-rakociho\/","og_site_name":"OOCR \u0160ari\u0161","article_modified_time":"2026-02-09T07:22:35+00:00","og_image":[{"width":1810,"height":2560,"url":"https:\/\/www.regionsaris.sk\/wp-content\/uploads\/2026\/02\/c203ac48-scaled.jpeg","type":"image\/jpeg"}],"twitter_card":"summary_large_image","twitter_misc":{"Becs\u00fclt olvas\u00e1si id\u0151":"2 perc"},"schema":{"@context":"https:\/\/schema.org","@graph":[{"@type":"WebPage","@id":"https:\/\/www.regionsaris.sk\/podujatie\/caj-o-piatej-u-rakociho\/","url":"https:\/\/www.regionsaris.sk\/podujatie\/caj-o-piatej-u-rakociho\/","name":"\u010caj o piatej u R\u00e1kociho - OOCR \u0160ari\u0161","isPartOf":{"@id":"https:\/\/www.regionsaris.sk\/#website"},"primaryImageOfPage":{"@id":"https:\/\/www.regionsaris.sk\/podujatie\/caj-o-piatej-u-rakociho\/#primaryimage"},"image":{"@id":"https:\/\/www.regionsaris.sk\/podujatie\/caj-o-piatej-u-rakociho\/#primaryimage"},"thumbnailUrl":"https:\/\/www.regionsaris.sk\/wp-content\/uploads\/2026\/02\/c203ac48-scaled.jpeg","datePublished":"2026-02-09T07:19:26+00:00","dateModified":"2026-02-09T07:22:35+00:00","breadcrumb":{"@id":"https:\/\/www.regionsaris.sk\/podujatie\/caj-o-piatej-u-rakociho\/#breadcrumb"},"inLanguage":"hu","potentialAction":[{"@type":"ReadAction","target":["https:\/\/www.regionsaris.sk\/podujatie\/caj-o-piatej-u-rakociho\/"]}]},{"@type":"ImageObject","inLanguage":"hu","@id":"https:\/\/www.regionsaris.sk\/podujatie\/caj-o-piatej-u-rakociho\/#primaryimage","url":"https:\/\/www.regionsaris.sk\/wp-content\/uploads\/2026\/02\/c203ac48-scaled.jpeg","contentUrl":"https:\/\/www.regionsaris.sk\/wp-content\/uploads\/2026\/02\/c203ac48-scaled.jpeg","width":1810,"height":2560},{"@type":"BreadcrumbList","@id":"https:\/\/www.regionsaris.sk\/podujatie\/caj-o-piatej-u-rakociho\/#breadcrumb","itemListElement":[{"@type":"ListItem","position":1,"name":"Domov","item":"https:\/\/www.regionsaris.sk\/"},{"@type":"ListItem","position":2,"name":"Podujatia","item":"https:\/\/www.regionsaris.sk\/vsetky-podujatia\/"},{"@type":"ListItem","position":3,"name":"\u010caj o piatej u R\u00e1kociho"}]},{"@type":"WebSite","@id":"https:\/\/www.regionsaris.sk\/#website","url":"https:\/\/www.regionsaris.sk\/","name":"OOCR \u0160ari\u0161","description":"","potentialAction":[{"@type":"SearchAction","target":{"@type":"EntryPoint","urlTemplate":"https:\/\/www.regionsaris.sk\/?s={search_term_string}"},"query-input":{"@type":"PropertyValueSpecification","valueRequired":true,"valueName":"search_term_string"}}],"inLanguage":"hu"}]}},"_links":{"self":[{"href":"https:\/\/www.regionsaris.sk\/hu\/wp-json\/wp\/v2\/podujatie\/3511","targetHints":{"allow":["GET"]}}],"collection":[{"href":"https:\/\/www.regionsaris.sk\/hu\/wp-json\/wp\/v2\/podujatie"}],"about":[{"href":"https:\/\/www.regionsaris.sk\/hu\/wp-json\/wp\/v2\/types\/podujatie"}],"wp:featuredmedia":[{"embeddable":true,"href":"https:\/\/www.regionsaris.sk\/hu\/wp-json\/wp\/v2\/media\/3512"}],"wp:attachment":[{"href":"https:\/\/www.regionsaris.sk\/hu\/wp-json\/wp\/v2\/media?parent=3511"}],"wp:term":[{"taxonomy":"kategoria-podujatia","embeddable":true,"href":"https:\/\/www.regionsaris.sk\/hu\/wp-json\/wp\/v2\/kategoria-podujatia?post=3511"},{"taxonomy":"lokalita","embeddable":true,"href":"https:\/\/www.regionsaris.sk\/hu\/wp-json\/wp\/v2\/lokalita?post=3511"}],"curies":[{"name":"wp","href":"https:\/\/api.w.org\/{rel}","templated":true}]}}

Tea ötkor a Rakociban

<p><strong>Dátum: 10 február 2025<br>Időpont: 17.00.<br>Helyszín: a Prešovi Regionális Könyvtár egykori épülete, Hlavná 139.</strong></p>



<p>A Prešovi Regionális Múzeum és a Prešovi Önkormányzati Terület</p>



<p>meghívjuk Önt, hogy</p>



<p><strong>Nemzeti Házasság Hete a Regionális Múzeumban&nbsp;</strong></p>



<p>Az Országos Házasság Hete alatt a Regionális Múzeum minden fiókja kedvezményes árat kínál.&nbsp;<strong>ingyenes belépés 1+1&nbsp;</strong>(a második belépő ingyenes). Párokat és párokat hívunk, hogy együtt töltsenek időt a történelem, a művészet és a kulturális örökség környezetében.</p>



<p>Részvételünkhöz tartozik a népszerű Tea at Five sorozat különleges kiadása, amelyet a Regionális Múzeum gyűjteményeiben található házasságoknak szentelünk.</p>



<p><strong>Tea ötkor a Rakociban</strong></p>



<p><strong><em>„HÁZASSÁG A REGIONÁLIS MÚZEUM GYŰJTEMÉNYEIBEN: A BUJANOVICSOK PORTRÉI“</em></strong></p>



<p></p>



<p>Mgr. Art. Ivana Ramáčová a Regionális Múzeum gyűjteményéből származó portrékon keresztül mutatja be Šándor Bujanovics - mára már szinte elfeledett politikus és földbirtokos - személyiségét, valamint családjuk sorsát. Bemutatja továbbá Endreya Sándor (1867-1940) magyar festőművész munkásságát, aki mindkét portré szerzője. Különös figyelmet szentel a restaurátori kutatásnak és a művek restaurálásának folyamatának, a kezdeti vizsgálattól a végleges formáig.</p>



<p>Az esemény nyilvános, az előadásra a belépés ingyenes.<br>További információk a Prešovi Regionális Múzeum honlapján és a közösségi oldalon találhatók.<br>hálózatok.</p>



<p></p>

<!-- This site is optimized with the Yoast SEO Premium plugin v26.3 (Yoast SEO v26.8) - https://yoast.com/product/yoast-seo-premium-wordpress/ -->
<title>Čaj o piatej u Rákociho - OOCR Šariš</title>
<meta name="robots" content="index, follow, max-snippet:-1, max-image-preview:large, max-video-preview:-1" />
<link rel="canonical" href="https://www.regionsaris.sk/hu/podujatie/caj-o-piatej-u-rakociho/" />
<meta property="og:locale" content="hu_HU" />
<meta property="og:type" content="article" />
<meta property="og:title" content="Čaj o piatej u Rákociho" />
<meta property="og:description" content="Dátum: 10. február 2025Čas: 17.00 hod.Miesto konania: Bývalá budova Krajskej knižnice v Prešove, Hlavná 139..." />
<meta property="og:url" content="https://www.regionsaris.sk/hu/podujatie/caj-o-piatej-u-rakociho/" />
<meta property="og:site_name" content="OOCR Šariš" />
<meta property="article:modified_time" content="2026-02-09T07:22:35+00:00" />
<meta property="og:image" content="https://www.regionsaris.sk/wp-content/uploads/2026/02/c203ac48-scaled.jpeg" />
	<meta property="og:image:width" content="1810" />
	<meta property="og:image:height" content="2560" />
	<meta property="og:image:type" content="image/jpeg" />
<meta name="twitter:card" content="summary_large_image" />
<meta name="twitter:label1" content="Becsült olvasási idő" />
	<meta name="twitter:data1" content="2 perc" />
<script type="application/ld+json" class="yoast-schema-graph">{"@context":"https://schema.org","@graph":[{"@type":"WebPage","@id":"https://www.regionsaris.sk/podujatie/caj-o-piatej-u-rakociho/","url":"https://www.regionsaris.sk/podujatie/caj-o-piatej-u-rakociho/","name":"Čaj o piatej u Rákociho - OOCR Šariš","isPartOf":{"@id":"https://www.regionsaris.sk/#website"},"primaryImageOfPage":{"@id":"https://www.regionsaris.sk/podujatie/caj-o-piatej-u-rakociho/#primaryimage"},"image":{"@id":"https://www.regionsaris.sk/podujatie/caj-o-piatej-u-rakociho/#primaryimage"},"thumbnailUrl":"https://www.regionsaris.sk/wp-content/uploads/2026/02/c203ac48-scaled.jpeg","datePublished":"2026-02-09T07:19:26+00:00","dateModified":"2026-02-09T07:22:35+00:00","breadcrumb":{"@id":"https://www.regionsaris.sk/podujatie/caj-o-piatej-u-rakociho/#breadcrumb"},"inLanguage":"hu","potentialAction":[{"@type":"ReadAction","target":["https://www.regionsaris.sk/podujatie/caj-o-piatej-u-rakociho/"]}]},{"@type":"ImageObject","inLanguage":"hu","@id":"https://www.regionsaris.sk/podujatie/caj-o-piatej-u-rakociho/#primaryimage","url":"https://www.regionsaris.sk/wp-content/uploads/2026/02/c203ac48-scaled.jpeg","contentUrl":"https://www.regionsaris.sk/wp-content/uploads/2026/02/c203ac48-scaled.jpeg","width":1810,"height":2560},{"@type":"BreadcrumbList","@id":"https://www.regionsaris.sk/podujatie/caj-o-piatej-u-rakociho/#breadcrumb","itemListElement":[{"@type":"ListItem","position":1,"name":"Domov","item":"https://www.regionsaris.sk/"},{"@type":"ListItem","position":2,"name":"Podujatia","item":"https://www.regionsaris.sk/vsetky-podujatia/"},{"@type":"ListItem","position":3,"name":"Čaj o piatej u Rákociho"}]},{"@type":"WebSite","@id":"https://www.regionsaris.sk/#website","url":"https://www.regionsaris.sk/","name":"OOCR Šariš","description":"","potentialAction":[{"@type":"SearchAction","target":{"@type":"EntryPoint","urlTemplate":"https://www.regionsaris.sk/?s={search_term_string}"},"query-input":{"@type":"PropertyValueSpecification","valueRequired":true,"valueName":"search_term_string"}}],"inLanguage":"hu"}]}</script>
<!-- / Yoast SEO Premium plugin. -->

Čaj o piatej u Rákociho - OOCR Šariš

Čaj o piatej u Rákociho

Dátum: 10. február 2025Čas: 17.00 hod.Miesto konania: Bývalá budova Krajskej knižnice v Prešove, Hlavná 139...

OOCR Šariš
