{"id":2599,"date":"2026-01-07T12:44:57","date_gmt":"2026-01-07T11:44:57","guid":{"rendered":"https:\/\/www.regionsaris.sk\/?post_type=nabozensky-turizmus&#038;p=2599"},"modified":"2026-02-05T13:50:03","modified_gmt":"2026-02-05T12:50:03","slug":"dreveny-greckokatolicky-chram-svatej-paraskievy-vysna-polianka","status":"publish","type":"nabozensky-turizmus","link":"https:\/\/www.regionsaris.sk\/hu\/nabozensky-turizmus\/dreveny-greckokatolicky-chram-svatej-paraskievy-vysna-polianka\/","title":{"rendered":"Szent Paraskieva g\u00f6r\u00f6gkatolikus fatemplom, Vy\u0161n\u00e1 Polianka"},"content":{"rendered":"<p>A jelenlegi, f\u00e1b\u00f3l \u00e9p\u00fclt fili\u00e1lis templomot 1919-ben \u00e9p\u00edtett\u00e9k az 1810-es eredeti templom hely\u00e9n. Az els\u0151 vil\u00e1gh\u00e1bor\u00fa alatt pusztult el, val\u00f3sz\u00edn\u0171leg a hadsereg puszt\u00edtotta el. Az eredeti templomot, a jelenlegihez hasonl\u00f3an, Szent Paraszkevinek szentelt\u00e9k. A mai templom azonban kisebb m\u00e9ret\u0171 \u00e9s sokkal egyszer\u0171bb \u00e9p\u00edt\u00e9szet\u0171, mint az eredeti.<br>Ez egy kis r\u00f6nkh\u00e1z, h\u00e1romter\u0171, egy toronnyal \u00e9s k\u00e9t kereszttel. A torony az el\u0151csarnokba van helyezve. Eredetileg h\u00e1rom harang volt, de ma m\u00e1r csak kett\u0151 van.<br>Az ikonoszt\u00e1z csak c\u00e9lszer\u0171s\u00e9gi okokb\u00f3l ker\u00fclt ebbe a templomba, \u00e9s nem b\u00edr nagy m\u0171v\u00e9szi \u00e9rt\u00e9kkel.<br>A templom k\u00fcls\u0151 k\u00f6rnyezet\u00e9nek \u00e1talak\u00edt\u00e1s\u00e1ra az 1990-es \u00e9vekben ker\u00fclt sor. Az utols\u00f3 helyre\u00e1ll\u00edt\u00e1sra 2004-ben ker\u00fclt sor.<\/p>\n\n\n\n<p>Forr\u00e1s: www.drevenechramy.sk<\/p>\n\n\n\n<p>F\u00e9nyk\u00e9p: Henryk Bielamowicz<\/p>","protected":false},"featured_media":2600,"template":"","meta":{"_acf_changed":false},"kategoria-poi":[186,168],"lokalita":[178],"sezona-poi":[12],"trvanie-vyletu":[217],"class_list":["post-2599","nabozensky-turizmus","type-nabozensky-turizmus","status-publish","has-post-thumbnail","hentry","kategoria-poi-drevene-chramy","kategoria-poi-nabozensky-turizmus","lokalita-bardejov-a-okolie","sezona-poi-celorocne","trvanie-vyletu-kratke-vylety"],"acf":[],"yoast_head":"<!-- This site is optimized with the Yoast SEO Premium plugin v26.3 (Yoast SEO v26.8) - https:\/\/yoast.com\/product\/yoast-seo-premium-wordpress\/ -->\n<title>Dreven\u00fd gr\u00e9ckokatol\u00edcky chr\u00e1m sv\u00e4tej Paraskievy, Vy\u0161n\u00e1 Polianka - OOCR \u0160ari\u0161<\/title>\n<meta name=\"robots\" content=\"index, follow, max-snippet:-1, max-image-preview:large, max-video-preview:-1\" \/>\n<link rel=\"canonical\" href=\"https:\/\/www.regionsaris.sk\/hu\/nabozensky-turizmus\/dreveny-greckokatolicky-chram-svatej-paraskievy-vysna-polianka\/\" \/>\n<meta property=\"og:locale\" content=\"hu_HU\" \/>\n<meta property=\"og:type\" content=\"article\" \/>\n<meta property=\"og:title\" content=\"Dreven\u00fd gr\u00e9ckokatol\u00edcky chr\u00e1m sv\u00e4tej Paraskievy, Vy\u0161n\u00e1 Polianka\" \/>\n<meta property=\"og:description\" content=\"S\u00fa\u010dasn\u00fd dreven\u00fd fili\u00e1lny chr\u00e1m vo Vy\u0161nej Polianke bol postaven\u00fd v roku 1919 na mieste p\u00f4vodn\u00e9ho...\" \/>\n<meta property=\"og:url\" content=\"https:\/\/www.regionsaris.sk\/hu\/nabozensky-turizmus\/dreveny-greckokatolicky-chram-svatej-paraskievy-vysna-polianka\/\" \/>\n<meta property=\"og:site_name\" content=\"OOCR \u0160ari\u0161\" \/>\n<meta property=\"article:modified_time\" content=\"2026-02-05T12:50:03+00:00\" \/>\n<meta property=\"og:image\" content=\"https:\/\/www.regionsaris.sk\/wp-content\/uploads\/2026\/01\/vpolianka266-thumb.jpg\" \/>\n\t<meta property=\"og:image:width\" content=\"600\" \/>\n\t<meta property=\"og:image:height\" content=\"400\" \/>\n\t<meta property=\"og:image:type\" content=\"image\/jpeg\" \/>\n<meta name=\"twitter:card\" content=\"summary_large_image\" \/>\n<meta name=\"twitter:label1\" content=\"Becs\u00fclt olvas\u00e1si id\u0151\" \/>\n\t<meta name=\"twitter:data1\" content=\"1 perc\" \/>\n<script type=\"application\/ld+json\" class=\"yoast-schema-graph\">{\"@context\":\"https:\/\/schema.org\",\"@graph\":[{\"@type\":\"WebPage\",\"@id\":\"https:\/\/www.regionsaris.sk\/nabozensky-turizmus\/dreveny-greckokatolicky-chram-svatej-paraskievy-vysna-polianka\/\",\"url\":\"https:\/\/www.regionsaris.sk\/nabozensky-turizmus\/dreveny-greckokatolicky-chram-svatej-paraskievy-vysna-polianka\/\",\"name\":\"Dreven\u00fd gr\u00e9ckokatol\u00edcky chr\u00e1m sv\u00e4tej Paraskievy, Vy\u0161n\u00e1 Polianka - OOCR \u0160ari\u0161\",\"isPartOf\":{\"@id\":\"https:\/\/www.regionsaris.sk\/#website\"},\"primaryImageOfPage\":{\"@id\":\"https:\/\/www.regionsaris.sk\/nabozensky-turizmus\/dreveny-greckokatolicky-chram-svatej-paraskievy-vysna-polianka\/#primaryimage\"},\"image\":{\"@id\":\"https:\/\/www.regionsaris.sk\/nabozensky-turizmus\/dreveny-greckokatolicky-chram-svatej-paraskievy-vysna-polianka\/#primaryimage\"},\"thumbnailUrl\":\"https:\/\/www.regionsaris.sk\/wp-content\/uploads\/2026\/01\/vpolianka266-thumb.jpg\",\"datePublished\":\"2026-01-07T11:44:57+00:00\",\"dateModified\":\"2026-02-05T12:50:03+00:00\",\"breadcrumb\":{\"@id\":\"https:\/\/www.regionsaris.sk\/nabozensky-turizmus\/dreveny-greckokatolicky-chram-svatej-paraskievy-vysna-polianka\/#breadcrumb\"},\"inLanguage\":\"hu\",\"potentialAction\":[{\"@type\":\"ReadAction\",\"target\":[\"https:\/\/www.regionsaris.sk\/nabozensky-turizmus\/dreveny-greckokatolicky-chram-svatej-paraskievy-vysna-polianka\/\"]}]},{\"@type\":\"ImageObject\",\"inLanguage\":\"hu\",\"@id\":\"https:\/\/www.regionsaris.sk\/nabozensky-turizmus\/dreveny-greckokatolicky-chram-svatej-paraskievy-vysna-polianka\/#primaryimage\",\"url\":\"https:\/\/www.regionsaris.sk\/wp-content\/uploads\/2026\/01\/vpolianka266-thumb.jpg\",\"contentUrl\":\"https:\/\/www.regionsaris.sk\/wp-content\/uploads\/2026\/01\/vpolianka266-thumb.jpg\",\"width\":600,\"height\":400},{\"@type\":\"BreadcrumbList\",\"@id\":\"https:\/\/www.regionsaris.sk\/nabozensky-turizmus\/dreveny-greckokatolicky-chram-svatej-paraskievy-vysna-polianka\/#breadcrumb\",\"itemListElement\":[{\"@type\":\"ListItem\",\"position\":1,\"name\":\"Domov\",\"item\":\"https:\/\/www.regionsaris.sk\/\"},{\"@type\":\"ListItem\",\"position\":2,\"name\":\"N\u00e1bo\u017eensk\u00fd turizmus v regi\u00f3ne\",\"item\":\"https:\/\/www.regionsaris.sk\/nabozensky-turizmus-v-regione\/\"},{\"@type\":\"ListItem\",\"position\":3,\"name\":\"Dreven\u00fd gr\u00e9ckokatol\u00edcky chr\u00e1m sv\u00e4tej Paraskievy, Vy\u0161n\u00e1 Polianka\"}]},{\"@type\":\"WebSite\",\"@id\":\"https:\/\/www.regionsaris.sk\/#website\",\"url\":\"https:\/\/www.regionsaris.sk\/\",\"name\":\"OOCR \u0160ari\u0161\",\"description\":\"\",\"potentialAction\":[{\"@type\":\"SearchAction\",\"target\":{\"@type\":\"EntryPoint\",\"urlTemplate\":\"https:\/\/www.regionsaris.sk\/?s={search_term_string}\"},\"query-input\":{\"@type\":\"PropertyValueSpecification\",\"valueRequired\":true,\"valueName\":\"search_term_string\"}}],\"inLanguage\":\"hu\"}]}<\/script>\n<!-- \/ Yoast SEO Premium plugin. -->","yoast_head_json":{"title":"Dreven\u00fd gr\u00e9ckokatol\u00edcky chr\u00e1m sv\u00e4tej Paraskievy, Vy\u0161n\u00e1 Polianka - OOCR \u0160ari\u0161","robots":{"index":"index","follow":"follow","max-snippet":"max-snippet:-1","max-image-preview":"max-image-preview:large","max-video-preview":"max-video-preview:-1"},"canonical":"https:\/\/www.regionsaris.sk\/hu\/nabozensky-turizmus\/dreveny-greckokatolicky-chram-svatej-paraskievy-vysna-polianka\/","og_locale":"hu_HU","og_type":"article","og_title":"Dreven\u00fd gr\u00e9ckokatol\u00edcky chr\u00e1m sv\u00e4tej Paraskievy, Vy\u0161n\u00e1 Polianka","og_description":"S\u00fa\u010dasn\u00fd dreven\u00fd fili\u00e1lny chr\u00e1m vo Vy\u0161nej Polianke bol postaven\u00fd v roku 1919 na mieste p\u00f4vodn\u00e9ho...","og_url":"https:\/\/www.regionsaris.sk\/hu\/nabozensky-turizmus\/dreveny-greckokatolicky-chram-svatej-paraskievy-vysna-polianka\/","og_site_name":"OOCR \u0160ari\u0161","article_modified_time":"2026-02-05T12:50:03+00:00","og_image":[{"width":600,"height":400,"url":"https:\/\/www.regionsaris.sk\/wp-content\/uploads\/2026\/01\/vpolianka266-thumb.jpg","type":"image\/jpeg"}],"twitter_card":"summary_large_image","twitter_misc":{"Becs\u00fclt olvas\u00e1si id\u0151":"1 perc"},"schema":{"@context":"https:\/\/schema.org","@graph":[{"@type":"WebPage","@id":"https:\/\/www.regionsaris.sk\/nabozensky-turizmus\/dreveny-greckokatolicky-chram-svatej-paraskievy-vysna-polianka\/","url":"https:\/\/www.regionsaris.sk\/nabozensky-turizmus\/dreveny-greckokatolicky-chram-svatej-paraskievy-vysna-polianka\/","name":"Dreven\u00fd gr\u00e9ckokatol\u00edcky chr\u00e1m sv\u00e4tej Paraskievy, Vy\u0161n\u00e1 Polianka - OOCR \u0160ari\u0161","isPartOf":{"@id":"https:\/\/www.regionsaris.sk\/#website"},"primaryImageOfPage":{"@id":"https:\/\/www.regionsaris.sk\/nabozensky-turizmus\/dreveny-greckokatolicky-chram-svatej-paraskievy-vysna-polianka\/#primaryimage"},"image":{"@id":"https:\/\/www.regionsaris.sk\/nabozensky-turizmus\/dreveny-greckokatolicky-chram-svatej-paraskievy-vysna-polianka\/#primaryimage"},"thumbnailUrl":"https:\/\/www.regionsaris.sk\/wp-content\/uploads\/2026\/01\/vpolianka266-thumb.jpg","datePublished":"2026-01-07T11:44:57+00:00","dateModified":"2026-02-05T12:50:03+00:00","breadcrumb":{"@id":"https:\/\/www.regionsaris.sk\/nabozensky-turizmus\/dreveny-greckokatolicky-chram-svatej-paraskievy-vysna-polianka\/#breadcrumb"},"inLanguage":"hu","potentialAction":[{"@type":"ReadAction","target":["https:\/\/www.regionsaris.sk\/nabozensky-turizmus\/dreveny-greckokatolicky-chram-svatej-paraskievy-vysna-polianka\/"]}]},{"@type":"ImageObject","inLanguage":"hu","@id":"https:\/\/www.regionsaris.sk\/nabozensky-turizmus\/dreveny-greckokatolicky-chram-svatej-paraskievy-vysna-polianka\/#primaryimage","url":"https:\/\/www.regionsaris.sk\/wp-content\/uploads\/2026\/01\/vpolianka266-thumb.jpg","contentUrl":"https:\/\/www.regionsaris.sk\/wp-content\/uploads\/2026\/01\/vpolianka266-thumb.jpg","width":600,"height":400},{"@type":"BreadcrumbList","@id":"https:\/\/www.regionsaris.sk\/nabozensky-turizmus\/dreveny-greckokatolicky-chram-svatej-paraskievy-vysna-polianka\/#breadcrumb","itemListElement":[{"@type":"ListItem","position":1,"name":"Domov","item":"https:\/\/www.regionsaris.sk\/"},{"@type":"ListItem","position":2,"name":"N\u00e1bo\u017eensk\u00fd turizmus v regi\u00f3ne","item":"https:\/\/www.regionsaris.sk\/nabozensky-turizmus-v-regione\/"},{"@type":"ListItem","position":3,"name":"Dreven\u00fd gr\u00e9ckokatol\u00edcky chr\u00e1m sv\u00e4tej Paraskievy, Vy\u0161n\u00e1 Polianka"}]},{"@type":"WebSite","@id":"https:\/\/www.regionsaris.sk\/#website","url":"https:\/\/www.regionsaris.sk\/","name":"OOCR \u0160ari\u0161","description":"","potentialAction":[{"@type":"SearchAction","target":{"@type":"EntryPoint","urlTemplate":"https:\/\/www.regionsaris.sk\/?s={search_term_string}"},"query-input":{"@type":"PropertyValueSpecification","valueRequired":true,"valueName":"search_term_string"}}],"inLanguage":"hu"}]}},"_links":{"self":[{"href":"https:\/\/www.regionsaris.sk\/hu\/wp-json\/wp\/v2\/nabozensky-turizmus\/2599","targetHints":{"allow":["GET"]}}],"collection":[{"href":"https:\/\/www.regionsaris.sk\/hu\/wp-json\/wp\/v2\/nabozensky-turizmus"}],"about":[{"href":"https:\/\/www.regionsaris.sk\/hu\/wp-json\/wp\/v2\/types\/nabozensky-turizmus"}],"wp:featuredmedia":[{"embeddable":true,"href":"https:\/\/www.regionsaris.sk\/hu\/wp-json\/wp\/v2\/media\/2600"}],"wp:attachment":[{"href":"https:\/\/www.regionsaris.sk\/hu\/wp-json\/wp\/v2\/media?parent=2599"}],"wp:term":[{"taxonomy":"kategoria-poi","embeddable":true,"href":"https:\/\/www.regionsaris.sk\/hu\/wp-json\/wp\/v2\/kategoria-poi?post=2599"},{"taxonomy":"lokalita","embeddable":true,"href":"https:\/\/www.regionsaris.sk\/hu\/wp-json\/wp\/v2\/lokalita?post=2599"},{"taxonomy":"sezona-poi","embeddable":true,"href":"https:\/\/www.regionsaris.sk\/hu\/wp-json\/wp\/v2\/sezona-poi?post=2599"},{"taxonomy":"trvanie-vyletu","embeddable":true,"href":"https:\/\/www.regionsaris.sk\/hu\/wp-json\/wp\/v2\/trvanie-vyletu?post=2599"}],"curies":[{"name":"wp","href":"https:\/\/api.w.org\/{rel}","templated":true}]}}

Szent Paraskieva görögkatolikus fatemplom, Vyšná Polianka

<p>A jelenlegi, fából épült filiális templomot 1919-ben építették az 1810-es eredeti templom helyén. Az első világháború alatt pusztult el, valószínűleg a hadsereg pusztította el. Az eredeti templomot, a jelenlegihez hasonlóan, Szent Paraszkevinek szentelték. A mai templom azonban kisebb méretű és sokkal egyszerűbb építészetű, mint az eredeti.<br>Ez egy kis rönkház, háromterű, egy toronnyal és két kereszttel. A torony az előcsarnokba van helyezve. Eredetileg három harang volt, de ma már csak kettő van.<br>Az ikonosztáz csak célszerűségi okokból került ebbe a templomba, és nem bír nagy művészi értékkel.<br>A templom külső környezetének átalakítására az 1990-es években került sor. Az utolsó helyreállításra 2004-ben került sor.</p>



<p>Forrás: www.drevenechramy.sk</p>



<p>Fénykép: Henryk Bielamowicz</p>

<!-- This site is optimized with the Yoast SEO Premium plugin v26.3 (Yoast SEO v26.8) - https://yoast.com/product/yoast-seo-premium-wordpress/ -->
<title>Drevený gréckokatolícky chrám svätej Paraskievy, Vyšná Polianka - OOCR Šariš</title>
<meta name="robots" content="index, follow, max-snippet:-1, max-image-preview:large, max-video-preview:-1" />
<link rel="canonical" href="https://www.regionsaris.sk/hu/nabozensky-turizmus/dreveny-greckokatolicky-chram-svatej-paraskievy-vysna-polianka/" />
<meta property="og:locale" content="hu_HU" />
<meta property="og:type" content="article" />
<meta property="og:title" content="Drevený gréckokatolícky chrám svätej Paraskievy, Vyšná Polianka" />
<meta property="og:description" content="Súčasný drevený filiálny chrám vo Vyšnej Polianke bol postavený v roku 1919 na mieste pôvodného..." />
<meta property="og:url" content="https://www.regionsaris.sk/hu/nabozensky-turizmus/dreveny-greckokatolicky-chram-svatej-paraskievy-vysna-polianka/" />
<meta property="og:site_name" content="OOCR Šariš" />
<meta property="article:modified_time" content="2026-02-05T12:50:03+00:00" />
<meta property="og:image" content="https://www.regionsaris.sk/wp-content/uploads/2026/01/vpolianka266-thumb.jpg" />
	<meta property="og:image:width" content="600" />
	<meta property="og:image:height" content="400" />
	<meta property="og:image:type" content="image/jpeg" />
<meta name="twitter:card" content="summary_large_image" />
<meta name="twitter:label1" content="Becsült olvasási idő" />
	<meta name="twitter:data1" content="1 perc" />
<script type="application/ld+json" class="yoast-schema-graph">{"@context":"https://schema.org","@graph":[{"@type":"WebPage","@id":"https://www.regionsaris.sk/nabozensky-turizmus/dreveny-greckokatolicky-chram-svatej-paraskievy-vysna-polianka/","url":"https://www.regionsaris.sk/nabozensky-turizmus/dreveny-greckokatolicky-chram-svatej-paraskievy-vysna-polianka/","name":"Drevený gréckokatolícky chrám svätej Paraskievy, Vyšná Polianka - OOCR Šariš","isPartOf":{"@id":"https://www.regionsaris.sk/#website"},"primaryImageOfPage":{"@id":"https://www.regionsaris.sk/nabozensky-turizmus/dreveny-greckokatolicky-chram-svatej-paraskievy-vysna-polianka/#primaryimage"},"image":{"@id":"https://www.regionsaris.sk/nabozensky-turizmus/dreveny-greckokatolicky-chram-svatej-paraskievy-vysna-polianka/#primaryimage"},"thumbnailUrl":"https://www.regionsaris.sk/wp-content/uploads/2026/01/vpolianka266-thumb.jpg","datePublished":"2026-01-07T11:44:57+00:00","dateModified":"2026-02-05T12:50:03+00:00","breadcrumb":{"@id":"https://www.regionsaris.sk/nabozensky-turizmus/dreveny-greckokatolicky-chram-svatej-paraskievy-vysna-polianka/#breadcrumb"},"inLanguage":"hu","potentialAction":[{"@type":"ReadAction","target":["https://www.regionsaris.sk/nabozensky-turizmus/dreveny-greckokatolicky-chram-svatej-paraskievy-vysna-polianka/"]}]},{"@type":"ImageObject","inLanguage":"hu","@id":"https://www.regionsaris.sk/nabozensky-turizmus/dreveny-greckokatolicky-chram-svatej-paraskievy-vysna-polianka/#primaryimage","url":"https://www.regionsaris.sk/wp-content/uploads/2026/01/vpolianka266-thumb.jpg","contentUrl":"https://www.regionsaris.sk/wp-content/uploads/2026/01/vpolianka266-thumb.jpg","width":600,"height":400},{"@type":"BreadcrumbList","@id":"https://www.regionsaris.sk/nabozensky-turizmus/dreveny-greckokatolicky-chram-svatej-paraskievy-vysna-polianka/#breadcrumb","itemListElement":[{"@type":"ListItem","position":1,"name":"Domov","item":"https://www.regionsaris.sk/"},{"@type":"ListItem","position":2,"name":"Náboženský turizmus v regióne","item":"https://www.regionsaris.sk/nabozensky-turizmus-v-regione/"},{"@type":"ListItem","position":3,"name":"Drevený gréckokatolícky chrám svätej Paraskievy, Vyšná Polianka"}]},{"@type":"WebSite","@id":"https://www.regionsaris.sk/#website","url":"https://www.regionsaris.sk/","name":"OOCR Šariš","description":"","potentialAction":[{"@type":"SearchAction","target":{"@type":"EntryPoint","urlTemplate":"https://www.regionsaris.sk/?s={search_term_string}"},"query-input":{"@type":"PropertyValueSpecification","valueRequired":true,"valueName":"search_term_string"}}],"inLanguage":"hu"}]}</script>
<!-- / Yoast SEO Premium plugin. -->

Drevený gréckokatolícky chrám svätej Paraskievy, Vyšná Polianka - OOCR Šariš

Drevený gréckokatolícky chrám svätej Paraskievy, Vyšná Polianka

Súčasný drevený filiálny chrám vo Vyšnej Polianke bol postavený v roku 1919 na mieste pôvodného...

OOCR Šariš

Náboženský turizmus v regióne
