{"id":2567,"date":"2026-01-07T12:45:04","date_gmt":"2026-01-07T11:45:04","guid":{"rendered":"https:\/\/www.regionsaris.sk\/?post_type=nabozensky-turizmus&#038;p=2567"},"modified":"2026-02-05T13:43:32","modified_gmt":"2026-02-05T12:43:32","slug":"dreveny-chram-svatych-kozmu-a-damiana-vysny-komarnik","status":"publish","type":"nabozensky-turizmus","link":"https:\/\/www.regionsaris.sk\/hu\/nabozensky-turizmus\/dreveny-chram-svatych-kozmu-a-damiana-vysny-komarnik\/","title":{"rendered":"Szent Kozm\u00e1s \u00e9s Damj\u00e1n fatemplom, Vy\u0161n\u00fd Kom\u00e1rnik"},"content":{"rendered":"<p>Az 1924-ben \u00e9p\u00fclt fatemplom egy r\u00e9gebbi, 1700-b\u00f3l sz\u00e1rmaz\u00f3 fatemplom hely\u00e9re \u00e9p\u00fclt, amely az els\u0151 vil\u00e1gh\u00e1bor\u00faban elpusztult.<\/p>\n\n\n\n<p>A templomot a biz\u00e1nci szenteknek, a gy\u00f3gy\u00edt\u00f3 Kozma \u00e9s Damj\u00e1n testv\u00e9reknek szentelt\u00e9k. A templomnak nagym\u00e9ret\u0171 el\u0151csarnoka van egy prizmatikus toronnyal, amelyet k\u00edv\u00fclr\u0151l f\u00fcgg\u0151leges deszk\u00e1k v\u00e9denek. A toronyban n\u00e9gy harang tal\u00e1lhat\u00f3. Az egyes ikonok a keleti egyh\u00e1z liturgi\u00e1j\u00e1nak r\u00e9sz\u00e9t k\u00e9pezik.<\/p>\n\n\n\n<p>A templom \u00e9p\u00fclete r\u00f6nkszerkezet\u0171, a torony oszlopszerkezet\u0171. Alacsony k\u0151alapzatra \u00e9p\u00fclt. A templom h\u00e1romr\u00e9szes, h\u00e1romter\u0171, h\u00e1rom tornyos, h\u00e1rom f\u00e9mkereszttel. A bej\u00e1rat a nyugati oldalon tal\u00e1lhat\u00f3 az el\u0151csarnokon kereszt\u00fcl. K\u00f3rus nincs benne. A haj\u00f3 alaprajz\u00e1t tekintve a legsz\u00e9lesebb. A szent\u00e9ly \u00e9s a haj\u00f3 magas ablakai a templom \u00e9rdekess\u00e9gei.<\/p>\n\n\n\n<p>Az ikonoszt\u00e1z n\u00e9gyhaj\u00f3s, n\u00e9gy emeletes. Az ikonok \u00fajabbak, val\u00f3sz\u00edn\u0171leg e m\u00e1sodik templom \u00e9p\u00edt\u00e9s\u00e9nek idej\u00e9b\u0151l sz\u00e1rmaznak. A teljes ikonoszt\u00e1z 2006-ban ker\u00fclt fel\u00faj\u00edt\u00e1sra.<\/p>\n\n\n\n<p>Forr\u00e1s: www.drevenchramy.sk<\/p>\n\n\n\n<p>Fot\u00f3k: Henryk Bielamowicz<\/p>","protected":false},"featured_media":2568,"template":"","meta":{"_acf_changed":false},"kategoria-poi":[186,168],"lokalita":[115],"sezona-poi":[12],"trvanie-vyletu":[180],"class_list":["post-2567","nabozensky-turizmus","type-nabozensky-turizmus","status-publish","has-post-thumbnail","hentry","kategoria-poi-drevene-chramy","kategoria-poi-nabozensky-turizmus","lokalita-svidnik-a-okolie","sezona-poi-celorocne","trvanie-vyletu-poldenne-vylety"],"acf":[],"yoast_head":"<!-- This site is optimized with the Yoast SEO Premium plugin v26.3 (Yoast SEO v26.8) - https:\/\/yoast.com\/product\/yoast-seo-premium-wordpress\/ -->\n<title>Dreven\u00fd chr\u00e1m sv\u00e4t\u00fdch Kozmu a Dami\u00e1na, Vy\u0161n\u00fd Kom\u00e1rnik - OOCR \u0160ari\u0161<\/title>\n<meta name=\"robots\" content=\"index, follow, max-snippet:-1, max-image-preview:large, max-video-preview:-1\" \/>\n<link rel=\"canonical\" href=\"https:\/\/www.regionsaris.sk\/hu\/nabozensky-turizmus\/dreveny-chram-svatych-kozmu-a-damiana-vysny-komarnik\/\" \/>\n<meta property=\"og:locale\" content=\"hu_HU\" \/>\n<meta property=\"og:type\" content=\"article\" \/>\n<meta property=\"og:title\" content=\"Dreven\u00fd chr\u00e1m sv\u00e4t\u00fdch Kozmu a Dami\u00e1na, Vy\u0161n\u00fd Kom\u00e1rnik\" \/>\n<meta property=\"og:description\" content=\"Dreven\u00e1 cerkov z roku 1924 bola postaven\u00e1 na mieste star\u0161ej drevenej cerkvi z roku 1700,...\" \/>\n<meta property=\"og:url\" content=\"https:\/\/www.regionsaris.sk\/hu\/nabozensky-turizmus\/dreveny-chram-svatych-kozmu-a-damiana-vysny-komarnik\/\" \/>\n<meta property=\"og:site_name\" content=\"OOCR \u0160ari\u0161\" \/>\n<meta property=\"article:modified_time\" content=\"2026-02-05T12:43:32+00:00\" \/>\n<meta property=\"og:image\" content=\"https:\/\/www.regionsaris.sk\/wp-content\/uploads\/2026\/01\/vysny-komarnik-kozmu248-thumb.jpg\" \/>\n\t<meta property=\"og:image:width\" content=\"600\" \/>\n\t<meta property=\"og:image:height\" content=\"400\" \/>\n\t<meta property=\"og:image:type\" content=\"image\/jpeg\" \/>\n<meta name=\"twitter:card\" content=\"summary_large_image\" \/>\n<meta name=\"twitter:label1\" content=\"Becs\u00fclt olvas\u00e1si id\u0151\" \/>\n\t<meta name=\"twitter:data1\" content=\"1 perc\" \/>\n<script type=\"application\/ld+json\" class=\"yoast-schema-graph\">{\"@context\":\"https:\/\/schema.org\",\"@graph\":[{\"@type\":\"WebPage\",\"@id\":\"https:\/\/www.regionsaris.sk\/nabozensky-turizmus\/dreveny-chram-svatych-kozmu-a-damiana-vysny-komarnik\/\",\"url\":\"https:\/\/www.regionsaris.sk\/nabozensky-turizmus\/dreveny-chram-svatych-kozmu-a-damiana-vysny-komarnik\/\",\"name\":\"Dreven\u00fd chr\u00e1m sv\u00e4t\u00fdch Kozmu a Dami\u00e1na, Vy\u0161n\u00fd Kom\u00e1rnik - OOCR \u0160ari\u0161\",\"isPartOf\":{\"@id\":\"https:\/\/www.regionsaris.sk\/#website\"},\"primaryImageOfPage\":{\"@id\":\"https:\/\/www.regionsaris.sk\/nabozensky-turizmus\/dreveny-chram-svatych-kozmu-a-damiana-vysny-komarnik\/#primaryimage\"},\"image\":{\"@id\":\"https:\/\/www.regionsaris.sk\/nabozensky-turizmus\/dreveny-chram-svatych-kozmu-a-damiana-vysny-komarnik\/#primaryimage\"},\"thumbnailUrl\":\"https:\/\/www.regionsaris.sk\/wp-content\/uploads\/2026\/01\/vysny-komarnik-kozmu248-thumb.jpg\",\"datePublished\":\"2026-01-07T11:45:04+00:00\",\"dateModified\":\"2026-02-05T12:43:32+00:00\",\"breadcrumb\":{\"@id\":\"https:\/\/www.regionsaris.sk\/nabozensky-turizmus\/dreveny-chram-svatych-kozmu-a-damiana-vysny-komarnik\/#breadcrumb\"},\"inLanguage\":\"hu\",\"potentialAction\":[{\"@type\":\"ReadAction\",\"target\":[\"https:\/\/www.regionsaris.sk\/nabozensky-turizmus\/dreveny-chram-svatych-kozmu-a-damiana-vysny-komarnik\/\"]}]},{\"@type\":\"ImageObject\",\"inLanguage\":\"hu\",\"@id\":\"https:\/\/www.regionsaris.sk\/nabozensky-turizmus\/dreveny-chram-svatych-kozmu-a-damiana-vysny-komarnik\/#primaryimage\",\"url\":\"https:\/\/www.regionsaris.sk\/wp-content\/uploads\/2026\/01\/vysny-komarnik-kozmu248-thumb.jpg\",\"contentUrl\":\"https:\/\/www.regionsaris.sk\/wp-content\/uploads\/2026\/01\/vysny-komarnik-kozmu248-thumb.jpg\",\"width\":600,\"height\":400},{\"@type\":\"BreadcrumbList\",\"@id\":\"https:\/\/www.regionsaris.sk\/nabozensky-turizmus\/dreveny-chram-svatych-kozmu-a-damiana-vysny-komarnik\/#breadcrumb\",\"itemListElement\":[{\"@type\":\"ListItem\",\"position\":1,\"name\":\"Domov\",\"item\":\"https:\/\/www.regionsaris.sk\/\"},{\"@type\":\"ListItem\",\"position\":2,\"name\":\"N\u00e1bo\u017eensk\u00fd turizmus v regi\u00f3ne\",\"item\":\"https:\/\/www.regionsaris.sk\/nabozensky-turizmus-v-regione\/\"},{\"@type\":\"ListItem\",\"position\":3,\"name\":\"Dreven\u00fd chr\u00e1m sv\u00e4t\u00fdch Kozmu a Dami\u00e1na, Vy\u0161n\u00fd Kom\u00e1rnik\"}]},{\"@type\":\"WebSite\",\"@id\":\"https:\/\/www.regionsaris.sk\/#website\",\"url\":\"https:\/\/www.regionsaris.sk\/\",\"name\":\"OOCR \u0160ari\u0161\",\"description\":\"\",\"potentialAction\":[{\"@type\":\"SearchAction\",\"target\":{\"@type\":\"EntryPoint\",\"urlTemplate\":\"https:\/\/www.regionsaris.sk\/?s={search_term_string}\"},\"query-input\":{\"@type\":\"PropertyValueSpecification\",\"valueRequired\":true,\"valueName\":\"search_term_string\"}}],\"inLanguage\":\"hu\"}]}<\/script>\n<!-- \/ Yoast SEO Premium plugin. -->","yoast_head_json":{"title":"Dreven\u00fd chr\u00e1m sv\u00e4t\u00fdch Kozmu a Dami\u00e1na, Vy\u0161n\u00fd Kom\u00e1rnik - OOCR \u0160ari\u0161","robots":{"index":"index","follow":"follow","max-snippet":"max-snippet:-1","max-image-preview":"max-image-preview:large","max-video-preview":"max-video-preview:-1"},"canonical":"https:\/\/www.regionsaris.sk\/hu\/nabozensky-turizmus\/dreveny-chram-svatych-kozmu-a-damiana-vysny-komarnik\/","og_locale":"hu_HU","og_type":"article","og_title":"Dreven\u00fd chr\u00e1m sv\u00e4t\u00fdch Kozmu a Dami\u00e1na, Vy\u0161n\u00fd Kom\u00e1rnik","og_description":"Dreven\u00e1 cerkov z roku 1924 bola postaven\u00e1 na mieste star\u0161ej drevenej cerkvi z roku 1700,...","og_url":"https:\/\/www.regionsaris.sk\/hu\/nabozensky-turizmus\/dreveny-chram-svatych-kozmu-a-damiana-vysny-komarnik\/","og_site_name":"OOCR \u0160ari\u0161","article_modified_time":"2026-02-05T12:43:32+00:00","og_image":[{"width":600,"height":400,"url":"https:\/\/www.regionsaris.sk\/wp-content\/uploads\/2026\/01\/vysny-komarnik-kozmu248-thumb.jpg","type":"image\/jpeg"}],"twitter_card":"summary_large_image","twitter_misc":{"Becs\u00fclt olvas\u00e1si id\u0151":"1 perc"},"schema":{"@context":"https:\/\/schema.org","@graph":[{"@type":"WebPage","@id":"https:\/\/www.regionsaris.sk\/nabozensky-turizmus\/dreveny-chram-svatych-kozmu-a-damiana-vysny-komarnik\/","url":"https:\/\/www.regionsaris.sk\/nabozensky-turizmus\/dreveny-chram-svatych-kozmu-a-damiana-vysny-komarnik\/","name":"Dreven\u00fd chr\u00e1m sv\u00e4t\u00fdch Kozmu a Dami\u00e1na, Vy\u0161n\u00fd Kom\u00e1rnik - OOCR \u0160ari\u0161","isPartOf":{"@id":"https:\/\/www.regionsaris.sk\/#website"},"primaryImageOfPage":{"@id":"https:\/\/www.regionsaris.sk\/nabozensky-turizmus\/dreveny-chram-svatych-kozmu-a-damiana-vysny-komarnik\/#primaryimage"},"image":{"@id":"https:\/\/www.regionsaris.sk\/nabozensky-turizmus\/dreveny-chram-svatych-kozmu-a-damiana-vysny-komarnik\/#primaryimage"},"thumbnailUrl":"https:\/\/www.regionsaris.sk\/wp-content\/uploads\/2026\/01\/vysny-komarnik-kozmu248-thumb.jpg","datePublished":"2026-01-07T11:45:04+00:00","dateModified":"2026-02-05T12:43:32+00:00","breadcrumb":{"@id":"https:\/\/www.regionsaris.sk\/nabozensky-turizmus\/dreveny-chram-svatych-kozmu-a-damiana-vysny-komarnik\/#breadcrumb"},"inLanguage":"hu","potentialAction":[{"@type":"ReadAction","target":["https:\/\/www.regionsaris.sk\/nabozensky-turizmus\/dreveny-chram-svatych-kozmu-a-damiana-vysny-komarnik\/"]}]},{"@type":"ImageObject","inLanguage":"hu","@id":"https:\/\/www.regionsaris.sk\/nabozensky-turizmus\/dreveny-chram-svatych-kozmu-a-damiana-vysny-komarnik\/#primaryimage","url":"https:\/\/www.regionsaris.sk\/wp-content\/uploads\/2026\/01\/vysny-komarnik-kozmu248-thumb.jpg","contentUrl":"https:\/\/www.regionsaris.sk\/wp-content\/uploads\/2026\/01\/vysny-komarnik-kozmu248-thumb.jpg","width":600,"height":400},{"@type":"BreadcrumbList","@id":"https:\/\/www.regionsaris.sk\/nabozensky-turizmus\/dreveny-chram-svatych-kozmu-a-damiana-vysny-komarnik\/#breadcrumb","itemListElement":[{"@type":"ListItem","position":1,"name":"Domov","item":"https:\/\/www.regionsaris.sk\/"},{"@type":"ListItem","position":2,"name":"N\u00e1bo\u017eensk\u00fd turizmus v regi\u00f3ne","item":"https:\/\/www.regionsaris.sk\/nabozensky-turizmus-v-regione\/"},{"@type":"ListItem","position":3,"name":"Dreven\u00fd chr\u00e1m sv\u00e4t\u00fdch Kozmu a Dami\u00e1na, Vy\u0161n\u00fd Kom\u00e1rnik"}]},{"@type":"WebSite","@id":"https:\/\/www.regionsaris.sk\/#website","url":"https:\/\/www.regionsaris.sk\/","name":"OOCR \u0160ari\u0161","description":"","potentialAction":[{"@type":"SearchAction","target":{"@type":"EntryPoint","urlTemplate":"https:\/\/www.regionsaris.sk\/?s={search_term_string}"},"query-input":{"@type":"PropertyValueSpecification","valueRequired":true,"valueName":"search_term_string"}}],"inLanguage":"hu"}]}},"_links":{"self":[{"href":"https:\/\/www.regionsaris.sk\/hu\/wp-json\/wp\/v2\/nabozensky-turizmus\/2567","targetHints":{"allow":["GET"]}}],"collection":[{"href":"https:\/\/www.regionsaris.sk\/hu\/wp-json\/wp\/v2\/nabozensky-turizmus"}],"about":[{"href":"https:\/\/www.regionsaris.sk\/hu\/wp-json\/wp\/v2\/types\/nabozensky-turizmus"}],"wp:featuredmedia":[{"embeddable":true,"href":"https:\/\/www.regionsaris.sk\/hu\/wp-json\/wp\/v2\/media\/2568"}],"wp:attachment":[{"href":"https:\/\/www.regionsaris.sk\/hu\/wp-json\/wp\/v2\/media?parent=2567"}],"wp:term":[{"taxonomy":"kategoria-poi","embeddable":true,"href":"https:\/\/www.regionsaris.sk\/hu\/wp-json\/wp\/v2\/kategoria-poi?post=2567"},{"taxonomy":"lokalita","embeddable":true,"href":"https:\/\/www.regionsaris.sk\/hu\/wp-json\/wp\/v2\/lokalita?post=2567"},{"taxonomy":"sezona-poi","embeddable":true,"href":"https:\/\/www.regionsaris.sk\/hu\/wp-json\/wp\/v2\/sezona-poi?post=2567"},{"taxonomy":"trvanie-vyletu","embeddable":true,"href":"https:\/\/www.regionsaris.sk\/hu\/wp-json\/wp\/v2\/trvanie-vyletu?post=2567"}],"curies":[{"name":"wp","href":"https:\/\/api.w.org\/{rel}","templated":true}]}}

Szent Kozmás és Damján fatemplom, Vyšný Komárnik

<p>Az 1924-ben épült fatemplom egy régebbi, 1700-ból származó fatemplom helyére épült, amely az első világháborúban elpusztult.</p>



<p>A templomot a bizánci szenteknek, a gyógyító Kozma és Damján testvéreknek szentelték. A templomnak nagyméretű előcsarnoka van egy prizmatikus toronnyal, amelyet kívülről függőleges deszkák védenek. A toronyban négy harang található. Az egyes ikonok a keleti egyház liturgiájának részét képezik.</p>



<p>A templom épülete rönkszerkezetű, a torony oszlopszerkezetű. Alacsony kőalapzatra épült. A templom háromrészes, háromterű, három tornyos, három fémkereszttel. A bejárat a nyugati oldalon található az előcsarnokon keresztül. Kórus nincs benne. A hajó alaprajzát tekintve a legszélesebb. A szentély és a hajó magas ablakai a templom érdekességei.</p>



<p>Az ikonosztáz négyhajós, négy emeletes. Az ikonok újabbak, valószínűleg e második templom építésének idejéből származnak. A teljes ikonosztáz 2006-ban került felújításra.</p>



<p>Forrás: www.drevenchramy.sk</p>



<p>Fotók: Henryk Bielamowicz</p>

<!-- This site is optimized with the Yoast SEO Premium plugin v26.3 (Yoast SEO v26.8) - https://yoast.com/product/yoast-seo-premium-wordpress/ -->
<title>Drevený chrám svätých Kozmu a Damiána, Vyšný Komárnik - OOCR Šariš</title>
<meta name="robots" content="index, follow, max-snippet:-1, max-image-preview:large, max-video-preview:-1" />
<link rel="canonical" href="https://www.regionsaris.sk/hu/nabozensky-turizmus/dreveny-chram-svatych-kozmu-a-damiana-vysny-komarnik/" />
<meta property="og:locale" content="hu_HU" />
<meta property="og:type" content="article" />
<meta property="og:title" content="Drevený chrám svätých Kozmu a Damiána, Vyšný Komárnik" />
<meta property="og:description" content="Drevená cerkov z roku 1924 bola postavená na mieste staršej drevenej cerkvi z roku 1700,..." />
<meta property="og:url" content="https://www.regionsaris.sk/hu/nabozensky-turizmus/dreveny-chram-svatych-kozmu-a-damiana-vysny-komarnik/" />
<meta property="og:site_name" content="OOCR Šariš" />
<meta property="article:modified_time" content="2026-02-05T12:43:32+00:00" />
<meta property="og:image" content="https://www.regionsaris.sk/wp-content/uploads/2026/01/vysny-komarnik-kozmu248-thumb.jpg" />
	<meta property="og:image:width" content="600" />
	<meta property="og:image:height" content="400" />
	<meta property="og:image:type" content="image/jpeg" />
<meta name="twitter:card" content="summary_large_image" />
<meta name="twitter:label1" content="Becsült olvasási idő" />
	<meta name="twitter:data1" content="1 perc" />
<script type="application/ld+json" class="yoast-schema-graph">{"@context":"https://schema.org","@graph":[{"@type":"WebPage","@id":"https://www.regionsaris.sk/nabozensky-turizmus/dreveny-chram-svatych-kozmu-a-damiana-vysny-komarnik/","url":"https://www.regionsaris.sk/nabozensky-turizmus/dreveny-chram-svatych-kozmu-a-damiana-vysny-komarnik/","name":"Drevený chrám svätých Kozmu a Damiána, Vyšný Komárnik - OOCR Šariš","isPartOf":{"@id":"https://www.regionsaris.sk/#website"},"primaryImageOfPage":{"@id":"https://www.regionsaris.sk/nabozensky-turizmus/dreveny-chram-svatych-kozmu-a-damiana-vysny-komarnik/#primaryimage"},"image":{"@id":"https://www.regionsaris.sk/nabozensky-turizmus/dreveny-chram-svatych-kozmu-a-damiana-vysny-komarnik/#primaryimage"},"thumbnailUrl":"https://www.regionsaris.sk/wp-content/uploads/2026/01/vysny-komarnik-kozmu248-thumb.jpg","datePublished":"2026-01-07T11:45:04+00:00","dateModified":"2026-02-05T12:43:32+00:00","breadcrumb":{"@id":"https://www.regionsaris.sk/nabozensky-turizmus/dreveny-chram-svatych-kozmu-a-damiana-vysny-komarnik/#breadcrumb"},"inLanguage":"hu","potentialAction":[{"@type":"ReadAction","target":["https://www.regionsaris.sk/nabozensky-turizmus/dreveny-chram-svatych-kozmu-a-damiana-vysny-komarnik/"]}]},{"@type":"ImageObject","inLanguage":"hu","@id":"https://www.regionsaris.sk/nabozensky-turizmus/dreveny-chram-svatych-kozmu-a-damiana-vysny-komarnik/#primaryimage","url":"https://www.regionsaris.sk/wp-content/uploads/2026/01/vysny-komarnik-kozmu248-thumb.jpg","contentUrl":"https://www.regionsaris.sk/wp-content/uploads/2026/01/vysny-komarnik-kozmu248-thumb.jpg","width":600,"height":400},{"@type":"BreadcrumbList","@id":"https://www.regionsaris.sk/nabozensky-turizmus/dreveny-chram-svatych-kozmu-a-damiana-vysny-komarnik/#breadcrumb","itemListElement":[{"@type":"ListItem","position":1,"name":"Domov","item":"https://www.regionsaris.sk/"},{"@type":"ListItem","position":2,"name":"Náboženský turizmus v regióne","item":"https://www.regionsaris.sk/nabozensky-turizmus-v-regione/"},{"@type":"ListItem","position":3,"name":"Drevený chrám svätých Kozmu a Damiána, Vyšný Komárnik"}]},{"@type":"WebSite","@id":"https://www.regionsaris.sk/#website","url":"https://www.regionsaris.sk/","name":"OOCR Šariš","description":"","potentialAction":[{"@type":"SearchAction","target":{"@type":"EntryPoint","urlTemplate":"https://www.regionsaris.sk/?s={search_term_string}"},"query-input":{"@type":"PropertyValueSpecification","valueRequired":true,"valueName":"search_term_string"}}],"inLanguage":"hu"}]}</script>
<!-- / Yoast SEO Premium plugin. -->

Drevený chrám svätých Kozmu a Damiána, Vyšný Komárnik - OOCR Šariš

Drevený chrám svätých Kozmu a Damiána, Vyšný Komárnik

Drevená cerkov z roku 1924 bola postavená na mieste staršej drevenej cerkvi z roku 1700,...

OOCR Šariš

Náboženský turizmus v regióne
