{"id":2561,"date":"2026-01-07T12:45:05","date_gmt":"2026-01-07T11:45:05","guid":{"rendered":"https:\/\/www.regionsaris.sk\/?post_type=nabozensky-turizmus&#038;p=2561"},"modified":"2026-02-05T13:41:28","modified_gmt":"2026-02-05T12:41:28","slug":"dreveny-chram-svateho-michala-archanjela-semetkovce","status":"publish","type":"nabozensky-turizmus","link":"https:\/\/www.regionsaris.sk\/hu\/nabozensky-turizmus\/dreveny-chram-svateho-michala-archanjela-semetkovce\/","title":{"rendered":"F\u00e1b\u00f3l k\u00e9sz\u00fclt Szent Mih\u00e1ly arkangyal templom, \u0160emetkovce"},"content":{"rendered":"<p>A templomot 1752-ben \u00e9p\u00edtett\u00e9k. A K\u00e1rp\u00e1t-Dukla hadm\u0171velet hadm\u0171veletei sor\u00e1n, a tankcsat\u00e1ban, a hal\u00e1l v\u00f6lgy\u00e9ben, 1944 okt\u00f3ber\u00e9ben \u00e9s november\u00e9ben a templom megrong\u00e1l\u00f3dott. A falu polg\u00e1rai hozz\u00e1j\u00e1rultak a helyre\u00e1ll\u00edt\u00e1s\u00e1hoz 1945-ben. A templom 1968 \u00f3ta nemzeti kultur\u00e1lis m\u0171eml\u00e9k.<br>A templom torny\u00e1nak tetej\u00e9n egy tambur\u00e1s pipacs \u00e9s egy kov\u00e1csolt f\u00e9mkereszt n\u0151 ki az \u00e9p\u00fclet szerkezet\u00e9b\u0151l. A szent\u00e9ly \u00e9s a haj\u00f3 feletti k\u00e9tszintes s\u00e1tortet\u0151ket k\u00fap alak\u00fa, zsindellyel fedett tornyok koron\u00e1zz\u00e1k, amelyeken kov\u00e1csoltvas keresztek \u00e1llnak. Az eg\u00e9sz r\u00f6nkh\u00e1z, ak\u00e1rcsak a t\u00f6bbi fatemplom k\u00fcls\u0151 r\u00e9sze, f\u00fcgg\u0151legesen fektetett deszk\u00e1kkal \u00e9s d\u00edszl\u00e9cekkel van burkolva, amelyeket 2001-ben restaur\u00e1ltak. A templomport\u00e1l el\u0151tt egy kis el\u0151csarnok tal\u00e1lhat\u00f3, amelynek tetej\u00e9t szint\u00e9n zsindellyel fedt\u00e9k.<br>A templom belsej\u00e9ben a falakon falfestm\u00e9nyek maradv\u00e1nyai maradtak fenn. A barokk n\u00e9gysoros fa ikonoszt\u00e1z c\u00e1ri ajt\u00f3val a 18. sz\u00e1zad 2. fel\u00e9b\u0151l sz\u00e1rmazik. Az ikonoszt\u00e1zba be\u00e9p\u00edtett ikonok egy r\u00e9sze kor\u00e1bbi id\u0151szakb\u00f3l sz\u00e1rmazik. Az ikonoszt\u00e1z \u00e9s az olt\u00e1r 1969-1970-ben ker\u00fclt fel\u00faj\u00edt\u00e1sra. A restaur\u00e1l\u00e1sra 2005-ben ker\u00fclt sor. Az olt\u00e1ron \u00fagynevezett miniat\u0171r antik oszlopok vannak, \u00e9s van egy kis tabern\u00e1kulum Sz\u0171z M\u00e1ria ikonj\u00e1val.<br>A 20. sz\u00e1zad m\u00e1sodik fel\u00e9b\u0151l sz\u00e1rmaz\u00f3 h\u00e1rom haranggal rendelkez\u0151 harangtorony a 19. sz\u00e1zadban \u00e9p\u00fclt, \u00e9s a 18. sz\u00e1zadb\u00f3l sz\u00e1rmaz\u00f3 harangtorony hely\u00e9n \u00e1ll A templomt\u00f3l \u00e9szak-nyugatra tal\u00e1lhat\u00f3 egy magas\u00edtott k\u0151alapzatra \u00e9p\u00edtett massz\u00edv fa harangtorony (NKP). A szerkezet oszlopos. A tetej\u00e9n h\u00e1romkar\u00e9jos egyszer\u0171 kereszt \u00e1ll. A harangtoronyban h\u00e1rom harang tal\u00e1lhat\u00f3, 1971-b\u0151l, 1948-b\u00f3l \u00e9s 1970-b\u0151l.<\/p>\n\n\n\n<p>Forr\u00e1s: <a href=\"http:\/\/www.drevenchramy.sk\/\">www.drevenchramy.sk<\/a><\/p>\n\n\n\n<p>Fot\u00f3k:<strong>\u00a0<\/strong>Henryk Bielamowicz<\/p>","protected":false},"featured_media":2562,"template":"","meta":{"_acf_changed":false},"kategoria-poi":[186,168],"lokalita":[115],"sezona-poi":[12],"trvanie-vyletu":[180],"class_list":["post-2561","nabozensky-turizmus","type-nabozensky-turizmus","status-publish","has-post-thumbnail","hentry","kategoria-poi-drevene-chramy","kategoria-poi-nabozensky-turizmus","lokalita-svidnik-a-okolie","sezona-poi-celorocne","trvanie-vyletu-poldenne-vylety"],"acf":[],"yoast_head":"<!-- This site is optimized with the Yoast SEO Premium plugin v26.3 (Yoast SEO v26.8) - https:\/\/yoast.com\/product\/yoast-seo-premium-wordpress\/ -->\n<title>Dreven\u00fd chr\u00e1m Sv\u00e4t\u00e9ho Michala Archanjela, \u0160emetkovce - OOCR \u0160ari\u0161<\/title>\n<meta name=\"robots\" content=\"index, follow, max-snippet:-1, max-image-preview:large, max-video-preview:-1\" \/>\n<link rel=\"canonical\" href=\"https:\/\/www.regionsaris.sk\/hu\/nabozensky-turizmus\/dreveny-chram-svateho-michala-archanjela-semetkovce\/\" \/>\n<meta property=\"og:locale\" content=\"hu_HU\" \/>\n<meta property=\"og:type\" content=\"article\" \/>\n<meta property=\"og:title\" content=\"Dreven\u00fd chr\u00e1m Sv\u00e4t\u00e9ho Michala Archanjela, \u0160emetkovce\" \/>\n<meta property=\"og:description\" content=\"Chr\u00e1m bol postaven\u00fd v roku 1752. Pri vojensk\u00fdch oper\u00e1ci\u00e1ch karpatsko-duklianskej oper\u00e1cie, pri tankovej bitke, v...\" \/>\n<meta property=\"og:url\" content=\"https:\/\/www.regionsaris.sk\/hu\/nabozensky-turizmus\/dreveny-chram-svateho-michala-archanjela-semetkovce\/\" \/>\n<meta property=\"og:site_name\" content=\"OOCR \u0160ari\u0161\" \/>\n<meta property=\"article:modified_time\" content=\"2026-02-05T12:41:28+00:00\" \/>\n<meta property=\"og:image\" content=\"https:\/\/www.regionsaris.sk\/wp-content\/uploads\/2026\/01\/semetkovce244-thumb.jpg\" \/>\n\t<meta property=\"og:image:width\" content=\"600\" \/>\n\t<meta property=\"og:image:height\" content=\"400\" \/>\n\t<meta property=\"og:image:type\" content=\"image\/jpeg\" \/>\n<meta name=\"twitter:card\" content=\"summary_large_image\" \/>\n<meta name=\"twitter:label1\" content=\"Becs\u00fclt olvas\u00e1si id\u0151\" \/>\n\t<meta name=\"twitter:data1\" content=\"1 perc\" \/>\n<script type=\"application\/ld+json\" class=\"yoast-schema-graph\">{\"@context\":\"https:\/\/schema.org\",\"@graph\":[{\"@type\":\"WebPage\",\"@id\":\"https:\/\/www.regionsaris.sk\/nabozensky-turizmus\/dreveny-chram-svateho-michala-archanjela-semetkovce\/\",\"url\":\"https:\/\/www.regionsaris.sk\/nabozensky-turizmus\/dreveny-chram-svateho-michala-archanjela-semetkovce\/\",\"name\":\"Dreven\u00fd chr\u00e1m Sv\u00e4t\u00e9ho Michala Archanjela, \u0160emetkovce - OOCR \u0160ari\u0161\",\"isPartOf\":{\"@id\":\"https:\/\/www.regionsaris.sk\/#website\"},\"primaryImageOfPage\":{\"@id\":\"https:\/\/www.regionsaris.sk\/nabozensky-turizmus\/dreveny-chram-svateho-michala-archanjela-semetkovce\/#primaryimage\"},\"image\":{\"@id\":\"https:\/\/www.regionsaris.sk\/nabozensky-turizmus\/dreveny-chram-svateho-michala-archanjela-semetkovce\/#primaryimage\"},\"thumbnailUrl\":\"https:\/\/www.regionsaris.sk\/wp-content\/uploads\/2026\/01\/semetkovce244-thumb.jpg\",\"datePublished\":\"2026-01-07T11:45:05+00:00\",\"dateModified\":\"2026-02-05T12:41:28+00:00\",\"breadcrumb\":{\"@id\":\"https:\/\/www.regionsaris.sk\/nabozensky-turizmus\/dreveny-chram-svateho-michala-archanjela-semetkovce\/#breadcrumb\"},\"inLanguage\":\"hu\",\"potentialAction\":[{\"@type\":\"ReadAction\",\"target\":[\"https:\/\/www.regionsaris.sk\/nabozensky-turizmus\/dreveny-chram-svateho-michala-archanjela-semetkovce\/\"]}]},{\"@type\":\"ImageObject\",\"inLanguage\":\"hu\",\"@id\":\"https:\/\/www.regionsaris.sk\/nabozensky-turizmus\/dreveny-chram-svateho-michala-archanjela-semetkovce\/#primaryimage\",\"url\":\"https:\/\/www.regionsaris.sk\/wp-content\/uploads\/2026\/01\/semetkovce244-thumb.jpg\",\"contentUrl\":\"https:\/\/www.regionsaris.sk\/wp-content\/uploads\/2026\/01\/semetkovce244-thumb.jpg\",\"width\":600,\"height\":400},{\"@type\":\"BreadcrumbList\",\"@id\":\"https:\/\/www.regionsaris.sk\/nabozensky-turizmus\/dreveny-chram-svateho-michala-archanjela-semetkovce\/#breadcrumb\",\"itemListElement\":[{\"@type\":\"ListItem\",\"position\":1,\"name\":\"Domov\",\"item\":\"https:\/\/www.regionsaris.sk\/\"},{\"@type\":\"ListItem\",\"position\":2,\"name\":\"N\u00e1bo\u017eensk\u00fd turizmus v regi\u00f3ne\",\"item\":\"https:\/\/www.regionsaris.sk\/nabozensky-turizmus-v-regione\/\"},{\"@type\":\"ListItem\",\"position\":3,\"name\":\"Dreven\u00fd chr\u00e1m Sv\u00e4t\u00e9ho Michala Archanjela, \u0160emetkovce\"}]},{\"@type\":\"WebSite\",\"@id\":\"https:\/\/www.regionsaris.sk\/#website\",\"url\":\"https:\/\/www.regionsaris.sk\/\",\"name\":\"OOCR \u0160ari\u0161\",\"description\":\"\",\"potentialAction\":[{\"@type\":\"SearchAction\",\"target\":{\"@type\":\"EntryPoint\",\"urlTemplate\":\"https:\/\/www.regionsaris.sk\/?s={search_term_string}\"},\"query-input\":{\"@type\":\"PropertyValueSpecification\",\"valueRequired\":true,\"valueName\":\"search_term_string\"}}],\"inLanguage\":\"hu\"}]}<\/script>\n<!-- \/ Yoast SEO Premium plugin. -->","yoast_head_json":{"title":"Dreven\u00fd chr\u00e1m Sv\u00e4t\u00e9ho Michala Archanjela, \u0160emetkovce - OOCR \u0160ari\u0161","robots":{"index":"index","follow":"follow","max-snippet":"max-snippet:-1","max-image-preview":"max-image-preview:large","max-video-preview":"max-video-preview:-1"},"canonical":"https:\/\/www.regionsaris.sk\/hu\/nabozensky-turizmus\/dreveny-chram-svateho-michala-archanjela-semetkovce\/","og_locale":"hu_HU","og_type":"article","og_title":"Dreven\u00fd chr\u00e1m Sv\u00e4t\u00e9ho Michala Archanjela, \u0160emetkovce","og_description":"Chr\u00e1m bol postaven\u00fd v roku 1752. Pri vojensk\u00fdch oper\u00e1ci\u00e1ch karpatsko-duklianskej oper\u00e1cie, pri tankovej bitke, v...","og_url":"https:\/\/www.regionsaris.sk\/hu\/nabozensky-turizmus\/dreveny-chram-svateho-michala-archanjela-semetkovce\/","og_site_name":"OOCR \u0160ari\u0161","article_modified_time":"2026-02-05T12:41:28+00:00","og_image":[{"width":600,"height":400,"url":"https:\/\/www.regionsaris.sk\/wp-content\/uploads\/2026\/01\/semetkovce244-thumb.jpg","type":"image\/jpeg"}],"twitter_card":"summary_large_image","twitter_misc":{"Becs\u00fclt olvas\u00e1si id\u0151":"1 perc"},"schema":{"@context":"https:\/\/schema.org","@graph":[{"@type":"WebPage","@id":"https:\/\/www.regionsaris.sk\/nabozensky-turizmus\/dreveny-chram-svateho-michala-archanjela-semetkovce\/","url":"https:\/\/www.regionsaris.sk\/nabozensky-turizmus\/dreveny-chram-svateho-michala-archanjela-semetkovce\/","name":"Dreven\u00fd chr\u00e1m Sv\u00e4t\u00e9ho Michala Archanjela, \u0160emetkovce - OOCR \u0160ari\u0161","isPartOf":{"@id":"https:\/\/www.regionsaris.sk\/#website"},"primaryImageOfPage":{"@id":"https:\/\/www.regionsaris.sk\/nabozensky-turizmus\/dreveny-chram-svateho-michala-archanjela-semetkovce\/#primaryimage"},"image":{"@id":"https:\/\/www.regionsaris.sk\/nabozensky-turizmus\/dreveny-chram-svateho-michala-archanjela-semetkovce\/#primaryimage"},"thumbnailUrl":"https:\/\/www.regionsaris.sk\/wp-content\/uploads\/2026\/01\/semetkovce244-thumb.jpg","datePublished":"2026-01-07T11:45:05+00:00","dateModified":"2026-02-05T12:41:28+00:00","breadcrumb":{"@id":"https:\/\/www.regionsaris.sk\/nabozensky-turizmus\/dreveny-chram-svateho-michala-archanjela-semetkovce\/#breadcrumb"},"inLanguage":"hu","potentialAction":[{"@type":"ReadAction","target":["https:\/\/www.regionsaris.sk\/nabozensky-turizmus\/dreveny-chram-svateho-michala-archanjela-semetkovce\/"]}]},{"@type":"ImageObject","inLanguage":"hu","@id":"https:\/\/www.regionsaris.sk\/nabozensky-turizmus\/dreveny-chram-svateho-michala-archanjela-semetkovce\/#primaryimage","url":"https:\/\/www.regionsaris.sk\/wp-content\/uploads\/2026\/01\/semetkovce244-thumb.jpg","contentUrl":"https:\/\/www.regionsaris.sk\/wp-content\/uploads\/2026\/01\/semetkovce244-thumb.jpg","width":600,"height":400},{"@type":"BreadcrumbList","@id":"https:\/\/www.regionsaris.sk\/nabozensky-turizmus\/dreveny-chram-svateho-michala-archanjela-semetkovce\/#breadcrumb","itemListElement":[{"@type":"ListItem","position":1,"name":"Domov","item":"https:\/\/www.regionsaris.sk\/"},{"@type":"ListItem","position":2,"name":"N\u00e1bo\u017eensk\u00fd turizmus v regi\u00f3ne","item":"https:\/\/www.regionsaris.sk\/nabozensky-turizmus-v-regione\/"},{"@type":"ListItem","position":3,"name":"Dreven\u00fd chr\u00e1m Sv\u00e4t\u00e9ho Michala Archanjela, \u0160emetkovce"}]},{"@type":"WebSite","@id":"https:\/\/www.regionsaris.sk\/#website","url":"https:\/\/www.regionsaris.sk\/","name":"OOCR \u0160ari\u0161","description":"","potentialAction":[{"@type":"SearchAction","target":{"@type":"EntryPoint","urlTemplate":"https:\/\/www.regionsaris.sk\/?s={search_term_string}"},"query-input":{"@type":"PropertyValueSpecification","valueRequired":true,"valueName":"search_term_string"}}],"inLanguage":"hu"}]}},"_links":{"self":[{"href":"https:\/\/www.regionsaris.sk\/hu\/wp-json\/wp\/v2\/nabozensky-turizmus\/2561","targetHints":{"allow":["GET"]}}],"collection":[{"href":"https:\/\/www.regionsaris.sk\/hu\/wp-json\/wp\/v2\/nabozensky-turizmus"}],"about":[{"href":"https:\/\/www.regionsaris.sk\/hu\/wp-json\/wp\/v2\/types\/nabozensky-turizmus"}],"wp:featuredmedia":[{"embeddable":true,"href":"https:\/\/www.regionsaris.sk\/hu\/wp-json\/wp\/v2\/media\/2562"}],"wp:attachment":[{"href":"https:\/\/www.regionsaris.sk\/hu\/wp-json\/wp\/v2\/media?parent=2561"}],"wp:term":[{"taxonomy":"kategoria-poi","embeddable":true,"href":"https:\/\/www.regionsaris.sk\/hu\/wp-json\/wp\/v2\/kategoria-poi?post=2561"},{"taxonomy":"lokalita","embeddable":true,"href":"https:\/\/www.regionsaris.sk\/hu\/wp-json\/wp\/v2\/lokalita?post=2561"},{"taxonomy":"sezona-poi","embeddable":true,"href":"https:\/\/www.regionsaris.sk\/hu\/wp-json\/wp\/v2\/sezona-poi?post=2561"},{"taxonomy":"trvanie-vyletu","embeddable":true,"href":"https:\/\/www.regionsaris.sk\/hu\/wp-json\/wp\/v2\/trvanie-vyletu?post=2561"}],"curies":[{"name":"wp","href":"https:\/\/api.w.org\/{rel}","templated":true}]}}

Fából készült Szent Mihály arkangyal templom, Šemetkovce

<p>A templomot 1752-ben építették. A Kárpát-Dukla hadművelet hadműveletei során, a tankcsatában, a halál völgyében, 1944 októberében és novemberében a templom megrongálódott. A falu polgárai hozzájárultak a helyreállításához 1945-ben. A templom 1968 óta nemzeti kulturális műemlék.<br>A templom tornyának tetején egy tamburás pipacs és egy kovácsolt fémkereszt nő ki az épület szerkezetéből. A szentély és a hajó feletti kétszintes sátortetőket kúp alakú, zsindellyel fedett tornyok koronázzák, amelyeken kovácsoltvas keresztek állnak. Az egész rönkház, akárcsak a többi fatemplom külső része, függőlegesen fektetett deszkákkal és díszlécekkel van burkolva, amelyeket 2001-ben restauráltak. A templomportál előtt egy kis előcsarnok található, amelynek tetejét szintén zsindellyel fedték.<br>A templom belsejében a falakon falfestmények maradványai maradtak fenn. A barokk négysoros fa ikonosztáz cári ajtóval a 18. század 2. feléből származik. Az ikonosztázba beépített ikonok egy része korábbi időszakból származik. Az ikonosztáz és az oltár 1969-1970-ben került felújításra. A restaurálásra 2005-ben került sor. Az oltáron úgynevezett miniatűr antik oszlopok vannak, és van egy kis tabernákulum Szűz Mária ikonjával.<br>A 20. század második feléből származó három haranggal rendelkező harangtorony a 19. században épült, és a 18. századból származó harangtorony helyén áll A templomtól észak-nyugatra található egy magasított kőalapzatra épített masszív fa harangtorony (NKP). A szerkezet oszlopos. A tetején háromkaréjos egyszerű kereszt áll. A harangtoronyban három harang található, 1971-ből, 1948-ból és 1970-ből.</p>



<p>Forrás: <a href="http://www.drevenchramy.sk/">www.drevenchramy.sk</a></p>



<p>Fotók:<strong> </strong>Henryk Bielamowicz</p>

<!-- This site is optimized with the Yoast SEO Premium plugin v26.3 (Yoast SEO v26.8) - https://yoast.com/product/yoast-seo-premium-wordpress/ -->
<title>Drevený chrám Svätého Michala Archanjela, Šemetkovce - OOCR Šariš</title>
<meta name="robots" content="index, follow, max-snippet:-1, max-image-preview:large, max-video-preview:-1" />
<link rel="canonical" href="https://www.regionsaris.sk/hu/nabozensky-turizmus/dreveny-chram-svateho-michala-archanjela-semetkovce/" />
<meta property="og:locale" content="hu_HU" />
<meta property="og:type" content="article" />
<meta property="og:title" content="Drevený chrám Svätého Michala Archanjela, Šemetkovce" />
<meta property="og:description" content="Chrám bol postavený v roku 1752. Pri vojenských operáciách karpatsko-duklianskej operácie, pri tankovej bitke, v..." />
<meta property="og:url" content="https://www.regionsaris.sk/hu/nabozensky-turizmus/dreveny-chram-svateho-michala-archanjela-semetkovce/" />
<meta property="og:site_name" content="OOCR Šariš" />
<meta property="article:modified_time" content="2026-02-05T12:41:28+00:00" />
<meta property="og:image" content="https://www.regionsaris.sk/wp-content/uploads/2026/01/semetkovce244-thumb.jpg" />
	<meta property="og:image:width" content="600" />
	<meta property="og:image:height" content="400" />
	<meta property="og:image:type" content="image/jpeg" />
<meta name="twitter:card" content="summary_large_image" />
<meta name="twitter:label1" content="Becsült olvasási idő" />
	<meta name="twitter:data1" content="1 perc" />
<script type="application/ld+json" class="yoast-schema-graph">{"@context":"https://schema.org","@graph":[{"@type":"WebPage","@id":"https://www.regionsaris.sk/nabozensky-turizmus/dreveny-chram-svateho-michala-archanjela-semetkovce/","url":"https://www.regionsaris.sk/nabozensky-turizmus/dreveny-chram-svateho-michala-archanjela-semetkovce/","name":"Drevený chrám Svätého Michala Archanjela, Šemetkovce - OOCR Šariš","isPartOf":{"@id":"https://www.regionsaris.sk/#website"},"primaryImageOfPage":{"@id":"https://www.regionsaris.sk/nabozensky-turizmus/dreveny-chram-svateho-michala-archanjela-semetkovce/#primaryimage"},"image":{"@id":"https://www.regionsaris.sk/nabozensky-turizmus/dreveny-chram-svateho-michala-archanjela-semetkovce/#primaryimage"},"thumbnailUrl":"https://www.regionsaris.sk/wp-content/uploads/2026/01/semetkovce244-thumb.jpg","datePublished":"2026-01-07T11:45:05+00:00","dateModified":"2026-02-05T12:41:28+00:00","breadcrumb":{"@id":"https://www.regionsaris.sk/nabozensky-turizmus/dreveny-chram-svateho-michala-archanjela-semetkovce/#breadcrumb"},"inLanguage":"hu","potentialAction":[{"@type":"ReadAction","target":["https://www.regionsaris.sk/nabozensky-turizmus/dreveny-chram-svateho-michala-archanjela-semetkovce/"]}]},{"@type":"ImageObject","inLanguage":"hu","@id":"https://www.regionsaris.sk/nabozensky-turizmus/dreveny-chram-svateho-michala-archanjela-semetkovce/#primaryimage","url":"https://www.regionsaris.sk/wp-content/uploads/2026/01/semetkovce244-thumb.jpg","contentUrl":"https://www.regionsaris.sk/wp-content/uploads/2026/01/semetkovce244-thumb.jpg","width":600,"height":400},{"@type":"BreadcrumbList","@id":"https://www.regionsaris.sk/nabozensky-turizmus/dreveny-chram-svateho-michala-archanjela-semetkovce/#breadcrumb","itemListElement":[{"@type":"ListItem","position":1,"name":"Domov","item":"https://www.regionsaris.sk/"},{"@type":"ListItem","position":2,"name":"Náboženský turizmus v regióne","item":"https://www.regionsaris.sk/nabozensky-turizmus-v-regione/"},{"@type":"ListItem","position":3,"name":"Drevený chrám Svätého Michala Archanjela, Šemetkovce"}]},{"@type":"WebSite","@id":"https://www.regionsaris.sk/#website","url":"https://www.regionsaris.sk/","name":"OOCR Šariš","description":"","potentialAction":[{"@type":"SearchAction","target":{"@type":"EntryPoint","urlTemplate":"https://www.regionsaris.sk/?s={search_term_string}"},"query-input":{"@type":"PropertyValueSpecification","valueRequired":true,"valueName":"search_term_string"}}],"inLanguage":"hu"}]}</script>
<!-- / Yoast SEO Premium plugin. -->

Drevený chrám Svätého Michala Archanjela, Šemetkovce - OOCR Šariš

Drevený chrám Svätého Michala Archanjela, Šemetkovce

Chrám bol postavený v roku 1752. Pri vojenských operáciách karpatsko-duklianskej operácie, pri tankovej bitke, v...

OOCR Šariš

Náboženský turizmus v regióne
