{"id":2016,"date":"2026-01-07T12:44:21","date_gmt":"2026-01-07T11:44:21","guid":{"rendered":"https:\/\/www.regionsaris.sk\/?post_type=kupele-a-wellness&#038;p=2016"},"modified":"2026-07-30T11:55:53","modified_gmt":"2026-07-30T10:55:53","slug":"bardejovske-kupele","status":"publish","type":"kupele-a-wellness","link":"https:\/\/www.regionsaris.sk\/hu\/kupele-a-wellness\/bardejovske-kupele\/","title":{"rendered":"Bardejov gy\u00f3gyf\u00fcrd\u0151"},"content":{"rendered":"<p class=\"wp-block-paragraph\">Bardejov gy\u00f3gyf\u00fcrd\u0151<strong>\u00a0<\/strong>Bardejov v\u00e1ros\u00e1t\u00f3l 5 km-re \u00e9szakra, az Alacsony-Beszkidek fest\u0151i v\u00f6lgy\u00e9ben, \u00e1sv\u00e1nyvizekben gazdag ter\u00fcleten tal\u00e1lhat\u00f3. A gy\u00f3gyf\u00fcrd\u0151t, vagyis az \u00e1sv\u00e1nyi forr\u00e1sokat el\u0151sz\u00f6r a <a title=\"Belo IV.\" href=\"https:\/\/sk.wikipedia.org\/wiki\/Belo_IV.\" target=\"_blank\" rel=\"noopener\">Belu IV.<\/a> az \u00e9v <a title=\"1247\" href=\"https:\/\/sk.wikipedia.org\/wiki\/1247\" target=\"_blank\" rel=\"noopener\">1247<\/a>, amely meghat\u00e1rozza Bardejov ter\u00fclet\u00e9t. A forr\u00e1sok l\u00e9tez\u00e9s\u00e9r\u0151l viszonylag korai inform\u00e1ci\u00f3k \u00e1llnak rendelkez\u00e9sre, ami annak k\u00f6sz\u00f6nhet\u0151, hogy az \u00e1sv\u00e1nyv\u00edzforr\u00e1sok egy fontos telep\u00fcl\u00e9s k\u00f6zvetlen k\u00f6zel\u00e9ben voltak, ami Bardejov minden bizonnyal volt, \u00e9s a F\u00f6ldk\u00f6zi-tenger \u00e9s a Balti-tenger k\u00f6z\u00f6tti fontos \u201enagy kir\u00e1lyi \u00fat\u201c k\u00f6zel\u00e9ben. Az \u00e9vek sor\u00e1n gy\u00f3gyf\u00fcrd\u0151k \u00e9p\u00fcltek, amelyeket els\u0151sorban a nemess\u00e9g l\u00e1togatott.<\/p>\n\n\n\n<h2 class=\"wp-block-heading\">Bardejov Spa \u00e9s \u00e9rt\u00e9kes vend\u00e9gek<\/h2>\n\n\n\n<p class=\"wp-block-paragraph\">Kor\u00e1bban <a title=\"19. sz\u00e1zad\" href=\"https:\/\/sk.wikipedia.org\/wiki\/19._storo%C4%8Dia\" target=\"_blank\" rel=\"noopener\">19. sz\u00e1zad<\/a> a f\u00fcrd\u0151 Magyarorsz\u00e1g egyik legkeresettebb f\u00fcrd\u0151j\u00e9v\u00e9 v\u00e1lt, amit olyan l\u00e1togat\u00f3k feljegyz\u00e9sei bizony\u00edtanak, mint p\u00e9ld\u00e1ul a cs\u00e1sz\u00e1r <a title=\"II. J\u00f3zsef (Szent R\u00f3mai Birodalom)\" href=\"https:\/\/sk.wikipedia.org\/wiki\/Jozef_II._(Sv%C3%A4t%C3%A1_r%C3%ADmska_r%C3%AD%C5%A1a)\" target=\"_blank\" rel=\"noopener\">J\u00f3zsef II.<\/a>, <a title=\"Habsburg-Lotaringiai M\u00e1ria Louise\" href=\"https:\/\/sk.wikipedia.org\/wiki\/M%C3%A1ria_Lujza_Habsbursko-lotrinsk%C3%A1\" target=\"_blank\" rel=\"noopener\">Maria Lujza<\/a> - a cs\u00e1sz\u00e1r k\u00e9s\u0151bbi feles\u00e9ge <a title=\"Bonaparte Nap\u00f3leon\" href=\"https:\/\/sk.wikipedia.org\/wiki\/Napoleon_Bonaparte\" target=\"_blank\" rel=\"noopener\">Nap\u00f3leon<\/a>, Orosz c\u00e1r \u00e9s c\u00e1rn\u0151 <a title=\"Bajor Erzs\u00e9bet (Sissi)\" href=\"https:\/\/sk.wikipedia.org\/wiki\/Al%C5%BEbeta_Bavorsk%C3%A1_(Sissi)\" target=\"_blank\" rel=\"noopener\">Bajor Erzs\u00e9bet<\/a>, feles\u00e9g <a title=\"Francis Joseph I.\" href=\"https:\/\/sk.wikipedia.org\/wiki\/Franti%C5%A1ek_Jozef_I.\" target=\"_blank\" rel=\"noopener\">I. Ferenc J\u00f3zsef.<\/a>, akinek itt-tart\u00f3zkod\u00e1s\u00e1ra az 1903-ban \u00e9p\u00fclt gy\u00f3gyh\u00e1z el\u0151tti szobor eml\u00e9keztet. A f\u00fcrd\u0151 l\u00e1togat\u00f3i sz\u00e1ma a Bardejovba vezet\u0151 vas\u00fatvonal meg\u00e9p\u00edt\u00e9se ut\u00e1n n\u0151tt meg, amelyr\u0151l rendszeres kocsi\u00f6sszek\u00f6ttet\u00e9s biztos\u00edtott a f\u00fcrd\u0151be.<\/p>\n\n\n\n<h2 class=\"wp-block-heading\">Fekv\u00e9s \u00e9s \u00e1sv\u00e1nyi alapk\u0151zet<\/h2>\n\n\n\n<p class=\"wp-block-paragraph\">A Magura-hegys\u00e9g v\u00e9di az eg\u00e9sz f\u00fcrd\u0151v\u00f6lgyet a hirtelen id\u0151j\u00e1r\u00e1s-v\u00e1ltoz\u00e1sokt\u00f3l \u00e9s a sz\u00e9lt\u0151l, \u00edgy a f\u00fcrd\u0151 nagyon kedvez\u0151 \u00e9ghajlati viszonyokkal rendelkezik. A tiszta leveg\u0151, a csend \u00e9s a gy\u00f6ny\u00f6r\u0171 k\u00f6rnyez\u0151 term\u00e9szet nyugalmat \u00e9s gy\u00f3gyul\u00e1st k\u00edn\u00e1l a f\u00fcrd\u0151vend\u00e9geknek.  A f\u00fcrd\u0151 k\u00f6zponti parkj\u00e1ban hat \u00e1sv\u00e1nyv\u00edzforr\u00e1s t\u00f6r a felsz\u00ednre. A \u201eHlavn\u00fd\u201c, \u201eLek\u00e1rsky\u201c \u00e9s \u201eHerkules\u201c forr\u00e1sok vize hidrog\u00e9n-karbon\u00e1tos-kloridos, n\u00e1triumtartalm\u00fa, vas(II)-tartalm\u00fa, sz\u00e9nsavas, hipotonikus \u00e9s hideg. Az \u201eAl\u017ebeta\u201c forr\u00e1s vize hidrog\u00e9n-karbon\u00e1tos-kloridos, n\u00e1trium-kalcium-tartalm\u00fa, vas(II)-tartalm\u00fa, sz\u00e9nsavas, hipotonikus \u00e9s hideg. Balneol\u00f3giai \u00e9rt\u00e9k\u00fck alapj\u00e1n e fajta \u00e1sv\u00e1nyvizek k\u00f6z\u00fcl a legjelent\u0151sebbek k\u00f6z\u00e9 sorolhat\u00f3k. <\/p>\n\n\n\n<p class=\"wp-block-paragraph\">A komplexumban a gy\u00f3gyh\u00e1zak \u00e9s sz\u00e1llod\u00e1k mellett k\u00e9t uszoda \u00e9s k\u00e9t ki\u00e1ll\u00edt\u00e1s is tal\u00e1lhat\u00f3 <a href=\"https:\/\/www.regionsaris.sk\/hu\/kultura-a-umenie\/sarisske-muzeum-v-bardejove-a-v-bardejovskych-kupeloch\/\" data-type=\"kultura-a-umenie\" data-id=\"2279\">A Bardejovban tal\u00e1lhat\u00f3 \u0160ari\u0161 M\u00fazeum<\/a> - n\u00e9prajzi \u00e9s <a title=\"N\u00e9pi \u00c9p\u00edt\u00e9szeti M\u00fazeum Bardejov Spa-ban\" href=\"https:\/\/sk.wikipedia.org\/wiki\/M%C3%BAzeum_%C4%BEudovej_architekt%C3%BAry_v_Bardejovsk%C3%BDch_K%C3%BApe%C4%BEoch\" target=\"_blank\" rel=\"noopener\">skanzen<\/a> - n\u00e9pi \u00e9p\u00edt\u00e9szeti m\u00fazeum, amfite\u00e1trum, teniszp\u00e1ly\u00e1k, minigolf, fitnesz, bowlingb\u00e1r, oxig\u00e9np\u00e1lya, 35 km karbantartott t\u00fara\u00fatvonal, f\u0171t\u00f6tt term\u00e9szetes f\u00fcrd\u0151, s\u00f3barlang.<\/p>\n\n\n\n<p class=\"wp-block-paragraph\">Forr\u00e1s: OOCR R\u0160<br>A fot\u00f3k forr\u00e1sa: OOCR R\u0160<\/p>","protected":false},"featured_media":5476,"template":"","meta":{"_acf_changed":true},"kategoria-poi":[186,112,182,100,102],"lokalita":[178],"sezona-poi":[12],"trvanie-vyletu":[114],"class_list":["post-2016","kupele-a-wellness","type-kupele-a-wellness","status-publish","has-post-thumbnail","hentry","kategoria-poi-drevene-chramy","kategoria-poi-kupele-a-wellness","kategoria-poi-muzea-kultura-a-umenie","kategoria-poi-pre-rodiny","kategoria-poi-prirodne-krasy","lokalita-bardejov-a-okolie","sezona-poi-celorocne","trvanie-vyletu-celodenne-vylety"],"acf":[],"_links":{"self":[{"href":"https:\/\/www.regionsaris.sk\/hu\/wp-json\/wp\/v2\/kupele-a-wellness\/2016","targetHints":{"allow":["GET"]}}],"collection":[{"href":"https:\/\/www.regionsaris.sk\/hu\/wp-json\/wp\/v2\/kupele-a-wellness"}],"about":[{"href":"https:\/\/www.regionsaris.sk\/hu\/wp-json\/wp\/v2\/types\/kupele-a-wellness"}],"wp:featuredmedia":[{"embeddable":true,"href":"https:\/\/www.regionsaris.sk\/hu\/wp-json\/wp\/v2\/media\/5476"}],"wp:attachment":[{"href":"https:\/\/www.regionsaris.sk\/hu\/wp-json\/wp\/v2\/media?parent=2016"}],"wp:term":[{"taxonomy":"kategoria-poi","embeddable":true,"href":"https:\/\/www.regionsaris.sk\/hu\/wp-json\/wp\/v2\/kategoria-poi?post=2016"},{"taxonomy":"lokalita","embeddable":true,"href":"https:\/\/www.regionsaris.sk\/hu\/wp-json\/wp\/v2\/lokalita?post=2016"},{"taxonomy":"sezona-poi","embeddable":true,"href":"https:\/\/www.regionsaris.sk\/hu\/wp-json\/wp\/v2\/sezona-poi?post=2016"},{"taxonomy":"trvanie-vyletu","embeddable":true,"href":"https:\/\/www.regionsaris.sk\/hu\/wp-json\/wp\/v2\/trvanie-vyletu?post=2016"}],"curies":[{"name":"wp","href":"https:\/\/api.w.org\/{rel}","templated":true}]}}

Bardejov gyógyfürdő

<p class="wp-block-paragraph">Bardejov gyógyfürdő<strong> </strong>Bardejov városától 5 km-re északra, az Alacsony-Beszkidek festői völgyében, ásványvizekben gazdag területen található. A gyógyfürdőt, vagyis az ásványi forrásokat először a <a title="Belo IV." href="https://sk.wikipedia.org/wiki/Belo_IV." target="_blank" rel="noopener">Belu IV.</a> az év <a title="1247" href="https://sk.wikipedia.org/wiki/1247" target="_blank" rel="noopener">1247</a>, amely meghatározza Bardejov területét. A források létezéséről viszonylag korai információk állnak rendelkezésre, ami annak köszönhető, hogy az ásványvízforrások egy fontos település közvetlen közelében voltak, ami Bardejov minden bizonnyal volt, és a Földközi-tenger és a Balti-tenger közötti fontos „nagy királyi út“ közelében. Az évek során gyógyfürdők épültek, amelyeket elsősorban a nemesség látogatott.</p>



<h2 class="wp-block-heading">Bardejov Spa és értékes vendégek</h2>



<p class="wp-block-paragraph">Korábban <a title="19. század" href="https://sk.wikipedia.org/wiki/19._storo%C4%8Dia" target="_blank" rel="noopener">19. század</a> a fürdő Magyarország egyik legkeresettebb fürdőjévé vált, amit olyan látogatók feljegyzései bizonyítanak, mint például a császár <a title="II. József (Szent Római Birodalom)" href="https://sk.wikipedia.org/wiki/Jozef_II._(Sv%C3%A4t%C3%A1_r%C3%ADmska_r%C3%AD%C5%A1a)" target="_blank" rel="noopener">József II.</a>, <a title="Habsburg-Lotaringiai Mária Louise" href="https://sk.wikipedia.org/wiki/M%C3%A1ria_Lujza_Habsbursko-lotrinsk%C3%A1" target="_blank" rel="noopener">Maria Lujza</a> - a császár későbbi felesége <a title="Bonaparte Napóleon" href="https://sk.wikipedia.org/wiki/Napoleon_Bonaparte" target="_blank" rel="noopener">Napóleon</a>, Orosz cár és cárnő <a title="Bajor Erzsébet (Sissi)" href="https://sk.wikipedia.org/wiki/Al%C5%BEbeta_Bavorsk%C3%A1_(Sissi)" target="_blank" rel="noopener">Bajor Erzsébet</a>, feleség <a title="Francis Joseph I." href="https://sk.wikipedia.org/wiki/Franti%C5%A1ek_Jozef_I." target="_blank" rel="noopener">I. Ferenc József.</a>, akinek itt-tartózkodására az 1903-ban épült gyógyház előtti szobor emlékeztet. A fürdő látogatói száma a Bardejovba vezető vasútvonal megépítése után nőtt meg, amelyről rendszeres kocsiösszeköttetés biztosított a fürdőbe.</p>



<h2 class="wp-block-heading">Fekvés és ásványi alapkőzet</h2>



<p class="wp-block-paragraph">A Magura-hegység védi az egész fürdővölgyet a hirtelen időjárás-változásoktól és a széltől, így a fürdő nagyon kedvező éghajlati viszonyokkal rendelkezik. A tiszta levegő, a csend és a gyönyörű környező természet nyugalmat és gyógyulást kínál a fürdővendégeknek.  A fürdő központi parkjában hat ásványvízforrás tör a felszínre. A „Hlavný“, „Lekársky“ és „Herkules“ források vize hidrogén-karbonátos-kloridos, nátriumtartalmú, vas(II)-tartalmú, szénsavas, hipotonikus és hideg. Az „Alžbeta“ forrás vize hidrogén-karbonátos-kloridos, nátrium-kalcium-tartalmú, vas(II)-tartalmú, szénsavas, hipotonikus és hideg. Balneológiai értékük alapján e fajta ásványvizek közül a legjelentősebbek közé sorolhatók. </p>



<p class="wp-block-paragraph">A komplexumban a gyógyházak és szállodák mellett két uszoda és két kiállítás is található <a href="https://www.regionsaris.sk/hu/kultura-a-umenie/sarisske-muzeum-v-bardejove-a-v-bardejovskych-kupeloch/" data-type="kultura-a-umenie" data-id="2279">A Bardejovban található Šariš Múzeum</a> - néprajzi és <a title="Népi Építészeti Múzeum Bardejov Spa-ban" href="https://sk.wikipedia.org/wiki/M%C3%BAzeum_%C4%BEudovej_architekt%C3%BAry_v_Bardejovsk%C3%BDch_K%C3%BApe%C4%BEoch" target="_blank" rel="noopener">skanzen</a> - népi építészeti múzeum, amfiteátrum, teniszpályák, minigolf, fitnesz, bowlingbár, oxigénpálya, 35 km karbantartott túraútvonal, fűtött természetes fürdő, sóbarlang.</p>



<p class="wp-block-paragraph">Forrás: OOCR RŠ<br>A fotók forrása: OOCR RŠ</p>
