{"id":1979,"date":"2026-01-07T12:44:22","date_gmt":"2026-01-07T11:44:22","guid":{"rendered":"https:\/\/www.regionsaris.sk\/?post_type=kupele-a-wellness&#038;p=1979"},"modified":"2026-08-14T11:45:22","modified_gmt":"2026-08-14T10:45:22","slug":"bardejovske-kupele-hotel-ozon","status":"publish","type":"kupele-a-wellness","link":"https:\/\/www.regionsaris.sk\/hu\/kupele-a-wellness\/bardejovske-kupele-hotel-ozon\/","title":{"rendered":"Oz\u00f3n Sz\u00e1lloda \u2013 Bardejovsk\u00e9 K\u00fapele"},"content":{"rendered":"<p class=\"wp-block-paragraph\">A Bardejovsk\u00e9 K\u00fapele f\u00fcrd\u0151 szolg\u00e1ltat\u00e1sokat k\u00edn\u00e1l, \u00e9s egyes r\u00e9szei a nyilv\u00e1noss\u00e1g sz\u00e1m\u00e1ra is nyitva \u00e1llnak, k\u00fcl\u00f6n\u00f6sen a Wellness and Spa ter\u00fclet\u00e9re a nyilv\u00e1noss\u00e1g is bel\u00e9phet. <\/p>\n\n\n\n<p class=\"wp-block-paragraph\">A v\u00edzi vil\u00e1gban tal\u00e1lhat\u00f3 egy relax\u00e1ci\u00f3s medence, egy nyugodt medence \u00e9s egy gyermekmedence. A szaunavil\u00e1gban pihenheti ki test\u00e9t \u00e9s lelk\u00e9t: sz\u00e1raz-, g\u0151z- \u00e9s inhal\u00e1ci\u00f3s szauna, valamint infraszauna is rendelkez\u00e9sre \u00e1ll. A szaunavil\u00e1g r\u00e9sz\u00e9t k\u00e9pezi a Kneipp-f\u00fcrd\u0151, a f\u0171t\u00f6tt pad, a j\u00e9gv\u00f6d\u00f6r, a zuhany, a tr\u00f3pusi \u00e9s massz\u00e1zszuhany, valamint a tepid\u00e1rium.<br>A wellness- \u00e9s spa-komplexumban massz\u00e1zsok \u00e9s fitneszl\u00e9tes\u00edtm\u00e9nyek, valamint egy \u00fcd\u00edt\u0151italokat k\u00edn\u00e1l\u00f3 b\u00e1r is rendelkez\u00e9sre \u00e1ll. A Wellness \u00e9s Spa minden h\u00f3nap els\u0151 p\u00e9ntek\u00e9n \u00e9jszakai f\u00fcrd\u0151z\u00e9st is k\u00edn\u00e1l.<\/p>\n\n\n\n<p class=\"wp-block-paragraph\">Az Oz\u00f3n Hotel Bardejovsk\u00e9 K\u00fapele pihen\u00e9st, kikapcsol\u00f3d\u00e1st \u00e9s felt\u00f6lt\u0151d\u00e9st k\u00edn\u00e1l mind a test\u00e9nek, mind a lelk\u00e9nek.<\/p>\n\n\n\n<p class=\"wp-block-paragraph\">Forr\u00e1s: OOCR R\u0160<br>Zdroj fotografi\u00ed: kupele-bj.sk\/<\/p>","protected":false},"featured_media":1989,"template":"","meta":{"_acf_changed":true},"kategoria-poi":[112],"lokalita":[178],"sezona-poi":[12],"trvanie-vyletu":[114],"class_list":["post-1979","kupele-a-wellness","type-kupele-a-wellness","status-publish","has-post-thumbnail","hentry","kategoria-poi-kupele-a-wellness","lokalita-bardejov-a-okolie","sezona-poi-celorocne","trvanie-vyletu-celodenne-vylety"],"acf":[],"_links":{"self":[{"href":"https:\/\/www.regionsaris.sk\/hu\/wp-json\/wp\/v2\/kupele-a-wellness\/1979","targetHints":{"allow":["GET"]}}],"collection":[{"href":"https:\/\/www.regionsaris.sk\/hu\/wp-json\/wp\/v2\/kupele-a-wellness"}],"about":[{"href":"https:\/\/www.regionsaris.sk\/hu\/wp-json\/wp\/v2\/types\/kupele-a-wellness"}],"wp:featuredmedia":[{"embeddable":true,"href":"https:\/\/www.regionsaris.sk\/hu\/wp-json\/wp\/v2\/media\/1989"}],"wp:attachment":[{"href":"https:\/\/www.regionsaris.sk\/hu\/wp-json\/wp\/v2\/media?parent=1979"}],"wp:term":[{"taxonomy":"kategoria-poi","embeddable":true,"href":"https:\/\/www.regionsaris.sk\/hu\/wp-json\/wp\/v2\/kategoria-poi?post=1979"},{"taxonomy":"lokalita","embeddable":true,"href":"https:\/\/www.regionsaris.sk\/hu\/wp-json\/wp\/v2\/lokalita?post=1979"},{"taxonomy":"sezona-poi","embeddable":true,"href":"https:\/\/www.regionsaris.sk\/hu\/wp-json\/wp\/v2\/sezona-poi?post=1979"},{"taxonomy":"trvanie-vyletu","embeddable":true,"href":"https:\/\/www.regionsaris.sk\/hu\/wp-json\/wp\/v2\/trvanie-vyletu?post=1979"}],"curies":[{"name":"wp","href":"https:\/\/api.w.org\/{rel}","templated":true}]}}

Ozón Szálloda – Bardejovské Kúpele

<p class="wp-block-paragraph">A Bardejovské Kúpele fürdő szolgáltatásokat kínál, és egyes részei a nyilvánosság számára is nyitva állnak, különösen a Wellness and Spa területére a nyilvánosság is beléphet. </p>



<p class="wp-block-paragraph">A vízi világban található egy relaxációs medence, egy nyugodt medence és egy gyermekmedence. A szaunavilágban pihenheti ki testét és lelkét: száraz-, gőz- és inhalációs szauna, valamint infraszauna is rendelkezésre áll. A szaunavilág részét képezi a Kneipp-fürdő, a fűtött pad, a jégvödör, a zuhany, a trópusi és masszázszuhany, valamint a tepidárium.<br>A wellness- és spa-komplexumban masszázsok és fitneszlétesítmények, valamint egy üdítőitalokat kínáló bár is rendelkezésre áll. A Wellness és Spa minden hónap első péntekén éjszakai fürdőzést is kínál.</p>



<p class="wp-block-paragraph">Az Ozón Hotel Bardejovské Kúpele pihenést, kikapcsolódást és feltöltődést kínál mind a testének, mind a lelkének.</p>



<p class="wp-block-paragraph">Forrás: OOCR RŠ<br>Zdroj fotografií: kupele-bj.sk/</p>
