{"id":2208,"date":"2026-01-07T12:43:49","date_gmt":"2026-01-07T11:43:49","guid":{"rendered":"https:\/\/www.regionsaris.sk\/?post_type=kultura-a-umenie&#038;p=2208"},"modified":"2026-02-05T13:08:35","modified_gmt":"2026-02-05T12:08:35","slug":"dukla-pamatnik-cs-armadneho-zboru","status":"publish","type":"kultura-a-umenie","link":"https:\/\/www.regionsaris.sk\/hu\/kultura-a-umenie\/dukla-pamatnik-cs-armadneho-zboru\/","title":{"rendered":"Dukla - a csehszlov\u00e1k hadtest eml\u00e9km\u0171ve"},"content":{"rendered":"<p>Az eml\u00e9km\u0171 Vy\u0161n\u00fd Kom\u00e1rnik k\u00f6zs\u00e9g kataszteri ter\u00fclet\u00e9n tal\u00e1lhat\u00f3. Meg\u00e9p\u00edt\u00e9s\u00e9vel a harcok ter\u00fclet\u00e9n a Cseh-Szlov\u00e1k K\u00f6zt\u00e1rsas\u00e1g korm\u00e1nya az 1. cseh-szlov\u00e1k hadtest elesett katon\u00e1i el\u0151tt tisztelgett. Az eml\u00e9km\u0171vet 1949-ben \u00e9p\u00edtett\u00e9k Ing. arch. \u00e9p\u00edt\u00e9sz tervei alapj\u00e1n. J. Grus, egy d\u00edszteremmel \u00e9s 28 m\u00e9teres magass\u00e1ggal. A K\u00e1rp\u00e1t-Dukla hadm\u0171velet 70. \u00e9vfordul\u00f3ja alkalm\u00e1b\u00f3l a csehszlov\u00e1k katona eredeti szobr\u00e1nak m\u0171v\u00e9szi m\u00e1solat\u00e1t helyezt\u00e9k el. Az eredeti form\u00e1j\u00e1t J. A. V\u00edtek. A \u017dalju szobrot, amelyet J. Kulich szobr\u00e1szm\u0171v\u00e9sz alkotott, a Duklai kil\u00e1t\u00f3torony moderniz\u00e1lt helyis\u00e9geiben helyezt\u00e9k el. Az eml\u00e9km\u0171h\u00f6z vezet\u0151 oszlopsoron bronzt\u00e1bl\u00e1kra 1256 elesett katona - a Szovjetuni\u00f3ban szolg\u00e1l\u00f3 1. csehszlov\u00e1k hadtest tagjainak - nev\u00e9t v\u00e9st\u00e9k be. Az eml\u00e9km\u0171h\u00f6z tartozik egy eml\u00e9ktemet\u0151 is, ahol a Szovjetuni\u00f3ban \u00e1llom\u00e1soz\u00f3 1. csehszlov\u00e1k hadtest 565, a K\u00e1rp\u00e1t-Dukla hadm\u0171velet sor\u00e1n elesett tagj\u00e1t temett\u00e9k el. A temet\u0151 ker\u00fclet\u00e9n a duklai h\u0151s\u00f6k mellszobrai vannak elhelyezve. Az eml\u00e9khelyet 1961-ben nemzeti kultur\u00e1lis eml\u00e9khelly\u00e9 nyilv\u00e1n\u00edtott\u00e1k.<\/p>","protected":false},"featured_media":2209,"template":"","meta":{"_acf_changed":false},"kategoria-poi":[108,182,107],"lokalita":[115],"sezona-poi":[12],"trvanie-vyletu":[180,194],"class_list":["post-2208","kultura-a-umenie","type-kultura-a-umenie","status-publish","has-post-thumbnail","hentry","kategoria-poi-kultura-a-umenie","kategoria-poi-muzea-kultura-a-umenie","kategoria-poi-turistika","lokalita-svidnik-a-okolie","sezona-poi-celorocne","trvanie-vyletu-poldenne-vylety","trvanie-vyletu-skolske-vylety"],"acf":[],"yoast_head":"<!-- This site is optimized with the Yoast SEO Premium plugin v26.3 (Yoast SEO v26.8) - https:\/\/yoast.com\/product\/yoast-seo-premium-wordpress\/ -->\n<title>Dukla - pam\u00e4tn\u00edk \u010ds. arm\u00e1dneho zboru - OOCR \u0160ari\u0161<\/title>\n<meta name=\"robots\" content=\"index, follow, max-snippet:-1, max-image-preview:large, max-video-preview:-1\" \/>\n<link rel=\"canonical\" href=\"https:\/\/www.regionsaris.sk\/hu\/kultura-a-umenie\/dukla-pamatnik-cs-armadneho-zboru\/\" \/>\n<meta property=\"og:locale\" content=\"hu_HU\" \/>\n<meta property=\"og:type\" content=\"article\" \/>\n<meta property=\"og:title\" content=\"Dukla - pam\u00e4tn\u00edk \u010ds. arm\u00e1dneho zboru\" \/>\n<meta property=\"og:description\" content=\"Pam\u00e4tn\u00edk sa nach\u00e1dza v katastr\u00e1lnom \u00fazem\u00ed obce Vy\u0161n\u00fd Kom\u00e1rnik. Jeho vybudovan\u00edm v priestore bojov vl\u00e1da...\" \/>\n<meta property=\"og:url\" content=\"https:\/\/www.regionsaris.sk\/hu\/kultura-a-umenie\/dukla-pamatnik-cs-armadneho-zboru\/\" \/>\n<meta property=\"og:site_name\" content=\"OOCR \u0160ari\u0161\" \/>\n<meta property=\"article:modified_time\" content=\"2026-02-05T12:08:35+00:00\" \/>\n<meta property=\"og:image\" content=\"https:\/\/www.regionsaris.sk\/wp-content\/uploads\/2026\/01\/dukla144-thumb.jpg\" \/>\n\t<meta property=\"og:image:width\" content=\"600\" \/>\n\t<meta property=\"og:image:height\" content=\"400\" \/>\n\t<meta property=\"og:image:type\" content=\"image\/jpeg\" \/>\n<meta name=\"twitter:card\" content=\"summary_large_image\" \/>\n<meta name=\"twitter:label1\" content=\"Becs\u00fclt olvas\u00e1si id\u0151\" \/>\n\t<meta name=\"twitter:data1\" content=\"1 perc\" \/>\n<script type=\"application\/ld+json\" class=\"yoast-schema-graph\">{\"@context\":\"https:\/\/schema.org\",\"@graph\":[{\"@type\":\"WebPage\",\"@id\":\"https:\/\/www.regionsaris.sk\/kultura-a-umenie\/dukla-pamatnik-cs-armadneho-zboru\/\",\"url\":\"https:\/\/www.regionsaris.sk\/kultura-a-umenie\/dukla-pamatnik-cs-armadneho-zboru\/\",\"name\":\"Dukla - pam\u00e4tn\u00edk \u010ds. arm\u00e1dneho zboru - OOCR \u0160ari\u0161\",\"isPartOf\":{\"@id\":\"https:\/\/www.regionsaris.sk\/#website\"},\"primaryImageOfPage\":{\"@id\":\"https:\/\/www.regionsaris.sk\/kultura-a-umenie\/dukla-pamatnik-cs-armadneho-zboru\/#primaryimage\"},\"image\":{\"@id\":\"https:\/\/www.regionsaris.sk\/kultura-a-umenie\/dukla-pamatnik-cs-armadneho-zboru\/#primaryimage\"},\"thumbnailUrl\":\"https:\/\/www.regionsaris.sk\/wp-content\/uploads\/2026\/01\/dukla144-thumb.jpg\",\"datePublished\":\"2026-01-07T11:43:49+00:00\",\"dateModified\":\"2026-02-05T12:08:35+00:00\",\"breadcrumb\":{\"@id\":\"https:\/\/www.regionsaris.sk\/kultura-a-umenie\/dukla-pamatnik-cs-armadneho-zboru\/#breadcrumb\"},\"inLanguage\":\"hu\",\"potentialAction\":[{\"@type\":\"ReadAction\",\"target\":[\"https:\/\/www.regionsaris.sk\/kultura-a-umenie\/dukla-pamatnik-cs-armadneho-zboru\/\"]}]},{\"@type\":\"ImageObject\",\"inLanguage\":\"hu\",\"@id\":\"https:\/\/www.regionsaris.sk\/kultura-a-umenie\/dukla-pamatnik-cs-armadneho-zboru\/#primaryimage\",\"url\":\"https:\/\/www.regionsaris.sk\/wp-content\/uploads\/2026\/01\/dukla144-thumb.jpg\",\"contentUrl\":\"https:\/\/www.regionsaris.sk\/wp-content\/uploads\/2026\/01\/dukla144-thumb.jpg\",\"width\":600,\"height\":400},{\"@type\":\"BreadcrumbList\",\"@id\":\"https:\/\/www.regionsaris.sk\/kultura-a-umenie\/dukla-pamatnik-cs-armadneho-zboru\/#breadcrumb\",\"itemListElement\":[{\"@type\":\"ListItem\",\"position\":1,\"name\":\"Domov\",\"item\":\"https:\/\/www.regionsaris.sk\/\"},{\"@type\":\"ListItem\",\"position\":2,\"name\":\"Kult\u00fara a umenie v regi\u00f3ne\",\"item\":\"https:\/\/www.regionsaris.sk\/kultura-a-umenie-v-regione\/\"},{\"@type\":\"ListItem\",\"position\":3,\"name\":\"Dukla - pam\u00e4tn\u00edk \u010ds. arm\u00e1dneho zboru\"}]},{\"@type\":\"WebSite\",\"@id\":\"https:\/\/www.regionsaris.sk\/#website\",\"url\":\"https:\/\/www.regionsaris.sk\/\",\"name\":\"OOCR \u0160ari\u0161\",\"description\":\"\",\"potentialAction\":[{\"@type\":\"SearchAction\",\"target\":{\"@type\":\"EntryPoint\",\"urlTemplate\":\"https:\/\/www.regionsaris.sk\/?s={search_term_string}\"},\"query-input\":{\"@type\":\"PropertyValueSpecification\",\"valueRequired\":true,\"valueName\":\"search_term_string\"}}],\"inLanguage\":\"hu\"}]}<\/script>\n<!-- \/ Yoast SEO Premium plugin. -->","yoast_head_json":{"title":"Dukla - pam\u00e4tn\u00edk \u010ds. arm\u00e1dneho zboru - OOCR \u0160ari\u0161","robots":{"index":"index","follow":"follow","max-snippet":"max-snippet:-1","max-image-preview":"max-image-preview:large","max-video-preview":"max-video-preview:-1"},"canonical":"https:\/\/www.regionsaris.sk\/hu\/kultura-a-umenie\/dukla-pamatnik-cs-armadneho-zboru\/","og_locale":"hu_HU","og_type":"article","og_title":"Dukla - pam\u00e4tn\u00edk \u010ds. arm\u00e1dneho zboru","og_description":"Pam\u00e4tn\u00edk sa nach\u00e1dza v katastr\u00e1lnom \u00fazem\u00ed obce Vy\u0161n\u00fd Kom\u00e1rnik. Jeho vybudovan\u00edm v priestore bojov vl\u00e1da...","og_url":"https:\/\/www.regionsaris.sk\/hu\/kultura-a-umenie\/dukla-pamatnik-cs-armadneho-zboru\/","og_site_name":"OOCR \u0160ari\u0161","article_modified_time":"2026-02-05T12:08:35+00:00","og_image":[{"width":600,"height":400,"url":"https:\/\/www.regionsaris.sk\/wp-content\/uploads\/2026\/01\/dukla144-thumb.jpg","type":"image\/jpeg"}],"twitter_card":"summary_large_image","twitter_misc":{"Becs\u00fclt olvas\u00e1si id\u0151":"1 perc"},"schema":{"@context":"https:\/\/schema.org","@graph":[{"@type":"WebPage","@id":"https:\/\/www.regionsaris.sk\/kultura-a-umenie\/dukla-pamatnik-cs-armadneho-zboru\/","url":"https:\/\/www.regionsaris.sk\/kultura-a-umenie\/dukla-pamatnik-cs-armadneho-zboru\/","name":"Dukla - pam\u00e4tn\u00edk \u010ds. arm\u00e1dneho zboru - OOCR \u0160ari\u0161","isPartOf":{"@id":"https:\/\/www.regionsaris.sk\/#website"},"primaryImageOfPage":{"@id":"https:\/\/www.regionsaris.sk\/kultura-a-umenie\/dukla-pamatnik-cs-armadneho-zboru\/#primaryimage"},"image":{"@id":"https:\/\/www.regionsaris.sk\/kultura-a-umenie\/dukla-pamatnik-cs-armadneho-zboru\/#primaryimage"},"thumbnailUrl":"https:\/\/www.regionsaris.sk\/wp-content\/uploads\/2026\/01\/dukla144-thumb.jpg","datePublished":"2026-01-07T11:43:49+00:00","dateModified":"2026-02-05T12:08:35+00:00","breadcrumb":{"@id":"https:\/\/www.regionsaris.sk\/kultura-a-umenie\/dukla-pamatnik-cs-armadneho-zboru\/#breadcrumb"},"inLanguage":"hu","potentialAction":[{"@type":"ReadAction","target":["https:\/\/www.regionsaris.sk\/kultura-a-umenie\/dukla-pamatnik-cs-armadneho-zboru\/"]}]},{"@type":"ImageObject","inLanguage":"hu","@id":"https:\/\/www.regionsaris.sk\/kultura-a-umenie\/dukla-pamatnik-cs-armadneho-zboru\/#primaryimage","url":"https:\/\/www.regionsaris.sk\/wp-content\/uploads\/2026\/01\/dukla144-thumb.jpg","contentUrl":"https:\/\/www.regionsaris.sk\/wp-content\/uploads\/2026\/01\/dukla144-thumb.jpg","width":600,"height":400},{"@type":"BreadcrumbList","@id":"https:\/\/www.regionsaris.sk\/kultura-a-umenie\/dukla-pamatnik-cs-armadneho-zboru\/#breadcrumb","itemListElement":[{"@type":"ListItem","position":1,"name":"Domov","item":"https:\/\/www.regionsaris.sk\/"},{"@type":"ListItem","position":2,"name":"Kult\u00fara a umenie v regi\u00f3ne","item":"https:\/\/www.regionsaris.sk\/kultura-a-umenie-v-regione\/"},{"@type":"ListItem","position":3,"name":"Dukla - pam\u00e4tn\u00edk \u010ds. arm\u00e1dneho zboru"}]},{"@type":"WebSite","@id":"https:\/\/www.regionsaris.sk\/#website","url":"https:\/\/www.regionsaris.sk\/","name":"OOCR \u0160ari\u0161","description":"","potentialAction":[{"@type":"SearchAction","target":{"@type":"EntryPoint","urlTemplate":"https:\/\/www.regionsaris.sk\/?s={search_term_string}"},"query-input":{"@type":"PropertyValueSpecification","valueRequired":true,"valueName":"search_term_string"}}],"inLanguage":"hu"}]}},"_links":{"self":[{"href":"https:\/\/www.regionsaris.sk\/hu\/wp-json\/wp\/v2\/kultura-a-umenie\/2208","targetHints":{"allow":["GET"]}}],"collection":[{"href":"https:\/\/www.regionsaris.sk\/hu\/wp-json\/wp\/v2\/kultura-a-umenie"}],"about":[{"href":"https:\/\/www.regionsaris.sk\/hu\/wp-json\/wp\/v2\/types\/kultura-a-umenie"}],"wp:featuredmedia":[{"embeddable":true,"href":"https:\/\/www.regionsaris.sk\/hu\/wp-json\/wp\/v2\/media\/2209"}],"wp:attachment":[{"href":"https:\/\/www.regionsaris.sk\/hu\/wp-json\/wp\/v2\/media?parent=2208"}],"wp:term":[{"taxonomy":"kategoria-poi","embeddable":true,"href":"https:\/\/www.regionsaris.sk\/hu\/wp-json\/wp\/v2\/kategoria-poi?post=2208"},{"taxonomy":"lokalita","embeddable":true,"href":"https:\/\/www.regionsaris.sk\/hu\/wp-json\/wp\/v2\/lokalita?post=2208"},{"taxonomy":"sezona-poi","embeddable":true,"href":"https:\/\/www.regionsaris.sk\/hu\/wp-json\/wp\/v2\/sezona-poi?post=2208"},{"taxonomy":"trvanie-vyletu","embeddable":true,"href":"https:\/\/www.regionsaris.sk\/hu\/wp-json\/wp\/v2\/trvanie-vyletu?post=2208"}],"curies":[{"name":"wp","href":"https:\/\/api.w.org\/{rel}","templated":true}]}}

Dukla - a csehszlovák hadtest emlékműve

<p>Az emlékmű Vyšný Komárnik község kataszteri területén található. Megépítésével a harcok területén a Cseh-Szlovák Köztársaság kormánya az 1. cseh-szlovák hadtest elesett katonái előtt tisztelgett. Az emlékművet 1949-ben építették Ing. arch. építész tervei alapján. J. Grus, egy díszteremmel és 28 méteres magassággal. A Kárpát-Dukla hadművelet 70. évfordulója alkalmából a csehszlovák katona eredeti szobrának művészi másolatát helyezték el. Az eredeti formáját J. A. Vítek. A Žalju szobrot, amelyet J. Kulich szobrászművész alkotott, a Duklai kilátótorony modernizált helyiségeiben helyezték el. Az emlékműhöz vezető oszlopsoron bronztáblákra 1256 elesett katona - a Szovjetunióban szolgáló 1. csehszlovák hadtest tagjainak - nevét vésték be. Az emlékműhöz tartozik egy emléktemető is, ahol a Szovjetunióban állomásozó 1. csehszlovák hadtest 565, a Kárpát-Dukla hadművelet során elesett tagját temették el. A temető kerületén a duklai hősök mellszobrai vannak elhelyezve. Az emlékhelyet 1961-ben nemzeti kulturális emlékhellyé nyilvánították.</p>

<!-- This site is optimized with the Yoast SEO Premium plugin v26.3 (Yoast SEO v26.8) - https://yoast.com/product/yoast-seo-premium-wordpress/ -->
<title>Dukla - pamätník čs. armádneho zboru - OOCR Šariš</title>
<meta name="robots" content="index, follow, max-snippet:-1, max-image-preview:large, max-video-preview:-1" />
<link rel="canonical" href="https://www.regionsaris.sk/hu/kultura-a-umenie/dukla-pamatnik-cs-armadneho-zboru/" />
<meta property="og:locale" content="hu_HU" />
<meta property="og:type" content="article" />
<meta property="og:title" content="Dukla - pamätník čs. armádneho zboru" />
<meta property="og:description" content="Pamätník sa nachádza v katastrálnom území obce Vyšný Komárnik. Jeho vybudovaním v priestore bojov vláda..." />
<meta property="og:url" content="https://www.regionsaris.sk/hu/kultura-a-umenie/dukla-pamatnik-cs-armadneho-zboru/" />
<meta property="og:site_name" content="OOCR Šariš" />
<meta property="article:modified_time" content="2026-02-05T12:08:35+00:00" />
<meta property="og:image" content="https://www.regionsaris.sk/wp-content/uploads/2026/01/dukla144-thumb.jpg" />
	<meta property="og:image:width" content="600" />
	<meta property="og:image:height" content="400" />
	<meta property="og:image:type" content="image/jpeg" />
<meta name="twitter:card" content="summary_large_image" />
<meta name="twitter:label1" content="Becsült olvasási idő" />
	<meta name="twitter:data1" content="1 perc" />
<script type="application/ld+json" class="yoast-schema-graph">{"@context":"https://schema.org","@graph":[{"@type":"WebPage","@id":"https://www.regionsaris.sk/kultura-a-umenie/dukla-pamatnik-cs-armadneho-zboru/","url":"https://www.regionsaris.sk/kultura-a-umenie/dukla-pamatnik-cs-armadneho-zboru/","name":"Dukla - pamätník čs. armádneho zboru - OOCR Šariš","isPartOf":{"@id":"https://www.regionsaris.sk/#website"},"primaryImageOfPage":{"@id":"https://www.regionsaris.sk/kultura-a-umenie/dukla-pamatnik-cs-armadneho-zboru/#primaryimage"},"image":{"@id":"https://www.regionsaris.sk/kultura-a-umenie/dukla-pamatnik-cs-armadneho-zboru/#primaryimage"},"thumbnailUrl":"https://www.regionsaris.sk/wp-content/uploads/2026/01/dukla144-thumb.jpg","datePublished":"2026-01-07T11:43:49+00:00","dateModified":"2026-02-05T12:08:35+00:00","breadcrumb":{"@id":"https://www.regionsaris.sk/kultura-a-umenie/dukla-pamatnik-cs-armadneho-zboru/#breadcrumb"},"inLanguage":"hu","potentialAction":[{"@type":"ReadAction","target":["https://www.regionsaris.sk/kultura-a-umenie/dukla-pamatnik-cs-armadneho-zboru/"]}]},{"@type":"ImageObject","inLanguage":"hu","@id":"https://www.regionsaris.sk/kultura-a-umenie/dukla-pamatnik-cs-armadneho-zboru/#primaryimage","url":"https://www.regionsaris.sk/wp-content/uploads/2026/01/dukla144-thumb.jpg","contentUrl":"https://www.regionsaris.sk/wp-content/uploads/2026/01/dukla144-thumb.jpg","width":600,"height":400},{"@type":"BreadcrumbList","@id":"https://www.regionsaris.sk/kultura-a-umenie/dukla-pamatnik-cs-armadneho-zboru/#breadcrumb","itemListElement":[{"@type":"ListItem","position":1,"name":"Domov","item":"https://www.regionsaris.sk/"},{"@type":"ListItem","position":2,"name":"Kultúra a umenie v regióne","item":"https://www.regionsaris.sk/kultura-a-umenie-v-regione/"},{"@type":"ListItem","position":3,"name":"Dukla - pamätník čs. armádneho zboru"}]},{"@type":"WebSite","@id":"https://www.regionsaris.sk/#website","url":"https://www.regionsaris.sk/","name":"OOCR Šariš","description":"","potentialAction":[{"@type":"SearchAction","target":{"@type":"EntryPoint","urlTemplate":"https://www.regionsaris.sk/?s={search_term_string}"},"query-input":{"@type":"PropertyValueSpecification","valueRequired":true,"valueName":"search_term_string"}}],"inLanguage":"hu"}]}</script>
<!-- / Yoast SEO Premium plugin. -->

Dukla - pamätník čs. armádneho zboru - OOCR Šariš

Dukla - pamätník čs. armádneho zboru

Pamätník sa nachádza v katastrálnom území obce Vyšný Komárnik. Jeho vybudovaním v priestore bojov vláda...

OOCR Šariš

Kultúra a umenie v regióne
