{"id":2200,"date":"2026-01-07T12:43:51","date_gmt":"2026-01-07T11:43:51","guid":{"rendered":"https:\/\/www.regionsaris.sk\/?post_type=kultura-a-umenie&#038;p=2200"},"modified":"2026-02-05T13:05:36","modified_gmt":"2026-02-05T12:05:36","slug":"vodny-mlyn-v-krivanoch","status":"publish","type":"kultura-a-umenie","link":"https:\/\/www.regionsaris.sk\/hu\/kultura-a-umenie\/vodny-mlyn-v-krivanoch\/","title":{"rendered":"V\u00edzimalom Krivanyban"},"content":{"rendered":"<p>Krivany kataszteri ter\u00fclet\u00e9n tal\u00e1lhat\u00f3 egy figyelemre m\u00e9lt\u00f3 \u00e9p\u00fclet - egy 17. sz\u00e1zadi v\u00edzimalom. R\u00e9gen a krivanyi v\u00edzimalmot egy v\u00e1ly\u00fanak nevezett, lap\u00e1tokkal ell\u00e1tott faker\u00e9k tetej\u00e9re t\u00e1pl\u00e1lt v\u00edzzel hajtott\u00e1k. A gabon\u00e1t k\u00e9t nagy k\u0151 k\u00f6z\u00f6tt \u0151r\u00f6lt\u00e9k, amelyeket kifejezetten erre a c\u00e9lra alak\u00edtottak ki; k\u00e9s\u0151bb az \u00fagynevezett \u201ehengermalmokon\u201c \u0151r\u00f6lt\u00e9k a gabon\u00e1t. A malom 1952-ig m\u0171k\u00f6d\u00f6tt. A gabon\u00e1t b\u00fazadar\u00e1v\u00e1, dar\u00e1v\u00e1 \u00e9s lisztt\u00e9 \u0151r\u00f6lt\u00e9k. Kukoricalisztet, dar\u00e1t \u00e9s \u00e1ramot \u00e1ll\u00edtott el\u0151 saj\u00e1t haszn\u00e1latra, amikor Krivanyban nem volt \u00e1ram. A f\u0171r\u00e9szmalom, amely teljesen f\u00e1b\u00f3l k\u00e9sz\u00fclt, a f\u00e1t deszk\u00e1kra, n\u00e9gyzetekre \u00e9s deszk\u00e1kra v\u00e1gta. Az 1948-as \u00e1llamos\u00edt\u00e1s \u00e9s a k\u00e9s\u0151bbi sz\u00f6vetkezetekhez val\u00f3 csatlakoz\u00e1s miatt a malmot \u00e9s a f\u0171r\u00e9sztelepet 1952-ben bez\u00e1rt\u00e1k \u00e9s lez\u00e1rt\u00e1k.<\/p>\n\n\n\n<p>1984-ben figyelmet kapott az \u00e1llamt\u00f3l, amikor felvett\u00e9k a m\u0171szaki m\u0171eml\u00e9kek list\u00e1j\u00e1ra, de nem el\u00e9gg\u00e9 ahhoz, hogy n\u00e9mi p\u00e9nzt k\u00fcl\u00f6n\u00edtsenek el a meg\u0151rz\u00e9s\u00e9re. 1991-ben kezd\u0151dtek meg a munk\u00e1latok a kultur\u00e1lis \u00e9rt\u00e9k megment\u00e9s\u00e9re. 1996-t\u00f3l megalakult a Fels\u0151torjai K\u0151malom Meg\u0151rz\u0151inek Polg\u00e1ri T\u00e1rsul\u00e1sa, amelynek f\u0151 c\u00e9lja, hogy a r\u00e9gi v\u00edzimalmot eredeti m\u0171k\u00f6d\u0151k\u00e9pes \u00e1llapot\u00e1ba \u00e1ll\u00edts\u00e1k vissza, v\u00edzg\u00e1ttal \u00e9s v\u00edziker\u00e9kkel.<\/p>","protected":false},"featured_media":2201,"template":"","meta":{"_acf_changed":false},"kategoria-poi":[105,171,108,182,109],"lokalita":[29],"sezona-poi":[12],"trvanie-vyletu":[217,194],"class_list":["post-2200","kultura-a-umenie","type-kultura-a-umenie","status-publish","has-post-thumbnail","hentry","kategoria-poi-historia","kategoria-poi-ine-vyznamne-pamiatky","kategoria-poi-kultura-a-umenie","kategoria-poi-muzea-kultura-a-umenie","kategoria-poi-remesla","lokalita-lipany-a-okolie","sezona-poi-celorocne","trvanie-vyletu-kratke-vylety","trvanie-vyletu-skolske-vylety"],"acf":[],"yoast_head":"<!-- This site is optimized with the Yoast SEO Premium plugin v26.3 (Yoast SEO v26.8) - https:\/\/yoast.com\/product\/yoast-seo-premium-wordpress\/ -->\n<title>Vodn\u00fd Mlyn v Krivanoch - OOCR \u0160ari\u0161<\/title>\n<meta name=\"robots\" content=\"index, follow, max-snippet:-1, max-image-preview:large, max-video-preview:-1\" \/>\n<link rel=\"canonical\" href=\"https:\/\/www.regionsaris.sk\/hu\/kultura-a-umenie\/vodny-mlyn-v-krivanoch\/\" \/>\n<meta property=\"og:locale\" content=\"hu_HU\" \/>\n<meta property=\"og:type\" content=\"article\" \/>\n<meta property=\"og:title\" content=\"Vodn\u00fd Mlyn v Krivanoch\" \/>\n<meta property=\"og:description\" content=\"V katastr\u00e1lnom \u00fazem\u00ed obce Krivany sa nach\u00e1dza pozoruhodn\u00e1 stavba \u2013 vodn\u00fd mlyn zo 17. storo\u010dia....\" \/>\n<meta property=\"og:url\" content=\"https:\/\/www.regionsaris.sk\/hu\/kultura-a-umenie\/vodny-mlyn-v-krivanoch\/\" \/>\n<meta property=\"og:site_name\" content=\"OOCR \u0160ari\u0161\" \/>\n<meta property=\"article:modified_time\" content=\"2026-02-05T12:05:36+00:00\" \/>\n<meta property=\"og:image\" content=\"https:\/\/www.regionsaris.sk\/wp-content\/uploads\/2026\/01\/mlyn117-thumb.jpg\" \/>\n\t<meta property=\"og:image:width\" content=\"600\" \/>\n\t<meta property=\"og:image:height\" content=\"400\" \/>\n\t<meta property=\"og:image:type\" content=\"image\/jpeg\" \/>\n<meta name=\"twitter:card\" content=\"summary_large_image\" \/>\n<meta name=\"twitter:label1\" content=\"Becs\u00fclt olvas\u00e1si id\u0151\" \/>\n\t<meta name=\"twitter:data1\" content=\"1 perc\" \/>\n<script type=\"application\/ld+json\" class=\"yoast-schema-graph\">{\"@context\":\"https:\/\/schema.org\",\"@graph\":[{\"@type\":\"WebPage\",\"@id\":\"https:\/\/www.regionsaris.sk\/kultura-a-umenie\/vodny-mlyn-v-krivanoch\/\",\"url\":\"https:\/\/www.regionsaris.sk\/kultura-a-umenie\/vodny-mlyn-v-krivanoch\/\",\"name\":\"Vodn\u00fd Mlyn v Krivanoch - OOCR \u0160ari\u0161\",\"isPartOf\":{\"@id\":\"https:\/\/www.regionsaris.sk\/#website\"},\"primaryImageOfPage\":{\"@id\":\"https:\/\/www.regionsaris.sk\/kultura-a-umenie\/vodny-mlyn-v-krivanoch\/#primaryimage\"},\"image\":{\"@id\":\"https:\/\/www.regionsaris.sk\/kultura-a-umenie\/vodny-mlyn-v-krivanoch\/#primaryimage\"},\"thumbnailUrl\":\"https:\/\/www.regionsaris.sk\/wp-content\/uploads\/2026\/01\/mlyn117-thumb.jpg\",\"datePublished\":\"2026-01-07T11:43:51+00:00\",\"dateModified\":\"2026-02-05T12:05:36+00:00\",\"breadcrumb\":{\"@id\":\"https:\/\/www.regionsaris.sk\/kultura-a-umenie\/vodny-mlyn-v-krivanoch\/#breadcrumb\"},\"inLanguage\":\"hu\",\"potentialAction\":[{\"@type\":\"ReadAction\",\"target\":[\"https:\/\/www.regionsaris.sk\/kultura-a-umenie\/vodny-mlyn-v-krivanoch\/\"]}]},{\"@type\":\"ImageObject\",\"inLanguage\":\"hu\",\"@id\":\"https:\/\/www.regionsaris.sk\/kultura-a-umenie\/vodny-mlyn-v-krivanoch\/#primaryimage\",\"url\":\"https:\/\/www.regionsaris.sk\/wp-content\/uploads\/2026\/01\/mlyn117-thumb.jpg\",\"contentUrl\":\"https:\/\/www.regionsaris.sk\/wp-content\/uploads\/2026\/01\/mlyn117-thumb.jpg\",\"width\":600,\"height\":400},{\"@type\":\"BreadcrumbList\",\"@id\":\"https:\/\/www.regionsaris.sk\/kultura-a-umenie\/vodny-mlyn-v-krivanoch\/#breadcrumb\",\"itemListElement\":[{\"@type\":\"ListItem\",\"position\":1,\"name\":\"Domov\",\"item\":\"https:\/\/www.regionsaris.sk\/\"},{\"@type\":\"ListItem\",\"position\":2,\"name\":\"Kult\u00fara a umenie v regi\u00f3ne\",\"item\":\"https:\/\/www.regionsaris.sk\/kultura-a-umenie-v-regione\/\"},{\"@type\":\"ListItem\",\"position\":3,\"name\":\"Vodn\u00fd Mlyn v Krivanoch\"}]},{\"@type\":\"WebSite\",\"@id\":\"https:\/\/www.regionsaris.sk\/#website\",\"url\":\"https:\/\/www.regionsaris.sk\/\",\"name\":\"OOCR \u0160ari\u0161\",\"description\":\"\",\"potentialAction\":[{\"@type\":\"SearchAction\",\"target\":{\"@type\":\"EntryPoint\",\"urlTemplate\":\"https:\/\/www.regionsaris.sk\/?s={search_term_string}\"},\"query-input\":{\"@type\":\"PropertyValueSpecification\",\"valueRequired\":true,\"valueName\":\"search_term_string\"}}],\"inLanguage\":\"hu\"}]}<\/script>\n<!-- \/ Yoast SEO Premium plugin. -->","yoast_head_json":{"title":"Vodn\u00fd Mlyn v Krivanoch - OOCR \u0160ari\u0161","robots":{"index":"index","follow":"follow","max-snippet":"max-snippet:-1","max-image-preview":"max-image-preview:large","max-video-preview":"max-video-preview:-1"},"canonical":"https:\/\/www.regionsaris.sk\/hu\/kultura-a-umenie\/vodny-mlyn-v-krivanoch\/","og_locale":"hu_HU","og_type":"article","og_title":"Vodn\u00fd Mlyn v Krivanoch","og_description":"V katastr\u00e1lnom \u00fazem\u00ed obce Krivany sa nach\u00e1dza pozoruhodn\u00e1 stavba \u2013 vodn\u00fd mlyn zo 17. storo\u010dia....","og_url":"https:\/\/www.regionsaris.sk\/hu\/kultura-a-umenie\/vodny-mlyn-v-krivanoch\/","og_site_name":"OOCR \u0160ari\u0161","article_modified_time":"2026-02-05T12:05:36+00:00","og_image":[{"width":600,"height":400,"url":"https:\/\/www.regionsaris.sk\/wp-content\/uploads\/2026\/01\/mlyn117-thumb.jpg","type":"image\/jpeg"}],"twitter_card":"summary_large_image","twitter_misc":{"Becs\u00fclt olvas\u00e1si id\u0151":"1 perc"},"schema":{"@context":"https:\/\/schema.org","@graph":[{"@type":"WebPage","@id":"https:\/\/www.regionsaris.sk\/kultura-a-umenie\/vodny-mlyn-v-krivanoch\/","url":"https:\/\/www.regionsaris.sk\/kultura-a-umenie\/vodny-mlyn-v-krivanoch\/","name":"Vodn\u00fd Mlyn v Krivanoch - OOCR \u0160ari\u0161","isPartOf":{"@id":"https:\/\/www.regionsaris.sk\/#website"},"primaryImageOfPage":{"@id":"https:\/\/www.regionsaris.sk\/kultura-a-umenie\/vodny-mlyn-v-krivanoch\/#primaryimage"},"image":{"@id":"https:\/\/www.regionsaris.sk\/kultura-a-umenie\/vodny-mlyn-v-krivanoch\/#primaryimage"},"thumbnailUrl":"https:\/\/www.regionsaris.sk\/wp-content\/uploads\/2026\/01\/mlyn117-thumb.jpg","datePublished":"2026-01-07T11:43:51+00:00","dateModified":"2026-02-05T12:05:36+00:00","breadcrumb":{"@id":"https:\/\/www.regionsaris.sk\/kultura-a-umenie\/vodny-mlyn-v-krivanoch\/#breadcrumb"},"inLanguage":"hu","potentialAction":[{"@type":"ReadAction","target":["https:\/\/www.regionsaris.sk\/kultura-a-umenie\/vodny-mlyn-v-krivanoch\/"]}]},{"@type":"ImageObject","inLanguage":"hu","@id":"https:\/\/www.regionsaris.sk\/kultura-a-umenie\/vodny-mlyn-v-krivanoch\/#primaryimage","url":"https:\/\/www.regionsaris.sk\/wp-content\/uploads\/2026\/01\/mlyn117-thumb.jpg","contentUrl":"https:\/\/www.regionsaris.sk\/wp-content\/uploads\/2026\/01\/mlyn117-thumb.jpg","width":600,"height":400},{"@type":"BreadcrumbList","@id":"https:\/\/www.regionsaris.sk\/kultura-a-umenie\/vodny-mlyn-v-krivanoch\/#breadcrumb","itemListElement":[{"@type":"ListItem","position":1,"name":"Domov","item":"https:\/\/www.regionsaris.sk\/"},{"@type":"ListItem","position":2,"name":"Kult\u00fara a umenie v regi\u00f3ne","item":"https:\/\/www.regionsaris.sk\/kultura-a-umenie-v-regione\/"},{"@type":"ListItem","position":3,"name":"Vodn\u00fd Mlyn v Krivanoch"}]},{"@type":"WebSite","@id":"https:\/\/www.regionsaris.sk\/#website","url":"https:\/\/www.regionsaris.sk\/","name":"OOCR \u0160ari\u0161","description":"","potentialAction":[{"@type":"SearchAction","target":{"@type":"EntryPoint","urlTemplate":"https:\/\/www.regionsaris.sk\/?s={search_term_string}"},"query-input":{"@type":"PropertyValueSpecification","valueRequired":true,"valueName":"search_term_string"}}],"inLanguage":"hu"}]}},"_links":{"self":[{"href":"https:\/\/www.regionsaris.sk\/hu\/wp-json\/wp\/v2\/kultura-a-umenie\/2200","targetHints":{"allow":["GET"]}}],"collection":[{"href":"https:\/\/www.regionsaris.sk\/hu\/wp-json\/wp\/v2\/kultura-a-umenie"}],"about":[{"href":"https:\/\/www.regionsaris.sk\/hu\/wp-json\/wp\/v2\/types\/kultura-a-umenie"}],"wp:featuredmedia":[{"embeddable":true,"href":"https:\/\/www.regionsaris.sk\/hu\/wp-json\/wp\/v2\/media\/2201"}],"wp:attachment":[{"href":"https:\/\/www.regionsaris.sk\/hu\/wp-json\/wp\/v2\/media?parent=2200"}],"wp:term":[{"taxonomy":"kategoria-poi","embeddable":true,"href":"https:\/\/www.regionsaris.sk\/hu\/wp-json\/wp\/v2\/kategoria-poi?post=2200"},{"taxonomy":"lokalita","embeddable":true,"href":"https:\/\/www.regionsaris.sk\/hu\/wp-json\/wp\/v2\/lokalita?post=2200"},{"taxonomy":"sezona-poi","embeddable":true,"href":"https:\/\/www.regionsaris.sk\/hu\/wp-json\/wp\/v2\/sezona-poi?post=2200"},{"taxonomy":"trvanie-vyletu","embeddable":true,"href":"https:\/\/www.regionsaris.sk\/hu\/wp-json\/wp\/v2\/trvanie-vyletu?post=2200"}],"curies":[{"name":"wp","href":"https:\/\/api.w.org\/{rel}","templated":true}]}}

Vízimalom Krivanyban

<p>Krivany kataszteri területén található egy figyelemre méltó épület - egy 17. századi vízimalom. Régen a krivanyi vízimalmot egy vályúnak nevezett, lapátokkal ellátott fakerék tetejére táplált vízzel hajtották. A gabonát két nagy kő között őrölték, amelyeket kifejezetten erre a célra alakítottak ki; később az úgynevezett „hengermalmokon“ őrölték a gabonát. A malom 1952-ig működött. A gabonát búzadarává, darává és lisztté őrölték. Kukoricalisztet, darát és áramot állított elő saját használatra, amikor Krivanyban nem volt áram. A fűrészmalom, amely teljesen fából készült, a fát deszkákra, négyzetekre és deszkákra vágta. Az 1948-as államosítás és a későbbi szövetkezetekhez való csatlakozás miatt a malmot és a fűrésztelepet 1952-ben bezárták és lezárták.</p>



<p>1984-ben figyelmet kapott az államtól, amikor felvették a műszaki műemlékek listájára, de nem eléggé ahhoz, hogy némi pénzt különítsenek el a megőrzésére. 1991-ben kezdődtek meg a munkálatok a kulturális érték megmentésére. 1996-tól megalakult a Felsőtorjai Kőmalom Megőrzőinek Polgári Társulása, amelynek fő célja, hogy a régi vízimalmot eredeti működőképes állapotába állítsák vissza, vízgáttal és vízikerékkel.</p>

<!-- This site is optimized with the Yoast SEO Premium plugin v26.3 (Yoast SEO v26.8) - https://yoast.com/product/yoast-seo-premium-wordpress/ -->
<title>Vodný Mlyn v Krivanoch - OOCR Šariš</title>
<meta name="robots" content="index, follow, max-snippet:-1, max-image-preview:large, max-video-preview:-1" />
<link rel="canonical" href="https://www.regionsaris.sk/hu/kultura-a-umenie/vodny-mlyn-v-krivanoch/" />
<meta property="og:locale" content="hu_HU" />
<meta property="og:type" content="article" />
<meta property="og:title" content="Vodný Mlyn v Krivanoch" />
<meta property="og:description" content="V katastrálnom území obce Krivany sa nachádza pozoruhodná stavba – vodný mlyn zo 17. storočia...." />
<meta property="og:url" content="https://www.regionsaris.sk/hu/kultura-a-umenie/vodny-mlyn-v-krivanoch/" />
<meta property="og:site_name" content="OOCR Šariš" />
<meta property="article:modified_time" content="2026-02-05T12:05:36+00:00" />
<meta property="og:image" content="https://www.regionsaris.sk/wp-content/uploads/2026/01/mlyn117-thumb.jpg" />
	<meta property="og:image:width" content="600" />
	<meta property="og:image:height" content="400" />
	<meta property="og:image:type" content="image/jpeg" />
<meta name="twitter:card" content="summary_large_image" />
<meta name="twitter:label1" content="Becsült olvasási idő" />
	<meta name="twitter:data1" content="1 perc" />
<script type="application/ld+json" class="yoast-schema-graph">{"@context":"https://schema.org","@graph":[{"@type":"WebPage","@id":"https://www.regionsaris.sk/kultura-a-umenie/vodny-mlyn-v-krivanoch/","url":"https://www.regionsaris.sk/kultura-a-umenie/vodny-mlyn-v-krivanoch/","name":"Vodný Mlyn v Krivanoch - OOCR Šariš","isPartOf":{"@id":"https://www.regionsaris.sk/#website"},"primaryImageOfPage":{"@id":"https://www.regionsaris.sk/kultura-a-umenie/vodny-mlyn-v-krivanoch/#primaryimage"},"image":{"@id":"https://www.regionsaris.sk/kultura-a-umenie/vodny-mlyn-v-krivanoch/#primaryimage"},"thumbnailUrl":"https://www.regionsaris.sk/wp-content/uploads/2026/01/mlyn117-thumb.jpg","datePublished":"2026-01-07T11:43:51+00:00","dateModified":"2026-02-05T12:05:36+00:00","breadcrumb":{"@id":"https://www.regionsaris.sk/kultura-a-umenie/vodny-mlyn-v-krivanoch/#breadcrumb"},"inLanguage":"hu","potentialAction":[{"@type":"ReadAction","target":["https://www.regionsaris.sk/kultura-a-umenie/vodny-mlyn-v-krivanoch/"]}]},{"@type":"ImageObject","inLanguage":"hu","@id":"https://www.regionsaris.sk/kultura-a-umenie/vodny-mlyn-v-krivanoch/#primaryimage","url":"https://www.regionsaris.sk/wp-content/uploads/2026/01/mlyn117-thumb.jpg","contentUrl":"https://www.regionsaris.sk/wp-content/uploads/2026/01/mlyn117-thumb.jpg","width":600,"height":400},{"@type":"BreadcrumbList","@id":"https://www.regionsaris.sk/kultura-a-umenie/vodny-mlyn-v-krivanoch/#breadcrumb","itemListElement":[{"@type":"ListItem","position":1,"name":"Domov","item":"https://www.regionsaris.sk/"},{"@type":"ListItem","position":2,"name":"Kultúra a umenie v regióne","item":"https://www.regionsaris.sk/kultura-a-umenie-v-regione/"},{"@type":"ListItem","position":3,"name":"Vodný Mlyn v Krivanoch"}]},{"@type":"WebSite","@id":"https://www.regionsaris.sk/#website","url":"https://www.regionsaris.sk/","name":"OOCR Šariš","description":"","potentialAction":[{"@type":"SearchAction","target":{"@type":"EntryPoint","urlTemplate":"https://www.regionsaris.sk/?s={search_term_string}"},"query-input":{"@type":"PropertyValueSpecification","valueRequired":true,"valueName":"search_term_string"}}],"inLanguage":"hu"}]}</script>
<!-- / Yoast SEO Premium plugin. -->

Vodný Mlyn v Krivanoch - OOCR Šariš

Vodný Mlyn v Krivanoch

V katastrálnom území obce Krivany sa nachádza pozoruhodná stavba – vodný mlyn zo 17. storočia....

OOCR Šariš

Kultúra a umenie v regióne
