{"id":2123,"date":"2020-12-15T15:49:12","date_gmt":"2020-12-15T14:49:12","guid":{"rendered":"https:\/\/www.regionsaris.sk\/historia\/kastiel-brezovica\/"},"modified":"2020-12-15T15:49:12","modified_gmt":"2020-12-15T14:49:12","slug":"kastiel-brezovica","status":"publish","type":"historia","link":"https:\/\/www.regionsaris.sk\/hu\/historia\/kastiel-brezovica\/","title":{"rendered":"Brezovica kast\u00e9ly"},"content":{"rendered":"<p>Brezovica a Torysa v\u00f6lgy\u00e9ben fekszik, a Levo\u010da hegys\u00e9g keleti el\u0151renyomul\u00e1sa alatt. A falu a \u0160ari\u0161b\u00f3l a Szepess\u00e9gbe vezet\u0151 r\u00e9gi \u00fat ment\u00e9n alakult ki, amelyet a forr\u00e1sanyag \"via magna\", azaz nagy \u00fat n\u00e9ven eml\u00edt.<br>A falut el\u0151sz\u00f6r 1317-ben eml\u00edtik \u00edr\u00e1sban, amikor a csal\u00e1d \u00e1ltal csal\u00e1di rezidenci\u00e1nak \u00e9p\u00edtett v\u00e1rat kezdt\u00e9k \u00e9p\u00edteni. Berzeviczi. Michal Berzeviczi hozz\u00e1j\u00e1rult ehhez, \u00e9s a v\u00e1r t\u00f6bb mint k\u00e9t \u00e9vsz\u00e1zadon \u00e1t a csal\u00e1d sz\u00e9khelye lett.<\/p>\n\n\n\n<p>A brezovicei kast\u00e9ly a 17. sz\u00e1zadb\u00f3l sz\u00e1rmazik, amikor a Berzeviczi csal\u00e1d elhagyta a v\u00e1rat, \u00e9s a faluba k\u00f6lt\u00f6z\u00f6tt, ahol h\u00e9t kast\u00e9lyt \u00e9s egy udvarh\u00e1zat \u00e9p\u00edtettek.<\/p>\n\n\n\n<p>A kast\u00e9ly k\u00e9t traktusb\u00f3l \u00e1ll\u00f3 t\u00f6mbh\u00e1zk\u00e9nt \u00e9p\u00fclt, \u00e9szakkeleti oldal\u00e1n egy \u00f6bl\u00f6s, nyitott, t\u00e1gas l\u00e9pcs\u0151h\u00e1zzal. A homlokzaton renesz\u00e1nsz ablakok, renesz\u00e1nsz illuzionista k\u00e9tsz\u00edn\u0171 sgraffito f\u0151homlokzatok rombuszmetszet\u0171 \u00e1tt\u00f6rt vonalvezet\u00e9ssel. A bej\u00e1rat f\u00f6l\u00f6tt k\u0151lap tal\u00e1lhat\u00f3, csal\u00e1di c\u00edmerek domborm\u0171v\u00e9vel.<br>A csal\u00e1d \u0151sei Tirolb\u00f3l \u00e9rkeztek, \u00e9s a Berzeviczi falu f\u00e9ldecis neve ut\u00e1n vett\u00e9k fel a csal\u00e1dnevet.<\/p>\n\n\n\n<p>A Brezovica Manor House a k\u00f6vetkez\u0151h\u00f6z tartozik<a href=\"http:\/\/www.sarisskahradnacesta.sk\/\">\u00a0\u0160ari\u0161 v\u00e1r \u00fat<\/a>.<\/p>\n\n\n\n<p>Forr\u00e1s: Brezovica telep\u00fcl\u00e9s<\/p>","protected":false},"featured_media":1771,"template":"","meta":{"_acf_changed":false},"kategoria-poi":[105,173],"lokalita":[29],"sezona-poi":[],"trvanie-vyletu":[],"class_list":["post-2123","historia","type-historia","status-publish","has-post-thumbnail","hentry","kategoria-poi-historia","kategoria-poi-kastiele-a-kurie","lokalita-lipany-a-okolie"],"acf":[],"yoast_head":"<!-- This site is optimized with the Yoast SEO Premium plugin v26.3 (Yoast SEO v26.8) - https:\/\/yoast.com\/product\/yoast-seo-premium-wordpress\/ -->\n<title>Ka\u0161tie\u013e Brezovica - OOCR \u0160ari\u0161<\/title>\n<meta name=\"robots\" content=\"index, follow, max-snippet:-1, max-image-preview:large, max-video-preview:-1\" \/>\n<link rel=\"canonical\" href=\"https:\/\/www.regionsaris.sk\/hu\/historia\/kastiel-brezovica\/\" \/>\n<meta property=\"og:locale\" content=\"hu_HU\" \/>\n<meta property=\"og:type\" content=\"article\" \/>\n<meta property=\"og:title\" content=\"Ka\u0161tie\u013e Brezovica\" \/>\n<meta property=\"og:description\" content=\"Brezovica le\u017e\u00ed v \u00fadol\u00ed Torysy pod v\u00fdchodn\u00fdmi v\u00fdbe\u017ekami Levo\u010dsk\u00fdch vrchov. Obec sa vyvinula na starej...\" \/>\n<meta property=\"og:url\" content=\"https:\/\/www.regionsaris.sk\/hu\/historia\/kastiel-brezovica\/\" \/>\n<meta property=\"og:site_name\" content=\"OOCR \u0160ari\u0161\" \/>\n<meta property=\"og:image\" content=\"https:\/\/www.regionsaris.sk\/wp-content\/uploads\/2026\/01\/Brezovica_kastiel_2.jpg\" \/>\n\t<meta property=\"og:image:width\" content=\"898\" \/>\n\t<meta property=\"og:image:height\" content=\"600\" \/>\n\t<meta property=\"og:image:type\" content=\"image\/jpeg\" \/>\n<meta name=\"twitter:card\" content=\"summary_large_image\" \/>\n<meta name=\"twitter:label1\" content=\"Becs\u00fclt olvas\u00e1si id\u0151\" \/>\n\t<meta name=\"twitter:data1\" content=\"1 perc\" \/>\n<script type=\"application\/ld+json\" class=\"yoast-schema-graph\">{\"@context\":\"https:\/\/schema.org\",\"@graph\":[{\"@type\":\"WebPage\",\"@id\":\"https:\/\/www.regionsaris.sk\/historia\/kastiel-brezovica\/\",\"url\":\"https:\/\/www.regionsaris.sk\/historia\/kastiel-brezovica\/\",\"name\":\"Ka\u0161tie\u013e Brezovica - OOCR \u0160ari\u0161\",\"isPartOf\":{\"@id\":\"https:\/\/www.regionsaris.sk\/#website\"},\"primaryImageOfPage\":{\"@id\":\"https:\/\/www.regionsaris.sk\/historia\/kastiel-brezovica\/#primaryimage\"},\"image\":{\"@id\":\"https:\/\/www.regionsaris.sk\/historia\/kastiel-brezovica\/#primaryimage\"},\"thumbnailUrl\":\"https:\/\/www.regionsaris.sk\/wp-content\/uploads\/2026\/01\/Brezovica_kastiel_2.jpg\",\"datePublished\":\"2020-12-15T14:49:12+00:00\",\"breadcrumb\":{\"@id\":\"https:\/\/www.regionsaris.sk\/historia\/kastiel-brezovica\/#breadcrumb\"},\"inLanguage\":\"hu\",\"potentialAction\":[{\"@type\":\"ReadAction\",\"target\":[\"https:\/\/www.regionsaris.sk\/historia\/kastiel-brezovica\/\"]}]},{\"@type\":\"ImageObject\",\"inLanguage\":\"hu\",\"@id\":\"https:\/\/www.regionsaris.sk\/historia\/kastiel-brezovica\/#primaryimage\",\"url\":\"https:\/\/www.regionsaris.sk\/wp-content\/uploads\/2026\/01\/Brezovica_kastiel_2.jpg\",\"contentUrl\":\"https:\/\/www.regionsaris.sk\/wp-content\/uploads\/2026\/01\/Brezovica_kastiel_2.jpg\",\"width\":898,\"height\":600},{\"@type\":\"BreadcrumbList\",\"@id\":\"https:\/\/www.regionsaris.sk\/historia\/kastiel-brezovica\/#breadcrumb\",\"itemListElement\":[{\"@type\":\"ListItem\",\"position\":1,\"name\":\"Domov\",\"item\":\"https:\/\/www.regionsaris.sk\/\"},{\"@type\":\"ListItem\",\"position\":2,\"name\":\"Hist\u00f3ria regi\u00f3nu\",\"item\":\"https:\/\/www.regionsaris.sk\/historia-regionu\/\"},{\"@type\":\"ListItem\",\"position\":3,\"name\":\"Ka\u0161tie\u013e Brezovica\"}]},{\"@type\":\"WebSite\",\"@id\":\"https:\/\/www.regionsaris.sk\/#website\",\"url\":\"https:\/\/www.regionsaris.sk\/\",\"name\":\"OOCR \u0160ari\u0161\",\"description\":\"\",\"potentialAction\":[{\"@type\":\"SearchAction\",\"target\":{\"@type\":\"EntryPoint\",\"urlTemplate\":\"https:\/\/www.regionsaris.sk\/?s={search_term_string}\"},\"query-input\":{\"@type\":\"PropertyValueSpecification\",\"valueRequired\":true,\"valueName\":\"search_term_string\"}}],\"inLanguage\":\"hu\"}]}<\/script>\n<!-- \/ Yoast SEO Premium plugin. -->","yoast_head_json":{"title":"Ka\u0161tie\u013e Brezovica - OOCR \u0160ari\u0161","robots":{"index":"index","follow":"follow","max-snippet":"max-snippet:-1","max-image-preview":"max-image-preview:large","max-video-preview":"max-video-preview:-1"},"canonical":"https:\/\/www.regionsaris.sk\/hu\/historia\/kastiel-brezovica\/","og_locale":"hu_HU","og_type":"article","og_title":"Ka\u0161tie\u013e Brezovica","og_description":"Brezovica le\u017e\u00ed v \u00fadol\u00ed Torysy pod v\u00fdchodn\u00fdmi v\u00fdbe\u017ekami Levo\u010dsk\u00fdch vrchov. Obec sa vyvinula na starej...","og_url":"https:\/\/www.regionsaris.sk\/hu\/historia\/kastiel-brezovica\/","og_site_name":"OOCR \u0160ari\u0161","og_image":[{"width":898,"height":600,"url":"https:\/\/www.regionsaris.sk\/wp-content\/uploads\/2026\/01\/Brezovica_kastiel_2.jpg","type":"image\/jpeg"}],"twitter_card":"summary_large_image","twitter_misc":{"Becs\u00fclt olvas\u00e1si id\u0151":"1 perc"},"schema":{"@context":"https:\/\/schema.org","@graph":[{"@type":"WebPage","@id":"https:\/\/www.regionsaris.sk\/historia\/kastiel-brezovica\/","url":"https:\/\/www.regionsaris.sk\/historia\/kastiel-brezovica\/","name":"Ka\u0161tie\u013e Brezovica - OOCR \u0160ari\u0161","isPartOf":{"@id":"https:\/\/www.regionsaris.sk\/#website"},"primaryImageOfPage":{"@id":"https:\/\/www.regionsaris.sk\/historia\/kastiel-brezovica\/#primaryimage"},"image":{"@id":"https:\/\/www.regionsaris.sk\/historia\/kastiel-brezovica\/#primaryimage"},"thumbnailUrl":"https:\/\/www.regionsaris.sk\/wp-content\/uploads\/2026\/01\/Brezovica_kastiel_2.jpg","datePublished":"2020-12-15T14:49:12+00:00","breadcrumb":{"@id":"https:\/\/www.regionsaris.sk\/historia\/kastiel-brezovica\/#breadcrumb"},"inLanguage":"hu","potentialAction":[{"@type":"ReadAction","target":["https:\/\/www.regionsaris.sk\/historia\/kastiel-brezovica\/"]}]},{"@type":"ImageObject","inLanguage":"hu","@id":"https:\/\/www.regionsaris.sk\/historia\/kastiel-brezovica\/#primaryimage","url":"https:\/\/www.regionsaris.sk\/wp-content\/uploads\/2026\/01\/Brezovica_kastiel_2.jpg","contentUrl":"https:\/\/www.regionsaris.sk\/wp-content\/uploads\/2026\/01\/Brezovica_kastiel_2.jpg","width":898,"height":600},{"@type":"BreadcrumbList","@id":"https:\/\/www.regionsaris.sk\/historia\/kastiel-brezovica\/#breadcrumb","itemListElement":[{"@type":"ListItem","position":1,"name":"Domov","item":"https:\/\/www.regionsaris.sk\/"},{"@type":"ListItem","position":2,"name":"Hist\u00f3ria regi\u00f3nu","item":"https:\/\/www.regionsaris.sk\/historia-regionu\/"},{"@type":"ListItem","position":3,"name":"Ka\u0161tie\u013e Brezovica"}]},{"@type":"WebSite","@id":"https:\/\/www.regionsaris.sk\/#website","url":"https:\/\/www.regionsaris.sk\/","name":"OOCR \u0160ari\u0161","description":"","potentialAction":[{"@type":"SearchAction","target":{"@type":"EntryPoint","urlTemplate":"https:\/\/www.regionsaris.sk\/?s={search_term_string}"},"query-input":{"@type":"PropertyValueSpecification","valueRequired":true,"valueName":"search_term_string"}}],"inLanguage":"hu"}]}},"_links":{"self":[{"href":"https:\/\/www.regionsaris.sk\/hu\/wp-json\/wp\/v2\/historia\/2123","targetHints":{"allow":["GET"]}}],"collection":[{"href":"https:\/\/www.regionsaris.sk\/hu\/wp-json\/wp\/v2\/historia"}],"about":[{"href":"https:\/\/www.regionsaris.sk\/hu\/wp-json\/wp\/v2\/types\/historia"}],"wp:featuredmedia":[{"embeddable":true,"href":"https:\/\/www.regionsaris.sk\/hu\/wp-json\/wp\/v2\/media\/1771"}],"wp:attachment":[{"href":"https:\/\/www.regionsaris.sk\/hu\/wp-json\/wp\/v2\/media?parent=2123"}],"wp:term":[{"taxonomy":"kategoria-poi","embeddable":true,"href":"https:\/\/www.regionsaris.sk\/hu\/wp-json\/wp\/v2\/kategoria-poi?post=2123"},{"taxonomy":"lokalita","embeddable":true,"href":"https:\/\/www.regionsaris.sk\/hu\/wp-json\/wp\/v2\/lokalita?post=2123"},{"taxonomy":"sezona-poi","embeddable":true,"href":"https:\/\/www.regionsaris.sk\/hu\/wp-json\/wp\/v2\/sezona-poi?post=2123"},{"taxonomy":"trvanie-vyletu","embeddable":true,"href":"https:\/\/www.regionsaris.sk\/hu\/wp-json\/wp\/v2\/trvanie-vyletu?post=2123"}],"curies":[{"name":"wp","href":"https:\/\/api.w.org\/{rel}","templated":true}]}}

Brezovica kastély

<p>Brezovica a Torysa völgyében fekszik, a Levoča hegység keleti előrenyomulása alatt. A falu a Šarišból a Szepességbe vezető régi út mentén alakult ki, amelyet a forrásanyag "via magna", azaz nagy út néven említ.<br>A falut először 1317-ben említik írásban, amikor a család által családi rezidenciának épített várat kezdték építeni. Berzeviczi. Michal Berzeviczi hozzájárult ehhez, és a vár több mint két évszázadon át a család székhelye lett.</p>



<p>A brezovicei kastély a 17. századból származik, amikor a Berzeviczi család elhagyta a várat, és a faluba költözött, ahol hét kastélyt és egy udvarházat építettek.</p>



<p>A kastély két traktusból álló tömbházként épült, északkeleti oldalán egy öblös, nyitott, tágas lépcsőházzal. A homlokzaton reneszánsz ablakok, reneszánsz illuzionista kétszínű sgraffito főhomlokzatok rombuszmetszetű áttört vonalvezetéssel. A bejárat fölött kőlap található, családi címerek domborművével.<br>A család ősei Tirolból érkeztek, és a Berzeviczi falu féldecis neve után vették fel a családnevet.</p>



<p>A Brezovica Manor House a következőhöz tartozik<a href="http://www.sarisskahradnacesta.sk/"> Šariš vár út</a>.</p>



<p>Forrás: Brezovica település</p>

<!-- This site is optimized with the Yoast SEO Premium plugin v26.3 (Yoast SEO v26.8) - https://yoast.com/product/yoast-seo-premium-wordpress/ -->
<title>Kaštieľ Brezovica - OOCR Šariš</title>
<meta name="robots" content="index, follow, max-snippet:-1, max-image-preview:large, max-video-preview:-1" />
<link rel="canonical" href="https://www.regionsaris.sk/hu/historia/kastiel-brezovica/" />
<meta property="og:locale" content="hu_HU" />
<meta property="og:type" content="article" />
<meta property="og:title" content="Kaštieľ Brezovica" />
<meta property="og:description" content="Brezovica leží v údolí Torysy pod východnými výbežkami Levočských vrchov. Obec sa vyvinula na starej..." />
<meta property="og:url" content="https://www.regionsaris.sk/hu/historia/kastiel-brezovica/" />
<meta property="og:site_name" content="OOCR Šariš" />
<meta property="og:image" content="https://www.regionsaris.sk/wp-content/uploads/2026/01/Brezovica_kastiel_2.jpg" />
	<meta property="og:image:width" content="898" />
	<meta property="og:image:height" content="600" />
	<meta property="og:image:type" content="image/jpeg" />
<meta name="twitter:card" content="summary_large_image" />
<meta name="twitter:label1" content="Becsült olvasási idő" />
	<meta name="twitter:data1" content="1 perc" />
<script type="application/ld+json" class="yoast-schema-graph">{"@context":"https://schema.org","@graph":[{"@type":"WebPage","@id":"https://www.regionsaris.sk/historia/kastiel-brezovica/","url":"https://www.regionsaris.sk/historia/kastiel-brezovica/","name":"Kaštieľ Brezovica - OOCR Šariš","isPartOf":{"@id":"https://www.regionsaris.sk/#website"},"primaryImageOfPage":{"@id":"https://www.regionsaris.sk/historia/kastiel-brezovica/#primaryimage"},"image":{"@id":"https://www.regionsaris.sk/historia/kastiel-brezovica/#primaryimage"},"thumbnailUrl":"https://www.regionsaris.sk/wp-content/uploads/2026/01/Brezovica_kastiel_2.jpg","datePublished":"2020-12-15T14:49:12+00:00","breadcrumb":{"@id":"https://www.regionsaris.sk/historia/kastiel-brezovica/#breadcrumb"},"inLanguage":"hu","potentialAction":[{"@type":"ReadAction","target":["https://www.regionsaris.sk/historia/kastiel-brezovica/"]}]},{"@type":"ImageObject","inLanguage":"hu","@id":"https://www.regionsaris.sk/historia/kastiel-brezovica/#primaryimage","url":"https://www.regionsaris.sk/wp-content/uploads/2026/01/Brezovica_kastiel_2.jpg","contentUrl":"https://www.regionsaris.sk/wp-content/uploads/2026/01/Brezovica_kastiel_2.jpg","width":898,"height":600},{"@type":"BreadcrumbList","@id":"https://www.regionsaris.sk/historia/kastiel-brezovica/#breadcrumb","itemListElement":[{"@type":"ListItem","position":1,"name":"Domov","item":"https://www.regionsaris.sk/"},{"@type":"ListItem","position":2,"name":"História regiónu","item":"https://www.regionsaris.sk/historia-regionu/"},{"@type":"ListItem","position":3,"name":"Kaštieľ Brezovica"}]},{"@type":"WebSite","@id":"https://www.regionsaris.sk/#website","url":"https://www.regionsaris.sk/","name":"OOCR Šariš","description":"","potentialAction":[{"@type":"SearchAction","target":{"@type":"EntryPoint","urlTemplate":"https://www.regionsaris.sk/?s={search_term_string}"},"query-input":{"@type":"PropertyValueSpecification","valueRequired":true,"valueName":"search_term_string"}}],"inLanguage":"hu"}]}</script>
<!-- / Yoast SEO Premium plugin. -->

Kaštieľ Brezovica - OOCR Šariš

Kaštieľ Brezovica

Brezovica leží v údolí Torysy pod východnými výbežkami Levočských vrchov. Obec sa vyvinula na starej...

OOCR Šariš

História regiónu
