{"id":2062,"date":"2020-06-02T09:24:20","date_gmt":"2020-06-02T08:24:20","guid":{"rendered":"https:\/\/www.regionsaris.sk\/historia\/pamatnik-cisarovnej-sissi\/"},"modified":"2020-06-02T09:24:20","modified_gmt":"2020-06-02T08:24:20","slug":"pamatnik-cisarovnej-sissi","status":"publish","type":"historia","link":"https:\/\/www.regionsaris.sk\/hu\/historia\/pamatnik-cisarovnej-sissi\/","title":{"rendered":"Sissi cs\u00e1sz\u00e1rn\u0151 eml\u00e9km\u0171ve"},"content":{"rendered":"<p>Bajor Erzs\u00e9bet, m\u00e1s n\u00e9ven Sissi, Ausztria cs\u00e1sz\u00e1rn\u00e9ja \u00e9s Magyarorsz\u00e1g kir\u00e1lyn\u00e9ja, I. Ferenc J\u00f3zsef cs\u00e1sz\u00e1r feles\u00e9ge 1895-ben, a b\u00e1rtfai gy\u00f3gyf\u00fcrd\u0151ben t\u00f6lt\u00f6tt gy\u00f3gykezel\u00e9se ut\u00e1n meg\u00e1llt Pre\u0161ovban, amikor r\u00e9szt vett egy pikniken Sigordban \u00e9s egy \u00fcnnepi eb\u00e9den S\u00f3st\u00f3gy\u00f3gyf\u00fcrd\u0151n (ma Solivar v\u00e1ros r\u00e9sze). 1901-ben a pre\u0161ovi polg\u00e1rok a r\u00f3la elnevezett laktanya el\u0151tt mellszobrot avattak r\u00f3la. A csehszlov\u00e1k \u00e1llam megalakul\u00e1sa ut\u00e1n a szobrot elt\u00e1vol\u00edtott\u00e1k a parkb\u00f3l. Sok\u00e1ig ismeretlen helyen volt, k\u00e9s\u0151bb a m\u00fazeum let\u00e9tj\u00e9be ker\u00fclt. A Pre\u0161ovba l\u00e1togat\u00f3k 2010 \u00f3ta l\u00e1thatj\u00e1k \u00fajra a szobrot, a Hlavn\u00e1 utcai d\u00e9li parkban van ki\u00e1ll\u00edtva.<\/p>","protected":false},"featured_media":1201,"template":"","meta":{"_acf_changed":false},"kategoria-poi":[105,104,102,107],"lokalita":[26],"sezona-poi":[],"trvanie-vyletu":[],"class_list":["post-2062","historia","type-historia","status-publish","has-post-thumbnail","hentry","kategoria-poi-historia","kategoria-poi-mesta","kategoria-poi-prirodne-krasy","kategoria-poi-turistika","lokalita-mesto-presov"],"acf":[],"yoast_head":"<!-- This site is optimized with the Yoast SEO Premium plugin v26.3 (Yoast SEO v26.8) - https:\/\/yoast.com\/product\/yoast-seo-premium-wordpress\/ -->\n<title>Pam\u00e4tn\u00edk cis\u00e1rovnej Sissi - OOCR \u0160ari\u0161<\/title>\n<meta name=\"robots\" content=\"index, follow, max-snippet:-1, max-image-preview:large, max-video-preview:-1\" \/>\n<link rel=\"canonical\" href=\"https:\/\/www.regionsaris.sk\/hu\/historia\/pamatnik-cisarovnej-sissi\/\" \/>\n<meta property=\"og:locale\" content=\"hu_HU\" \/>\n<meta property=\"og:type\" content=\"article\" \/>\n<meta property=\"og:title\" content=\"Pam\u00e4tn\u00edk cis\u00e1rovnej Sissi\" \/>\n<meta property=\"og:description\" content=\"Al\u017ebeta Bavorsk\u00e1, zn\u00e1ma aj pod prez\u00fdvkou Sissi, rak\u00faska cis\u00e1rovn\u00e1 a uhorsk\u00e1 kr\u00e1\u013eovn\u00e1, man\u017eelka cis\u00e1ra Franti\u0161ka...\" \/>\n<meta property=\"og:url\" content=\"https:\/\/www.regionsaris.sk\/hu\/historia\/pamatnik-cisarovnej-sissi\/\" \/>\n<meta property=\"og:site_name\" content=\"OOCR \u0160ari\u0161\" \/>\n<meta property=\"og:image\" content=\"https:\/\/www.regionsaris.sk\/wp-content\/uploads\/2026\/01\/Sissi-600x400-1.jpg\" \/>\n\t<meta property=\"og:image:width\" content=\"600\" \/>\n\t<meta property=\"og:image:height\" content=\"400\" \/>\n\t<meta property=\"og:image:type\" content=\"image\/jpeg\" \/>\n<meta name=\"twitter:card\" content=\"summary_large_image\" \/>\n<meta name=\"twitter:label1\" content=\"Becs\u00fclt olvas\u00e1si id\u0151\" \/>\n\t<meta name=\"twitter:data1\" content=\"1 perc\" \/>\n<script type=\"application\/ld+json\" class=\"yoast-schema-graph\">{\"@context\":\"https:\/\/schema.org\",\"@graph\":[{\"@type\":\"WebPage\",\"@id\":\"https:\/\/www.regionsaris.sk\/historia\/pamatnik-cisarovnej-sissi\/\",\"url\":\"https:\/\/www.regionsaris.sk\/historia\/pamatnik-cisarovnej-sissi\/\",\"name\":\"Pam\u00e4tn\u00edk cis\u00e1rovnej Sissi - OOCR \u0160ari\u0161\",\"isPartOf\":{\"@id\":\"https:\/\/www.regionsaris.sk\/#website\"},\"primaryImageOfPage\":{\"@id\":\"https:\/\/www.regionsaris.sk\/historia\/pamatnik-cisarovnej-sissi\/#primaryimage\"},\"image\":{\"@id\":\"https:\/\/www.regionsaris.sk\/historia\/pamatnik-cisarovnej-sissi\/#primaryimage\"},\"thumbnailUrl\":\"https:\/\/www.regionsaris.sk\/wp-content\/uploads\/2026\/01\/Sissi-600x400-1.jpg\",\"datePublished\":\"2020-06-02T08:24:20+00:00\",\"breadcrumb\":{\"@id\":\"https:\/\/www.regionsaris.sk\/historia\/pamatnik-cisarovnej-sissi\/#breadcrumb\"},\"inLanguage\":\"hu\",\"potentialAction\":[{\"@type\":\"ReadAction\",\"target\":[\"https:\/\/www.regionsaris.sk\/historia\/pamatnik-cisarovnej-sissi\/\"]}]},{\"@type\":\"ImageObject\",\"inLanguage\":\"hu\",\"@id\":\"https:\/\/www.regionsaris.sk\/historia\/pamatnik-cisarovnej-sissi\/#primaryimage\",\"url\":\"https:\/\/www.regionsaris.sk\/wp-content\/uploads\/2026\/01\/Sissi-600x400-1.jpg\",\"contentUrl\":\"https:\/\/www.regionsaris.sk\/wp-content\/uploads\/2026\/01\/Sissi-600x400-1.jpg\",\"width\":600,\"height\":400},{\"@type\":\"BreadcrumbList\",\"@id\":\"https:\/\/www.regionsaris.sk\/historia\/pamatnik-cisarovnej-sissi\/#breadcrumb\",\"itemListElement\":[{\"@type\":\"ListItem\",\"position\":1,\"name\":\"Domov\",\"item\":\"https:\/\/www.regionsaris.sk\/\"},{\"@type\":\"ListItem\",\"position\":2,\"name\":\"Hist\u00f3ria regi\u00f3nu\",\"item\":\"https:\/\/www.regionsaris.sk\/historia-regionu\/\"},{\"@type\":\"ListItem\",\"position\":3,\"name\":\"Pam\u00e4tn\u00edk cis\u00e1rovnej Sissi\"}]},{\"@type\":\"WebSite\",\"@id\":\"https:\/\/www.regionsaris.sk\/#website\",\"url\":\"https:\/\/www.regionsaris.sk\/\",\"name\":\"OOCR \u0160ari\u0161\",\"description\":\"\",\"potentialAction\":[{\"@type\":\"SearchAction\",\"target\":{\"@type\":\"EntryPoint\",\"urlTemplate\":\"https:\/\/www.regionsaris.sk\/?s={search_term_string}\"},\"query-input\":{\"@type\":\"PropertyValueSpecification\",\"valueRequired\":true,\"valueName\":\"search_term_string\"}}],\"inLanguage\":\"hu\"}]}<\/script>\n<!-- \/ Yoast SEO Premium plugin. -->","yoast_head_json":{"title":"Pam\u00e4tn\u00edk cis\u00e1rovnej Sissi - OOCR \u0160ari\u0161","robots":{"index":"index","follow":"follow","max-snippet":"max-snippet:-1","max-image-preview":"max-image-preview:large","max-video-preview":"max-video-preview:-1"},"canonical":"https:\/\/www.regionsaris.sk\/hu\/historia\/pamatnik-cisarovnej-sissi\/","og_locale":"hu_HU","og_type":"article","og_title":"Pam\u00e4tn\u00edk cis\u00e1rovnej Sissi","og_description":"Al\u017ebeta Bavorsk\u00e1, zn\u00e1ma aj pod prez\u00fdvkou Sissi, rak\u00faska cis\u00e1rovn\u00e1 a uhorsk\u00e1 kr\u00e1\u013eovn\u00e1, man\u017eelka cis\u00e1ra Franti\u0161ka...","og_url":"https:\/\/www.regionsaris.sk\/hu\/historia\/pamatnik-cisarovnej-sissi\/","og_site_name":"OOCR \u0160ari\u0161","og_image":[{"width":600,"height":400,"url":"https:\/\/www.regionsaris.sk\/wp-content\/uploads\/2026\/01\/Sissi-600x400-1.jpg","type":"image\/jpeg"}],"twitter_card":"summary_large_image","twitter_misc":{"Becs\u00fclt olvas\u00e1si id\u0151":"1 perc"},"schema":{"@context":"https:\/\/schema.org","@graph":[{"@type":"WebPage","@id":"https:\/\/www.regionsaris.sk\/historia\/pamatnik-cisarovnej-sissi\/","url":"https:\/\/www.regionsaris.sk\/historia\/pamatnik-cisarovnej-sissi\/","name":"Pam\u00e4tn\u00edk cis\u00e1rovnej Sissi - OOCR \u0160ari\u0161","isPartOf":{"@id":"https:\/\/www.regionsaris.sk\/#website"},"primaryImageOfPage":{"@id":"https:\/\/www.regionsaris.sk\/historia\/pamatnik-cisarovnej-sissi\/#primaryimage"},"image":{"@id":"https:\/\/www.regionsaris.sk\/historia\/pamatnik-cisarovnej-sissi\/#primaryimage"},"thumbnailUrl":"https:\/\/www.regionsaris.sk\/wp-content\/uploads\/2026\/01\/Sissi-600x400-1.jpg","datePublished":"2020-06-02T08:24:20+00:00","breadcrumb":{"@id":"https:\/\/www.regionsaris.sk\/historia\/pamatnik-cisarovnej-sissi\/#breadcrumb"},"inLanguage":"hu","potentialAction":[{"@type":"ReadAction","target":["https:\/\/www.regionsaris.sk\/historia\/pamatnik-cisarovnej-sissi\/"]}]},{"@type":"ImageObject","inLanguage":"hu","@id":"https:\/\/www.regionsaris.sk\/historia\/pamatnik-cisarovnej-sissi\/#primaryimage","url":"https:\/\/www.regionsaris.sk\/wp-content\/uploads\/2026\/01\/Sissi-600x400-1.jpg","contentUrl":"https:\/\/www.regionsaris.sk\/wp-content\/uploads\/2026\/01\/Sissi-600x400-1.jpg","width":600,"height":400},{"@type":"BreadcrumbList","@id":"https:\/\/www.regionsaris.sk\/historia\/pamatnik-cisarovnej-sissi\/#breadcrumb","itemListElement":[{"@type":"ListItem","position":1,"name":"Domov","item":"https:\/\/www.regionsaris.sk\/"},{"@type":"ListItem","position":2,"name":"Hist\u00f3ria regi\u00f3nu","item":"https:\/\/www.regionsaris.sk\/historia-regionu\/"},{"@type":"ListItem","position":3,"name":"Pam\u00e4tn\u00edk cis\u00e1rovnej Sissi"}]},{"@type":"WebSite","@id":"https:\/\/www.regionsaris.sk\/#website","url":"https:\/\/www.regionsaris.sk\/","name":"OOCR \u0160ari\u0161","description":"","potentialAction":[{"@type":"SearchAction","target":{"@type":"EntryPoint","urlTemplate":"https:\/\/www.regionsaris.sk\/?s={search_term_string}"},"query-input":{"@type":"PropertyValueSpecification","valueRequired":true,"valueName":"search_term_string"}}],"inLanguage":"hu"}]}},"_links":{"self":[{"href":"https:\/\/www.regionsaris.sk\/hu\/wp-json\/wp\/v2\/historia\/2062","targetHints":{"allow":["GET"]}}],"collection":[{"href":"https:\/\/www.regionsaris.sk\/hu\/wp-json\/wp\/v2\/historia"}],"about":[{"href":"https:\/\/www.regionsaris.sk\/hu\/wp-json\/wp\/v2\/types\/historia"}],"wp:featuredmedia":[{"embeddable":true,"href":"https:\/\/www.regionsaris.sk\/hu\/wp-json\/wp\/v2\/media\/1201"}],"wp:attachment":[{"href":"https:\/\/www.regionsaris.sk\/hu\/wp-json\/wp\/v2\/media?parent=2062"}],"wp:term":[{"taxonomy":"kategoria-poi","embeddable":true,"href":"https:\/\/www.regionsaris.sk\/hu\/wp-json\/wp\/v2\/kategoria-poi?post=2062"},{"taxonomy":"lokalita","embeddable":true,"href":"https:\/\/www.regionsaris.sk\/hu\/wp-json\/wp\/v2\/lokalita?post=2062"},{"taxonomy":"sezona-poi","embeddable":true,"href":"https:\/\/www.regionsaris.sk\/hu\/wp-json\/wp\/v2\/sezona-poi?post=2062"},{"taxonomy":"trvanie-vyletu","embeddable":true,"href":"https:\/\/www.regionsaris.sk\/hu\/wp-json\/wp\/v2\/trvanie-vyletu?post=2062"}],"curies":[{"name":"wp","href":"https:\/\/api.w.org\/{rel}","templated":true}]}}

Sissi császárnő emlékműve

<p>Bajor Erzsébet, más néven Sissi, Ausztria császárnéja és Magyarország királynéja, I. Ferenc József császár felesége 1895-ben, a bártfai gyógyfürdőben töltött gyógykezelése után megállt Prešovban, amikor részt vett egy pikniken Sigordban és egy ünnepi ebéden Sóstógyógyfürdőn (ma Solivar város része). 1901-ben a prešovi polgárok a róla elnevezett laktanya előtt mellszobrot avattak róla. A csehszlovák állam megalakulása után a szobrot eltávolították a parkból. Sokáig ismeretlen helyen volt, később a múzeum letétjébe került. A Prešovba látogatók 2010 óta láthatják újra a szobrot, a Hlavná utcai déli parkban van kiállítva.</p>

<!-- This site is optimized with the Yoast SEO Premium plugin v26.3 (Yoast SEO v26.8) - https://yoast.com/product/yoast-seo-premium-wordpress/ -->
<title>Pamätník cisárovnej Sissi - OOCR Šariš</title>
<meta name="robots" content="index, follow, max-snippet:-1, max-image-preview:large, max-video-preview:-1" />
<link rel="canonical" href="https://www.regionsaris.sk/hu/historia/pamatnik-cisarovnej-sissi/" />
<meta property="og:locale" content="hu_HU" />
<meta property="og:type" content="article" />
<meta property="og:title" content="Pamätník cisárovnej Sissi" />
<meta property="og:description" content="Alžbeta Bavorská, známa aj pod prezývkou Sissi, rakúska cisárovná a uhorská kráľovná, manželka cisára Františka..." />
<meta property="og:url" content="https://www.regionsaris.sk/hu/historia/pamatnik-cisarovnej-sissi/" />
<meta property="og:site_name" content="OOCR Šariš" />
<meta property="og:image" content="https://www.regionsaris.sk/wp-content/uploads/2026/01/Sissi-600x400-1.jpg" />
	<meta property="og:image:width" content="600" />
	<meta property="og:image:height" content="400" />
	<meta property="og:image:type" content="image/jpeg" />
<meta name="twitter:card" content="summary_large_image" />
<meta name="twitter:label1" content="Becsült olvasási idő" />
	<meta name="twitter:data1" content="1 perc" />
<script type="application/ld+json" class="yoast-schema-graph">{"@context":"https://schema.org","@graph":[{"@type":"WebPage","@id":"https://www.regionsaris.sk/historia/pamatnik-cisarovnej-sissi/","url":"https://www.regionsaris.sk/historia/pamatnik-cisarovnej-sissi/","name":"Pamätník cisárovnej Sissi - OOCR Šariš","isPartOf":{"@id":"https://www.regionsaris.sk/#website"},"primaryImageOfPage":{"@id":"https://www.regionsaris.sk/historia/pamatnik-cisarovnej-sissi/#primaryimage"},"image":{"@id":"https://www.regionsaris.sk/historia/pamatnik-cisarovnej-sissi/#primaryimage"},"thumbnailUrl":"https://www.regionsaris.sk/wp-content/uploads/2026/01/Sissi-600x400-1.jpg","datePublished":"2020-06-02T08:24:20+00:00","breadcrumb":{"@id":"https://www.regionsaris.sk/historia/pamatnik-cisarovnej-sissi/#breadcrumb"},"inLanguage":"hu","potentialAction":[{"@type":"ReadAction","target":["https://www.regionsaris.sk/historia/pamatnik-cisarovnej-sissi/"]}]},{"@type":"ImageObject","inLanguage":"hu","@id":"https://www.regionsaris.sk/historia/pamatnik-cisarovnej-sissi/#primaryimage","url":"https://www.regionsaris.sk/wp-content/uploads/2026/01/Sissi-600x400-1.jpg","contentUrl":"https://www.regionsaris.sk/wp-content/uploads/2026/01/Sissi-600x400-1.jpg","width":600,"height":400},{"@type":"BreadcrumbList","@id":"https://www.regionsaris.sk/historia/pamatnik-cisarovnej-sissi/#breadcrumb","itemListElement":[{"@type":"ListItem","position":1,"name":"Domov","item":"https://www.regionsaris.sk/"},{"@type":"ListItem","position":2,"name":"História regiónu","item":"https://www.regionsaris.sk/historia-regionu/"},{"@type":"ListItem","position":3,"name":"Pamätník cisárovnej Sissi"}]},{"@type":"WebSite","@id":"https://www.regionsaris.sk/#website","url":"https://www.regionsaris.sk/","name":"OOCR Šariš","description":"","potentialAction":[{"@type":"SearchAction","target":{"@type":"EntryPoint","urlTemplate":"https://www.regionsaris.sk/?s={search_term_string}"},"query-input":{"@type":"PropertyValueSpecification","valueRequired":true,"valueName":"search_term_string"}}],"inLanguage":"hu"}]}</script>
<!-- / Yoast SEO Premium plugin. -->

Pamätník cisárovnej Sissi - OOCR Šariš

Pamätník cisárovnej Sissi

Alžbeta Bavorská, známa aj pod prezývkou Sissi, rakúska cisárovná a uhorská kráľovná, manželka cisára Františka...

OOCR Šariš

História regiónu
