{"id":2043,"date":"2020-05-29T12:22:15","date_gmt":"2020-05-29T11:22:15","guid":{"rendered":"https:\/\/www.regionsaris.sk\/historia\/ginko-v-zahrade-umenia\/"},"modified":"2020-05-29T12:22:15","modified_gmt":"2020-05-29T11:22:15","slug":"ginko-v-zahrade-umenia","status":"publish","type":"historia","link":"https:\/\/www.regionsaris.sk\/hu\/historia\/ginko-v-zahrade-umenia\/","title":{"rendered":"Ginko a M\u0171v\u00e9szkertben"},"content":{"rendered":"<p>A v\u00e1ros z\u00f6ldrendszer\u00e9nek botanikai \u00e9kk\u00f6ve, a fa p\u00e9ld\u00e1nya a M\u0171v\u00e9szkertben n\u0151. Egy olyan n\u00f6v\u00e9nynemzets\u00e9g szokatlan k\u00e9pvisel\u0151je, amely biol\u00f3giailag sem a t\u0171level\u0171, sem a lombhullat\u00f3 f\u00e1k k\u00f6z\u00e9 nem tartozik, de evol\u00faci\u00f3s kapcsolatuk bizony\u00edt\u00e9k\u00e1nak tekintik. \u0150si sz\u00e1rmaz\u00e1s\u00fa, mivel a F\u00f6ld geol\u00f3giai fejl\u0151d\u00e9se sor\u00e1n a mezozoikumban volt a legelterjedtebb. A ginkgo legt\u00f6bb fossz\u00edli\u00e1j\u00e1t K\u00edn\u00e1ban tal\u00e1lt\u00e1k, ez\u00e9rt D\u00e9lkelet-\u00c1zsi\u00e1t tekintik eredeti haz\u00e1j\u00e1nak. Megmarad\u00e1sa a k\u00ednai szerzeteseknek k\u00f6sz\u00f6nhet\u0151, akik ritkas\u00e1gk\u00e9nt termesztett\u00e9k a kolostorkertekben. Jap\u00e1nb\u00f3l az 1730-as \u00e9vekben import\u00e1lt\u00e1k Eur\u00f3p\u00e1ba, \u00e9s botanikus kertek gy\u0171jtem\u00e9nyeiben termesztett\u00e9k. E ritka faj egy k\u00e9pvisel\u0151je a 20. sz\u00e1zad k\u00e9t vil\u00e1gh\u00e1bor\u00fa k\u00f6z\u00f6tti id\u0151szakban ker\u00fclt a pre\u0161ovi vizes\u00e1rokba, \u00e9s a mai napig szimmetrikus koron\u00e1ja egybef\u00fcgg\u0151 t\u00f6rzs\u00e9vel, tetej\u00e9n el\u00e1gaz\u00f3 t\u00f6rzs\u00e9vel uralja a M\u0171kert k\u00f6zponti ter\u00e9t. Jellemz\u0151 a levelek alakja, amelyeknek legyez\u0151 alak\u00fa, k\u00e9t lebenyre osztott, \u00f6sszeillesztett t\u0171levelekb\u0151l \u00e1ll\u00f3 lev\u00e9lnyele van. Sz\u00edn\u00fck vil\u00e1gosz\u00f6ld, \u0151sszel pedig vil\u00e1g\u00edt\u00f3 aranys\u00e1rg\u00e1ra sz\u00ednez\u0151dik. Pre\u0161ov v\u00e1ros ter\u00fclet\u00e9n nincs m\u00e1s ilyen kor\u00fa k\u00e9pvisel\u0151je ennek a nemzets\u00e9gnek.<\/p>","protected":false},"featured_media":1127,"template":"","meta":{"_acf_changed":false},"kategoria-poi":[105,104,102,174,107],"lokalita":[26],"sezona-poi":[],"trvanie-vyletu":[],"class_list":["post-2043","historia","type-historia","status-publish","has-post-thumbnail","hentry","kategoria-poi-historia","kategoria-poi-mesta","kategoria-poi-prirodne-krasy","kategoria-poi-prirodne-zaujimavosti","kategoria-poi-turistika","lokalita-mesto-presov"],"acf":[],"yoast_head":"<!-- This site is optimized with the Yoast SEO Premium plugin v26.3 (Yoast SEO v26.8) - https:\/\/yoast.com\/product\/yoast-seo-premium-wordpress\/ -->\n<title>Ginko v Z\u00e1hrade umenia - OOCR \u0160ari\u0161<\/title>\n<meta name=\"robots\" content=\"index, follow, max-snippet:-1, max-image-preview:large, max-video-preview:-1\" \/>\n<link rel=\"canonical\" href=\"https:\/\/www.regionsaris.sk\/hu\/historia\/ginko-v-zahrade-umenia\/\" \/>\n<meta property=\"og:locale\" content=\"hu_HU\" \/>\n<meta property=\"og:type\" content=\"article\" \/>\n<meta property=\"og:title\" content=\"Ginko v Z\u00e1hrade umenia\" \/>\n<meta property=\"og:description\" content=\"Stromov\u00fd jedinec, ktor\u00fd je botanick\u00fdm \u0161perkom v syst\u00e9me zelene mesta, rastie v Z\u00e1hrade umenia. Je...\" \/>\n<meta property=\"og:url\" content=\"https:\/\/www.regionsaris.sk\/hu\/historia\/ginko-v-zahrade-umenia\/\" \/>\n<meta property=\"og:site_name\" content=\"OOCR \u0160ari\u0161\" \/>\n<meta property=\"og:image\" content=\"https:\/\/www.regionsaris.sk\/wp-content\/uploads\/2026\/01\/ginko-Presov_1.jpg\" \/>\n\t<meta property=\"og:image:width\" content=\"600\" \/>\n\t<meta property=\"og:image:height\" content=\"900\" \/>\n\t<meta property=\"og:image:type\" content=\"image\/jpeg\" \/>\n<meta name=\"twitter:card\" content=\"summary_large_image\" \/>\n<meta name=\"twitter:label1\" content=\"Becs\u00fclt olvas\u00e1si id\u0151\" \/>\n\t<meta name=\"twitter:data1\" content=\"1 perc\" \/>\n<script type=\"application\/ld+json\" class=\"yoast-schema-graph\">{\"@context\":\"https:\/\/schema.org\",\"@graph\":[{\"@type\":\"WebPage\",\"@id\":\"https:\/\/www.regionsaris.sk\/historia\/ginko-v-zahrade-umenia\/\",\"url\":\"https:\/\/www.regionsaris.sk\/historia\/ginko-v-zahrade-umenia\/\",\"name\":\"Ginko v Z\u00e1hrade umenia - OOCR \u0160ari\u0161\",\"isPartOf\":{\"@id\":\"https:\/\/www.regionsaris.sk\/#website\"},\"primaryImageOfPage\":{\"@id\":\"https:\/\/www.regionsaris.sk\/historia\/ginko-v-zahrade-umenia\/#primaryimage\"},\"image\":{\"@id\":\"https:\/\/www.regionsaris.sk\/historia\/ginko-v-zahrade-umenia\/#primaryimage\"},\"thumbnailUrl\":\"https:\/\/www.regionsaris.sk\/wp-content\/uploads\/2026\/01\/ginko-Presov_1.jpg\",\"datePublished\":\"2020-05-29T11:22:15+00:00\",\"breadcrumb\":{\"@id\":\"https:\/\/www.regionsaris.sk\/historia\/ginko-v-zahrade-umenia\/#breadcrumb\"},\"inLanguage\":\"hu\",\"potentialAction\":[{\"@type\":\"ReadAction\",\"target\":[\"https:\/\/www.regionsaris.sk\/historia\/ginko-v-zahrade-umenia\/\"]}]},{\"@type\":\"ImageObject\",\"inLanguage\":\"hu\",\"@id\":\"https:\/\/www.regionsaris.sk\/historia\/ginko-v-zahrade-umenia\/#primaryimage\",\"url\":\"https:\/\/www.regionsaris.sk\/wp-content\/uploads\/2026\/01\/ginko-Presov_1.jpg\",\"contentUrl\":\"https:\/\/www.regionsaris.sk\/wp-content\/uploads\/2026\/01\/ginko-Presov_1.jpg\",\"width\":600,\"height\":900},{\"@type\":\"BreadcrumbList\",\"@id\":\"https:\/\/www.regionsaris.sk\/historia\/ginko-v-zahrade-umenia\/#breadcrumb\",\"itemListElement\":[{\"@type\":\"ListItem\",\"position\":1,\"name\":\"Domov\",\"item\":\"https:\/\/www.regionsaris.sk\/\"},{\"@type\":\"ListItem\",\"position\":2,\"name\":\"Hist\u00f3ria regi\u00f3nu\",\"item\":\"https:\/\/www.regionsaris.sk\/historia-regionu\/\"},{\"@type\":\"ListItem\",\"position\":3,\"name\":\"Ginko v Z\u00e1hrade umenia\"}]},{\"@type\":\"WebSite\",\"@id\":\"https:\/\/www.regionsaris.sk\/#website\",\"url\":\"https:\/\/www.regionsaris.sk\/\",\"name\":\"OOCR \u0160ari\u0161\",\"description\":\"\",\"potentialAction\":[{\"@type\":\"SearchAction\",\"target\":{\"@type\":\"EntryPoint\",\"urlTemplate\":\"https:\/\/www.regionsaris.sk\/?s={search_term_string}\"},\"query-input\":{\"@type\":\"PropertyValueSpecification\",\"valueRequired\":true,\"valueName\":\"search_term_string\"}}],\"inLanguage\":\"hu\"}]}<\/script>\n<!-- \/ Yoast SEO Premium plugin. -->","yoast_head_json":{"title":"Ginko v Z\u00e1hrade umenia - OOCR \u0160ari\u0161","robots":{"index":"index","follow":"follow","max-snippet":"max-snippet:-1","max-image-preview":"max-image-preview:large","max-video-preview":"max-video-preview:-1"},"canonical":"https:\/\/www.regionsaris.sk\/hu\/historia\/ginko-v-zahrade-umenia\/","og_locale":"hu_HU","og_type":"article","og_title":"Ginko v Z\u00e1hrade umenia","og_description":"Stromov\u00fd jedinec, ktor\u00fd je botanick\u00fdm \u0161perkom v syst\u00e9me zelene mesta, rastie v Z\u00e1hrade umenia. Je...","og_url":"https:\/\/www.regionsaris.sk\/hu\/historia\/ginko-v-zahrade-umenia\/","og_site_name":"OOCR \u0160ari\u0161","og_image":[{"width":600,"height":900,"url":"https:\/\/www.regionsaris.sk\/wp-content\/uploads\/2026\/01\/ginko-Presov_1.jpg","type":"image\/jpeg"}],"twitter_card":"summary_large_image","twitter_misc":{"Becs\u00fclt olvas\u00e1si id\u0151":"1 perc"},"schema":{"@context":"https:\/\/schema.org","@graph":[{"@type":"WebPage","@id":"https:\/\/www.regionsaris.sk\/historia\/ginko-v-zahrade-umenia\/","url":"https:\/\/www.regionsaris.sk\/historia\/ginko-v-zahrade-umenia\/","name":"Ginko v Z\u00e1hrade umenia - OOCR \u0160ari\u0161","isPartOf":{"@id":"https:\/\/www.regionsaris.sk\/#website"},"primaryImageOfPage":{"@id":"https:\/\/www.regionsaris.sk\/historia\/ginko-v-zahrade-umenia\/#primaryimage"},"image":{"@id":"https:\/\/www.regionsaris.sk\/historia\/ginko-v-zahrade-umenia\/#primaryimage"},"thumbnailUrl":"https:\/\/www.regionsaris.sk\/wp-content\/uploads\/2026\/01\/ginko-Presov_1.jpg","datePublished":"2020-05-29T11:22:15+00:00","breadcrumb":{"@id":"https:\/\/www.regionsaris.sk\/historia\/ginko-v-zahrade-umenia\/#breadcrumb"},"inLanguage":"hu","potentialAction":[{"@type":"ReadAction","target":["https:\/\/www.regionsaris.sk\/historia\/ginko-v-zahrade-umenia\/"]}]},{"@type":"ImageObject","inLanguage":"hu","@id":"https:\/\/www.regionsaris.sk\/historia\/ginko-v-zahrade-umenia\/#primaryimage","url":"https:\/\/www.regionsaris.sk\/wp-content\/uploads\/2026\/01\/ginko-Presov_1.jpg","contentUrl":"https:\/\/www.regionsaris.sk\/wp-content\/uploads\/2026\/01\/ginko-Presov_1.jpg","width":600,"height":900},{"@type":"BreadcrumbList","@id":"https:\/\/www.regionsaris.sk\/historia\/ginko-v-zahrade-umenia\/#breadcrumb","itemListElement":[{"@type":"ListItem","position":1,"name":"Domov","item":"https:\/\/www.regionsaris.sk\/"},{"@type":"ListItem","position":2,"name":"Hist\u00f3ria regi\u00f3nu","item":"https:\/\/www.regionsaris.sk\/historia-regionu\/"},{"@type":"ListItem","position":3,"name":"Ginko v Z\u00e1hrade umenia"}]},{"@type":"WebSite","@id":"https:\/\/www.regionsaris.sk\/#website","url":"https:\/\/www.regionsaris.sk\/","name":"OOCR \u0160ari\u0161","description":"","potentialAction":[{"@type":"SearchAction","target":{"@type":"EntryPoint","urlTemplate":"https:\/\/www.regionsaris.sk\/?s={search_term_string}"},"query-input":{"@type":"PropertyValueSpecification","valueRequired":true,"valueName":"search_term_string"}}],"inLanguage":"hu"}]}},"_links":{"self":[{"href":"https:\/\/www.regionsaris.sk\/hu\/wp-json\/wp\/v2\/historia\/2043","targetHints":{"allow":["GET"]}}],"collection":[{"href":"https:\/\/www.regionsaris.sk\/hu\/wp-json\/wp\/v2\/historia"}],"about":[{"href":"https:\/\/www.regionsaris.sk\/hu\/wp-json\/wp\/v2\/types\/historia"}],"wp:featuredmedia":[{"embeddable":true,"href":"https:\/\/www.regionsaris.sk\/hu\/wp-json\/wp\/v2\/media\/1127"}],"wp:attachment":[{"href":"https:\/\/www.regionsaris.sk\/hu\/wp-json\/wp\/v2\/media?parent=2043"}],"wp:term":[{"taxonomy":"kategoria-poi","embeddable":true,"href":"https:\/\/www.regionsaris.sk\/hu\/wp-json\/wp\/v2\/kategoria-poi?post=2043"},{"taxonomy":"lokalita","embeddable":true,"href":"https:\/\/www.regionsaris.sk\/hu\/wp-json\/wp\/v2\/lokalita?post=2043"},{"taxonomy":"sezona-poi","embeddable":true,"href":"https:\/\/www.regionsaris.sk\/hu\/wp-json\/wp\/v2\/sezona-poi?post=2043"},{"taxonomy":"trvanie-vyletu","embeddable":true,"href":"https:\/\/www.regionsaris.sk\/hu\/wp-json\/wp\/v2\/trvanie-vyletu?post=2043"}],"curies":[{"name":"wp","href":"https:\/\/api.w.org\/{rel}","templated":true}]}}

Ginko a Művészkertben

<p>A város zöldrendszerének botanikai ékköve, a fa példánya a Művészkertben nő. Egy olyan növénynemzetség szokatlan képviselője, amely biológiailag sem a tűlevelű, sem a lombhullató fák közé nem tartozik, de evolúciós kapcsolatuk bizonyítékának tekintik. Ősi származású, mivel a Föld geológiai fejlődése során a mezozoikumban volt a legelterjedtebb. A ginkgo legtöbb fosszíliáját Kínában találták, ezért Délkelet-Ázsiát tekintik eredeti hazájának. Megmaradása a kínai szerzeteseknek köszönhető, akik ritkaságként termesztették a kolostorkertekben. Japánból az 1730-as években importálták Európába, és botanikus kertek gyűjteményeiben termesztették. E ritka faj egy képviselője a 20. század két világháború közötti időszakban került a prešovi vizesárokba, és a mai napig szimmetrikus koronája egybefüggő törzsével, tetején elágazó törzsével uralja a Műkert központi terét. Jellemző a levelek alakja, amelyeknek legyező alakú, két lebenyre osztott, összeillesztett tűlevelekből álló levélnyele van. Színük világoszöld, ősszel pedig világító aranysárgára színeződik. Prešov város területén nincs más ilyen korú képviselője ennek a nemzetségnek.</p>

<!-- This site is optimized with the Yoast SEO Premium plugin v26.3 (Yoast SEO v26.8) - https://yoast.com/product/yoast-seo-premium-wordpress/ -->
<title>Ginko v Záhrade umenia - OOCR Šariš</title>
<meta name="robots" content="index, follow, max-snippet:-1, max-image-preview:large, max-video-preview:-1" />
<link rel="canonical" href="https://www.regionsaris.sk/hu/historia/ginko-v-zahrade-umenia/" />
<meta property="og:locale" content="hu_HU" />
<meta property="og:type" content="article" />
<meta property="og:title" content="Ginko v Záhrade umenia" />
<meta property="og:description" content="Stromový jedinec, ktorý je botanickým šperkom v systéme zelene mesta, rastie v Záhrade umenia. Je..." />
<meta property="og:url" content="https://www.regionsaris.sk/hu/historia/ginko-v-zahrade-umenia/" />
<meta property="og:site_name" content="OOCR Šariš" />
<meta property="og:image" content="https://www.regionsaris.sk/wp-content/uploads/2026/01/ginko-Presov_1.jpg" />
	<meta property="og:image:width" content="600" />
	<meta property="og:image:height" content="900" />
	<meta property="og:image:type" content="image/jpeg" />
<meta name="twitter:card" content="summary_large_image" />
<meta name="twitter:label1" content="Becsült olvasási idő" />
	<meta name="twitter:data1" content="1 perc" />
<script type="application/ld+json" class="yoast-schema-graph">{"@context":"https://schema.org","@graph":[{"@type":"WebPage","@id":"https://www.regionsaris.sk/historia/ginko-v-zahrade-umenia/","url":"https://www.regionsaris.sk/historia/ginko-v-zahrade-umenia/","name":"Ginko v Záhrade umenia - OOCR Šariš","isPartOf":{"@id":"https://www.regionsaris.sk/#website"},"primaryImageOfPage":{"@id":"https://www.regionsaris.sk/historia/ginko-v-zahrade-umenia/#primaryimage"},"image":{"@id":"https://www.regionsaris.sk/historia/ginko-v-zahrade-umenia/#primaryimage"},"thumbnailUrl":"https://www.regionsaris.sk/wp-content/uploads/2026/01/ginko-Presov_1.jpg","datePublished":"2020-05-29T11:22:15+00:00","breadcrumb":{"@id":"https://www.regionsaris.sk/historia/ginko-v-zahrade-umenia/#breadcrumb"},"inLanguage":"hu","potentialAction":[{"@type":"ReadAction","target":["https://www.regionsaris.sk/historia/ginko-v-zahrade-umenia/"]}]},{"@type":"ImageObject","inLanguage":"hu","@id":"https://www.regionsaris.sk/historia/ginko-v-zahrade-umenia/#primaryimage","url":"https://www.regionsaris.sk/wp-content/uploads/2026/01/ginko-Presov_1.jpg","contentUrl":"https://www.regionsaris.sk/wp-content/uploads/2026/01/ginko-Presov_1.jpg","width":600,"height":900},{"@type":"BreadcrumbList","@id":"https://www.regionsaris.sk/historia/ginko-v-zahrade-umenia/#breadcrumb","itemListElement":[{"@type":"ListItem","position":1,"name":"Domov","item":"https://www.regionsaris.sk/"},{"@type":"ListItem","position":2,"name":"História regiónu","item":"https://www.regionsaris.sk/historia-regionu/"},{"@type":"ListItem","position":3,"name":"Ginko v Záhrade umenia"}]},{"@type":"WebSite","@id":"https://www.regionsaris.sk/#website","url":"https://www.regionsaris.sk/","name":"OOCR Šariš","description":"","potentialAction":[{"@type":"SearchAction","target":{"@type":"EntryPoint","urlTemplate":"https://www.regionsaris.sk/?s={search_term_string}"},"query-input":{"@type":"PropertyValueSpecification","valueRequired":true,"valueName":"search_term_string"}}],"inLanguage":"hu"}]}</script>
<!-- / Yoast SEO Premium plugin. -->

Ginko v Záhrade umenia - OOCR Šariš

Ginko v Záhrade umenia

Stromový jedinec, ktorý je botanickým šperkom v systéme zelene mesta, rastie v Záhrade umenia. Je...

OOCR Šariš

História regiónu
