{"id":2041,"date":"2020-05-29T12:15:13","date_gmt":"2020-05-29T11:15:13","guid":{"rendered":"https:\/\/www.regionsaris.sk\/historia\/vodarenska-veza\/"},"modified":"2020-05-29T12:15:13","modified_gmt":"2020-05-29T11:15:13","slug":"vodarenska-veza","status":"publish","type":"historia","link":"https:\/\/www.regionsaris.sk\/hu\/historia\/vodarenska-veza\/","title":{"rendered":"V\u00edztorony 300 m tengerszint feletti magass\u00e1gban."},"content":{"rendered":"A v\u00edztornyot a magyarorsz\u00e1gi Segedinben sz\u00fcletett Viliam Glasz (1882-1957) \u00e9p\u00edt\u00e9sz tervezte. Pre\u0161ovban 1910 k\u00f6r\u00fcl telepedett le, \u00e9s a torony az egyik els\u0151 \u00e9p\u00fclet, amelyet a v\u00e1rosban \u00e9p\u00edtett. Pre\u0161ov legmagasabb lak\u00f3telep\u00e9n \u00e9p\u00fclt a 20. sz\u00e1zad els\u0151 fel\u00e9ben egy v\u00edzell\u00e1t\u00e1si projekt r\u00e9szek\u00e9nt.\n<h2>A v\u00edztorony egyed\u00fcl\u00e1ll\u00f3 kil\u00e1t\u00e1st k\u00edn\u00e1l<\/h2>\nVolt egy 350 k\u00f6bm\u00e9teres v\u00edzt\u00e1roz\u00f3. A 29 m\u00e9ter magas \u00e9p\u00fcletet k\u00e9s\u0151bb \u00e1t\u00e9p\u00edtett\u00e9k, \u00e9s az eredeti c\u00e9lj\u00e1ra m\u00e1r nem haszn\u00e1lt\u00e1k. Az alj\u00e1ra egy \u00e9ttermet \u00e9p\u00edtettek egy \u00fczlettel, a tetej\u00e9n pedig egy \u00fcveg kil\u00e1t\u00f3t alak\u00edtottak ki. 23 \u00e9vig haszn\u00e1laton k\u00edv\u00fcl volt, \u00e9s leromlott.\n\n2013 \u00f3ta ism\u00e9t l\u00e1togathat\u00f3, mint kil\u00e1t\u00f3torony, \u00e9s 135 l\u00e9pcs\u0151fok megm\u00e1sz\u00e1sa ut\u00e1n eg\u00e9sz Pre\u0161ovra, s\u0151t n\u00e9ha m\u00e9g a Magas-T\u00e1tr\u00e1ra is kil\u00e1t\u00e1s ny\u00edlik.\n\nA v\u00edztoronyr\u00f3l a k\u00f6vetkez\u0151 oldalon is olvashat <a href=\"https:\/\/sk.wikipedia.org\/wiki\/Vod%C3%A1rensk%C3%A1_ve%C5%BEa_(Pre%C5%A1ov)\">Wikipedia<\/a>.\n\nPre\u0161ovban t\u00f6bb pomiatok is l\u00e1that\u00f3: <a href=\"https:\/\/www.regionsaris.sk\/hu\/historia\/konkatedrala-sv-mikulasa\/\">Szent Mikl\u00f3s sz\u00e9kesegyh\u00e1z<\/a>, <a href=\"https:\/\/www.regionsaris.sk\/hu\/historia\/neptunova-fontana\/\">Neptun sz\u00f6k\u0151k\u00fat<\/a>, <a href=\"https:\/\/www.regionsaris.sk\/hu\/nabozensky_turizmus\/muzeum-zidovskej-kultury-slovenske-narodne-muzeum\/\">Zsid\u00f3 Kultur\u00e1lis M\u00fazeum<\/a>, <a href=\"https:\/\/www.regionsaris.sk\/hu\/historia\/bosakova-banka\/\">Bosakova Bank<\/a>, <a href=\"https:\/\/www.regionsaris.sk\/hu\/kategoria-aktivity\/historia\/mesta\/\">Florian Gate<\/a>, <a href=\"https:\/\/www.regionsaris.sk\/hu\/kultura-a-umenie\/caraffova-vaznica\/\">Caraf b\u00f6rt\u00f6ne<\/a>, <a href=\"https:\/\/www.regionsaris.sk\/hu\/historia\/rakociho-palac-presov\/\">Rakoci palota<\/a>.","protected":false},"featured_media":1123,"template":"","meta":{"_acf_changed":false},"kategoria-poi":[105,104,102,107],"lokalita":[26],"sezona-poi":[],"trvanie-vyletu":[],"class_list":["post-2041","historia","type-historia","status-publish","has-post-thumbnail","hentry","kategoria-poi-historia","kategoria-poi-mesta","kategoria-poi-prirodne-krasy","kategoria-poi-turistika","lokalita-mesto-presov"],"acf":[],"yoast_head":"<!-- This site is optimized with the Yoast SEO Premium plugin v26.3 (Yoast SEO v26.8) - https:\/\/yoast.com\/product\/yoast-seo-premium-wordpress\/ -->\n<title>Vod\u00e1rensk\u00e1 ve\u017ea 300 m n. m. - OOCR \u0160ari\u0161<\/title>\n<meta name=\"robots\" content=\"index, follow, max-snippet:-1, max-image-preview:large, max-video-preview:-1\" \/>\n<link rel=\"canonical\" href=\"https:\/\/www.regionsaris.sk\/hu\/historia\/vodarenska-veza\/\" \/>\n<meta property=\"og:locale\" content=\"hu_HU\" \/>\n<meta property=\"og:type\" content=\"article\" \/>\n<meta property=\"og:title\" content=\"Vod\u00e1rensk\u00e1 ve\u017ea 300 m n. m.\" \/>\n<meta property=\"og:description\" content=\"Vod\u00e1rensk\u00e1 ve\u017ea bola navrhnut\u00e1 architektom Viliamom Glaszom (1882-1957) naroden\u00fdm v Seged\u00edne v Ma\u010farsku. V Pre\u0161ove...\" \/>\n<meta property=\"og:url\" content=\"https:\/\/www.regionsaris.sk\/hu\/historia\/vodarenska-veza\/\" \/>\n<meta property=\"og:site_name\" content=\"OOCR \u0160ari\u0161\" \/>\n<meta property=\"og:image\" content=\"https:\/\/www.regionsaris.sk\/wp-content\/uploads\/2026\/01\/Vodarenska-veza-600x400-1.jpg\" \/>\n\t<meta property=\"og:image:width\" content=\"600\" \/>\n\t<meta property=\"og:image:height\" content=\"400\" \/>\n\t<meta property=\"og:image:type\" content=\"image\/jpeg\" \/>\n<meta name=\"twitter:card\" content=\"summary_large_image\" \/>\n<meta name=\"twitter:label1\" content=\"Becs\u00fclt olvas\u00e1si id\u0151\" \/>\n\t<meta name=\"twitter:data1\" content=\"1 perc\" \/>\n<script type=\"application\/ld+json\" class=\"yoast-schema-graph\">{\"@context\":\"https:\/\/schema.org\",\"@graph\":[{\"@type\":\"WebPage\",\"@id\":\"https:\/\/www.regionsaris.sk\/historia\/vodarenska-veza\/\",\"url\":\"https:\/\/www.regionsaris.sk\/historia\/vodarenska-veza\/\",\"name\":\"Vod\u00e1rensk\u00e1 ve\u017ea 300 m n. m. - OOCR \u0160ari\u0161\",\"isPartOf\":{\"@id\":\"https:\/\/www.regionsaris.sk\/#website\"},\"primaryImageOfPage\":{\"@id\":\"https:\/\/www.regionsaris.sk\/historia\/vodarenska-veza\/#primaryimage\"},\"image\":{\"@id\":\"https:\/\/www.regionsaris.sk\/historia\/vodarenska-veza\/#primaryimage\"},\"thumbnailUrl\":\"https:\/\/www.regionsaris.sk\/wp-content\/uploads\/2026\/01\/Vodarenska-veza-600x400-1.jpg\",\"datePublished\":\"2020-05-29T11:15:13+00:00\",\"breadcrumb\":{\"@id\":\"https:\/\/www.regionsaris.sk\/historia\/vodarenska-veza\/#breadcrumb\"},\"inLanguage\":\"hu\",\"potentialAction\":[{\"@type\":\"ReadAction\",\"target\":[\"https:\/\/www.regionsaris.sk\/historia\/vodarenska-veza\/\"]}]},{\"@type\":\"ImageObject\",\"inLanguage\":\"hu\",\"@id\":\"https:\/\/www.regionsaris.sk\/historia\/vodarenska-veza\/#primaryimage\",\"url\":\"https:\/\/www.regionsaris.sk\/wp-content\/uploads\/2026\/01\/Vodarenska-veza-600x400-1.jpg\",\"contentUrl\":\"https:\/\/www.regionsaris.sk\/wp-content\/uploads\/2026\/01\/Vodarenska-veza-600x400-1.jpg\",\"width\":600,\"height\":400},{\"@type\":\"BreadcrumbList\",\"@id\":\"https:\/\/www.regionsaris.sk\/historia\/vodarenska-veza\/#breadcrumb\",\"itemListElement\":[{\"@type\":\"ListItem\",\"position\":1,\"name\":\"Domov\",\"item\":\"https:\/\/www.regionsaris.sk\/\"},{\"@type\":\"ListItem\",\"position\":2,\"name\":\"Hist\u00f3ria regi\u00f3nu\",\"item\":\"https:\/\/www.regionsaris.sk\/historia-regionu\/\"},{\"@type\":\"ListItem\",\"position\":3,\"name\":\"Vod\u00e1rensk\u00e1 ve\u017ea 300 m n. m.\"}]},{\"@type\":\"WebSite\",\"@id\":\"https:\/\/www.regionsaris.sk\/#website\",\"url\":\"https:\/\/www.regionsaris.sk\/\",\"name\":\"OOCR \u0160ari\u0161\",\"description\":\"\",\"potentialAction\":[{\"@type\":\"SearchAction\",\"target\":{\"@type\":\"EntryPoint\",\"urlTemplate\":\"https:\/\/www.regionsaris.sk\/?s={search_term_string}\"},\"query-input\":{\"@type\":\"PropertyValueSpecification\",\"valueRequired\":true,\"valueName\":\"search_term_string\"}}],\"inLanguage\":\"hu\"}]}<\/script>\n<!-- \/ Yoast SEO Premium plugin. -->","yoast_head_json":{"title":"Vod\u00e1rensk\u00e1 ve\u017ea 300 m n. m. - OOCR \u0160ari\u0161","robots":{"index":"index","follow":"follow","max-snippet":"max-snippet:-1","max-image-preview":"max-image-preview:large","max-video-preview":"max-video-preview:-1"},"canonical":"https:\/\/www.regionsaris.sk\/hu\/historia\/vodarenska-veza\/","og_locale":"hu_HU","og_type":"article","og_title":"Vod\u00e1rensk\u00e1 ve\u017ea 300 m n. m.","og_description":"Vod\u00e1rensk\u00e1 ve\u017ea bola navrhnut\u00e1 architektom Viliamom Glaszom (1882-1957) naroden\u00fdm v Seged\u00edne v Ma\u010farsku. V Pre\u0161ove...","og_url":"https:\/\/www.regionsaris.sk\/hu\/historia\/vodarenska-veza\/","og_site_name":"OOCR \u0160ari\u0161","og_image":[{"width":600,"height":400,"url":"https:\/\/www.regionsaris.sk\/wp-content\/uploads\/2026\/01\/Vodarenska-veza-600x400-1.jpg","type":"image\/jpeg"}],"twitter_card":"summary_large_image","twitter_misc":{"Becs\u00fclt olvas\u00e1si id\u0151":"1 perc"},"schema":{"@context":"https:\/\/schema.org","@graph":[{"@type":"WebPage","@id":"https:\/\/www.regionsaris.sk\/historia\/vodarenska-veza\/","url":"https:\/\/www.regionsaris.sk\/historia\/vodarenska-veza\/","name":"Vod\u00e1rensk\u00e1 ve\u017ea 300 m n. m. - OOCR \u0160ari\u0161","isPartOf":{"@id":"https:\/\/www.regionsaris.sk\/#website"},"primaryImageOfPage":{"@id":"https:\/\/www.regionsaris.sk\/historia\/vodarenska-veza\/#primaryimage"},"image":{"@id":"https:\/\/www.regionsaris.sk\/historia\/vodarenska-veza\/#primaryimage"},"thumbnailUrl":"https:\/\/www.regionsaris.sk\/wp-content\/uploads\/2026\/01\/Vodarenska-veza-600x400-1.jpg","datePublished":"2020-05-29T11:15:13+00:00","breadcrumb":{"@id":"https:\/\/www.regionsaris.sk\/historia\/vodarenska-veza\/#breadcrumb"},"inLanguage":"hu","potentialAction":[{"@type":"ReadAction","target":["https:\/\/www.regionsaris.sk\/historia\/vodarenska-veza\/"]}]},{"@type":"ImageObject","inLanguage":"hu","@id":"https:\/\/www.regionsaris.sk\/historia\/vodarenska-veza\/#primaryimage","url":"https:\/\/www.regionsaris.sk\/wp-content\/uploads\/2026\/01\/Vodarenska-veza-600x400-1.jpg","contentUrl":"https:\/\/www.regionsaris.sk\/wp-content\/uploads\/2026\/01\/Vodarenska-veza-600x400-1.jpg","width":600,"height":400},{"@type":"BreadcrumbList","@id":"https:\/\/www.regionsaris.sk\/historia\/vodarenska-veza\/#breadcrumb","itemListElement":[{"@type":"ListItem","position":1,"name":"Domov","item":"https:\/\/www.regionsaris.sk\/"},{"@type":"ListItem","position":2,"name":"Hist\u00f3ria regi\u00f3nu","item":"https:\/\/www.regionsaris.sk\/historia-regionu\/"},{"@type":"ListItem","position":3,"name":"Vod\u00e1rensk\u00e1 ve\u017ea 300 m n. m."}]},{"@type":"WebSite","@id":"https:\/\/www.regionsaris.sk\/#website","url":"https:\/\/www.regionsaris.sk\/","name":"OOCR \u0160ari\u0161","description":"","potentialAction":[{"@type":"SearchAction","target":{"@type":"EntryPoint","urlTemplate":"https:\/\/www.regionsaris.sk\/?s={search_term_string}"},"query-input":{"@type":"PropertyValueSpecification","valueRequired":true,"valueName":"search_term_string"}}],"inLanguage":"hu"}]}},"_links":{"self":[{"href":"https:\/\/www.regionsaris.sk\/hu\/wp-json\/wp\/v2\/historia\/2041","targetHints":{"allow":["GET"]}}],"collection":[{"href":"https:\/\/www.regionsaris.sk\/hu\/wp-json\/wp\/v2\/historia"}],"about":[{"href":"https:\/\/www.regionsaris.sk\/hu\/wp-json\/wp\/v2\/types\/historia"}],"wp:featuredmedia":[{"embeddable":true,"href":"https:\/\/www.regionsaris.sk\/hu\/wp-json\/wp\/v2\/media\/1123"}],"wp:attachment":[{"href":"https:\/\/www.regionsaris.sk\/hu\/wp-json\/wp\/v2\/media?parent=2041"}],"wp:term":[{"taxonomy":"kategoria-poi","embeddable":true,"href":"https:\/\/www.regionsaris.sk\/hu\/wp-json\/wp\/v2\/kategoria-poi?post=2041"},{"taxonomy":"lokalita","embeddable":true,"href":"https:\/\/www.regionsaris.sk\/hu\/wp-json\/wp\/v2\/lokalita?post=2041"},{"taxonomy":"sezona-poi","embeddable":true,"href":"https:\/\/www.regionsaris.sk\/hu\/wp-json\/wp\/v2\/sezona-poi?post=2041"},{"taxonomy":"trvanie-vyletu","embeddable":true,"href":"https:\/\/www.regionsaris.sk\/hu\/wp-json\/wp\/v2\/trvanie-vyletu?post=2041"}],"curies":[{"name":"wp","href":"https:\/\/api.w.org\/{rel}","templated":true}]}}

Víztorony 300 m tengerszint feletti magasságban.

A víztornyot a magyarországi Segedinben született Viliam Glasz (1882-1957) építész tervezte. Prešovban 1910 körül telepedett le, és a torony az egyik első épület, amelyet a városban épített. Prešov legmagasabb lakótelepén épült a 20. század első felében egy vízellátási projekt részeként.
<h2>A víztorony egyedülálló kilátást kínál</h2>
Volt egy 350 köbméteres víztározó. A 29 méter magas épületet később átépítették, és az eredeti céljára már nem használták. Az aljára egy éttermet építettek egy üzlettel, a tetején pedig egy üveg kilátót alakítottak ki. 23 évig használaton kívül volt, és leromlott.

2013 óta ismét látogatható, mint kilátótorony, és 135 lépcsőfok megmászása után egész Prešovra, sőt néha még a Magas-Tátrára is kilátás nyílik.

A víztoronyról a következő oldalon is olvashat <a href="https://sk.wikipedia.org/wiki/Vod%C3%A1rensk%C3%A1_ve%C5%BEa_(Pre%C5%A1ov)">Wikipedia</a>.

Prešovban több pomiatok is látható: <a href="https://www.regionsaris.sk/hu/historia/konkatedrala-sv-mikulasa/">Szent Miklós székesegyház</a>, <a href="https://www.regionsaris.sk/hu/historia/neptunova-fontana/">Neptun szökőkút</a>, <a href="https://www.regionsaris.sk/hu/nabozensky_turizmus/muzeum-zidovskej-kultury-slovenske-narodne-muzeum/">Zsidó Kulturális Múzeum</a>, <a href="https://www.regionsaris.sk/hu/historia/bosakova-banka/">Bosakova Bank</a>, <a href="https://www.regionsaris.sk/hu/kategoria-aktivity/historia/mesta/">Florian Gate</a>, <a href="https://www.regionsaris.sk/hu/kultura-a-umenie/caraffova-vaznica/">Caraf börtöne</a>, <a href="https://www.regionsaris.sk/hu/historia/rakociho-palac-presov/">Rakoci palota</a>.

<!-- This site is optimized with the Yoast SEO Premium plugin v26.3 (Yoast SEO v26.8) - https://yoast.com/product/yoast-seo-premium-wordpress/ -->
<title>Vodárenská veža 300 m n. m. - OOCR Šariš</title>
<meta name="robots" content="index, follow, max-snippet:-1, max-image-preview:large, max-video-preview:-1" />
<link rel="canonical" href="https://www.regionsaris.sk/hu/historia/vodarenska-veza/" />
<meta property="og:locale" content="hu_HU" />
<meta property="og:type" content="article" />
<meta property="og:title" content="Vodárenská veža 300 m n. m." />
<meta property="og:description" content="Vodárenská veža bola navrhnutá architektom Viliamom Glaszom (1882-1957) narodeným v Segedíne v Maďarsku. V Prešove..." />
<meta property="og:url" content="https://www.regionsaris.sk/hu/historia/vodarenska-veza/" />
<meta property="og:site_name" content="OOCR Šariš" />
<meta property="og:image" content="https://www.regionsaris.sk/wp-content/uploads/2026/01/Vodarenska-veza-600x400-1.jpg" />
	<meta property="og:image:width" content="600" />
	<meta property="og:image:height" content="400" />
	<meta property="og:image:type" content="image/jpeg" />
<meta name="twitter:card" content="summary_large_image" />
<meta name="twitter:label1" content="Becsült olvasási idő" />
	<meta name="twitter:data1" content="1 perc" />
<script type="application/ld+json" class="yoast-schema-graph">{"@context":"https://schema.org","@graph":[{"@type":"WebPage","@id":"https://www.regionsaris.sk/historia/vodarenska-veza/","url":"https://www.regionsaris.sk/historia/vodarenska-veza/","name":"Vodárenská veža 300 m n. m. - OOCR Šariš","isPartOf":{"@id":"https://www.regionsaris.sk/#website"},"primaryImageOfPage":{"@id":"https://www.regionsaris.sk/historia/vodarenska-veza/#primaryimage"},"image":{"@id":"https://www.regionsaris.sk/historia/vodarenska-veza/#primaryimage"},"thumbnailUrl":"https://www.regionsaris.sk/wp-content/uploads/2026/01/Vodarenska-veza-600x400-1.jpg","datePublished":"2020-05-29T11:15:13+00:00","breadcrumb":{"@id":"https://www.regionsaris.sk/historia/vodarenska-veza/#breadcrumb"},"inLanguage":"hu","potentialAction":[{"@type":"ReadAction","target":["https://www.regionsaris.sk/historia/vodarenska-veza/"]}]},{"@type":"ImageObject","inLanguage":"hu","@id":"https://www.regionsaris.sk/historia/vodarenska-veza/#primaryimage","url":"https://www.regionsaris.sk/wp-content/uploads/2026/01/Vodarenska-veza-600x400-1.jpg","contentUrl":"https://www.regionsaris.sk/wp-content/uploads/2026/01/Vodarenska-veza-600x400-1.jpg","width":600,"height":400},{"@type":"BreadcrumbList","@id":"https://www.regionsaris.sk/historia/vodarenska-veza/#breadcrumb","itemListElement":[{"@type":"ListItem","position":1,"name":"Domov","item":"https://www.regionsaris.sk/"},{"@type":"ListItem","position":2,"name":"História regiónu","item":"https://www.regionsaris.sk/historia-regionu/"},{"@type":"ListItem","position":3,"name":"Vodárenská veža 300 m n. m."}]},{"@type":"WebSite","@id":"https://www.regionsaris.sk/#website","url":"https://www.regionsaris.sk/","name":"OOCR Šariš","description":"","potentialAction":[{"@type":"SearchAction","target":{"@type":"EntryPoint","urlTemplate":"https://www.regionsaris.sk/?s={search_term_string}"},"query-input":{"@type":"PropertyValueSpecification","valueRequired":true,"valueName":"search_term_string"}}],"inLanguage":"hu"}]}</script>
<!-- / Yoast SEO Premium plugin. -->

Vodárenská veža 300 m n. m. - OOCR Šariš

Vodárenská veža 300 m n. m.

Vodárenská veža bola navrhnutá architektom Viliamom Glaszom (1882-1957) narodeným v Segedíne v Maďarsku. V Prešove...

OOCR Šariš

História regiónu
