{"id":2039,"date":"2020-05-29T11:56:50","date_gmt":"2020-05-29T10:56:50","guid":{"rendered":"https:\/\/www.regionsaris.sk\/historia\/greckokatolicky-biskupsky-palac\/"},"modified":"2020-05-29T11:56:50","modified_gmt":"2020-05-29T10:56:50","slug":"greckokatolicky-biskupsky-palac","status":"publish","type":"historia","link":"https:\/\/www.regionsaris.sk\/hu\/historia\/greckokatolicky-biskupsky-palac\/","title":{"rendered":"G\u00f6r\u00f6g katolikus p\u00fcsp\u00f6ki palota"},"content":{"rendered":"<p>A p\u00fcsp\u00f6ki palota egy kor\u00e1bbi minorit\u00e1k kolostor\u00e1b\u00f3l \u00e9p\u00fclt. T\u00f6rt\u00e9nete a v\u00e1rosi k\u00f3rh\u00e1z \u00e9s szeg\u00e9nyh\u00e1z \u00faj kolostorr\u00e1 alak\u00edt\u00e1s\u00e1val kezd\u0151d\u00f6tt, amelyet 1673-ban a minorit\u00e1k szereztek meg. A minorit\u00e1k tev\u00e9kenys\u00e9g\u00e9t Pre\u0161ovban II. J\u00f3zsef cs\u00e1sz\u00e1r 1787. j\u00falius 12-i rendelete sz\u00fcntette meg, amellyel a kolostort feloszlatt\u00e1k, a v\u00e1rosi el\u00f6lj\u00e1r\u00f3 \u00e9s a Jagell\u00f3 p\u00fcsp\u00f6k mag\u00e1hoz az uralkod\u00f3hoz int\u00e9zett k\u00e9r\u00e9sei ellen\u00e9re.<br>1791-ben a g\u00f6r\u00f6gkatolikus vikari\u00e1tus sz\u00e9khely\u00e9t Kass\u00e1r\u00f3l Pre\u0161ovba helyezt\u00e9k \u00e1t az egykori minorit\u00e1k kolostor\u00e1nak helyis\u00e9geibe. 1818. szeptember 22-\u00e9n VII. Pius p\u00e1pa kiadta a Relata semper bull\u00e1t, amely l\u00e9trehozta a g\u00f6r\u00f6gkatolikus p\u00fcsp\u00f6ks\u00e9get Pre\u0161ovban. Az egykori kolostor teljes komplexum\u00e1t ezut\u00e1n 1821-ben az \u00fajonnan l\u00e9trehozott pre\u0161ovi egyh\u00e1zmegye els\u0151 p\u00fcsp\u00f6ke, Gregor Tarkovi\u010d kapta meg. Jozef Gaganec, a m\u00e1sodik pre\u0161ovi p\u00fcsp\u00f6k 1848-ban alaposan \u00e1t\u00e9p\u00edttette a rezidenci\u00e1t, \u00edgy alakult ki a mai k\u00e9tszintes, klasszicista homlokzat\u00fa palota\u00e9p\u00fclet. A f\u0151bej\u00e1rat f\u00f6l\u00f6tt egy nagy h\u00e1romsz\u00f6g alak\u00fa pajzs (tympanon) volt elhelyezve, rajta a k\u00f6vetkez\u0151 felirattal <strong>\u201e\u0150fels\u00e9ge V. Ferdin\u00e1nd, Magyarorsz\u00e1g kir\u00e1lya, kegyelemb\u0151l \u00e9p\u00fclt 1848\u201c<\/strong>, a felirat felett a g\u00f6r\u00f6gkatolikus p\u00fcsp\u00f6ks\u00e9g domborm\u0171ves c\u00edmere l\u00e1that\u00f3, amelyet egy p\u00fcsp\u00f6ki l\u00e1nc \u00e9s egy rajta r\u00f6gz\u00edtett kereszt vesz k\u00f6r\u00fcl. Az \u00e9p\u00fclet k\u00f6zponti r\u00e9sz\u00e9t egy nagy kupola uralja. A palota jelenleg a g\u00f6r\u00f6gkatolikus \u00e9rseks\u00e9g sz\u00e9khelye.<\/p>\n\n\n\n<p>A g\u00f6r\u00f6g katolikus p\u00fcsp\u00f6ki palota a g\u00f6r\u00f6g katolikus p\u00fcsp\u00f6ki palota r\u00e9sze.\u00a0<a href=\"https:\/\/www.sarisskahradnacesta.sk\/\">\u0160ari\u0161 v\u00e1r \u00fatjai<\/a>.<\/p>\n\n\n\n<p>F\u00e9nyk\u00e9p: OOCR Regi\u00f3n \u0160ari\u0161, pis.sk, grtkapo.sk, Jozef Kotuli\u010d<\/p>","protected":false},"featured_media":1116,"template":"","meta":{"_acf_changed":false},"kategoria-poi":[105,173,104,102,107],"lokalita":[26],"sezona-poi":[],"trvanie-vyletu":[],"class_list":["post-2039","historia","type-historia","status-publish","has-post-thumbnail","hentry","kategoria-poi-historia","kategoria-poi-kastiele-a-kurie","kategoria-poi-mesta","kategoria-poi-prirodne-krasy","kategoria-poi-turistika","lokalita-mesto-presov"],"acf":[],"yoast_head":"<!-- This site is optimized with the Yoast SEO Premium plugin v26.3 (Yoast SEO v26.8) - https:\/\/yoast.com\/product\/yoast-seo-premium-wordpress\/ -->\n<title>Gr\u00e9ckokatol\u00edcky biskupsk\u00fd pal\u00e1c - OOCR \u0160ari\u0161<\/title>\n<meta name=\"robots\" content=\"index, follow, max-snippet:-1, max-image-preview:large, max-video-preview:-1\" \/>\n<link rel=\"canonical\" href=\"https:\/\/www.regionsaris.sk\/hu\/historia\/greckokatolicky-biskupsky-palac\/\" \/>\n<meta property=\"og:locale\" content=\"hu_HU\" \/>\n<meta property=\"og:type\" content=\"article\" \/>\n<meta property=\"og:title\" content=\"Gr\u00e9ckokatol\u00edcky biskupsk\u00fd pal\u00e1c\" \/>\n<meta property=\"og:description\" content=\"Biskupsk\u00fd pal\u00e1c vznikol z b\u00fdval\u00e9ho kl\u00e1\u0161tora minoritov. Jeho hist\u00f3ria sa za\u010dala p\u00edsa\u0165 prestavbou budovy mestsk\u00e9ho...\" \/>\n<meta property=\"og:url\" content=\"https:\/\/www.regionsaris.sk\/hu\/historia\/greckokatolicky-biskupsky-palac\/\" \/>\n<meta property=\"og:site_name\" content=\"OOCR \u0160ari\u0161\" \/>\n<meta property=\"og:image\" content=\"https:\/\/www.regionsaris.sk\/wp-content\/uploads\/2026\/01\/GK-biskup-palac-600x400-1.jpg\" \/>\n\t<meta property=\"og:image:width\" content=\"600\" \/>\n\t<meta property=\"og:image:height\" content=\"400\" \/>\n\t<meta property=\"og:image:type\" content=\"image\/jpeg\" \/>\n<meta name=\"twitter:card\" content=\"summary_large_image\" \/>\n<meta name=\"twitter:label1\" content=\"Becs\u00fclt olvas\u00e1si id\u0151\" \/>\n\t<meta name=\"twitter:data1\" content=\"1 perc\" \/>\n<script type=\"application\/ld+json\" class=\"yoast-schema-graph\">{\"@context\":\"https:\/\/schema.org\",\"@graph\":[{\"@type\":\"WebPage\",\"@id\":\"https:\/\/www.regionsaris.sk\/historia\/greckokatolicky-biskupsky-palac\/\",\"url\":\"https:\/\/www.regionsaris.sk\/historia\/greckokatolicky-biskupsky-palac\/\",\"name\":\"Gr\u00e9ckokatol\u00edcky biskupsk\u00fd pal\u00e1c - OOCR \u0160ari\u0161\",\"isPartOf\":{\"@id\":\"https:\/\/www.regionsaris.sk\/#website\"},\"primaryImageOfPage\":{\"@id\":\"https:\/\/www.regionsaris.sk\/historia\/greckokatolicky-biskupsky-palac\/#primaryimage\"},\"image\":{\"@id\":\"https:\/\/www.regionsaris.sk\/historia\/greckokatolicky-biskupsky-palac\/#primaryimage\"},\"thumbnailUrl\":\"https:\/\/www.regionsaris.sk\/wp-content\/uploads\/2026\/01\/GK-biskup-palac-600x400-1.jpg\",\"datePublished\":\"2020-05-29T10:56:50+00:00\",\"breadcrumb\":{\"@id\":\"https:\/\/www.regionsaris.sk\/historia\/greckokatolicky-biskupsky-palac\/#breadcrumb\"},\"inLanguage\":\"hu\",\"potentialAction\":[{\"@type\":\"ReadAction\",\"target\":[\"https:\/\/www.regionsaris.sk\/historia\/greckokatolicky-biskupsky-palac\/\"]}]},{\"@type\":\"ImageObject\",\"inLanguage\":\"hu\",\"@id\":\"https:\/\/www.regionsaris.sk\/historia\/greckokatolicky-biskupsky-palac\/#primaryimage\",\"url\":\"https:\/\/www.regionsaris.sk\/wp-content\/uploads\/2026\/01\/GK-biskup-palac-600x400-1.jpg\",\"contentUrl\":\"https:\/\/www.regionsaris.sk\/wp-content\/uploads\/2026\/01\/GK-biskup-palac-600x400-1.jpg\",\"width\":600,\"height\":400},{\"@type\":\"BreadcrumbList\",\"@id\":\"https:\/\/www.regionsaris.sk\/historia\/greckokatolicky-biskupsky-palac\/#breadcrumb\",\"itemListElement\":[{\"@type\":\"ListItem\",\"position\":1,\"name\":\"Domov\",\"item\":\"https:\/\/www.regionsaris.sk\/\"},{\"@type\":\"ListItem\",\"position\":2,\"name\":\"Hist\u00f3ria regi\u00f3nu\",\"item\":\"https:\/\/www.regionsaris.sk\/historia-regionu\/\"},{\"@type\":\"ListItem\",\"position\":3,\"name\":\"Gr\u00e9ckokatol\u00edcky biskupsk\u00fd pal\u00e1c\"}]},{\"@type\":\"WebSite\",\"@id\":\"https:\/\/www.regionsaris.sk\/#website\",\"url\":\"https:\/\/www.regionsaris.sk\/\",\"name\":\"OOCR \u0160ari\u0161\",\"description\":\"\",\"potentialAction\":[{\"@type\":\"SearchAction\",\"target\":{\"@type\":\"EntryPoint\",\"urlTemplate\":\"https:\/\/www.regionsaris.sk\/?s={search_term_string}\"},\"query-input\":{\"@type\":\"PropertyValueSpecification\",\"valueRequired\":true,\"valueName\":\"search_term_string\"}}],\"inLanguage\":\"hu\"}]}<\/script>\n<!-- \/ Yoast SEO Premium plugin. -->","yoast_head_json":{"title":"Gr\u00e9ckokatol\u00edcky biskupsk\u00fd pal\u00e1c - OOCR \u0160ari\u0161","robots":{"index":"index","follow":"follow","max-snippet":"max-snippet:-1","max-image-preview":"max-image-preview:large","max-video-preview":"max-video-preview:-1"},"canonical":"https:\/\/www.regionsaris.sk\/hu\/historia\/greckokatolicky-biskupsky-palac\/","og_locale":"hu_HU","og_type":"article","og_title":"Gr\u00e9ckokatol\u00edcky biskupsk\u00fd pal\u00e1c","og_description":"Biskupsk\u00fd pal\u00e1c vznikol z b\u00fdval\u00e9ho kl\u00e1\u0161tora minoritov. Jeho hist\u00f3ria sa za\u010dala p\u00edsa\u0165 prestavbou budovy mestsk\u00e9ho...","og_url":"https:\/\/www.regionsaris.sk\/hu\/historia\/greckokatolicky-biskupsky-palac\/","og_site_name":"OOCR \u0160ari\u0161","og_image":[{"width":600,"height":400,"url":"https:\/\/www.regionsaris.sk\/wp-content\/uploads\/2026\/01\/GK-biskup-palac-600x400-1.jpg","type":"image\/jpeg"}],"twitter_card":"summary_large_image","twitter_misc":{"Becs\u00fclt olvas\u00e1si id\u0151":"1 perc"},"schema":{"@context":"https:\/\/schema.org","@graph":[{"@type":"WebPage","@id":"https:\/\/www.regionsaris.sk\/historia\/greckokatolicky-biskupsky-palac\/","url":"https:\/\/www.regionsaris.sk\/historia\/greckokatolicky-biskupsky-palac\/","name":"Gr\u00e9ckokatol\u00edcky biskupsk\u00fd pal\u00e1c - OOCR \u0160ari\u0161","isPartOf":{"@id":"https:\/\/www.regionsaris.sk\/#website"},"primaryImageOfPage":{"@id":"https:\/\/www.regionsaris.sk\/historia\/greckokatolicky-biskupsky-palac\/#primaryimage"},"image":{"@id":"https:\/\/www.regionsaris.sk\/historia\/greckokatolicky-biskupsky-palac\/#primaryimage"},"thumbnailUrl":"https:\/\/www.regionsaris.sk\/wp-content\/uploads\/2026\/01\/GK-biskup-palac-600x400-1.jpg","datePublished":"2020-05-29T10:56:50+00:00","breadcrumb":{"@id":"https:\/\/www.regionsaris.sk\/historia\/greckokatolicky-biskupsky-palac\/#breadcrumb"},"inLanguage":"hu","potentialAction":[{"@type":"ReadAction","target":["https:\/\/www.regionsaris.sk\/historia\/greckokatolicky-biskupsky-palac\/"]}]},{"@type":"ImageObject","inLanguage":"hu","@id":"https:\/\/www.regionsaris.sk\/historia\/greckokatolicky-biskupsky-palac\/#primaryimage","url":"https:\/\/www.regionsaris.sk\/wp-content\/uploads\/2026\/01\/GK-biskup-palac-600x400-1.jpg","contentUrl":"https:\/\/www.regionsaris.sk\/wp-content\/uploads\/2026\/01\/GK-biskup-palac-600x400-1.jpg","width":600,"height":400},{"@type":"BreadcrumbList","@id":"https:\/\/www.regionsaris.sk\/historia\/greckokatolicky-biskupsky-palac\/#breadcrumb","itemListElement":[{"@type":"ListItem","position":1,"name":"Domov","item":"https:\/\/www.regionsaris.sk\/"},{"@type":"ListItem","position":2,"name":"Hist\u00f3ria regi\u00f3nu","item":"https:\/\/www.regionsaris.sk\/historia-regionu\/"},{"@type":"ListItem","position":3,"name":"Gr\u00e9ckokatol\u00edcky biskupsk\u00fd pal\u00e1c"}]},{"@type":"WebSite","@id":"https:\/\/www.regionsaris.sk\/#website","url":"https:\/\/www.regionsaris.sk\/","name":"OOCR \u0160ari\u0161","description":"","potentialAction":[{"@type":"SearchAction","target":{"@type":"EntryPoint","urlTemplate":"https:\/\/www.regionsaris.sk\/?s={search_term_string}"},"query-input":{"@type":"PropertyValueSpecification","valueRequired":true,"valueName":"search_term_string"}}],"inLanguage":"hu"}]}},"_links":{"self":[{"href":"https:\/\/www.regionsaris.sk\/hu\/wp-json\/wp\/v2\/historia\/2039","targetHints":{"allow":["GET"]}}],"collection":[{"href":"https:\/\/www.regionsaris.sk\/hu\/wp-json\/wp\/v2\/historia"}],"about":[{"href":"https:\/\/www.regionsaris.sk\/hu\/wp-json\/wp\/v2\/types\/historia"}],"wp:featuredmedia":[{"embeddable":true,"href":"https:\/\/www.regionsaris.sk\/hu\/wp-json\/wp\/v2\/media\/1116"}],"wp:attachment":[{"href":"https:\/\/www.regionsaris.sk\/hu\/wp-json\/wp\/v2\/media?parent=2039"}],"wp:term":[{"taxonomy":"kategoria-poi","embeddable":true,"href":"https:\/\/www.regionsaris.sk\/hu\/wp-json\/wp\/v2\/kategoria-poi?post=2039"},{"taxonomy":"lokalita","embeddable":true,"href":"https:\/\/www.regionsaris.sk\/hu\/wp-json\/wp\/v2\/lokalita?post=2039"},{"taxonomy":"sezona-poi","embeddable":true,"href":"https:\/\/www.regionsaris.sk\/hu\/wp-json\/wp\/v2\/sezona-poi?post=2039"},{"taxonomy":"trvanie-vyletu","embeddable":true,"href":"https:\/\/www.regionsaris.sk\/hu\/wp-json\/wp\/v2\/trvanie-vyletu?post=2039"}],"curies":[{"name":"wp","href":"https:\/\/api.w.org\/{rel}","templated":true}]}}

Görög katolikus püspöki palota

<p>A püspöki palota egy korábbi minoriták kolostorából épült. Története a városi kórház és szegényház új kolostorrá alakításával kezdődött, amelyet 1673-ban a minoriták szereztek meg. A minoriták tevékenységét Prešovban II. József császár 1787. július 12-i rendelete szüntette meg, amellyel a kolostort feloszlatták, a városi elöljáró és a Jagelló püspök magához az uralkodóhoz intézett kérései ellenére.<br>1791-ben a görögkatolikus vikariátus székhelyét Kassáról Prešovba helyezték át az egykori minoriták kolostorának helyiségeibe. 1818. szeptember 22-én VII. Pius pápa kiadta a Relata semper bullát, amely létrehozta a görögkatolikus püspökséget Prešovban. Az egykori kolostor teljes komplexumát ezután 1821-ben az újonnan létrehozott prešovi egyházmegye első püspöke, Gregor Tarkovič kapta meg. Jozef Gaganec, a második prešovi püspök 1848-ban alaposan átépíttette a rezidenciát, így alakult ki a mai kétszintes, klasszicista homlokzatú palotaépület. A főbejárat fölött egy nagy háromszög alakú pajzs (tympanon) volt elhelyezve, rajta a következő felirattal <strong>„Őfelsége V. Ferdinánd, Magyarország királya, kegyelemből épült 1848“</strong>, a felirat felett a görögkatolikus püspökség domborműves címere látható, amelyet egy püspöki lánc és egy rajta rögzített kereszt vesz körül. Az épület központi részét egy nagy kupola uralja. A palota jelenleg a görögkatolikus érsekség székhelye.</p>



<p>A görög katolikus püspöki palota a görög katolikus püspöki palota része. <a href="https://www.sarisskahradnacesta.sk/">Šariš vár útjai</a>.</p>



<p>Fénykép: OOCR Región Šariš, pis.sk, grtkapo.sk, Jozef Kotulič</p>

<!-- This site is optimized with the Yoast SEO Premium plugin v26.3 (Yoast SEO v26.8) - https://yoast.com/product/yoast-seo-premium-wordpress/ -->
<title>Gréckokatolícky biskupský palác - OOCR Šariš</title>
<meta name="robots" content="index, follow, max-snippet:-1, max-image-preview:large, max-video-preview:-1" />
<link rel="canonical" href="https://www.regionsaris.sk/hu/historia/greckokatolicky-biskupsky-palac/" />
<meta property="og:locale" content="hu_HU" />
<meta property="og:type" content="article" />
<meta property="og:title" content="Gréckokatolícky biskupský palác" />
<meta property="og:description" content="Biskupský palác vznikol z bývalého kláštora minoritov. Jeho história sa začala písať prestavbou budovy mestského..." />
<meta property="og:url" content="https://www.regionsaris.sk/hu/historia/greckokatolicky-biskupsky-palac/" />
<meta property="og:site_name" content="OOCR Šariš" />
<meta property="og:image" content="https://www.regionsaris.sk/wp-content/uploads/2026/01/GK-biskup-palac-600x400-1.jpg" />
	<meta property="og:image:width" content="600" />
	<meta property="og:image:height" content="400" />
	<meta property="og:image:type" content="image/jpeg" />
<meta name="twitter:card" content="summary_large_image" />
<meta name="twitter:label1" content="Becsült olvasási idő" />
	<meta name="twitter:data1" content="1 perc" />
<script type="application/ld+json" class="yoast-schema-graph">{"@context":"https://schema.org","@graph":[{"@type":"WebPage","@id":"https://www.regionsaris.sk/historia/greckokatolicky-biskupsky-palac/","url":"https://www.regionsaris.sk/historia/greckokatolicky-biskupsky-palac/","name":"Gréckokatolícky biskupský palác - OOCR Šariš","isPartOf":{"@id":"https://www.regionsaris.sk/#website"},"primaryImageOfPage":{"@id":"https://www.regionsaris.sk/historia/greckokatolicky-biskupsky-palac/#primaryimage"},"image":{"@id":"https://www.regionsaris.sk/historia/greckokatolicky-biskupsky-palac/#primaryimage"},"thumbnailUrl":"https://www.regionsaris.sk/wp-content/uploads/2026/01/GK-biskup-palac-600x400-1.jpg","datePublished":"2020-05-29T10:56:50+00:00","breadcrumb":{"@id":"https://www.regionsaris.sk/historia/greckokatolicky-biskupsky-palac/#breadcrumb"},"inLanguage":"hu","potentialAction":[{"@type":"ReadAction","target":["https://www.regionsaris.sk/historia/greckokatolicky-biskupsky-palac/"]}]},{"@type":"ImageObject","inLanguage":"hu","@id":"https://www.regionsaris.sk/historia/greckokatolicky-biskupsky-palac/#primaryimage","url":"https://www.regionsaris.sk/wp-content/uploads/2026/01/GK-biskup-palac-600x400-1.jpg","contentUrl":"https://www.regionsaris.sk/wp-content/uploads/2026/01/GK-biskup-palac-600x400-1.jpg","width":600,"height":400},{"@type":"BreadcrumbList","@id":"https://www.regionsaris.sk/historia/greckokatolicky-biskupsky-palac/#breadcrumb","itemListElement":[{"@type":"ListItem","position":1,"name":"Domov","item":"https://www.regionsaris.sk/"},{"@type":"ListItem","position":2,"name":"História regiónu","item":"https://www.regionsaris.sk/historia-regionu/"},{"@type":"ListItem","position":3,"name":"Gréckokatolícky biskupský palác"}]},{"@type":"WebSite","@id":"https://www.regionsaris.sk/#website","url":"https://www.regionsaris.sk/","name":"OOCR Šariš","description":"","potentialAction":[{"@type":"SearchAction","target":{"@type":"EntryPoint","urlTemplate":"https://www.regionsaris.sk/?s={search_term_string}"},"query-input":{"@type":"PropertyValueSpecification","valueRequired":true,"valueName":"search_term_string"}}],"inLanguage":"hu"}]}</script>
<!-- / Yoast SEO Premium plugin. -->

Gréckokatolícky biskupský palác - OOCR Šariš

Gréckokatolícky biskupský palác

Biskupský palác vznikol z bývalého kláštora minoritov. Jeho história sa začala písať prestavbou budovy mestského...

OOCR Šariš

História regiónu
