{"id":2038,"date":"2020-05-29T11:43:14","date_gmt":"2020-05-29T10:43:14","guid":{"rendered":"https:\/\/www.regionsaris.sk\/historia\/cierny-orol\/"},"modified":"2020-05-29T11:43:14","modified_gmt":"2020-05-29T10:43:14","slug":"cierny-orol","status":"publish","type":"historia","link":"https:\/\/www.regionsaris.sk\/hu\/historia\/cierny-orol\/","title":{"rendered":"Fekete Sas"},"content":{"rendered":"A t\u00e9r d\u00e9li r\u00e9sz\u00e9n tal\u00e1lhat\u00f3 a v\u00e1ros reprezentat\u00edv \u00e9p\u00fcleteinek t\u00f6mbje, amelyet \u0151sid\u0151k \u00f3ta Fekete Sasnak neveznek. A v\u00e1rosi iratokban publicum diversorium (nyilv\u00e1nos vend\u00e9gl\u0151) n\u00e9ven eml\u00edtik. A megfelel\u0151 \u00e1talak\u00edt\u00e1s \u00e9s az udvaron \u00faj helyis\u00e9gekkel val\u00f3 kieg\u00e9sz\u00edt\u00e9s ut\u00e1n a fogad\u00f3 els\u0151sorban a v\u00e1ros tehet\u0151sebb l\u00e1togat\u00f3it szolg\u00e1lta ki, de a v\u00e1roslak\u00f3k k\u00fcl\u00f6nb\u00f6z\u0151 alkalmakkor tartott \u00f6sszej\u00f6veteleire is. 1602-ben egy 28 l\u00f3 befogad\u00e1s\u00e1ra alkalmas ist\u00e1ll\u00f3val b\u0151v\u00fclt, ami nagyon k\u00e9nyelmes volt a v\u00e1roson \u00e1tutaz\u00f3 utaz\u00f3k sz\u00e1m\u00e1ra. 1799-ben itt sz\u00e1ll\u00e1solt\u00e1k el Alekszandr Vasziljevics Szuvorov t\u00e1bornok tisztjeit, akit csapataival a Nap\u00f3leon ellen harcol\u00f3 osztr\u00e1k hadsereg megseg\u00edt\u00e9s\u00e9re k\u00fcldtek. 1806-ban az orosz hadsereg sz\u00e1llt meg a fogad\u00f3ban Mihail Illarionovics Kutuzov t\u00e1bornokkal, Szmolenszk herceg\u00e9vel egy\u00fctt.\n<h2>Fekete Sas a 19. sz\u00e1zadban<\/h2>\nA 19. sz\u00e1zad elej\u00e9t\u0151l kezdve a fogad\u00f3 egyre ink\u00e1bb k\u00fcl\u00f6nb\u00f6z\u0151 kultur\u00e1lis c\u00e9lokat szolg\u00e1lt. Az 1840-es \u00e9vekben a fogad\u00f3 udvar\u00e1nak h\u00e1ts\u00f3 r\u00e9sz\u00e9ben \u00e9p\u00fclt a v\u00e1rosi redoute ki\u00e1ll\u00edt\u00e1si \u00e9p\u00fclete. \u0160t\u00far \u00e9s J. M. Hurban, aki a cs\u00e1sz\u00e1ri hadseregben szolg\u00e1l\u00f3 szlov\u00e1k \u00f6nk\u00e9ntesek \u00e9l\u00e9n \u00e9rkezett Pre\u0161ovba. Az \u00e1t\u00e9p\u00edt\u00e9s ut\u00e1n a Fekete Sas komplexumhoz tartozott a redut \u00e9p\u00fclet, a sz\u00ednh\u00e1z \u00e9s a luxussz\u00e1ll\u00f3 \u00e9tteremmel \u00e9s k\u00e1v\u00e9z\u00f3val. 1922-ben itt tartott\u00e1k a szlov\u00e1kiai oktat\u00e1s\u00fcgyi dolgoz\u00f3k els\u0151 kongresszus\u00e1t, amelyet Vavro \u0160rob\u00e1r akkori oktat\u00e1si \u00e9s nemzeti felvil\u00e1gos\u00edt\u00f3 miniszter nyitott meg. Jelenleg a Fekete Sas (redoute) a v\u00e1rosi kultur\u00e1lis \u00e9s rekre\u00e1ci\u00f3s park \u00f6nkorm\u00e1nyzati szervezet sz\u00e1m\u00e1ra szolg\u00e1l a v\u00e1ros lakosainak kultur\u00e1lis \u00e9s t\u00e1rsadalmi \u00e9lvezet\u00e9re.\n\n \n\nA \u010cierny orol \u00e9p\u00fclet\u00e9r\u0151l az aloldalon is olvashat. <a href=\"https:\/\/www.pkopresov.sk\/pko-cierny-orol.html\">Fekete Sas<\/a>\n\nPre\u0161ovban p\u00e9ld\u00e1ul a k\u00f6vetkez\u0151 m\u0171eml\u00e9kek l\u00e1that\u00f3k: <a href=\"https:\/\/www.regionsaris.sk\/hu\/historia\/konkatedrala-sv-mikulasa\/\">Szent Mikl\u00f3s sz\u00e9kesegyh\u00e1z<\/a>, <a href=\"https:\/\/www.regionsaris.sk\/hu\/historia\/neptunova-fontana\/\">Neptun sz\u00f6k\u0151k\u00fat<\/a>, <a href=\"https:\/\/www.regionsaris.sk\/hu\/nabozensky_turizmus\/muzeum-zidovskej-kultury-slovenske-narodne-muzeum\/\">Zsid\u00f3 Kultur\u00e1lis M\u00fazeum<\/a>, <a href=\"https:\/\/www.regionsaris.sk\/hu\/historia\/bosakova-banka\/\">Bosakova Bank<\/a>, <a href=\"https:\/\/www.regionsaris.sk\/hu\/kategoria-aktivity\/historia\/mesta\/\">Florian Gate<\/a>, <a href=\"https:\/\/www.regionsaris.sk\/hu\/kultura-a-umenie\/caraffova-vaznica\/\">Caraf b\u00f6rt\u00f6ne<\/a>, <a href=\"https:\/\/www.regionsaris.sk\/hu\/historia\/rakociho-palac-presov\/\">Rakoci palota<\/a>.","protected":false},"featured_media":1108,"template":"","meta":{"_acf_changed":false},"kategoria-poi":[105,104,102,107],"lokalita":[26],"sezona-poi":[],"trvanie-vyletu":[],"class_list":["post-2038","historia","type-historia","status-publish","has-post-thumbnail","hentry","kategoria-poi-historia","kategoria-poi-mesta","kategoria-poi-prirodne-krasy","kategoria-poi-turistika","lokalita-mesto-presov"],"acf":[],"yoast_head":"<!-- This site is optimized with the Yoast SEO Premium plugin v26.3 (Yoast SEO v26.8) - https:\/\/yoast.com\/product\/yoast-seo-premium-wordpress\/ -->\n<title>\u010cierny orol - OOCR \u0160ari\u0161<\/title>\n<meta name=\"robots\" content=\"index, follow, max-snippet:-1, max-image-preview:large, max-video-preview:-1\" \/>\n<link rel=\"canonical\" href=\"https:\/\/www.regionsaris.sk\/hu\/historia\/cierny-orol\/\" \/>\n<meta property=\"og:locale\" content=\"hu_HU\" \/>\n<meta property=\"og:type\" content=\"article\" \/>\n<meta property=\"og:title\" content=\"\u010cierny orol\" \/>\n<meta property=\"og:description\" content=\"V ju\u017enej \u010dasti n\u00e1mestia je zasaden\u00fd blok mestsk\u00fdch reprezenta\u010dn\u00fdch budov, odd\u00e1vna naz\u00fdvan\u00fd \u010cierny orol. V...\" \/>\n<meta property=\"og:url\" content=\"https:\/\/www.regionsaris.sk\/hu\/historia\/cierny-orol\/\" \/>\n<meta property=\"og:site_name\" content=\"OOCR \u0160ari\u0161\" \/>\n<meta property=\"og:image\" content=\"https:\/\/www.regionsaris.sk\/wp-content\/uploads\/2026\/01\/Cierny-orol-600x400-1.jpg\" \/>\n\t<meta property=\"og:image:width\" content=\"600\" \/>\n\t<meta property=\"og:image:height\" content=\"400\" \/>\n\t<meta property=\"og:image:type\" content=\"image\/jpeg\" \/>\n<meta name=\"twitter:card\" content=\"summary_large_image\" \/>\n<meta name=\"twitter:label1\" content=\"Becs\u00fclt olvas\u00e1si id\u0151\" \/>\n\t<meta name=\"twitter:data1\" content=\"2 perc\" \/>\n<script type=\"application\/ld+json\" class=\"yoast-schema-graph\">{\"@context\":\"https:\/\/schema.org\",\"@graph\":[{\"@type\":\"WebPage\",\"@id\":\"https:\/\/www.regionsaris.sk\/historia\/cierny-orol\/\",\"url\":\"https:\/\/www.regionsaris.sk\/historia\/cierny-orol\/\",\"name\":\"\u010cierny orol - OOCR \u0160ari\u0161\",\"isPartOf\":{\"@id\":\"https:\/\/www.regionsaris.sk\/#website\"},\"primaryImageOfPage\":{\"@id\":\"https:\/\/www.regionsaris.sk\/historia\/cierny-orol\/#primaryimage\"},\"image\":{\"@id\":\"https:\/\/www.regionsaris.sk\/historia\/cierny-orol\/#primaryimage\"},\"thumbnailUrl\":\"https:\/\/www.regionsaris.sk\/wp-content\/uploads\/2026\/01\/Cierny-orol-600x400-1.jpg\",\"datePublished\":\"2020-05-29T10:43:14+00:00\",\"breadcrumb\":{\"@id\":\"https:\/\/www.regionsaris.sk\/historia\/cierny-orol\/#breadcrumb\"},\"inLanguage\":\"hu\",\"potentialAction\":[{\"@type\":\"ReadAction\",\"target\":[\"https:\/\/www.regionsaris.sk\/historia\/cierny-orol\/\"]}]},{\"@type\":\"ImageObject\",\"inLanguage\":\"hu\",\"@id\":\"https:\/\/www.regionsaris.sk\/historia\/cierny-orol\/#primaryimage\",\"url\":\"https:\/\/www.regionsaris.sk\/wp-content\/uploads\/2026\/01\/Cierny-orol-600x400-1.jpg\",\"contentUrl\":\"https:\/\/www.regionsaris.sk\/wp-content\/uploads\/2026\/01\/Cierny-orol-600x400-1.jpg\",\"width\":600,\"height\":400},{\"@type\":\"BreadcrumbList\",\"@id\":\"https:\/\/www.regionsaris.sk\/historia\/cierny-orol\/#breadcrumb\",\"itemListElement\":[{\"@type\":\"ListItem\",\"position\":1,\"name\":\"Domov\",\"item\":\"https:\/\/www.regionsaris.sk\/\"},{\"@type\":\"ListItem\",\"position\":2,\"name\":\"Hist\u00f3ria regi\u00f3nu\",\"item\":\"https:\/\/www.regionsaris.sk\/historia-regionu\/\"},{\"@type\":\"ListItem\",\"position\":3,\"name\":\"\u010cierny orol\"}]},{\"@type\":\"WebSite\",\"@id\":\"https:\/\/www.regionsaris.sk\/#website\",\"url\":\"https:\/\/www.regionsaris.sk\/\",\"name\":\"OOCR \u0160ari\u0161\",\"description\":\"\",\"potentialAction\":[{\"@type\":\"SearchAction\",\"target\":{\"@type\":\"EntryPoint\",\"urlTemplate\":\"https:\/\/www.regionsaris.sk\/?s={search_term_string}\"},\"query-input\":{\"@type\":\"PropertyValueSpecification\",\"valueRequired\":true,\"valueName\":\"search_term_string\"}}],\"inLanguage\":\"hu\"}]}<\/script>\n<!-- \/ Yoast SEO Premium plugin. -->","yoast_head_json":{"title":"\u010cierny orol - OOCR \u0160ari\u0161","robots":{"index":"index","follow":"follow","max-snippet":"max-snippet:-1","max-image-preview":"max-image-preview:large","max-video-preview":"max-video-preview:-1"},"canonical":"https:\/\/www.regionsaris.sk\/hu\/historia\/cierny-orol\/","og_locale":"hu_HU","og_type":"article","og_title":"\u010cierny orol","og_description":"V ju\u017enej \u010dasti n\u00e1mestia je zasaden\u00fd blok mestsk\u00fdch reprezenta\u010dn\u00fdch budov, odd\u00e1vna naz\u00fdvan\u00fd \u010cierny orol. V...","og_url":"https:\/\/www.regionsaris.sk\/hu\/historia\/cierny-orol\/","og_site_name":"OOCR \u0160ari\u0161","og_image":[{"width":600,"height":400,"url":"https:\/\/www.regionsaris.sk\/wp-content\/uploads\/2026\/01\/Cierny-orol-600x400-1.jpg","type":"image\/jpeg"}],"twitter_card":"summary_large_image","twitter_misc":{"Becs\u00fclt olvas\u00e1si id\u0151":"2 perc"},"schema":{"@context":"https:\/\/schema.org","@graph":[{"@type":"WebPage","@id":"https:\/\/www.regionsaris.sk\/historia\/cierny-orol\/","url":"https:\/\/www.regionsaris.sk\/historia\/cierny-orol\/","name":"\u010cierny orol - OOCR \u0160ari\u0161","isPartOf":{"@id":"https:\/\/www.regionsaris.sk\/#website"},"primaryImageOfPage":{"@id":"https:\/\/www.regionsaris.sk\/historia\/cierny-orol\/#primaryimage"},"image":{"@id":"https:\/\/www.regionsaris.sk\/historia\/cierny-orol\/#primaryimage"},"thumbnailUrl":"https:\/\/www.regionsaris.sk\/wp-content\/uploads\/2026\/01\/Cierny-orol-600x400-1.jpg","datePublished":"2020-05-29T10:43:14+00:00","breadcrumb":{"@id":"https:\/\/www.regionsaris.sk\/historia\/cierny-orol\/#breadcrumb"},"inLanguage":"hu","potentialAction":[{"@type":"ReadAction","target":["https:\/\/www.regionsaris.sk\/historia\/cierny-orol\/"]}]},{"@type":"ImageObject","inLanguage":"hu","@id":"https:\/\/www.regionsaris.sk\/historia\/cierny-orol\/#primaryimage","url":"https:\/\/www.regionsaris.sk\/wp-content\/uploads\/2026\/01\/Cierny-orol-600x400-1.jpg","contentUrl":"https:\/\/www.regionsaris.sk\/wp-content\/uploads\/2026\/01\/Cierny-orol-600x400-1.jpg","width":600,"height":400},{"@type":"BreadcrumbList","@id":"https:\/\/www.regionsaris.sk\/historia\/cierny-orol\/#breadcrumb","itemListElement":[{"@type":"ListItem","position":1,"name":"Domov","item":"https:\/\/www.regionsaris.sk\/"},{"@type":"ListItem","position":2,"name":"Hist\u00f3ria regi\u00f3nu","item":"https:\/\/www.regionsaris.sk\/historia-regionu\/"},{"@type":"ListItem","position":3,"name":"\u010cierny orol"}]},{"@type":"WebSite","@id":"https:\/\/www.regionsaris.sk\/#website","url":"https:\/\/www.regionsaris.sk\/","name":"OOCR \u0160ari\u0161","description":"","potentialAction":[{"@type":"SearchAction","target":{"@type":"EntryPoint","urlTemplate":"https:\/\/www.regionsaris.sk\/?s={search_term_string}"},"query-input":{"@type":"PropertyValueSpecification","valueRequired":true,"valueName":"search_term_string"}}],"inLanguage":"hu"}]}},"_links":{"self":[{"href":"https:\/\/www.regionsaris.sk\/hu\/wp-json\/wp\/v2\/historia\/2038","targetHints":{"allow":["GET"]}}],"collection":[{"href":"https:\/\/www.regionsaris.sk\/hu\/wp-json\/wp\/v2\/historia"}],"about":[{"href":"https:\/\/www.regionsaris.sk\/hu\/wp-json\/wp\/v2\/types\/historia"}],"wp:featuredmedia":[{"embeddable":true,"href":"https:\/\/www.regionsaris.sk\/hu\/wp-json\/wp\/v2\/media\/1108"}],"wp:attachment":[{"href":"https:\/\/www.regionsaris.sk\/hu\/wp-json\/wp\/v2\/media?parent=2038"}],"wp:term":[{"taxonomy":"kategoria-poi","embeddable":true,"href":"https:\/\/www.regionsaris.sk\/hu\/wp-json\/wp\/v2\/kategoria-poi?post=2038"},{"taxonomy":"lokalita","embeddable":true,"href":"https:\/\/www.regionsaris.sk\/hu\/wp-json\/wp\/v2\/lokalita?post=2038"},{"taxonomy":"sezona-poi","embeddable":true,"href":"https:\/\/www.regionsaris.sk\/hu\/wp-json\/wp\/v2\/sezona-poi?post=2038"},{"taxonomy":"trvanie-vyletu","embeddable":true,"href":"https:\/\/www.regionsaris.sk\/hu\/wp-json\/wp\/v2\/trvanie-vyletu?post=2038"}],"curies":[{"name":"wp","href":"https:\/\/api.w.org\/{rel}","templated":true}]}}

A tér déli részén található a város reprezentatív épületeinek tömbje, amelyet ősidők óta Fekete Sasnak neveznek. A városi iratokban publicum diversorium (nyilvános vendéglő) néven említik. A megfelelő átalakítás és az udvaron új helyiségekkel való kiegészítés után a fogadó elsősorban a város tehetősebb látogatóit szolgálta ki, de a városlakók különböző alkalmakkor tartott összejöveteleire is. 1602-ben egy 28 ló befogadására alkalmas istállóval bővült, ami nagyon kényelmes volt a városon átutazó utazók számára. 1799-ben itt szállásolták el Alekszandr Vasziljevics Szuvorov tábornok tisztjeit, akit csapataival a Napóleon ellen harcoló osztrák hadsereg megsegítésére küldtek. 1806-ban az orosz hadsereg szállt meg a fogadóban Mihail Illarionovics Kutuzov tábornokkal, Szmolenszk hercegével együtt.
<h2>Fekete Sas a 19. században</h2>
A 19. század elejétől kezdve a fogadó egyre inkább különböző kulturális célokat szolgált. Az 1840-es években a fogadó udvarának hátsó részében épült a városi redoute kiállítási épülete. Štúr és J. M. Hurban, aki a császári hadseregben szolgáló szlovák önkéntesek élén érkezett Prešovba. Az átépítés után a Fekete Sas komplexumhoz tartozott a redut épület, a színház és a luxusszálló étteremmel és kávézóval. 1922-ben itt tartották a szlovákiai oktatásügyi dolgozók első kongresszusát, amelyet Vavro Šrobár akkori oktatási és nemzeti felvilágosító miniszter nyitott meg. Jelenleg a Fekete Sas (redoute) a városi kulturális és rekreációs park önkormányzati szervezet számára szolgál a város lakosainak kulturális és társadalmi élvezetére.

 

A Čierny orol épületéről az aloldalon is olvashat. <a href="https://www.pkopresov.sk/pko-cierny-orol.html">Fekete Sas</a>

Prešovban például a következő műemlékek láthatók: <a href="https://www.regionsaris.sk/hu/historia/konkatedrala-sv-mikulasa/">Szent Miklós székesegyház</a>, <a href="https://www.regionsaris.sk/hu/historia/neptunova-fontana/">Neptun szökőkút</a>, <a href="https://www.regionsaris.sk/hu/nabozensky_turizmus/muzeum-zidovskej-kultury-slovenske-narodne-muzeum/">Zsidó Kulturális Múzeum</a>, <a href="https://www.regionsaris.sk/hu/historia/bosakova-banka/">Bosakova Bank</a>, <a href="https://www.regionsaris.sk/hu/kategoria-aktivity/historia/mesta/">Florian Gate</a>, <a href="https://www.regionsaris.sk/hu/kultura-a-umenie/caraffova-vaznica/">Caraf börtöne</a>, <a href="https://www.regionsaris.sk/hu/historia/rakociho-palac-presov/">Rakoci palota</a>.

<!-- This site is optimized with the Yoast SEO Premium plugin v26.3 (Yoast SEO v26.8) - https://yoast.com/product/yoast-seo-premium-wordpress/ -->
<title>Čierny orol - OOCR Šariš</title>
<meta name="robots" content="index, follow, max-snippet:-1, max-image-preview:large, max-video-preview:-1" />
<link rel="canonical" href="https://www.regionsaris.sk/hu/historia/cierny-orol/" />
<meta property="og:locale" content="hu_HU" />
<meta property="og:type" content="article" />
<meta property="og:title" content="Čierny orol" />
<meta property="og:description" content="V južnej časti námestia je zasadený blok mestských reprezentačných budov, oddávna nazývaný Čierny orol. V..." />
<meta property="og:url" content="https://www.regionsaris.sk/hu/historia/cierny-orol/" />
<meta property="og:site_name" content="OOCR Šariš" />
<meta property="og:image" content="https://www.regionsaris.sk/wp-content/uploads/2026/01/Cierny-orol-600x400-1.jpg" />
	<meta property="og:image:width" content="600" />
	<meta property="og:image:height" content="400" />
	<meta property="og:image:type" content="image/jpeg" />
<meta name="twitter:card" content="summary_large_image" />
<meta name="twitter:label1" content="Becsült olvasási idő" />
	<meta name="twitter:data1" content="2 perc" />
<script type="application/ld+json" class="yoast-schema-graph">{"@context":"https://schema.org","@graph":[{"@type":"WebPage","@id":"https://www.regionsaris.sk/historia/cierny-orol/","url":"https://www.regionsaris.sk/historia/cierny-orol/","name":"Čierny orol - OOCR Šariš","isPartOf":{"@id":"https://www.regionsaris.sk/#website"},"primaryImageOfPage":{"@id":"https://www.regionsaris.sk/historia/cierny-orol/#primaryimage"},"image":{"@id":"https://www.regionsaris.sk/historia/cierny-orol/#primaryimage"},"thumbnailUrl":"https://www.regionsaris.sk/wp-content/uploads/2026/01/Cierny-orol-600x400-1.jpg","datePublished":"2020-05-29T10:43:14+00:00","breadcrumb":{"@id":"https://www.regionsaris.sk/historia/cierny-orol/#breadcrumb"},"inLanguage":"hu","potentialAction":[{"@type":"ReadAction","target":["https://www.regionsaris.sk/historia/cierny-orol/"]}]},{"@type":"ImageObject","inLanguage":"hu","@id":"https://www.regionsaris.sk/historia/cierny-orol/#primaryimage","url":"https://www.regionsaris.sk/wp-content/uploads/2026/01/Cierny-orol-600x400-1.jpg","contentUrl":"https://www.regionsaris.sk/wp-content/uploads/2026/01/Cierny-orol-600x400-1.jpg","width":600,"height":400},{"@type":"BreadcrumbList","@id":"https://www.regionsaris.sk/historia/cierny-orol/#breadcrumb","itemListElement":[{"@type":"ListItem","position":1,"name":"Domov","item":"https://www.regionsaris.sk/"},{"@type":"ListItem","position":2,"name":"História regiónu","item":"https://www.regionsaris.sk/historia-regionu/"},{"@type":"ListItem","position":3,"name":"Čierny orol"}]},{"@type":"WebSite","@id":"https://www.regionsaris.sk/#website","url":"https://www.regionsaris.sk/","name":"OOCR Šariš","description":"","potentialAction":[{"@type":"SearchAction","target":{"@type":"EntryPoint","urlTemplate":"https://www.regionsaris.sk/?s={search_term_string}"},"query-input":{"@type":"PropertyValueSpecification","valueRequired":true,"valueName":"search_term_string"}}],"inLanguage":"hu"}]}</script>
<!-- / Yoast SEO Premium plugin. -->

Čierny orol - OOCR Šariš

Čierny orol

V južnej časti námestia je zasadený blok mestských reprezentačných budov, oddávna nazývaný Čierny orol. V...

OOCR Šariš

História regiónu
