{"id":2035,"date":"2020-05-29T11:21:12","date_gmt":"2020-05-29T10:21:12","guid":{"rendered":"https:\/\/www.regionsaris.sk\/historia\/florianova-brana\/"},"modified":"2020-05-29T11:21:12","modified_gmt":"2020-05-29T10:21:12","slug":"florianova-brana","status":"publish","type":"historia","link":"https:\/\/www.regionsaris.sk\/hu\/historia\/florianova-brana\/","title":{"rendered":"Fl\u00f3ri\u00e1n kapuja"},"content":{"rendered":"<p>A 15. sz\u00e1zad els\u0151 fel\u00e9ben \u00e9p\u00fclt az \u00faj falak r\u00e9szek\u00e9nt. K\u00edv\u00fclr\u0151l ezeket a falakat egy vizes\u00e1rok v\u00e9dte, amelyen kereszt\u00fcl a Malom\u00e1rok egy r\u00e9sze folyt. A harci technol\u00f3gia fejl\u0151d\u00e9s\u00e9nek k\u00f6sz\u00f6nhet\u0151en a kaput teljes b\u00e1sty\u00e1v\u00e1 \u00e9p\u00edtett\u00e9k \u00e1t, massz\u00edv t\u00fcz\u00e9rs\u00e9gi b\u00e1sty\u00e1val, amelynek tereit f\u00f6lddel t\u00f6lt\u00f6tt\u00e9k ki. A kapu leg\u00e1tfog\u00f3bb \u00e1t\u00e9p\u00edt\u00e9s\u00e9re 1808-ban ker\u00fclt sor, amikor a kapu v\u00e9delmi jelleg\u00e9t teljesen megsz\u00fcntett\u00e9k. A fal k\u00e9t szomsz\u00e9dos r\u00e9sz\u00e9vel egy\u00fctt az \u00fajonnan l\u00e9tes\u00edtett v\u00e1rosi k\u00f3rh\u00e1z c\u00e9ljaira alak\u00edtott\u00e1k \u00e1t. A Szent Fl\u00f3ri\u00e1nt \u00e1br\u00e1zol\u00f3 falfestm\u00e9ny is megs\u00e9r\u00fclt. Ezt a festm\u00e9nyt 1915-ben szinte teljesen megsemmis\u00edtett\u00e9k, \u00e9s a hely\u00e9re Max Kurth pre\u0161ovi fest\u0151m\u0171v\u00e9sz \u00faj szentk\u00e9p\u00e9t \u00e1ll\u00edtott\u00e1k. \u0150 Szent Fl\u00f3ri\u00e1nt tipikus ikonogr\u00e1fiai \u00e1br\u00e1zol\u00e1sban \u00e1br\u00e1zolta, azaz katonai sisakban, z\u00e1szl\u00f3val, mik\u00f6zben t\u00fczet olt, a h\u00e1tt\u00e9rben a pl\u00e9b\u00e1nia \u00e9s a ferences templomok sziluettjeivel, valamint az Ev. Koll\u00e9gium \u00e9p\u00fclet\u00e9vel. A Fl\u00f3ri\u00e1n-kapu legut\u00f3bbi, 1979-es \u00e1tfog\u00f3 \u00e1t\u00e9p\u00edt\u00e9se sor\u00e1n a folyos\u00f3 dombor\u00fa boltozat\u00e1t m\u00f3dos\u00edtott\u00e1k, a keleti homlokzaton l\u00e9v\u0151 ablakokat eredeti m\u00e9ret\u00fckre cs\u00f6kkentett\u00e9k, \u00e9s a teljes d\u00edsz\u00edt\u00e9st fel\u00faj\u00edtott\u00e1k. 1973-ban a nyugati homlokzaton eml\u00e9kt\u00e1bl\u00e1t avattak, amely a 17. sz\u00e1zadi Pre\u0161ov v\u00e1rosi csillagvizsg\u00e1l\u00f3 eredeti hely\u00e9t jelzi.<\/p>","protected":false},"featured_media":1098,"template":"","meta":{"_acf_changed":false},"kategoria-poi":[105,104,102,107],"lokalita":[26],"sezona-poi":[],"trvanie-vyletu":[],"class_list":["post-2035","historia","type-historia","status-publish","has-post-thumbnail","hentry","kategoria-poi-historia","kategoria-poi-mesta","kategoria-poi-prirodne-krasy","kategoria-poi-turistika","lokalita-mesto-presov"],"acf":[],"yoast_head":"<!-- This site is optimized with the Yoast SEO Premium plugin v26.3 (Yoast SEO v26.8) - https:\/\/yoast.com\/product\/yoast-seo-premium-wordpress\/ -->\n<title>Flori\u00e1nova br\u00e1na - OOCR \u0160ari\u0161<\/title>\n<meta name=\"robots\" content=\"index, follow, max-snippet:-1, max-image-preview:large, max-video-preview:-1\" \/>\n<link rel=\"canonical\" href=\"https:\/\/www.regionsaris.sk\/hu\/historia\/florianova-brana\/\" \/>\n<meta property=\"og:locale\" content=\"hu_HU\" \/>\n<meta property=\"og:type\" content=\"article\" \/>\n<meta property=\"og:title\" content=\"Flori\u00e1nova br\u00e1na\" \/>\n<meta property=\"og:description\" content=\"Postaven\u00e1 bola v prvej polovici 15. st. ako s\u00fa\u010das\u0165 nov\u00fdch hradieb. Z vonkaj\u0161ej strany boli...\" \/>\n<meta property=\"og:url\" content=\"https:\/\/www.regionsaris.sk\/hu\/historia\/florianova-brana\/\" \/>\n<meta property=\"og:site_name\" content=\"OOCR \u0160ari\u0161\" \/>\n<meta property=\"og:image\" content=\"https:\/\/www.regionsaris.sk\/wp-content\/uploads\/2026\/01\/Florianova-brana-600x400-1.jpg\" \/>\n\t<meta property=\"og:image:width\" content=\"600\" \/>\n\t<meta property=\"og:image:height\" content=\"400\" \/>\n\t<meta property=\"og:image:type\" content=\"image\/jpeg\" \/>\n<meta name=\"twitter:card\" content=\"summary_large_image\" \/>\n<meta name=\"twitter:label1\" content=\"Becs\u00fclt olvas\u00e1si id\u0151\" \/>\n\t<meta name=\"twitter:data1\" content=\"1 perc\" \/>\n<script type=\"application\/ld+json\" class=\"yoast-schema-graph\">{\"@context\":\"https:\/\/schema.org\",\"@graph\":[{\"@type\":\"WebPage\",\"@id\":\"https:\/\/www.regionsaris.sk\/historia\/florianova-brana\/\",\"url\":\"https:\/\/www.regionsaris.sk\/historia\/florianova-brana\/\",\"name\":\"Flori\u00e1nova br\u00e1na - OOCR \u0160ari\u0161\",\"isPartOf\":{\"@id\":\"https:\/\/www.regionsaris.sk\/#website\"},\"primaryImageOfPage\":{\"@id\":\"https:\/\/www.regionsaris.sk\/historia\/florianova-brana\/#primaryimage\"},\"image\":{\"@id\":\"https:\/\/www.regionsaris.sk\/historia\/florianova-brana\/#primaryimage\"},\"thumbnailUrl\":\"https:\/\/www.regionsaris.sk\/wp-content\/uploads\/2026\/01\/Florianova-brana-600x400-1.jpg\",\"datePublished\":\"2020-05-29T10:21:12+00:00\",\"breadcrumb\":{\"@id\":\"https:\/\/www.regionsaris.sk\/historia\/florianova-brana\/#breadcrumb\"},\"inLanguage\":\"hu\",\"potentialAction\":[{\"@type\":\"ReadAction\",\"target\":[\"https:\/\/www.regionsaris.sk\/historia\/florianova-brana\/\"]}]},{\"@type\":\"ImageObject\",\"inLanguage\":\"hu\",\"@id\":\"https:\/\/www.regionsaris.sk\/historia\/florianova-brana\/#primaryimage\",\"url\":\"https:\/\/www.regionsaris.sk\/wp-content\/uploads\/2026\/01\/Florianova-brana-600x400-1.jpg\",\"contentUrl\":\"https:\/\/www.regionsaris.sk\/wp-content\/uploads\/2026\/01\/Florianova-brana-600x400-1.jpg\",\"width\":600,\"height\":400},{\"@type\":\"BreadcrumbList\",\"@id\":\"https:\/\/www.regionsaris.sk\/historia\/florianova-brana\/#breadcrumb\",\"itemListElement\":[{\"@type\":\"ListItem\",\"position\":1,\"name\":\"Domov\",\"item\":\"https:\/\/www.regionsaris.sk\/\"},{\"@type\":\"ListItem\",\"position\":2,\"name\":\"Hist\u00f3ria regi\u00f3nu\",\"item\":\"https:\/\/www.regionsaris.sk\/historia-regionu\/\"},{\"@type\":\"ListItem\",\"position\":3,\"name\":\"Flori\u00e1nova br\u00e1na\"}]},{\"@type\":\"WebSite\",\"@id\":\"https:\/\/www.regionsaris.sk\/#website\",\"url\":\"https:\/\/www.regionsaris.sk\/\",\"name\":\"OOCR \u0160ari\u0161\",\"description\":\"\",\"potentialAction\":[{\"@type\":\"SearchAction\",\"target\":{\"@type\":\"EntryPoint\",\"urlTemplate\":\"https:\/\/www.regionsaris.sk\/?s={search_term_string}\"},\"query-input\":{\"@type\":\"PropertyValueSpecification\",\"valueRequired\":true,\"valueName\":\"search_term_string\"}}],\"inLanguage\":\"hu\"}]}<\/script>\n<!-- \/ Yoast SEO Premium plugin. -->","yoast_head_json":{"title":"Flori\u00e1nova br\u00e1na - OOCR \u0160ari\u0161","robots":{"index":"index","follow":"follow","max-snippet":"max-snippet:-1","max-image-preview":"max-image-preview:large","max-video-preview":"max-video-preview:-1"},"canonical":"https:\/\/www.regionsaris.sk\/hu\/historia\/florianova-brana\/","og_locale":"hu_HU","og_type":"article","og_title":"Flori\u00e1nova br\u00e1na","og_description":"Postaven\u00e1 bola v prvej polovici 15. st. ako s\u00fa\u010das\u0165 nov\u00fdch hradieb. Z vonkaj\u0161ej strany boli...","og_url":"https:\/\/www.regionsaris.sk\/hu\/historia\/florianova-brana\/","og_site_name":"OOCR \u0160ari\u0161","og_image":[{"width":600,"height":400,"url":"https:\/\/www.regionsaris.sk\/wp-content\/uploads\/2026\/01\/Florianova-brana-600x400-1.jpg","type":"image\/jpeg"}],"twitter_card":"summary_large_image","twitter_misc":{"Becs\u00fclt olvas\u00e1si id\u0151":"1 perc"},"schema":{"@context":"https:\/\/schema.org","@graph":[{"@type":"WebPage","@id":"https:\/\/www.regionsaris.sk\/historia\/florianova-brana\/","url":"https:\/\/www.regionsaris.sk\/historia\/florianova-brana\/","name":"Flori\u00e1nova br\u00e1na - OOCR \u0160ari\u0161","isPartOf":{"@id":"https:\/\/www.regionsaris.sk\/#website"},"primaryImageOfPage":{"@id":"https:\/\/www.regionsaris.sk\/historia\/florianova-brana\/#primaryimage"},"image":{"@id":"https:\/\/www.regionsaris.sk\/historia\/florianova-brana\/#primaryimage"},"thumbnailUrl":"https:\/\/www.regionsaris.sk\/wp-content\/uploads\/2026\/01\/Florianova-brana-600x400-1.jpg","datePublished":"2020-05-29T10:21:12+00:00","breadcrumb":{"@id":"https:\/\/www.regionsaris.sk\/historia\/florianova-brana\/#breadcrumb"},"inLanguage":"hu","potentialAction":[{"@type":"ReadAction","target":["https:\/\/www.regionsaris.sk\/historia\/florianova-brana\/"]}]},{"@type":"ImageObject","inLanguage":"hu","@id":"https:\/\/www.regionsaris.sk\/historia\/florianova-brana\/#primaryimage","url":"https:\/\/www.regionsaris.sk\/wp-content\/uploads\/2026\/01\/Florianova-brana-600x400-1.jpg","contentUrl":"https:\/\/www.regionsaris.sk\/wp-content\/uploads\/2026\/01\/Florianova-brana-600x400-1.jpg","width":600,"height":400},{"@type":"BreadcrumbList","@id":"https:\/\/www.regionsaris.sk\/historia\/florianova-brana\/#breadcrumb","itemListElement":[{"@type":"ListItem","position":1,"name":"Domov","item":"https:\/\/www.regionsaris.sk\/"},{"@type":"ListItem","position":2,"name":"Hist\u00f3ria regi\u00f3nu","item":"https:\/\/www.regionsaris.sk\/historia-regionu\/"},{"@type":"ListItem","position":3,"name":"Flori\u00e1nova br\u00e1na"}]},{"@type":"WebSite","@id":"https:\/\/www.regionsaris.sk\/#website","url":"https:\/\/www.regionsaris.sk\/","name":"OOCR \u0160ari\u0161","description":"","potentialAction":[{"@type":"SearchAction","target":{"@type":"EntryPoint","urlTemplate":"https:\/\/www.regionsaris.sk\/?s={search_term_string}"},"query-input":{"@type":"PropertyValueSpecification","valueRequired":true,"valueName":"search_term_string"}}],"inLanguage":"hu"}]}},"_links":{"self":[{"href":"https:\/\/www.regionsaris.sk\/hu\/wp-json\/wp\/v2\/historia\/2035","targetHints":{"allow":["GET"]}}],"collection":[{"href":"https:\/\/www.regionsaris.sk\/hu\/wp-json\/wp\/v2\/historia"}],"about":[{"href":"https:\/\/www.regionsaris.sk\/hu\/wp-json\/wp\/v2\/types\/historia"}],"wp:featuredmedia":[{"embeddable":true,"href":"https:\/\/www.regionsaris.sk\/hu\/wp-json\/wp\/v2\/media\/1098"}],"wp:attachment":[{"href":"https:\/\/www.regionsaris.sk\/hu\/wp-json\/wp\/v2\/media?parent=2035"}],"wp:term":[{"taxonomy":"kategoria-poi","embeddable":true,"href":"https:\/\/www.regionsaris.sk\/hu\/wp-json\/wp\/v2\/kategoria-poi?post=2035"},{"taxonomy":"lokalita","embeddable":true,"href":"https:\/\/www.regionsaris.sk\/hu\/wp-json\/wp\/v2\/lokalita?post=2035"},{"taxonomy":"sezona-poi","embeddable":true,"href":"https:\/\/www.regionsaris.sk\/hu\/wp-json\/wp\/v2\/sezona-poi?post=2035"},{"taxonomy":"trvanie-vyletu","embeddable":true,"href":"https:\/\/www.regionsaris.sk\/hu\/wp-json\/wp\/v2\/trvanie-vyletu?post=2035"}],"curies":[{"name":"wp","href":"https:\/\/api.w.org\/{rel}","templated":true}]}}

Flórián kapuja

<p>A 15. század első felében épült az új falak részeként. Kívülről ezeket a falakat egy vizesárok védte, amelyen keresztül a Malomárok egy része folyt. A harci technológia fejlődésének köszönhetően a kaput teljes bástyává építették át, masszív tüzérségi bástyával, amelynek tereit földdel töltötték ki. A kapu legátfogóbb átépítésére 1808-ban került sor, amikor a kapu védelmi jellegét teljesen megszüntették. A fal két szomszédos részével együtt az újonnan létesített városi kórház céljaira alakították át. A Szent Flóriánt ábrázoló falfestmény is megsérült. Ezt a festményt 1915-ben szinte teljesen megsemmisítették, és a helyére Max Kurth prešovi festőművész új szentképét állították. Ő Szent Flóriánt tipikus ikonográfiai ábrázolásban ábrázolta, azaz katonai sisakban, zászlóval, miközben tüzet olt, a háttérben a plébánia és a ferences templomok sziluettjeivel, valamint az Ev. Kollégium épületével. A Flórián-kapu legutóbbi, 1979-es átfogó átépítése során a folyosó domború boltozatát módosították, a keleti homlokzaton lévő ablakokat eredeti méretükre csökkentették, és a teljes díszítést felújították. 1973-ban a nyugati homlokzaton emléktáblát avattak, amely a 17. századi Prešov városi csillagvizsgáló eredeti helyét jelzi.</p>

<!-- This site is optimized with the Yoast SEO Premium plugin v26.3 (Yoast SEO v26.8) - https://yoast.com/product/yoast-seo-premium-wordpress/ -->
<title>Floriánova brána - OOCR Šariš</title>
<meta name="robots" content="index, follow, max-snippet:-1, max-image-preview:large, max-video-preview:-1" />
<link rel="canonical" href="https://www.regionsaris.sk/hu/historia/florianova-brana/" />
<meta property="og:locale" content="hu_HU" />
<meta property="og:type" content="article" />
<meta property="og:title" content="Floriánova brána" />
<meta property="og:description" content="Postavená bola v prvej polovici 15. st. ako súčasť nových hradieb. Z vonkajšej strany boli..." />
<meta property="og:url" content="https://www.regionsaris.sk/hu/historia/florianova-brana/" />
<meta property="og:site_name" content="OOCR Šariš" />
<meta property="og:image" content="https://www.regionsaris.sk/wp-content/uploads/2026/01/Florianova-brana-600x400-1.jpg" />
	<meta property="og:image:width" content="600" />
	<meta property="og:image:height" content="400" />
	<meta property="og:image:type" content="image/jpeg" />
<meta name="twitter:card" content="summary_large_image" />
<meta name="twitter:label1" content="Becsült olvasási idő" />
	<meta name="twitter:data1" content="1 perc" />
<script type="application/ld+json" class="yoast-schema-graph">{"@context":"https://schema.org","@graph":[{"@type":"WebPage","@id":"https://www.regionsaris.sk/historia/florianova-brana/","url":"https://www.regionsaris.sk/historia/florianova-brana/","name":"Floriánova brána - OOCR Šariš","isPartOf":{"@id":"https://www.regionsaris.sk/#website"},"primaryImageOfPage":{"@id":"https://www.regionsaris.sk/historia/florianova-brana/#primaryimage"},"image":{"@id":"https://www.regionsaris.sk/historia/florianova-brana/#primaryimage"},"thumbnailUrl":"https://www.regionsaris.sk/wp-content/uploads/2026/01/Florianova-brana-600x400-1.jpg","datePublished":"2020-05-29T10:21:12+00:00","breadcrumb":{"@id":"https://www.regionsaris.sk/historia/florianova-brana/#breadcrumb"},"inLanguage":"hu","potentialAction":[{"@type":"ReadAction","target":["https://www.regionsaris.sk/historia/florianova-brana/"]}]},{"@type":"ImageObject","inLanguage":"hu","@id":"https://www.regionsaris.sk/historia/florianova-brana/#primaryimage","url":"https://www.regionsaris.sk/wp-content/uploads/2026/01/Florianova-brana-600x400-1.jpg","contentUrl":"https://www.regionsaris.sk/wp-content/uploads/2026/01/Florianova-brana-600x400-1.jpg","width":600,"height":400},{"@type":"BreadcrumbList","@id":"https://www.regionsaris.sk/historia/florianova-brana/#breadcrumb","itemListElement":[{"@type":"ListItem","position":1,"name":"Domov","item":"https://www.regionsaris.sk/"},{"@type":"ListItem","position":2,"name":"História regiónu","item":"https://www.regionsaris.sk/historia-regionu/"},{"@type":"ListItem","position":3,"name":"Floriánova brána"}]},{"@type":"WebSite","@id":"https://www.regionsaris.sk/#website","url":"https://www.regionsaris.sk/","name":"OOCR Šariš","description":"","potentialAction":[{"@type":"SearchAction","target":{"@type":"EntryPoint","urlTemplate":"https://www.regionsaris.sk/?s={search_term_string}"},"query-input":{"@type":"PropertyValueSpecification","valueRequired":true,"valueName":"search_term_string"}}],"inLanguage":"hu"}]}</script>
<!-- / Yoast SEO Premium plugin. -->

Floriánova brána - OOCR Šariš

Floriánova brána

Postavená bola v prvej polovici 15. st. ako súčasť nových hradieb. Z vonkajšej strany boli...

OOCR Šariš

História regiónu
