{"id":2028,"date":"2020-05-29T10:02:26","date_gmt":"2020-05-29T09:02:26","guid":{"rendered":"https:\/\/www.regionsaris.sk\/historia\/stara-mestska-skola\/"},"modified":"2020-05-29T10:02:26","modified_gmt":"2020-05-29T09:02:26","slug":"stara-mestska-skola","status":"publish","type":"historia","link":"https:\/\/www.regionsaris.sk\/hu\/historia\/stara-mestska-skola\/","title":{"rendered":"\u00d3v\u00e1rosi iskola"},"content":{"rendered":"<p>A b\u00e9csi egyetem anyak\u00f6nyvei m\u00e1r 1415-ben eml\u00edtik az els\u0151 pre\u0161ovi di\u00e1kot. Az iskola magas sz\u00ednvonal\u00e1t a k\u00f6z\u00e9pkorban bizony\u00edtja, hogy sz\u00e1mos v\u00e9gz\u0151s di\u00e1kja k\u00fcl\u00f6nb\u00f6z\u0151 k\u00fclf\u00f6ldi egyetemeken tanult B\u00e9csben, Krakk\u00f3ban vagy olasz v\u00e1rosokban. Az Evang\u00e9likus Koll\u00e9gium fel\u00e9p\u00edt\u00e9se \u00e9s a rendszeres tan\u00edt\u00e1s 1667-es megkezd\u00e9se ut\u00e1n a v\u00e1rosi iskola megsz\u0171nt. A v\u00e1ros 1673-t\u00f3l jezsuita gimn\u00e1ziumnak adott otthont. A 19. sz\u00e1zad utols\u00f3 harmad\u00e1t\u00f3l kir\u00e1lyi katolikus gimn\u00e1ziumm\u00e1 alakult \u00e1t. A r\u00e9gi v\u00e1rosi iskola \u00e9p\u00fclete a m\u00faltban k\u00fcl\u00f6nb\u00f6z\u0151 c\u00e9lokat szolg\u00e1lt, ma a P. O. Hviezdoslav Region\u00e1lis K\u00f6nyvt\u00e1rnak szolg\u00e1l.<\/p>","protected":false},"featured_media":1072,"template":"","meta":{"_acf_changed":false},"kategoria-poi":[105,104,102,107],"lokalita":[26],"sezona-poi":[],"trvanie-vyletu":[],"class_list":["post-2028","historia","type-historia","status-publish","has-post-thumbnail","hentry","kategoria-poi-historia","kategoria-poi-mesta","kategoria-poi-prirodne-krasy","kategoria-poi-turistika","lokalita-mesto-presov"],"acf":[],"yoast_head":"<!-- This site is optimized with the Yoast SEO Premium plugin v26.3 (Yoast SEO v26.8) - https:\/\/yoast.com\/product\/yoast-seo-premium-wordpress\/ -->\n<title>Star\u00e1 mestsk\u00e1 \u0161kola - OOCR \u0160ari\u0161<\/title>\n<meta name=\"robots\" content=\"index, follow, max-snippet:-1, max-image-preview:large, max-video-preview:-1\" \/>\n<link rel=\"canonical\" href=\"https:\/\/www.regionsaris.sk\/hu\/historia\/stara-mestska-skola\/\" \/>\n<meta property=\"og:locale\" content=\"hu_HU\" \/>\n<meta property=\"og:type\" content=\"article\" \/>\n<meta property=\"og:title\" content=\"Star\u00e1 mestsk\u00e1 \u0161kola\" \/>\n<meta property=\"og:description\" content=\"U\u017e v roku 1415 uv\u00e1dzaj\u00fa matriky viedenskej univerzity prv\u00e9ho \u0161tudenta z Pre\u0161ova. Vysok\u00fa \u00farove\u0148 \u0161koly...\" \/>\n<meta property=\"og:url\" content=\"https:\/\/www.regionsaris.sk\/hu\/historia\/stara-mestska-skola\/\" \/>\n<meta property=\"og:site_name\" content=\"OOCR \u0160ari\u0161\" \/>\n<meta property=\"og:image\" content=\"https:\/\/www.regionsaris.sk\/wp-content\/uploads\/2026\/01\/Stara-mestska-skola-600x400-1.jpg\" \/>\n\t<meta property=\"og:image:width\" content=\"600\" \/>\n\t<meta property=\"og:image:height\" content=\"400\" \/>\n\t<meta property=\"og:image:type\" content=\"image\/jpeg\" \/>\n<meta name=\"twitter:card\" content=\"summary_large_image\" \/>\n<meta name=\"twitter:label1\" content=\"Becs\u00fclt olvas\u00e1si id\u0151\" \/>\n\t<meta name=\"twitter:data1\" content=\"1 perc\" \/>\n<script type=\"application\/ld+json\" class=\"yoast-schema-graph\">{\"@context\":\"https:\/\/schema.org\",\"@graph\":[{\"@type\":\"WebPage\",\"@id\":\"https:\/\/www.regionsaris.sk\/historia\/stara-mestska-skola\/\",\"url\":\"https:\/\/www.regionsaris.sk\/historia\/stara-mestska-skola\/\",\"name\":\"Star\u00e1 mestsk\u00e1 \u0161kola - OOCR \u0160ari\u0161\",\"isPartOf\":{\"@id\":\"https:\/\/www.regionsaris.sk\/#website\"},\"primaryImageOfPage\":{\"@id\":\"https:\/\/www.regionsaris.sk\/historia\/stara-mestska-skola\/#primaryimage\"},\"image\":{\"@id\":\"https:\/\/www.regionsaris.sk\/historia\/stara-mestska-skola\/#primaryimage\"},\"thumbnailUrl\":\"https:\/\/www.regionsaris.sk\/wp-content\/uploads\/2026\/01\/Stara-mestska-skola-600x400-1.jpg\",\"datePublished\":\"2020-05-29T09:02:26+00:00\",\"breadcrumb\":{\"@id\":\"https:\/\/www.regionsaris.sk\/historia\/stara-mestska-skola\/#breadcrumb\"},\"inLanguage\":\"hu\",\"potentialAction\":[{\"@type\":\"ReadAction\",\"target\":[\"https:\/\/www.regionsaris.sk\/historia\/stara-mestska-skola\/\"]}]},{\"@type\":\"ImageObject\",\"inLanguage\":\"hu\",\"@id\":\"https:\/\/www.regionsaris.sk\/historia\/stara-mestska-skola\/#primaryimage\",\"url\":\"https:\/\/www.regionsaris.sk\/wp-content\/uploads\/2026\/01\/Stara-mestska-skola-600x400-1.jpg\",\"contentUrl\":\"https:\/\/www.regionsaris.sk\/wp-content\/uploads\/2026\/01\/Stara-mestska-skola-600x400-1.jpg\",\"width\":600,\"height\":400},{\"@type\":\"BreadcrumbList\",\"@id\":\"https:\/\/www.regionsaris.sk\/historia\/stara-mestska-skola\/#breadcrumb\",\"itemListElement\":[{\"@type\":\"ListItem\",\"position\":1,\"name\":\"Domov\",\"item\":\"https:\/\/www.regionsaris.sk\/\"},{\"@type\":\"ListItem\",\"position\":2,\"name\":\"Hist\u00f3ria regi\u00f3nu\",\"item\":\"https:\/\/www.regionsaris.sk\/historia-regionu\/\"},{\"@type\":\"ListItem\",\"position\":3,\"name\":\"Star\u00e1 mestsk\u00e1 \u0161kola\"}]},{\"@type\":\"WebSite\",\"@id\":\"https:\/\/www.regionsaris.sk\/#website\",\"url\":\"https:\/\/www.regionsaris.sk\/\",\"name\":\"OOCR \u0160ari\u0161\",\"description\":\"\",\"potentialAction\":[{\"@type\":\"SearchAction\",\"target\":{\"@type\":\"EntryPoint\",\"urlTemplate\":\"https:\/\/www.regionsaris.sk\/?s={search_term_string}\"},\"query-input\":{\"@type\":\"PropertyValueSpecification\",\"valueRequired\":true,\"valueName\":\"search_term_string\"}}],\"inLanguage\":\"hu\"}]}<\/script>\n<!-- \/ Yoast SEO Premium plugin. -->","yoast_head_json":{"title":"Star\u00e1 mestsk\u00e1 \u0161kola - OOCR \u0160ari\u0161","robots":{"index":"index","follow":"follow","max-snippet":"max-snippet:-1","max-image-preview":"max-image-preview:large","max-video-preview":"max-video-preview:-1"},"canonical":"https:\/\/www.regionsaris.sk\/hu\/historia\/stara-mestska-skola\/","og_locale":"hu_HU","og_type":"article","og_title":"Star\u00e1 mestsk\u00e1 \u0161kola","og_description":"U\u017e v roku 1415 uv\u00e1dzaj\u00fa matriky viedenskej univerzity prv\u00e9ho \u0161tudenta z Pre\u0161ova. Vysok\u00fa \u00farove\u0148 \u0161koly...","og_url":"https:\/\/www.regionsaris.sk\/hu\/historia\/stara-mestska-skola\/","og_site_name":"OOCR \u0160ari\u0161","og_image":[{"width":600,"height":400,"url":"https:\/\/www.regionsaris.sk\/wp-content\/uploads\/2026\/01\/Stara-mestska-skola-600x400-1.jpg","type":"image\/jpeg"}],"twitter_card":"summary_large_image","twitter_misc":{"Becs\u00fclt olvas\u00e1si id\u0151":"1 perc"},"schema":{"@context":"https:\/\/schema.org","@graph":[{"@type":"WebPage","@id":"https:\/\/www.regionsaris.sk\/historia\/stara-mestska-skola\/","url":"https:\/\/www.regionsaris.sk\/historia\/stara-mestska-skola\/","name":"Star\u00e1 mestsk\u00e1 \u0161kola - OOCR \u0160ari\u0161","isPartOf":{"@id":"https:\/\/www.regionsaris.sk\/#website"},"primaryImageOfPage":{"@id":"https:\/\/www.regionsaris.sk\/historia\/stara-mestska-skola\/#primaryimage"},"image":{"@id":"https:\/\/www.regionsaris.sk\/historia\/stara-mestska-skola\/#primaryimage"},"thumbnailUrl":"https:\/\/www.regionsaris.sk\/wp-content\/uploads\/2026\/01\/Stara-mestska-skola-600x400-1.jpg","datePublished":"2020-05-29T09:02:26+00:00","breadcrumb":{"@id":"https:\/\/www.regionsaris.sk\/historia\/stara-mestska-skola\/#breadcrumb"},"inLanguage":"hu","potentialAction":[{"@type":"ReadAction","target":["https:\/\/www.regionsaris.sk\/historia\/stara-mestska-skola\/"]}]},{"@type":"ImageObject","inLanguage":"hu","@id":"https:\/\/www.regionsaris.sk\/historia\/stara-mestska-skola\/#primaryimage","url":"https:\/\/www.regionsaris.sk\/wp-content\/uploads\/2026\/01\/Stara-mestska-skola-600x400-1.jpg","contentUrl":"https:\/\/www.regionsaris.sk\/wp-content\/uploads\/2026\/01\/Stara-mestska-skola-600x400-1.jpg","width":600,"height":400},{"@type":"BreadcrumbList","@id":"https:\/\/www.regionsaris.sk\/historia\/stara-mestska-skola\/#breadcrumb","itemListElement":[{"@type":"ListItem","position":1,"name":"Domov","item":"https:\/\/www.regionsaris.sk\/"},{"@type":"ListItem","position":2,"name":"Hist\u00f3ria regi\u00f3nu","item":"https:\/\/www.regionsaris.sk\/historia-regionu\/"},{"@type":"ListItem","position":3,"name":"Star\u00e1 mestsk\u00e1 \u0161kola"}]},{"@type":"WebSite","@id":"https:\/\/www.regionsaris.sk\/#website","url":"https:\/\/www.regionsaris.sk\/","name":"OOCR \u0160ari\u0161","description":"","potentialAction":[{"@type":"SearchAction","target":{"@type":"EntryPoint","urlTemplate":"https:\/\/www.regionsaris.sk\/?s={search_term_string}"},"query-input":{"@type":"PropertyValueSpecification","valueRequired":true,"valueName":"search_term_string"}}],"inLanguage":"hu"}]}},"_links":{"self":[{"href":"https:\/\/www.regionsaris.sk\/hu\/wp-json\/wp\/v2\/historia\/2028","targetHints":{"allow":["GET"]}}],"collection":[{"href":"https:\/\/www.regionsaris.sk\/hu\/wp-json\/wp\/v2\/historia"}],"about":[{"href":"https:\/\/www.regionsaris.sk\/hu\/wp-json\/wp\/v2\/types\/historia"}],"wp:featuredmedia":[{"embeddable":true,"href":"https:\/\/www.regionsaris.sk\/hu\/wp-json\/wp\/v2\/media\/1072"}],"wp:attachment":[{"href":"https:\/\/www.regionsaris.sk\/hu\/wp-json\/wp\/v2\/media?parent=2028"}],"wp:term":[{"taxonomy":"kategoria-poi","embeddable":true,"href":"https:\/\/www.regionsaris.sk\/hu\/wp-json\/wp\/v2\/kategoria-poi?post=2028"},{"taxonomy":"lokalita","embeddable":true,"href":"https:\/\/www.regionsaris.sk\/hu\/wp-json\/wp\/v2\/lokalita?post=2028"},{"taxonomy":"sezona-poi","embeddable":true,"href":"https:\/\/www.regionsaris.sk\/hu\/wp-json\/wp\/v2\/sezona-poi?post=2028"},{"taxonomy":"trvanie-vyletu","embeddable":true,"href":"https:\/\/www.regionsaris.sk\/hu\/wp-json\/wp\/v2\/trvanie-vyletu?post=2028"}],"curies":[{"name":"wp","href":"https:\/\/api.w.org\/{rel}","templated":true}]}}

Óvárosi iskola

<p>A bécsi egyetem anyakönyvei már 1415-ben említik az első prešovi diákot. Az iskola magas színvonalát a középkorban bizonyítja, hogy számos végzős diákja különböző külföldi egyetemeken tanult Bécsben, Krakkóban vagy olasz városokban. Az Evangélikus Kollégium felépítése és a rendszeres tanítás 1667-es megkezdése után a városi iskola megszűnt. A város 1673-tól jezsuita gimnáziumnak adott otthont. A 19. század utolsó harmadától királyi katolikus gimnáziummá alakult át. A régi városi iskola épülete a múltban különböző célokat szolgált, ma a P. O. Hviezdoslav Regionális Könyvtárnak szolgál.</p>

<!-- This site is optimized with the Yoast SEO Premium plugin v26.3 (Yoast SEO v26.8) - https://yoast.com/product/yoast-seo-premium-wordpress/ -->
<title>Stará mestská škola - OOCR Šariš</title>
<meta name="robots" content="index, follow, max-snippet:-1, max-image-preview:large, max-video-preview:-1" />
<link rel="canonical" href="https://www.regionsaris.sk/hu/historia/stara-mestska-skola/" />
<meta property="og:locale" content="hu_HU" />
<meta property="og:type" content="article" />
<meta property="og:title" content="Stará mestská škola" />
<meta property="og:description" content="Už v roku 1415 uvádzajú matriky viedenskej univerzity prvého študenta z Prešova. Vysokú úroveň školy..." />
<meta property="og:url" content="https://www.regionsaris.sk/hu/historia/stara-mestska-skola/" />
<meta property="og:site_name" content="OOCR Šariš" />
<meta property="og:image" content="https://www.regionsaris.sk/wp-content/uploads/2026/01/Stara-mestska-skola-600x400-1.jpg" />
	<meta property="og:image:width" content="600" />
	<meta property="og:image:height" content="400" />
	<meta property="og:image:type" content="image/jpeg" />
<meta name="twitter:card" content="summary_large_image" />
<meta name="twitter:label1" content="Becsült olvasási idő" />
	<meta name="twitter:data1" content="1 perc" />
<script type="application/ld+json" class="yoast-schema-graph">{"@context":"https://schema.org","@graph":[{"@type":"WebPage","@id":"https://www.regionsaris.sk/historia/stara-mestska-skola/","url":"https://www.regionsaris.sk/historia/stara-mestska-skola/","name":"Stará mestská škola - OOCR Šariš","isPartOf":{"@id":"https://www.regionsaris.sk/#website"},"primaryImageOfPage":{"@id":"https://www.regionsaris.sk/historia/stara-mestska-skola/#primaryimage"},"image":{"@id":"https://www.regionsaris.sk/historia/stara-mestska-skola/#primaryimage"},"thumbnailUrl":"https://www.regionsaris.sk/wp-content/uploads/2026/01/Stara-mestska-skola-600x400-1.jpg","datePublished":"2020-05-29T09:02:26+00:00","breadcrumb":{"@id":"https://www.regionsaris.sk/historia/stara-mestska-skola/#breadcrumb"},"inLanguage":"hu","potentialAction":[{"@type":"ReadAction","target":["https://www.regionsaris.sk/historia/stara-mestska-skola/"]}]},{"@type":"ImageObject","inLanguage":"hu","@id":"https://www.regionsaris.sk/historia/stara-mestska-skola/#primaryimage","url":"https://www.regionsaris.sk/wp-content/uploads/2026/01/Stara-mestska-skola-600x400-1.jpg","contentUrl":"https://www.regionsaris.sk/wp-content/uploads/2026/01/Stara-mestska-skola-600x400-1.jpg","width":600,"height":400},{"@type":"BreadcrumbList","@id":"https://www.regionsaris.sk/historia/stara-mestska-skola/#breadcrumb","itemListElement":[{"@type":"ListItem","position":1,"name":"Domov","item":"https://www.regionsaris.sk/"},{"@type":"ListItem","position":2,"name":"História regiónu","item":"https://www.regionsaris.sk/historia-regionu/"},{"@type":"ListItem","position":3,"name":"Stará mestská škola"}]},{"@type":"WebSite","@id":"https://www.regionsaris.sk/#website","url":"https://www.regionsaris.sk/","name":"OOCR Šariš","description":"","potentialAction":[{"@type":"SearchAction","target":{"@type":"EntryPoint","urlTemplate":"https://www.regionsaris.sk/?s={search_term_string}"},"query-input":{"@type":"PropertyValueSpecification","valueRequired":true,"valueName":"search_term_string"}}],"inLanguage":"hu"}]}</script>
<!-- / Yoast SEO Premium plugin. -->

Stará mestská škola - OOCR Šariš

Stará mestská škola

Už v roku 1415 uvádzajú matriky viedenskej univerzity prvého študenta z Prešova. Vysokú úroveň školy...

OOCR Šariš

História regiónu
