{"id":4120,"date":"2026-03-22T12:00:30","date_gmt":"2026-03-22T11:00:30","guid":{"rendered":"https:\/\/www.regionsaris.sk\/?post_type=vyznamna-tvar&#038;p=4120"},"modified":"2026-04-01T10:16:14","modified_gmt":"2026-04-01T09:16:14","slug":"jan-amos-komensky","status":"publish","type":"vyznamna-tvar","link":"https:\/\/www.regionsaris.sk\/es\/vyznamna-tvar\/jan-amos-komensky\/","title":{"rendered":"J\u00e1n Amos Komensk\u00fd"},"content":{"rendered":"<p>Uno de los m\u00e1s grandes pensadores, fil\u00f3sofos y escritores checos naci\u00f3 el 28 de marzo de 1592 en Moravia. Estudi\u00f3 teolog\u00eda y fue sacerdote, m\u00e1s tarde el \u00faltimo obispo de la Unidad de los Hermanos. Tras la derrota de los estados checos en la batalla de la Monta\u00f1a Blanca en 1620, se exili\u00f3 y comenz\u00f3 su peregrinaje por Europa.&nbsp;<\/p>\n\n\n\n<p>Tras una estancia en Polonia y Suecia, lleg\u00f3 a Pre\u0161ov en 1650 y despu\u00e9s a Blatn\u00fd Potok por invitaci\u00f3n del pr\u00edncipe R\u00e1koci. En 1654 visit\u00f3 de nuevo Pre\u0161ov y fue uno de los candidatos al puesto de rector de la escuela municipal, pero el consejo municipal eligi\u00f3 a otro candidato. Comenius viaj\u00f3 de nuevo a Polonia y de all\u00ed a Holanda, donde pas\u00f3 los \u00faltimos a\u00f1os de su vida. Muri\u00f3 el 15 de noviembre de 1670 en \u00c1msterdam.<\/p>\n\n\n\n<p>A lo largo de su vida, Komensk\u00fd adquiri\u00f3 reputaci\u00f3n como autor de escritos pedag\u00f3gicos en el campo de la teor\u00eda y la did\u00e1ctica de la educaci\u00f3n. Su ideal era la pansof\u00eda, es decir, la ciencia universal del sistema de todos los conocimientos. Entre las obras de Komensk\u00fd que a\u00fan hoy son reconocidas figuran La puerta de las lenguas abierta, El mundo en im\u00e1genes, La gran did\u00e1ctica y El laberinto del mundo y el para\u00edso del coraz\u00f3n. Muchas de sus ideas son intemporales, y por ellas se le considera no s\u00f3lo el fundador de la pedagog\u00eda moderna, sino tambi\u00e9n, y con raz\u00f3n, un maestro de naciones.<\/p>\n\n\n\n<p>Durante su visita a Pre\u0161ov, Komensk\u00fd se aloj\u00f3 en la casa de Ondrej Klobu\u0161ick\u00fd, m\u00e1s tarde convertida en palacio, hoy sede del Tribunal Regional. La estancia de Komensk\u00fd en Pre\u0161ov se recuerda con una placa conmemorativa en la fachada del Colegio Evang\u00e9lico, en el centro de la ciudad.<\/p>\n\n\n\n<p><strong>Fuente: <\/strong>Biblioteca Regional P. O. Hviezdoslav en Pre\u0161ov; Microproyecto.<br><strong>Fuente de la foto:<\/strong> Por J\u00fcrgen Ovens - http:\/\/www.rijksmuseum.nl\/collectie\/SK-A-2161, Trabajo gratuito, https:\/\/commons.wikimedia.org\/w\/index.php?curid=34250301<\/p>","protected":false},"featured_media":4267,"template":"","meta":{"_acf_changed":true},"kategoria-vyznamnych-tvari":[230],"oblast-posobenia":[252,233,232,231],"class_list":["post-4120","vyznamna-tvar","type-vyznamna-tvar","status-publish","has-post-thumbnail","hentry","kategoria-vyznamnych-tvari-historicka-osobnost","oblast-posobenia-filozofia","oblast-posobenia-literatura","oblast-posobenia-pedagogika","oblast-posobenia-teologia"],"acf":[],"yoast_head":"<!-- This site is optimized with the Yoast SEO Premium plugin v26.3 (Yoast SEO v26.8) - https:\/\/yoast.com\/product\/yoast-seo-premium-wordpress\/ -->\n<title>J\u00e1n Amos Komensk\u00fd - OOCR \u0160ari\u0161<\/title>\n<meta name=\"description\" content=\"J\u00e1n Amos Komensk\u00fd bol jedn\u00fdm z najv\u00e4\u010d\u0161\u00edch \u010desk\u00fdch myslite\u013eov, filozofov a spisovate\u013eov. Po\u010das \u017eivota nav\u0161t\u00edvil aj Pre\u0161ov.\" \/>\n<meta name=\"robots\" content=\"index, follow, max-snippet:-1, max-image-preview:large, max-video-preview:-1\" \/>\n<link rel=\"canonical\" href=\"https:\/\/www.regionsaris.sk\/es\/vyznamna-tvar\/jan-amos-komensky\/\" \/>\n<meta property=\"og:locale\" content=\"es_ES\" \/>\n<meta property=\"og:type\" content=\"article\" \/>\n<meta property=\"og:title\" content=\"J\u00e1n Amos Komensk\u00fd\" \/>\n<meta property=\"og:description\" content=\"J\u00e1n Amos Komensk\u00fd bol jedn\u00fdm z najv\u00e4\u010d\u0161\u00edch \u010desk\u00fdch myslite\u013eov, filozofov a spisovate\u013eov. Po\u010das \u017eivota nav\u0161t\u00edvil aj Pre\u0161ov.\" \/>\n<meta property=\"og:url\" content=\"https:\/\/www.regionsaris.sk\/es\/vyznamna-tvar\/jan-amos-komensky\/\" \/>\n<meta property=\"og:site_name\" content=\"OOCR \u0160ari\u0161\" \/>\n<meta property=\"article:modified_time\" content=\"2026-04-01T09:16:14+00:00\" \/>\n<meta property=\"og:image\" content=\"https:\/\/www.regionsaris.sk\/wp-content\/uploads\/2026\/03\/jan-amos-komensky-vyznamne-tvare-regionu-oocrrs.jpg\" \/>\n\t<meta property=\"og:image:width\" content=\"500\" \/>\n\t<meta property=\"og:image:height\" content=\"500\" \/>\n\t<meta property=\"og:image:type\" content=\"image\/jpeg\" \/>\n<meta name=\"twitter:card\" content=\"summary_large_image\" \/>\n<meta name=\"twitter:label1\" content=\"Tiempo de lectura\" \/>\n\t<meta name=\"twitter:data1\" content=\"2 minutos\" \/>\n<script type=\"application\/ld+json\" class=\"yoast-schema-graph\">{\"@context\":\"https:\/\/schema.org\",\"@graph\":[{\"@type\":\"WebPage\",\"@id\":\"https:\/\/www.regionsaris.sk\/vyznamna-tvar\/jan-amos-komensky\/\",\"url\":\"https:\/\/www.regionsaris.sk\/vyznamna-tvar\/jan-amos-komensky\/\",\"name\":\"J\u00e1n Amos Komensk\u00fd - OOCR \u0160ari\u0161\",\"isPartOf\":{\"@id\":\"https:\/\/www.regionsaris.sk\/#website\"},\"primaryImageOfPage\":{\"@id\":\"https:\/\/www.regionsaris.sk\/vyznamna-tvar\/jan-amos-komensky\/#primaryimage\"},\"image\":{\"@id\":\"https:\/\/www.regionsaris.sk\/vyznamna-tvar\/jan-amos-komensky\/#primaryimage\"},\"thumbnailUrl\":\"https:\/\/www.regionsaris.sk\/wp-content\/uploads\/2026\/03\/jan-amos-komensky-vyznamne-tvare-regionu-oocrrs.jpg\",\"datePublished\":\"2026-03-22T11:00:30+00:00\",\"dateModified\":\"2026-04-01T09:16:14+00:00\",\"description\":\"J\u00e1n Amos Komensk\u00fd bol jedn\u00fdm z najv\u00e4\u010d\u0161\u00edch \u010desk\u00fdch myslite\u013eov, filozofov a spisovate\u013eov. Po\u010das \u017eivota nav\u0161t\u00edvil aj Pre\u0161ov.\",\"breadcrumb\":{\"@id\":\"https:\/\/www.regionsaris.sk\/vyznamna-tvar\/jan-amos-komensky\/#breadcrumb\"},\"inLanguage\":\"es\",\"potentialAction\":[{\"@type\":\"ReadAction\",\"target\":[\"https:\/\/www.regionsaris.sk\/vyznamna-tvar\/jan-amos-komensky\/\"]}]},{\"@type\":\"ImageObject\",\"inLanguage\":\"es\",\"@id\":\"https:\/\/www.regionsaris.sk\/vyznamna-tvar\/jan-amos-komensky\/#primaryimage\",\"url\":\"https:\/\/www.regionsaris.sk\/wp-content\/uploads\/2026\/03\/jan-amos-komensky-vyznamne-tvare-regionu-oocrrs.jpg\",\"contentUrl\":\"https:\/\/www.regionsaris.sk\/wp-content\/uploads\/2026\/03\/jan-amos-komensky-vyznamne-tvare-regionu-oocrrs.jpg\",\"width\":500,\"height\":500},{\"@type\":\"BreadcrumbList\",\"@id\":\"https:\/\/www.regionsaris.sk\/vyznamna-tvar\/jan-amos-komensky\/#breadcrumb\",\"itemListElement\":[{\"@type\":\"ListItem\",\"position\":1,\"name\":\"Domov\",\"item\":\"https:\/\/www.regionsaris.sk\/\"},{\"@type\":\"ListItem\",\"position\":2,\"name\":\"V\u00fdznamn\u00e9 tv\u00e1re regi\u00f3nu\",\"item\":\"https:\/\/www.regionsaris.sk\/vyznamne-tvare-regionu\/\"},{\"@type\":\"ListItem\",\"position\":3,\"name\":\"J\u00e1n Amos Komensk\u00fd\"}]},{\"@type\":\"WebSite\",\"@id\":\"https:\/\/www.regionsaris.sk\/#website\",\"url\":\"https:\/\/www.regionsaris.sk\/\",\"name\":\"OOCR \u0160ari\u0161\",\"description\":\"\",\"potentialAction\":[{\"@type\":\"SearchAction\",\"target\":{\"@type\":\"EntryPoint\",\"urlTemplate\":\"https:\/\/www.regionsaris.sk\/?s={search_term_string}\"},\"query-input\":{\"@type\":\"PropertyValueSpecification\",\"valueRequired\":true,\"valueName\":\"search_term_string\"}}],\"inLanguage\":\"es\"}]}<\/script>\n<!-- \/ Yoast SEO Premium plugin. -->","yoast_head_json":{"title":"J\u00e1n Amos Komensk\u00fd - OOCR \u0160ari\u0161","description":"J\u00e1n Amos Komensk\u00fd bol jedn\u00fdm z najv\u00e4\u010d\u0161\u00edch \u010desk\u00fdch myslite\u013eov, filozofov a spisovate\u013eov. Po\u010das \u017eivota nav\u0161t\u00edvil aj Pre\u0161ov.","robots":{"index":"index","follow":"follow","max-snippet":"max-snippet:-1","max-image-preview":"max-image-preview:large","max-video-preview":"max-video-preview:-1"},"canonical":"https:\/\/www.regionsaris.sk\/es\/vyznamna-tvar\/jan-amos-komensky\/","og_locale":"es_ES","og_type":"article","og_title":"J\u00e1n Amos Komensk\u00fd","og_description":"J\u00e1n Amos Komensk\u00fd bol jedn\u00fdm z najv\u00e4\u010d\u0161\u00edch \u010desk\u00fdch myslite\u013eov, filozofov a spisovate\u013eov. Po\u010das \u017eivota nav\u0161t\u00edvil aj Pre\u0161ov.","og_url":"https:\/\/www.regionsaris.sk\/es\/vyznamna-tvar\/jan-amos-komensky\/","og_site_name":"OOCR \u0160ari\u0161","article_modified_time":"2026-04-01T09:16:14+00:00","og_image":[{"width":500,"height":500,"url":"https:\/\/www.regionsaris.sk\/wp-content\/uploads\/2026\/03\/jan-amos-komensky-vyznamne-tvare-regionu-oocrrs.jpg","type":"image\/jpeg"}],"twitter_card":"summary_large_image","twitter_misc":{"Tiempo de lectura":"2 minutos"},"schema":{"@context":"https:\/\/schema.org","@graph":[{"@type":"WebPage","@id":"https:\/\/www.regionsaris.sk\/vyznamna-tvar\/jan-amos-komensky\/","url":"https:\/\/www.regionsaris.sk\/vyznamna-tvar\/jan-amos-komensky\/","name":"J\u00e1n Amos Komensk\u00fd - OOCR \u0160ari\u0161","isPartOf":{"@id":"https:\/\/www.regionsaris.sk\/#website"},"primaryImageOfPage":{"@id":"https:\/\/www.regionsaris.sk\/vyznamna-tvar\/jan-amos-komensky\/#primaryimage"},"image":{"@id":"https:\/\/www.regionsaris.sk\/vyznamna-tvar\/jan-amos-komensky\/#primaryimage"},"thumbnailUrl":"https:\/\/www.regionsaris.sk\/wp-content\/uploads\/2026\/03\/jan-amos-komensky-vyznamne-tvare-regionu-oocrrs.jpg","datePublished":"2026-03-22T11:00:30+00:00","dateModified":"2026-04-01T09:16:14+00:00","description":"J\u00e1n Amos Komensk\u00fd bol jedn\u00fdm z najv\u00e4\u010d\u0161\u00edch \u010desk\u00fdch myslite\u013eov, filozofov a spisovate\u013eov. Po\u010das \u017eivota nav\u0161t\u00edvil aj Pre\u0161ov.","breadcrumb":{"@id":"https:\/\/www.regionsaris.sk\/vyznamna-tvar\/jan-amos-komensky\/#breadcrumb"},"inLanguage":"es","potentialAction":[{"@type":"ReadAction","target":["https:\/\/www.regionsaris.sk\/vyznamna-tvar\/jan-amos-komensky\/"]}]},{"@type":"ImageObject","inLanguage":"es","@id":"https:\/\/www.regionsaris.sk\/vyznamna-tvar\/jan-amos-komensky\/#primaryimage","url":"https:\/\/www.regionsaris.sk\/wp-content\/uploads\/2026\/03\/jan-amos-komensky-vyznamne-tvare-regionu-oocrrs.jpg","contentUrl":"https:\/\/www.regionsaris.sk\/wp-content\/uploads\/2026\/03\/jan-amos-komensky-vyznamne-tvare-regionu-oocrrs.jpg","width":500,"height":500},{"@type":"BreadcrumbList","@id":"https:\/\/www.regionsaris.sk\/vyznamna-tvar\/jan-amos-komensky\/#breadcrumb","itemListElement":[{"@type":"ListItem","position":1,"name":"Domov","item":"https:\/\/www.regionsaris.sk\/"},{"@type":"ListItem","position":2,"name":"V\u00fdznamn\u00e9 tv\u00e1re regi\u00f3nu","item":"https:\/\/www.regionsaris.sk\/vyznamne-tvare-regionu\/"},{"@type":"ListItem","position":3,"name":"J\u00e1n Amos Komensk\u00fd"}]},{"@type":"WebSite","@id":"https:\/\/www.regionsaris.sk\/#website","url":"https:\/\/www.regionsaris.sk\/","name":"OOCR \u0160ari\u0161","description":"","potentialAction":[{"@type":"SearchAction","target":{"@type":"EntryPoint","urlTemplate":"https:\/\/www.regionsaris.sk\/?s={search_term_string}"},"query-input":{"@type":"PropertyValueSpecification","valueRequired":true,"valueName":"search_term_string"}}],"inLanguage":"es"}]}},"_links":{"self":[{"href":"https:\/\/www.regionsaris.sk\/es\/wp-json\/wp\/v2\/vyznamna-tvar\/4120","targetHints":{"allow":["GET"]}}],"collection":[{"href":"https:\/\/www.regionsaris.sk\/es\/wp-json\/wp\/v2\/vyznamna-tvar"}],"about":[{"href":"https:\/\/www.regionsaris.sk\/es\/wp-json\/wp\/v2\/types\/vyznamna-tvar"}],"wp:featuredmedia":[{"embeddable":true,"href":"https:\/\/www.regionsaris.sk\/es\/wp-json\/wp\/v2\/media\/4267"}],"wp:attachment":[{"href":"https:\/\/www.regionsaris.sk\/es\/wp-json\/wp\/v2\/media?parent=4120"}],"wp:term":[{"taxonomy":"kategoria-vyznamnych-tvari","embeddable":true,"href":"https:\/\/www.regionsaris.sk\/es\/wp-json\/wp\/v2\/kategoria-vyznamnych-tvari?post=4120"},{"taxonomy":"oblast-posobenia","embeddable":true,"href":"https:\/\/www.regionsaris.sk\/es\/wp-json\/wp\/v2\/oblast-posobenia?post=4120"}],"curies":[{"name":"wp","href":"https:\/\/api.w.org\/{rel}","templated":true}]}}

Ján Amos Komenský

<p>Uno de los más grandes pensadores, filósofos y escritores checos nació el 28 de marzo de 1592 en Moravia. Estudió teología y fue sacerdote, más tarde el último obispo de la Unidad de los Hermanos. Tras la derrota de los estados checos en la batalla de la Montaña Blanca en 1620, se exilió y comenzó su peregrinaje por Europa.&nbsp;</p>



<p>Tras una estancia en Polonia y Suecia, llegó a Prešov en 1650 y después a Blatný Potok por invitación del príncipe Rákoci. En 1654 visitó de nuevo Prešov y fue uno de los candidatos al puesto de rector de la escuela municipal, pero el consejo municipal eligió a otro candidato. Comenius viajó de nuevo a Polonia y de allí a Holanda, donde pasó los últimos años de su vida. Murió el 15 de noviembre de 1670 en Ámsterdam.</p>



<p>A lo largo de su vida, Komenský adquirió reputación como autor de escritos pedagógicos en el campo de la teoría y la didáctica de la educación. Su ideal era la pansofía, es decir, la ciencia universal del sistema de todos los conocimientos. Entre las obras de Komenský que aún hoy son reconocidas figuran La puerta de las lenguas abierta, El mundo en imágenes, La gran didáctica y El laberinto del mundo y el paraíso del corazón. Muchas de sus ideas son intemporales, y por ellas se le considera no sólo el fundador de la pedagogía moderna, sino también, y con razón, un maestro de naciones.</p>



<p>Durante su visita a Prešov, Komenský se alojó en la casa de Ondrej Klobušický, más tarde convertida en palacio, hoy sede del Tribunal Regional. La estancia de Komenský en Prešov se recuerda con una placa conmemorativa en la fachada del Colegio Evangélico, en el centro de la ciudad.</p>



<p><strong>Fuente: </strong>Biblioteca Regional P. O. Hviezdoslav en Prešov; Microproyecto.<br><strong>Fuente de la foto:</strong> Por Jürgen Ovens - http://www.rijksmuseum.nl/collectie/SK-A-2161, Trabajo gratuito, https://commons.wikimedia.org/w/index.php?curid=34250301</p>

<!-- This site is optimized with the Yoast SEO Premium plugin v26.3 (Yoast SEO v26.8) - https://yoast.com/product/yoast-seo-premium-wordpress/ -->
<title>Ján Amos Komenský - OOCR Šariš</title>
<meta name="description" content="Ján Amos Komenský bol jedným z najväčších českých mysliteľov, filozofov a spisovateľov. Počas života navštívil aj Prešov." />
<meta name="robots" content="index, follow, max-snippet:-1, max-image-preview:large, max-video-preview:-1" />
<link rel="canonical" href="https://www.regionsaris.sk/es/vyznamna-tvar/jan-amos-komensky/" />
<meta property="og:locale" content="es_ES" />
<meta property="og:type" content="article" />
<meta property="og:title" content="Ján Amos Komenský" />
<meta property="og:description" content="Ján Amos Komenský bol jedným z najväčších českých mysliteľov, filozofov a spisovateľov. Počas života navštívil aj Prešov." />
<meta property="og:url" content="https://www.regionsaris.sk/es/vyznamna-tvar/jan-amos-komensky/" />
<meta property="og:site_name" content="OOCR Šariš" />
<meta property="article:modified_time" content="2026-04-01T09:16:14+00:00" />
<meta property="og:image" content="https://www.regionsaris.sk/wp-content/uploads/2026/03/jan-amos-komensky-vyznamne-tvare-regionu-oocrrs.jpg" />
	<meta property="og:image:width" content="500" />
	<meta property="og:image:height" content="500" />
	<meta property="og:image:type" content="image/jpeg" />
<meta name="twitter:card" content="summary_large_image" />
<meta name="twitter:label1" content="Tiempo de lectura" />
	<meta name="twitter:data1" content="2 minutos" />
<script type="application/ld+json" class="yoast-schema-graph">{"@context":"https://schema.org","@graph":[{"@type":"WebPage","@id":"https://www.regionsaris.sk/vyznamna-tvar/jan-amos-komensky/","url":"https://www.regionsaris.sk/vyznamna-tvar/jan-amos-komensky/","name":"Ján Amos Komenský - OOCR Šariš","isPartOf":{"@id":"https://www.regionsaris.sk/#website"},"primaryImageOfPage":{"@id":"https://www.regionsaris.sk/vyznamna-tvar/jan-amos-komensky/#primaryimage"},"image":{"@id":"https://www.regionsaris.sk/vyznamna-tvar/jan-amos-komensky/#primaryimage"},"thumbnailUrl":"https://www.regionsaris.sk/wp-content/uploads/2026/03/jan-amos-komensky-vyznamne-tvare-regionu-oocrrs.jpg","datePublished":"2026-03-22T11:00:30+00:00","dateModified":"2026-04-01T09:16:14+00:00","description":"Ján Amos Komenský bol jedným z najväčších českých mysliteľov, filozofov a spisovateľov. Počas života navštívil aj Prešov.","breadcrumb":{"@id":"https://www.regionsaris.sk/vyznamna-tvar/jan-amos-komensky/#breadcrumb"},"inLanguage":"es","potentialAction":[{"@type":"ReadAction","target":["https://www.regionsaris.sk/vyznamna-tvar/jan-amos-komensky/"]}]},{"@type":"ImageObject","inLanguage":"es","@id":"https://www.regionsaris.sk/vyznamna-tvar/jan-amos-komensky/#primaryimage","url":"https://www.regionsaris.sk/wp-content/uploads/2026/03/jan-amos-komensky-vyznamne-tvare-regionu-oocrrs.jpg","contentUrl":"https://www.regionsaris.sk/wp-content/uploads/2026/03/jan-amos-komensky-vyznamne-tvare-regionu-oocrrs.jpg","width":500,"height":500},{"@type":"BreadcrumbList","@id":"https://www.regionsaris.sk/vyznamna-tvar/jan-amos-komensky/#breadcrumb","itemListElement":[{"@type":"ListItem","position":1,"name":"Domov","item":"https://www.regionsaris.sk/"},{"@type":"ListItem","position":2,"name":"Významné tváre regiónu","item":"https://www.regionsaris.sk/vyznamne-tvare-regionu/"},{"@type":"ListItem","position":3,"name":"Ján Amos Komenský"}]},{"@type":"WebSite","@id":"https://www.regionsaris.sk/#website","url":"https://www.regionsaris.sk/","name":"OOCR Šariš","description":"","potentialAction":[{"@type":"SearchAction","target":{"@type":"EntryPoint","urlTemplate":"https://www.regionsaris.sk/?s={search_term_string}"},"query-input":{"@type":"PropertyValueSpecification","valueRequired":true,"valueName":"search_term_string"}}],"inLanguage":"es"}]}</script>
<!-- / Yoast SEO Premium plugin. -->

Ján Amos Komenský - OOCR Šariš

Ján Amos Komenský bol jedným z najväčších českých mysliteľov, filozofov a spisovateľov. Počas života navštívil aj Prešov.

OOCR Šariš

Významné tváre regiónu
