{"id":4099,"date":"2026-03-21T20:36:52","date_gmt":"2026-03-21T19:36:52","guid":{"rendered":"https:\/\/www.regionsaris.sk\/?post_type=vyznamna-tvar&#038;p=4099"},"modified":"2026-04-01T10:46:53","modified_gmt":"2026-04-01T09:46:53","slug":"oskar-berger","status":"publish","type":"vyznamna-tvar","link":"https:\/\/www.regionsaris.sk\/es\/vyznamna-tvar\/oskar-berger\/","title":{"rendered":"Oskar Berger"},"content":{"rendered":"<p>Naci\u00f3 el 12 de mayo de 1901 en el seno de la familia jud\u00eda del propietario del Hotel Berger de Pre\u0161ov. Desarroll\u00f3 su talento art\u00edstico durante sus estudios en Praga, Par\u00eds y Berl\u00edn, donde fue contratado por uno de los mayores diarios. Como periodista, asisti\u00f3 al juicio de Hitler en M\u00fanich en 1923 tras su fallido intento de golpe de estado. Tras la llegada de Hitler al poder, tuvo que huir de Alemania. Permaneci\u00f3 brevemente en Budapest, Par\u00eds y Ginebra, donde asisti\u00f3 a las reuniones de la Sociedad de Naciones.&nbsp;<\/p>\n\n\n\n<p>En 1935 se instal\u00f3 en Londres y empez\u00f3 a trabajar para el Daily Telegraph. Tras la Segunda Guerra Mundial, se traslad\u00f3 a Nueva York (EE.UU.) y public\u00f3 en prestigiosos peri\u00f3dicos y revistas como el New York Times, el New York Herald Tribune, la revista Life y Le Figaro. En la d\u00e9cada de 1950, Berger asisti\u00f3 a las asambleas de las Naciones Unidas y dibuj\u00f3 a casi todos los l\u00edderes importantes que all\u00ed aparecieron. Retrat\u00f3 a monarcas y personalidades famosas y a estrellas de cine con la misma idiosincrasia.&nbsp;<\/p>\n\n\n\n<p>Ha creado caricaturas de Winston Churchill, John F. Kennedy, Richard Nixon, Dwight Eisenhower, Viacheslav Mijailov Molotov, Albert Einstein, Juan Pablo II, Thomas S. Elliot, Laurence Olivier, Greta Garbo, Charlie Chaplin, Vivien Leigh y muchos otros. A todos ellos los ha plasmado con elegantes trazos de l\u00e1piz, con ojo para la singularidad de la persona y el detalle caracter\u00edstico. Junto a sus caricaturas, tambi\u00e9n fue dibujante de chistes pol\u00edticos.&nbsp;<\/p>\n\n\n\n<p>Su prol\u00edfica obra dio lugar a varios libros, como Famous Faces - From the Cartoonist's Sketchbook (1950), My Victims - How to Make a Cartoon (1952), Presidents - From Washington to the Present (1968). La obra de Berger tambi\u00e9n est\u00e1 expuesta permanentemente en la National Portrait Gallery de Washington, DC. Berger falleci\u00f3 el 15 de mayo de 1997 en Nueva York.<\/p>\n\n\n\n<p><strong>Fuente: <\/strong>Biblioteca Regional P. O. Hviezdoslav en Pre\u0161ov; Microproyecto.<br><strong>Fuente de la foto: <\/strong>Por fot\u00f3grafo desconocido - Publicaci\u00f3n original: se desconoce cu\u00e1ndo, d\u00f3nde o c\u00f3mo se public\u00f3 por primera vezFuente inmediata: https:\/\/spartacus-educational.com\/ARTberger.htm, Uso leg\u00edtimo, https:\/\/en.wikipedia.org\/w\/index.php?curid=76151688<\/p>\n\n\n\n<p><\/p>","protected":false},"featured_media":4272,"template":"","meta":{"_acf_changed":true},"kategoria-vyznamnych-tvari":[230],"oblast-posobenia":[241,235],"class_list":["post-4099","vyznamna-tvar","type-vyznamna-tvar","status-publish","has-post-thumbnail","hentry","kategoria-vyznamnych-tvari-historicka-osobnost","oblast-posobenia-publicistika","oblast-posobenia-umenie"],"acf":[],"yoast_head":"<!-- This site is optimized with the Yoast SEO Premium plugin v26.3 (Yoast SEO v26.8) - https:\/\/yoast.com\/product\/yoast-seo-premium-wordpress\/ -->\n<title>Oskar Berger - OOCR \u0160ari\u0161<\/title>\n<meta name=\"description\" content=\"Umelec svetovej \u00farovne - to je Oskar Berger, ktor\u00fd svojho \u010dasu karikuroval v\u0161etky zn\u00e1me osobnosti svetov\u00e9ho aj dom\u00e1ceho diania.\" \/>\n<meta name=\"robots\" content=\"index, follow, max-snippet:-1, max-image-preview:large, max-video-preview:-1\" \/>\n<link rel=\"canonical\" href=\"https:\/\/www.regionsaris.sk\/es\/vyznamna-tvar\/oskar-berger\/\" \/>\n<meta property=\"og:locale\" content=\"es_ES\" \/>\n<meta property=\"og:type\" content=\"article\" \/>\n<meta property=\"og:title\" content=\"Oskar Berger\" \/>\n<meta property=\"og:description\" content=\"Umelec svetovej \u00farovne - to je Oskar Berger, ktor\u00fd svojho \u010dasu karikuroval v\u0161etky zn\u00e1me osobnosti svetov\u00e9ho aj dom\u00e1ceho diania.\" \/>\n<meta property=\"og:url\" content=\"https:\/\/www.regionsaris.sk\/es\/vyznamna-tvar\/oskar-berger\/\" \/>\n<meta property=\"og:site_name\" content=\"OOCR \u0160ari\u0161\" \/>\n<meta property=\"article:modified_time\" content=\"2026-04-01T09:46:53+00:00\" \/>\n<meta property=\"og:image\" content=\"https:\/\/www.regionsaris.sk\/wp-content\/uploads\/2026\/03\/oskar-berger-vyznamne-tvare-regionu-oocrrs.jpg\" \/>\n\t<meta property=\"og:image:width\" content=\"500\" \/>\n\t<meta property=\"og:image:height\" content=\"500\" \/>\n\t<meta property=\"og:image:type\" content=\"image\/jpeg\" \/>\n<meta name=\"twitter:card\" content=\"summary_large_image\" \/>\n<meta name=\"twitter:label1\" content=\"Tiempo de lectura\" \/>\n\t<meta name=\"twitter:data1\" content=\"2 minutos\" \/>\n<script type=\"application\/ld+json\" class=\"yoast-schema-graph\">{\"@context\":\"https:\/\/schema.org\",\"@graph\":[{\"@type\":\"WebPage\",\"@id\":\"https:\/\/www.regionsaris.sk\/vyznamna-tvar\/oskar-berger\/\",\"url\":\"https:\/\/www.regionsaris.sk\/vyznamna-tvar\/oskar-berger\/\",\"name\":\"Oskar Berger - OOCR \u0160ari\u0161\",\"isPartOf\":{\"@id\":\"https:\/\/www.regionsaris.sk\/#website\"},\"primaryImageOfPage\":{\"@id\":\"https:\/\/www.regionsaris.sk\/vyznamna-tvar\/oskar-berger\/#primaryimage\"},\"image\":{\"@id\":\"https:\/\/www.regionsaris.sk\/vyznamna-tvar\/oskar-berger\/#primaryimage\"},\"thumbnailUrl\":\"https:\/\/www.regionsaris.sk\/wp-content\/uploads\/2026\/03\/oskar-berger-vyznamne-tvare-regionu-oocrrs.jpg\",\"datePublished\":\"2026-03-21T19:36:52+00:00\",\"dateModified\":\"2026-04-01T09:46:53+00:00\",\"description\":\"Umelec svetovej \u00farovne - to je Oskar Berger, ktor\u00fd svojho \u010dasu karikuroval v\u0161etky zn\u00e1me osobnosti svetov\u00e9ho aj dom\u00e1ceho diania.\",\"breadcrumb\":{\"@id\":\"https:\/\/www.regionsaris.sk\/vyznamna-tvar\/oskar-berger\/#breadcrumb\"},\"inLanguage\":\"es\",\"potentialAction\":[{\"@type\":\"ReadAction\",\"target\":[\"https:\/\/www.regionsaris.sk\/vyznamna-tvar\/oskar-berger\/\"]}]},{\"@type\":\"ImageObject\",\"inLanguage\":\"es\",\"@id\":\"https:\/\/www.regionsaris.sk\/vyznamna-tvar\/oskar-berger\/#primaryimage\",\"url\":\"https:\/\/www.regionsaris.sk\/wp-content\/uploads\/2026\/03\/oskar-berger-vyznamne-tvare-regionu-oocrrs.jpg\",\"contentUrl\":\"https:\/\/www.regionsaris.sk\/wp-content\/uploads\/2026\/03\/oskar-berger-vyznamne-tvare-regionu-oocrrs.jpg\",\"width\":500,\"height\":500},{\"@type\":\"BreadcrumbList\",\"@id\":\"https:\/\/www.regionsaris.sk\/vyznamna-tvar\/oskar-berger\/#breadcrumb\",\"itemListElement\":[{\"@type\":\"ListItem\",\"position\":1,\"name\":\"Domov\",\"item\":\"https:\/\/www.regionsaris.sk\/\"},{\"@type\":\"ListItem\",\"position\":2,\"name\":\"V\u00fdznamn\u00e9 tv\u00e1re regi\u00f3nu\",\"item\":\"https:\/\/www.regionsaris.sk\/vyznamne-tvare-regionu\/\"},{\"@type\":\"ListItem\",\"position\":3,\"name\":\"Oskar Berger\"}]},{\"@type\":\"WebSite\",\"@id\":\"https:\/\/www.regionsaris.sk\/#website\",\"url\":\"https:\/\/www.regionsaris.sk\/\",\"name\":\"OOCR \u0160ari\u0161\",\"description\":\"\",\"potentialAction\":[{\"@type\":\"SearchAction\",\"target\":{\"@type\":\"EntryPoint\",\"urlTemplate\":\"https:\/\/www.regionsaris.sk\/?s={search_term_string}\"},\"query-input\":{\"@type\":\"PropertyValueSpecification\",\"valueRequired\":true,\"valueName\":\"search_term_string\"}}],\"inLanguage\":\"es\"}]}<\/script>\n<!-- \/ Yoast SEO Premium plugin. -->","yoast_head_json":{"title":"Oskar Berger - OOCR \u0160ari\u0161","description":"Umelec svetovej \u00farovne - to je Oskar Berger, ktor\u00fd svojho \u010dasu karikuroval v\u0161etky zn\u00e1me osobnosti svetov\u00e9ho aj dom\u00e1ceho diania.","robots":{"index":"index","follow":"follow","max-snippet":"max-snippet:-1","max-image-preview":"max-image-preview:large","max-video-preview":"max-video-preview:-1"},"canonical":"https:\/\/www.regionsaris.sk\/es\/vyznamna-tvar\/oskar-berger\/","og_locale":"es_ES","og_type":"article","og_title":"Oskar Berger","og_description":"Umelec svetovej \u00farovne - to je Oskar Berger, ktor\u00fd svojho \u010dasu karikuroval v\u0161etky zn\u00e1me osobnosti svetov\u00e9ho aj dom\u00e1ceho diania.","og_url":"https:\/\/www.regionsaris.sk\/es\/vyznamna-tvar\/oskar-berger\/","og_site_name":"OOCR \u0160ari\u0161","article_modified_time":"2026-04-01T09:46:53+00:00","og_image":[{"width":500,"height":500,"url":"https:\/\/www.regionsaris.sk\/wp-content\/uploads\/2026\/03\/oskar-berger-vyznamne-tvare-regionu-oocrrs.jpg","type":"image\/jpeg"}],"twitter_card":"summary_large_image","twitter_misc":{"Tiempo de lectura":"2 minutos"},"schema":{"@context":"https:\/\/schema.org","@graph":[{"@type":"WebPage","@id":"https:\/\/www.regionsaris.sk\/vyznamna-tvar\/oskar-berger\/","url":"https:\/\/www.regionsaris.sk\/vyznamna-tvar\/oskar-berger\/","name":"Oskar Berger - OOCR \u0160ari\u0161","isPartOf":{"@id":"https:\/\/www.regionsaris.sk\/#website"},"primaryImageOfPage":{"@id":"https:\/\/www.regionsaris.sk\/vyznamna-tvar\/oskar-berger\/#primaryimage"},"image":{"@id":"https:\/\/www.regionsaris.sk\/vyznamna-tvar\/oskar-berger\/#primaryimage"},"thumbnailUrl":"https:\/\/www.regionsaris.sk\/wp-content\/uploads\/2026\/03\/oskar-berger-vyznamne-tvare-regionu-oocrrs.jpg","datePublished":"2026-03-21T19:36:52+00:00","dateModified":"2026-04-01T09:46:53+00:00","description":"Umelec svetovej \u00farovne - to je Oskar Berger, ktor\u00fd svojho \u010dasu karikuroval v\u0161etky zn\u00e1me osobnosti svetov\u00e9ho aj dom\u00e1ceho diania.","breadcrumb":{"@id":"https:\/\/www.regionsaris.sk\/vyznamna-tvar\/oskar-berger\/#breadcrumb"},"inLanguage":"es","potentialAction":[{"@type":"ReadAction","target":["https:\/\/www.regionsaris.sk\/vyznamna-tvar\/oskar-berger\/"]}]},{"@type":"ImageObject","inLanguage":"es","@id":"https:\/\/www.regionsaris.sk\/vyznamna-tvar\/oskar-berger\/#primaryimage","url":"https:\/\/www.regionsaris.sk\/wp-content\/uploads\/2026\/03\/oskar-berger-vyznamne-tvare-regionu-oocrrs.jpg","contentUrl":"https:\/\/www.regionsaris.sk\/wp-content\/uploads\/2026\/03\/oskar-berger-vyznamne-tvare-regionu-oocrrs.jpg","width":500,"height":500},{"@type":"BreadcrumbList","@id":"https:\/\/www.regionsaris.sk\/vyznamna-tvar\/oskar-berger\/#breadcrumb","itemListElement":[{"@type":"ListItem","position":1,"name":"Domov","item":"https:\/\/www.regionsaris.sk\/"},{"@type":"ListItem","position":2,"name":"V\u00fdznamn\u00e9 tv\u00e1re regi\u00f3nu","item":"https:\/\/www.regionsaris.sk\/vyznamne-tvare-regionu\/"},{"@type":"ListItem","position":3,"name":"Oskar Berger"}]},{"@type":"WebSite","@id":"https:\/\/www.regionsaris.sk\/#website","url":"https:\/\/www.regionsaris.sk\/","name":"OOCR \u0160ari\u0161","description":"","potentialAction":[{"@type":"SearchAction","target":{"@type":"EntryPoint","urlTemplate":"https:\/\/www.regionsaris.sk\/?s={search_term_string}"},"query-input":{"@type":"PropertyValueSpecification","valueRequired":true,"valueName":"search_term_string"}}],"inLanguage":"es"}]}},"_links":{"self":[{"href":"https:\/\/www.regionsaris.sk\/es\/wp-json\/wp\/v2\/vyznamna-tvar\/4099","targetHints":{"allow":["GET"]}}],"collection":[{"href":"https:\/\/www.regionsaris.sk\/es\/wp-json\/wp\/v2\/vyznamna-tvar"}],"about":[{"href":"https:\/\/www.regionsaris.sk\/es\/wp-json\/wp\/v2\/types\/vyznamna-tvar"}],"wp:featuredmedia":[{"embeddable":true,"href":"https:\/\/www.regionsaris.sk\/es\/wp-json\/wp\/v2\/media\/4272"}],"wp:attachment":[{"href":"https:\/\/www.regionsaris.sk\/es\/wp-json\/wp\/v2\/media?parent=4099"}],"wp:term":[{"taxonomy":"kategoria-vyznamnych-tvari","embeddable":true,"href":"https:\/\/www.regionsaris.sk\/es\/wp-json\/wp\/v2\/kategoria-vyznamnych-tvari?post=4099"},{"taxonomy":"oblast-posobenia","embeddable":true,"href":"https:\/\/www.regionsaris.sk\/es\/wp-json\/wp\/v2\/oblast-posobenia?post=4099"}],"curies":[{"name":"wp","href":"https:\/\/api.w.org\/{rel}","templated":true}]}}

<p>Nació el 12 de mayo de 1901 en el seno de la familia judía del propietario del Hotel Berger de Prešov. Desarrolló su talento artístico durante sus estudios en Praga, París y Berlín, donde fue contratado por uno de los mayores diarios. Como periodista, asistió al juicio de Hitler en Múnich en 1923 tras su fallido intento de golpe de estado. Tras la llegada de Hitler al poder, tuvo que huir de Alemania. Permaneció brevemente en Budapest, París y Ginebra, donde asistió a las reuniones de la Sociedad de Naciones.&nbsp;</p>



<p>En 1935 se instaló en Londres y empezó a trabajar para el Daily Telegraph. Tras la Segunda Guerra Mundial, se trasladó a Nueva York (EE.UU.) y publicó en prestigiosos periódicos y revistas como el New York Times, el New York Herald Tribune, la revista Life y Le Figaro. En la década de 1950, Berger asistió a las asambleas de las Naciones Unidas y dibujó a casi todos los líderes importantes que allí aparecieron. Retrató a monarcas y personalidades famosas y a estrellas de cine con la misma idiosincrasia.&nbsp;</p>



<p>Ha creado caricaturas de Winston Churchill, John F. Kennedy, Richard Nixon, Dwight Eisenhower, Viacheslav Mijailov Molotov, Albert Einstein, Juan Pablo II, Thomas S. Elliot, Laurence Olivier, Greta Garbo, Charlie Chaplin, Vivien Leigh y muchos otros. A todos ellos los ha plasmado con elegantes trazos de lápiz, con ojo para la singularidad de la persona y el detalle característico. Junto a sus caricaturas, también fue dibujante de chistes políticos.&nbsp;</p>



<p>Su prolífica obra dio lugar a varios libros, como Famous Faces - From the Cartoonist's Sketchbook (1950), My Victims - How to Make a Cartoon (1952), Presidents - From Washington to the Present (1968). La obra de Berger también está expuesta permanentemente en la National Portrait Gallery de Washington, DC. Berger falleció el 15 de mayo de 1997 en Nueva York.</p>



<p><strong>Fuente: </strong>Biblioteca Regional P. O. Hviezdoslav en Prešov; Microproyecto.<br><strong>Fuente de la foto: </strong>Por fotógrafo desconocido - Publicación original: se desconoce cuándo, dónde o cómo se publicó por primera vezFuente inmediata: https://spartacus-educational.com/ARTberger.htm, Uso legítimo, https://en.wikipedia.org/w/index.php?curid=76151688</p>



<p></p>

<!-- This site is optimized with the Yoast SEO Premium plugin v26.3 (Yoast SEO v26.8) - https://yoast.com/product/yoast-seo-premium-wordpress/ -->
<title>Oskar Berger - OOCR Šariš</title>
<meta name="description" content="Umelec svetovej úrovne - to je Oskar Berger, ktorý svojho času karikuroval všetky známe osobnosti svetového aj domáceho diania." />
<meta name="robots" content="index, follow, max-snippet:-1, max-image-preview:large, max-video-preview:-1" />
<link rel="canonical" href="https://www.regionsaris.sk/es/vyznamna-tvar/oskar-berger/" />
<meta property="og:locale" content="es_ES" />
<meta property="og:type" content="article" />
<meta property="og:title" content="Oskar Berger" />
<meta property="og:description" content="Umelec svetovej úrovne - to je Oskar Berger, ktorý svojho času karikuroval všetky známe osobnosti svetového aj domáceho diania." />
<meta property="og:url" content="https://www.regionsaris.sk/es/vyznamna-tvar/oskar-berger/" />
<meta property="og:site_name" content="OOCR Šariš" />
<meta property="article:modified_time" content="2026-04-01T09:46:53+00:00" />
<meta property="og:image" content="https://www.regionsaris.sk/wp-content/uploads/2026/03/oskar-berger-vyznamne-tvare-regionu-oocrrs.jpg" />
	<meta property="og:image:width" content="500" />
	<meta property="og:image:height" content="500" />
	<meta property="og:image:type" content="image/jpeg" />
<meta name="twitter:card" content="summary_large_image" />
<meta name="twitter:label1" content="Tiempo de lectura" />
	<meta name="twitter:data1" content="2 minutos" />
<script type="application/ld+json" class="yoast-schema-graph">{"@context":"https://schema.org","@graph":[{"@type":"WebPage","@id":"https://www.regionsaris.sk/vyznamna-tvar/oskar-berger/","url":"https://www.regionsaris.sk/vyznamna-tvar/oskar-berger/","name":"Oskar Berger - OOCR Šariš","isPartOf":{"@id":"https://www.regionsaris.sk/#website"},"primaryImageOfPage":{"@id":"https://www.regionsaris.sk/vyznamna-tvar/oskar-berger/#primaryimage"},"image":{"@id":"https://www.regionsaris.sk/vyznamna-tvar/oskar-berger/#primaryimage"},"thumbnailUrl":"https://www.regionsaris.sk/wp-content/uploads/2026/03/oskar-berger-vyznamne-tvare-regionu-oocrrs.jpg","datePublished":"2026-03-21T19:36:52+00:00","dateModified":"2026-04-01T09:46:53+00:00","description":"Umelec svetovej úrovne - to je Oskar Berger, ktorý svojho času karikuroval všetky známe osobnosti svetového aj domáceho diania.","breadcrumb":{"@id":"https://www.regionsaris.sk/vyznamna-tvar/oskar-berger/#breadcrumb"},"inLanguage":"es","potentialAction":[{"@type":"ReadAction","target":["https://www.regionsaris.sk/vyznamna-tvar/oskar-berger/"]}]},{"@type":"ImageObject","inLanguage":"es","@id":"https://www.regionsaris.sk/vyznamna-tvar/oskar-berger/#primaryimage","url":"https://www.regionsaris.sk/wp-content/uploads/2026/03/oskar-berger-vyznamne-tvare-regionu-oocrrs.jpg","contentUrl":"https://www.regionsaris.sk/wp-content/uploads/2026/03/oskar-berger-vyznamne-tvare-regionu-oocrrs.jpg","width":500,"height":500},{"@type":"BreadcrumbList","@id":"https://www.regionsaris.sk/vyznamna-tvar/oskar-berger/#breadcrumb","itemListElement":[{"@type":"ListItem","position":1,"name":"Domov","item":"https://www.regionsaris.sk/"},{"@type":"ListItem","position":2,"name":"Významné tváre regiónu","item":"https://www.regionsaris.sk/vyznamne-tvare-regionu/"},{"@type":"ListItem","position":3,"name":"Oskar Berger"}]},{"@type":"WebSite","@id":"https://www.regionsaris.sk/#website","url":"https://www.regionsaris.sk/","name":"OOCR Šariš","description":"","potentialAction":[{"@type":"SearchAction","target":{"@type":"EntryPoint","urlTemplate":"https://www.regionsaris.sk/?s={search_term_string}"},"query-input":{"@type":"PropertyValueSpecification","valueRequired":true,"valueName":"search_term_string"}}],"inLanguage":"es"}]}</script>
<!-- / Yoast SEO Premium plugin. -->

Oskar Berger - OOCR Šariš

Umelec svetovej úrovne - to je Oskar Berger, ktorý svojho času karikuroval všetky známe osobnosti svetového aj domáceho diania.

OOCR Šariš

Významné tváre regiónu
