{"id":4080,"date":"2026-03-20T11:29:03","date_gmt":"2026-03-20T10:29:03","guid":{"rendered":"https:\/\/www.regionsaris.sk\/?post_type=vyznamna-tvar&#038;p=4080"},"modified":"2026-04-01T10:54:43","modified_gmt":"2026-04-01T09:54:43","slug":"jozef-gaganec","status":"publish","type":"vyznamna-tvar","link":"https:\/\/www.regionsaris.sk\/es\/vyznamna-tvar\/jozef-gaganec\/","title":{"rendered":"Jozef Gaganec"},"content":{"rendered":"<p>Jozef Gaganec naci\u00f3 el 25 de marzo de 1793 en el pueblo de Vy\u0161n\u00fd Tvaro\u017eec (actual distrito de Bardejov) como el segundo de diez hijos de la familia de un cantor eclesi\u00e1stico. Se gradu\u00f3 en la escuela primaria de Bardejov, desde donde continu\u00f3 sus estudios en los institutos de \u00dajhely y Levo\u010da. Comenz\u00f3 sus estudios superiores en la academia de Velka Varadin, donde estudi\u00f3 filosof\u00eda, y complet\u00f3 los de teolog\u00eda en Trnava. Adem\u00e1s de su ruteno natal, sab\u00eda lat\u00edn, h\u00fangaro y alem\u00e1n.&nbsp;<\/p>\n\n\n\n<p>Fue ordenado sacerdote en Velky Varadin el 8 de marzo de 1817. Comenz\u00f3 como sacerdote en el entonces pueblo de Rusk\u00e9 Pek\u013eany, m\u00e1s tarde fue p\u00e1rroco en Vislav y Hej\u0151kereszt\u00far e ig\u00fameno del condado de Bor\u0161od. Antes de su ordenaci\u00f3n se cas\u00f3 con Anna Kovalicka. En 1837, Jozef Gaganec fue nombrado secretario del eparca de Pre\u0161ov, Gregor Tarkovi\u010d. En 1835, tras la muerte de Tarkovi\u010d, se convirti\u00f3 en vicario capitular de la eparqu\u00eda greco-cat\u00f3lica de Presov. Ese mismo a\u00f1o enviud\u00f3 y pronto fue nombrado can\u00f3nigo y miembro del consistorio episcopal.<\/p>\n\n\n\n<p>El emperador Fernando I nombr\u00f3 obispo a Jos\u00e9 Gaganec y el 25 de junio de 1843 fue consagrado obispo en la capilla imperial de Viena en presencia de la corte imperial. Fue consagrado por el obispo Basilio Popovich de Mukachevo.&nbsp;<\/p>\n\n\n\n<p>Durante su mandato como Eparca de Presov, se construyeron 36 nuevas iglesias en la eparqu\u00eda y se reconstruyeron y restauraron muchas iglesias. Durante este per\u00edodo orden\u00f3 237 sacerdotes (190 para la di\u00f3cesis de Presov, 12 para la Orden de San Basilio y 35 para las eparqu\u00edas vecinas). Se dirig\u00eda a sus sacerdotes con frecuencia y con mucha firmeza con admoniciones y peticiones para que conservaran fielmente y profundizaran en el conocimiento del rito oriental.<\/p>\n\n\n\n<p>Fue miembro de la Matriz Eslovaca. En 1862, por iniciativa de Alexander Duchovi\u010d, fund\u00f3 la Sociedad de San Juan Bautista, destinada a atender a hu\u00e9rfanos o estudiantes pobres. El Emperador le concedi\u00f3 la Orden de Francisco Jos\u00e9. En 1868, el Papa P\u00edo IX le nombr\u00f3 asistente del trono pontificio. Muri\u00f3 el 22 de diciembre de 1875.<\/p>\n\n\n\n<p><strong>Fuente: <\/strong>https:\/\/sk.wikipedia.org\/wiki\/Jozef_Gaganec<br><strong>Fuente de la foto:<\/strong> Autor desconocido - Erzeparchie Prestov - www.grkatpo.sk\/historia_biskupi, Trabajo libre, https:\/\/commons.wikimedia.org\/w\/index.php?curid=8551718<\/p>\n\n\n\n<p><\/p>","protected":false},"featured_media":4275,"template":"","meta":{"_acf_changed":true},"kategoria-vyznamnych-tvari":[230],"oblast-posobenia":[231],"class_list":["post-4080","vyznamna-tvar","type-vyznamna-tvar","status-publish","has-post-thumbnail","hentry","kategoria-vyznamnych-tvari-historicka-osobnost","oblast-posobenia-teologia"],"acf":[],"yoast_head":"<!-- This site is optimized with the Yoast SEO Premium plugin v26.3 (Yoast SEO v26.8) - https:\/\/yoast.com\/product\/yoast-seo-premium-wordpress\/ -->\n<title>Jozef Gaganec - OOCR \u0160ari\u0161<\/title>\n<meta name=\"description\" content=\"Jozef Gaganec bol v\u00fdznamn\u00fdm k\u02c7\u0148azom, predstavite\u013eom rus\u00ednskej kult\u00fary, biskupom a \u010dlenom Matice slovenskej.\" \/>\n<meta name=\"robots\" content=\"index, follow, max-snippet:-1, max-image-preview:large, max-video-preview:-1\" \/>\n<link rel=\"canonical\" href=\"https:\/\/www.regionsaris.sk\/es\/vyznamna-tvar\/jozef-gaganec\/\" \/>\n<meta property=\"og:locale\" content=\"es_ES\" \/>\n<meta property=\"og:type\" content=\"article\" \/>\n<meta property=\"og:title\" content=\"Jozef Gaganec\" \/>\n<meta property=\"og:description\" content=\"Jozef Gaganec bol v\u00fdznamn\u00fdm k\u02c7\u0148azom, predstavite\u013eom rus\u00ednskej kult\u00fary, biskupom a \u010dlenom Matice slovenskej.\" \/>\n<meta property=\"og:url\" content=\"https:\/\/www.regionsaris.sk\/es\/vyznamna-tvar\/jozef-gaganec\/\" \/>\n<meta property=\"og:site_name\" content=\"OOCR \u0160ari\u0161\" \/>\n<meta property=\"article:modified_time\" content=\"2026-04-01T09:54:43+00:00\" \/>\n<meta property=\"og:image\" content=\"https:\/\/www.regionsaris.sk\/wp-content\/uploads\/2026\/03\/jozef-gaganec-vyznamne-tvare-regionu-oocrrs.jpg\" \/>\n\t<meta property=\"og:image:width\" content=\"500\" \/>\n\t<meta property=\"og:image:height\" content=\"500\" \/>\n\t<meta property=\"og:image:type\" content=\"image\/jpeg\" \/>\n<meta name=\"twitter:card\" content=\"summary_large_image\" \/>\n<meta name=\"twitter:label1\" content=\"Tiempo de lectura\" \/>\n\t<meta name=\"twitter:data1\" content=\"2 minutos\" \/>\n<script type=\"application\/ld+json\" class=\"yoast-schema-graph\">{\"@context\":\"https:\/\/schema.org\",\"@graph\":[{\"@type\":\"WebPage\",\"@id\":\"https:\/\/www.regionsaris.sk\/vyznamna-tvar\/jozef-gaganec\/\",\"url\":\"https:\/\/www.regionsaris.sk\/vyznamna-tvar\/jozef-gaganec\/\",\"name\":\"Jozef Gaganec - OOCR \u0160ari\u0161\",\"isPartOf\":{\"@id\":\"https:\/\/www.regionsaris.sk\/#website\"},\"primaryImageOfPage\":{\"@id\":\"https:\/\/www.regionsaris.sk\/vyznamna-tvar\/jozef-gaganec\/#primaryimage\"},\"image\":{\"@id\":\"https:\/\/www.regionsaris.sk\/vyznamna-tvar\/jozef-gaganec\/#primaryimage\"},\"thumbnailUrl\":\"https:\/\/www.regionsaris.sk\/wp-content\/uploads\/2026\/03\/jozef-gaganec-vyznamne-tvare-regionu-oocrrs.jpg\",\"datePublished\":\"2026-03-20T10:29:03+00:00\",\"dateModified\":\"2026-04-01T09:54:43+00:00\",\"description\":\"Jozef Gaganec bol v\u00fdznamn\u00fdm k\u02c7\u0148azom, predstavite\u013eom rus\u00ednskej kult\u00fary, biskupom a \u010dlenom Matice slovenskej.\",\"breadcrumb\":{\"@id\":\"https:\/\/www.regionsaris.sk\/vyznamna-tvar\/jozef-gaganec\/#breadcrumb\"},\"inLanguage\":\"es\",\"potentialAction\":[{\"@type\":\"ReadAction\",\"target\":[\"https:\/\/www.regionsaris.sk\/vyznamna-tvar\/jozef-gaganec\/\"]}]},{\"@type\":\"ImageObject\",\"inLanguage\":\"es\",\"@id\":\"https:\/\/www.regionsaris.sk\/vyznamna-tvar\/jozef-gaganec\/#primaryimage\",\"url\":\"https:\/\/www.regionsaris.sk\/wp-content\/uploads\/2026\/03\/jozef-gaganec-vyznamne-tvare-regionu-oocrrs.jpg\",\"contentUrl\":\"https:\/\/www.regionsaris.sk\/wp-content\/uploads\/2026\/03\/jozef-gaganec-vyznamne-tvare-regionu-oocrrs.jpg\",\"width\":500,\"height\":500},{\"@type\":\"BreadcrumbList\",\"@id\":\"https:\/\/www.regionsaris.sk\/vyznamna-tvar\/jozef-gaganec\/#breadcrumb\",\"itemListElement\":[{\"@type\":\"ListItem\",\"position\":1,\"name\":\"Domov\",\"item\":\"https:\/\/www.regionsaris.sk\/\"},{\"@type\":\"ListItem\",\"position\":2,\"name\":\"V\u00fdznamn\u00e9 tv\u00e1re regi\u00f3nu\",\"item\":\"https:\/\/www.regionsaris.sk\/vyznamne-tvare-regionu\/\"},{\"@type\":\"ListItem\",\"position\":3,\"name\":\"Jozef Gaganec\"}]},{\"@type\":\"WebSite\",\"@id\":\"https:\/\/www.regionsaris.sk\/#website\",\"url\":\"https:\/\/www.regionsaris.sk\/\",\"name\":\"OOCR \u0160ari\u0161\",\"description\":\"\",\"potentialAction\":[{\"@type\":\"SearchAction\",\"target\":{\"@type\":\"EntryPoint\",\"urlTemplate\":\"https:\/\/www.regionsaris.sk\/?s={search_term_string}\"},\"query-input\":{\"@type\":\"PropertyValueSpecification\",\"valueRequired\":true,\"valueName\":\"search_term_string\"}}],\"inLanguage\":\"es\"}]}<\/script>\n<!-- \/ Yoast SEO Premium plugin. -->","yoast_head_json":{"title":"Jozef Gaganec - OOCR \u0160ari\u0161","description":"Jozef Gaganec bol v\u00fdznamn\u00fdm k\u02c7\u0148azom, predstavite\u013eom rus\u00ednskej kult\u00fary, biskupom a \u010dlenom Matice slovenskej.","robots":{"index":"index","follow":"follow","max-snippet":"max-snippet:-1","max-image-preview":"max-image-preview:large","max-video-preview":"max-video-preview:-1"},"canonical":"https:\/\/www.regionsaris.sk\/es\/vyznamna-tvar\/jozef-gaganec\/","og_locale":"es_ES","og_type":"article","og_title":"Jozef Gaganec","og_description":"Jozef Gaganec bol v\u00fdznamn\u00fdm k\u02c7\u0148azom, predstavite\u013eom rus\u00ednskej kult\u00fary, biskupom a \u010dlenom Matice slovenskej.","og_url":"https:\/\/www.regionsaris.sk\/es\/vyznamna-tvar\/jozef-gaganec\/","og_site_name":"OOCR \u0160ari\u0161","article_modified_time":"2026-04-01T09:54:43+00:00","og_image":[{"width":500,"height":500,"url":"https:\/\/www.regionsaris.sk\/wp-content\/uploads\/2026\/03\/jozef-gaganec-vyznamne-tvare-regionu-oocrrs.jpg","type":"image\/jpeg"}],"twitter_card":"summary_large_image","twitter_misc":{"Tiempo de lectura":"2 minutos"},"schema":{"@context":"https:\/\/schema.org","@graph":[{"@type":"WebPage","@id":"https:\/\/www.regionsaris.sk\/vyznamna-tvar\/jozef-gaganec\/","url":"https:\/\/www.regionsaris.sk\/vyznamna-tvar\/jozef-gaganec\/","name":"Jozef Gaganec - OOCR \u0160ari\u0161","isPartOf":{"@id":"https:\/\/www.regionsaris.sk\/#website"},"primaryImageOfPage":{"@id":"https:\/\/www.regionsaris.sk\/vyznamna-tvar\/jozef-gaganec\/#primaryimage"},"image":{"@id":"https:\/\/www.regionsaris.sk\/vyznamna-tvar\/jozef-gaganec\/#primaryimage"},"thumbnailUrl":"https:\/\/www.regionsaris.sk\/wp-content\/uploads\/2026\/03\/jozef-gaganec-vyznamne-tvare-regionu-oocrrs.jpg","datePublished":"2026-03-20T10:29:03+00:00","dateModified":"2026-04-01T09:54:43+00:00","description":"Jozef Gaganec bol v\u00fdznamn\u00fdm k\u02c7\u0148azom, predstavite\u013eom rus\u00ednskej kult\u00fary, biskupom a \u010dlenom Matice slovenskej.","breadcrumb":{"@id":"https:\/\/www.regionsaris.sk\/vyznamna-tvar\/jozef-gaganec\/#breadcrumb"},"inLanguage":"es","potentialAction":[{"@type":"ReadAction","target":["https:\/\/www.regionsaris.sk\/vyznamna-tvar\/jozef-gaganec\/"]}]},{"@type":"ImageObject","inLanguage":"es","@id":"https:\/\/www.regionsaris.sk\/vyznamna-tvar\/jozef-gaganec\/#primaryimage","url":"https:\/\/www.regionsaris.sk\/wp-content\/uploads\/2026\/03\/jozef-gaganec-vyznamne-tvare-regionu-oocrrs.jpg","contentUrl":"https:\/\/www.regionsaris.sk\/wp-content\/uploads\/2026\/03\/jozef-gaganec-vyznamne-tvare-regionu-oocrrs.jpg","width":500,"height":500},{"@type":"BreadcrumbList","@id":"https:\/\/www.regionsaris.sk\/vyznamna-tvar\/jozef-gaganec\/#breadcrumb","itemListElement":[{"@type":"ListItem","position":1,"name":"Domov","item":"https:\/\/www.regionsaris.sk\/"},{"@type":"ListItem","position":2,"name":"V\u00fdznamn\u00e9 tv\u00e1re regi\u00f3nu","item":"https:\/\/www.regionsaris.sk\/vyznamne-tvare-regionu\/"},{"@type":"ListItem","position":3,"name":"Jozef Gaganec"}]},{"@type":"WebSite","@id":"https:\/\/www.regionsaris.sk\/#website","url":"https:\/\/www.regionsaris.sk\/","name":"OOCR \u0160ari\u0161","description":"","potentialAction":[{"@type":"SearchAction","target":{"@type":"EntryPoint","urlTemplate":"https:\/\/www.regionsaris.sk\/?s={search_term_string}"},"query-input":{"@type":"PropertyValueSpecification","valueRequired":true,"valueName":"search_term_string"}}],"inLanguage":"es"}]}},"_links":{"self":[{"href":"https:\/\/www.regionsaris.sk\/es\/wp-json\/wp\/v2\/vyznamna-tvar\/4080","targetHints":{"allow":["GET"]}}],"collection":[{"href":"https:\/\/www.regionsaris.sk\/es\/wp-json\/wp\/v2\/vyznamna-tvar"}],"about":[{"href":"https:\/\/www.regionsaris.sk\/es\/wp-json\/wp\/v2\/types\/vyznamna-tvar"}],"wp:featuredmedia":[{"embeddable":true,"href":"https:\/\/www.regionsaris.sk\/es\/wp-json\/wp\/v2\/media\/4275"}],"wp:attachment":[{"href":"https:\/\/www.regionsaris.sk\/es\/wp-json\/wp\/v2\/media?parent=4080"}],"wp:term":[{"taxonomy":"kategoria-vyznamnych-tvari","embeddable":true,"href":"https:\/\/www.regionsaris.sk\/es\/wp-json\/wp\/v2\/kategoria-vyznamnych-tvari?post=4080"},{"taxonomy":"oblast-posobenia","embeddable":true,"href":"https:\/\/www.regionsaris.sk\/es\/wp-json\/wp\/v2\/oblast-posobenia?post=4080"}],"curies":[{"name":"wp","href":"https:\/\/api.w.org\/{rel}","templated":true}]}}

<p>Jozef Gaganec nació el 25 de marzo de 1793 en el pueblo de Vyšný Tvarožec (actual distrito de Bardejov) como el segundo de diez hijos de la familia de un cantor eclesiástico. Se graduó en la escuela primaria de Bardejov, desde donde continuó sus estudios en los institutos de Újhely y Levoča. Comenzó sus estudios superiores en la academia de Velka Varadin, donde estudió filosofía, y completó los de teología en Trnava. Además de su ruteno natal, sabía latín, húngaro y alemán.&nbsp;</p>



<p>Fue ordenado sacerdote en Velky Varadin el 8 de marzo de 1817. Comenzó como sacerdote en el entonces pueblo de Ruské Pekľany, más tarde fue párroco en Vislav y Hejőkeresztúr e igúmeno del condado de Boršod. Antes de su ordenación se casó con Anna Kovalicka. En 1837, Jozef Gaganec fue nombrado secretario del eparca de Prešov, Gregor Tarkovič. En 1835, tras la muerte de Tarkovič, se convirtió en vicario capitular de la eparquía greco-católica de Presov. Ese mismo año enviudó y pronto fue nombrado canónigo y miembro del consistorio episcopal.</p>



<p>El emperador Fernando I nombró obispo a José Gaganec y el 25 de junio de 1843 fue consagrado obispo en la capilla imperial de Viena en presencia de la corte imperial. Fue consagrado por el obispo Basilio Popovich de Mukachevo.&nbsp;</p>



<p>Durante su mandato como Eparca de Presov, se construyeron 36 nuevas iglesias en la eparquía y se reconstruyeron y restauraron muchas iglesias. Durante este período ordenó 237 sacerdotes (190 para la diócesis de Presov, 12 para la Orden de San Basilio y 35 para las eparquías vecinas). Se dirigía a sus sacerdotes con frecuencia y con mucha firmeza con admoniciones y peticiones para que conservaran fielmente y profundizaran en el conocimiento del rito oriental.</p>



<p>Fue miembro de la Matriz Eslovaca. En 1862, por iniciativa de Alexander Duchovič, fundó la Sociedad de San Juan Bautista, destinada a atender a huérfanos o estudiantes pobres. El Emperador le concedió la Orden de Francisco José. En 1868, el Papa Pío IX le nombró asistente del trono pontificio. Murió el 22 de diciembre de 1875.</p>



<p><strong>Fuente: </strong>https://sk.wikipedia.org/wiki/Jozef_Gaganec<br><strong>Fuente de la foto:</strong> Autor desconocido - Erzeparchie Prestov - www.grkatpo.sk/historia_biskupi, Trabajo libre, https://commons.wikimedia.org/w/index.php?curid=8551718</p>



<p></p>

<!-- This site is optimized with the Yoast SEO Premium plugin v26.3 (Yoast SEO v26.8) - https://yoast.com/product/yoast-seo-premium-wordpress/ -->
<title>Jozef Gaganec - OOCR Šariš</title>
<meta name="description" content="Jozef Gaganec bol významným kˇňazom, predstaviteľom rusínskej kultúry, biskupom a členom Matice slovenskej." />
<meta name="robots" content="index, follow, max-snippet:-1, max-image-preview:large, max-video-preview:-1" />
<link rel="canonical" href="https://www.regionsaris.sk/es/vyznamna-tvar/jozef-gaganec/" />
<meta property="og:locale" content="es_ES" />
<meta property="og:type" content="article" />
<meta property="og:title" content="Jozef Gaganec" />
<meta property="og:description" content="Jozef Gaganec bol významným kˇňazom, predstaviteľom rusínskej kultúry, biskupom a členom Matice slovenskej." />
<meta property="og:url" content="https://www.regionsaris.sk/es/vyznamna-tvar/jozef-gaganec/" />
<meta property="og:site_name" content="OOCR Šariš" />
<meta property="article:modified_time" content="2026-04-01T09:54:43+00:00" />
<meta property="og:image" content="https://www.regionsaris.sk/wp-content/uploads/2026/03/jozef-gaganec-vyznamne-tvare-regionu-oocrrs.jpg" />
	<meta property="og:image:width" content="500" />
	<meta property="og:image:height" content="500" />
	<meta property="og:image:type" content="image/jpeg" />
<meta name="twitter:card" content="summary_large_image" />
<meta name="twitter:label1" content="Tiempo de lectura" />
	<meta name="twitter:data1" content="2 minutos" />
<script type="application/ld+json" class="yoast-schema-graph">{"@context":"https://schema.org","@graph":[{"@type":"WebPage","@id":"https://www.regionsaris.sk/vyznamna-tvar/jozef-gaganec/","url":"https://www.regionsaris.sk/vyznamna-tvar/jozef-gaganec/","name":"Jozef Gaganec - OOCR Šariš","isPartOf":{"@id":"https://www.regionsaris.sk/#website"},"primaryImageOfPage":{"@id":"https://www.regionsaris.sk/vyznamna-tvar/jozef-gaganec/#primaryimage"},"image":{"@id":"https://www.regionsaris.sk/vyznamna-tvar/jozef-gaganec/#primaryimage"},"thumbnailUrl":"https://www.regionsaris.sk/wp-content/uploads/2026/03/jozef-gaganec-vyznamne-tvare-regionu-oocrrs.jpg","datePublished":"2026-03-20T10:29:03+00:00","dateModified":"2026-04-01T09:54:43+00:00","description":"Jozef Gaganec bol významným kˇňazom, predstaviteľom rusínskej kultúry, biskupom a členom Matice slovenskej.","breadcrumb":{"@id":"https://www.regionsaris.sk/vyznamna-tvar/jozef-gaganec/#breadcrumb"},"inLanguage":"es","potentialAction":[{"@type":"ReadAction","target":["https://www.regionsaris.sk/vyznamna-tvar/jozef-gaganec/"]}]},{"@type":"ImageObject","inLanguage":"es","@id":"https://www.regionsaris.sk/vyznamna-tvar/jozef-gaganec/#primaryimage","url":"https://www.regionsaris.sk/wp-content/uploads/2026/03/jozef-gaganec-vyznamne-tvare-regionu-oocrrs.jpg","contentUrl":"https://www.regionsaris.sk/wp-content/uploads/2026/03/jozef-gaganec-vyznamne-tvare-regionu-oocrrs.jpg","width":500,"height":500},{"@type":"BreadcrumbList","@id":"https://www.regionsaris.sk/vyznamna-tvar/jozef-gaganec/#breadcrumb","itemListElement":[{"@type":"ListItem","position":1,"name":"Domov","item":"https://www.regionsaris.sk/"},{"@type":"ListItem","position":2,"name":"Významné tváre regiónu","item":"https://www.regionsaris.sk/vyznamne-tvare-regionu/"},{"@type":"ListItem","position":3,"name":"Jozef Gaganec"}]},{"@type":"WebSite","@id":"https://www.regionsaris.sk/#website","url":"https://www.regionsaris.sk/","name":"OOCR Šariš","description":"","potentialAction":[{"@type":"SearchAction","target":{"@type":"EntryPoint","urlTemplate":"https://www.regionsaris.sk/?s={search_term_string}"},"query-input":{"@type":"PropertyValueSpecification","valueRequired":true,"valueName":"search_term_string"}}],"inLanguage":"es"}]}</script>
<!-- / Yoast SEO Premium plugin. -->

Jozef Gaganec - OOCR Šariš

Jozef Gaganec bol významným kˇňazom, predstaviteľom rusínskej kultúry, biskupom a členom Matice slovenskej.

OOCR Šariš

Významné tváre regiónu
