{"id":4062,"date":"2026-03-20T09:43:05","date_gmt":"2026-03-20T08:43:05","guid":{"rendered":"https:\/\/www.regionsaris.sk\/?post_type=vyznamna-tvar&#038;p=4062"},"modified":"2026-04-01T11:12:22","modified_gmt":"2026-04-01T10:12:22","slug":"mikulas-moyzes","status":"publish","type":"vyznamna-tvar","link":"https:\/\/www.regionsaris.sk\/es\/vyznamna-tvar\/mikulas-moyzes\/","title":{"rendered":"Mikul\u00e1\u0161 Moyzes"},"content":{"rendered":"<p>Naci\u00f3 en la familia de un maestro en Zvolensk\u00e1 Slatina el 6 de diciembre de 1872. Ya en su infancia aprendi\u00f3 a tocar el piano y el \u00f3rgano. Se gradu\u00f3 en el instituto de magisterio de Kl\u00e1\u0161tor pod Znievom y aprob\u00f3 los ex\u00e1menes estatales de m\u00fasica en la Real Academia H\u00fangara de Budapest. Trabaj\u00f3 como organista y profesor de m\u00fasica en Jagr, Ve\u013ek\u00fd Varadin, \u010curgov y Kl\u00e1\u0161tor pod Znievom.&nbsp;<\/p>\n\n\n\n<p>En 1908 se instal\u00f3 en Pre\u0161ov y fue profesor de m\u00fasica y eslovaco en el Real Gimnasio Estatal de Profesores de Hungr\u00eda. A partir de 1919, Moyzes fue el primer administrador eslovaco de esta escuela y presidente del comit\u00e9 administrativo del condado de \u0160ari\u0161. En 1920 fue uno de los miembros fundadores de la rama local de la Matriz Eslovaca. Al mismo tiempo, fue administrador y profesor de la escuela de m\u00fasica de la ciudad y en 1921-1929 tambi\u00e9n su director.<\/p>\n\n\n\n<p>Moyzes se consagr\u00f3 como compositor de \u00e9xito, concertista, director de coro y director de coros laicos y eclesi\u00e1sticos. Fue pionero de las tendencias realistas en la m\u00fasica eslovaca y precursor del modernismo musical eslovaco. Compuso Missa solemnis en do, Missa en re menor, Little Highland Symphony, Ctibora, Christmas Carol, Orphans, Forest Maiden, Devil's River y la composici\u00f3n orquestal Our Slovakia.&nbsp;<\/p>\n\n\n\n<p>Escribi\u00f3 varios libros de texto para escuelas eslovacas: un libro te\u00f3rico-musical, un cancionero escolar para guarder\u00edas y escuelas populares eslovacas y una peque\u00f1a escuela de canto. Arregl\u00f3 canciones populares eslovacas, sobre todo de los alrededores de su Zvolen natal y de \u0160ari\u0161. Muri\u00f3 en Pre\u0161ov el 2 de abril de 1944 y est\u00e1 enterrado en el cementerio local. Una de las escuelas elementales de arte lleva su nombre.<\/p>\n\n\n\n<p><strong>Fuente: <\/strong>Biblioteca Regional P. O. Hviezdoslav en Pre\u0161ov; Microproyecto.<br><strong>Fuente de la foto:<\/strong> Autor Presov Slovakia 1227.JPG: Ing.Mgr. Mathuzalem - Presov Slovakia 1227.JPG, CC BY 3.0, https:\/\/commons.wikimedia.org\/w\/index.php?curid=16691032<\/p>\n\n\n\n<p><\/p>","protected":false},"featured_media":4277,"template":"","meta":{"_acf_changed":true},"kategoria-vyznamnych-tvari":[230],"oblast-posobenia":[236,235],"class_list":["post-4062","vyznamna-tvar","type-vyznamna-tvar","status-publish","has-post-thumbnail","hentry","kategoria-vyznamnych-tvari-historicka-osobnost","oblast-posobenia-hudba","oblast-posobenia-umenie"],"acf":[],"yoast_head":"<!-- This site is optimized with the Yoast SEO Premium plugin v26.3 (Yoast SEO v26.8) - https:\/\/yoast.com\/product\/yoast-seo-premium-wordpress\/ -->\n<title>Mikul\u00e1\u0161 Moyzes - OOCR \u0160ari\u0161<\/title>\n<meta name=\"description\" content=\"Mikul\u00e1\u0161 Moyzes je d\u00f4le\u017eit\u00e1 osobnos\u0165 hudobnej sc\u00e9ny. Bol v\u00fdznamn\u00fdm dirigentom, skladate\u013eom, organistom a umelcom.\" \/>\n<meta name=\"robots\" content=\"index, follow, max-snippet:-1, max-image-preview:large, max-video-preview:-1\" \/>\n<link rel=\"canonical\" href=\"https:\/\/www.regionsaris.sk\/es\/vyznamna-tvar\/mikulas-moyzes\/\" \/>\n<meta property=\"og:locale\" content=\"es_ES\" \/>\n<meta property=\"og:type\" content=\"article\" \/>\n<meta property=\"og:title\" content=\"Mikul\u00e1\u0161 Moyzes\" \/>\n<meta property=\"og:description\" content=\"Mikul\u00e1\u0161 Moyzes je d\u00f4le\u017eit\u00e1 osobnos\u0165 hudobnej sc\u00e9ny. Bol v\u00fdznamn\u00fdm dirigentom, skladate\u013eom, organistom a umelcom.\" \/>\n<meta property=\"og:url\" content=\"https:\/\/www.regionsaris.sk\/es\/vyznamna-tvar\/mikulas-moyzes\/\" \/>\n<meta property=\"og:site_name\" content=\"OOCR \u0160ari\u0161\" \/>\n<meta property=\"article:modified_time\" content=\"2026-04-01T10:12:22+00:00\" \/>\n<meta property=\"og:image\" content=\"https:\/\/www.regionsaris.sk\/wp-content\/uploads\/2026\/03\/mikulas-moyzes-vyznamne-tvare-regionu-oocrrs.jpg\" \/>\n\t<meta property=\"og:image:width\" content=\"500\" \/>\n\t<meta property=\"og:image:height\" content=\"500\" \/>\n\t<meta property=\"og:image:type\" content=\"image\/jpeg\" \/>\n<meta name=\"twitter:card\" content=\"summary_large_image\" \/>\n<meta name=\"twitter:label1\" content=\"Tiempo de lectura\" \/>\n\t<meta name=\"twitter:data1\" content=\"2 minutos\" \/>\n<script type=\"application\/ld+json\" class=\"yoast-schema-graph\">{\"@context\":\"https:\/\/schema.org\",\"@graph\":[{\"@type\":\"WebPage\",\"@id\":\"https:\/\/www.regionsaris.sk\/vyznamna-tvar\/mikulas-moyzes\/\",\"url\":\"https:\/\/www.regionsaris.sk\/vyznamna-tvar\/mikulas-moyzes\/\",\"name\":\"Mikul\u00e1\u0161 Moyzes - OOCR \u0160ari\u0161\",\"isPartOf\":{\"@id\":\"https:\/\/www.regionsaris.sk\/#website\"},\"primaryImageOfPage\":{\"@id\":\"https:\/\/www.regionsaris.sk\/vyznamna-tvar\/mikulas-moyzes\/#primaryimage\"},\"image\":{\"@id\":\"https:\/\/www.regionsaris.sk\/vyznamna-tvar\/mikulas-moyzes\/#primaryimage\"},\"thumbnailUrl\":\"https:\/\/www.regionsaris.sk\/wp-content\/uploads\/2026\/03\/mikulas-moyzes-vyznamne-tvare-regionu-oocrrs.jpg\",\"datePublished\":\"2026-03-20T08:43:05+00:00\",\"dateModified\":\"2026-04-01T10:12:22+00:00\",\"description\":\"Mikul\u00e1\u0161 Moyzes je d\u00f4le\u017eit\u00e1 osobnos\u0165 hudobnej sc\u00e9ny. Bol v\u00fdznamn\u00fdm dirigentom, skladate\u013eom, organistom a umelcom.\",\"breadcrumb\":{\"@id\":\"https:\/\/www.regionsaris.sk\/vyznamna-tvar\/mikulas-moyzes\/#breadcrumb\"},\"inLanguage\":\"es\",\"potentialAction\":[{\"@type\":\"ReadAction\",\"target\":[\"https:\/\/www.regionsaris.sk\/vyznamna-tvar\/mikulas-moyzes\/\"]}]},{\"@type\":\"ImageObject\",\"inLanguage\":\"es\",\"@id\":\"https:\/\/www.regionsaris.sk\/vyznamna-tvar\/mikulas-moyzes\/#primaryimage\",\"url\":\"https:\/\/www.regionsaris.sk\/wp-content\/uploads\/2026\/03\/mikulas-moyzes-vyznamne-tvare-regionu-oocrrs.jpg\",\"contentUrl\":\"https:\/\/www.regionsaris.sk\/wp-content\/uploads\/2026\/03\/mikulas-moyzes-vyznamne-tvare-regionu-oocrrs.jpg\",\"width\":500,\"height\":500},{\"@type\":\"BreadcrumbList\",\"@id\":\"https:\/\/www.regionsaris.sk\/vyznamna-tvar\/mikulas-moyzes\/#breadcrumb\",\"itemListElement\":[{\"@type\":\"ListItem\",\"position\":1,\"name\":\"Domov\",\"item\":\"https:\/\/www.regionsaris.sk\/\"},{\"@type\":\"ListItem\",\"position\":2,\"name\":\"V\u00fdznamn\u00e9 tv\u00e1re regi\u00f3nu\",\"item\":\"https:\/\/www.regionsaris.sk\/vyznamne-tvare-regionu\/\"},{\"@type\":\"ListItem\",\"position\":3,\"name\":\"Mikul\u00e1\u0161 Moyzes\"}]},{\"@type\":\"WebSite\",\"@id\":\"https:\/\/www.regionsaris.sk\/#website\",\"url\":\"https:\/\/www.regionsaris.sk\/\",\"name\":\"OOCR \u0160ari\u0161\",\"description\":\"\",\"potentialAction\":[{\"@type\":\"SearchAction\",\"target\":{\"@type\":\"EntryPoint\",\"urlTemplate\":\"https:\/\/www.regionsaris.sk\/?s={search_term_string}\"},\"query-input\":{\"@type\":\"PropertyValueSpecification\",\"valueRequired\":true,\"valueName\":\"search_term_string\"}}],\"inLanguage\":\"es\"}]}<\/script>\n<!-- \/ Yoast SEO Premium plugin. -->","yoast_head_json":{"title":"Mikul\u00e1\u0161 Moyzes - OOCR \u0160ari\u0161","description":"Mikul\u00e1\u0161 Moyzes je d\u00f4le\u017eit\u00e1 osobnos\u0165 hudobnej sc\u00e9ny. Bol v\u00fdznamn\u00fdm dirigentom, skladate\u013eom, organistom a umelcom.","robots":{"index":"index","follow":"follow","max-snippet":"max-snippet:-1","max-image-preview":"max-image-preview:large","max-video-preview":"max-video-preview:-1"},"canonical":"https:\/\/www.regionsaris.sk\/es\/vyznamna-tvar\/mikulas-moyzes\/","og_locale":"es_ES","og_type":"article","og_title":"Mikul\u00e1\u0161 Moyzes","og_description":"Mikul\u00e1\u0161 Moyzes je d\u00f4le\u017eit\u00e1 osobnos\u0165 hudobnej sc\u00e9ny. Bol v\u00fdznamn\u00fdm dirigentom, skladate\u013eom, organistom a umelcom.","og_url":"https:\/\/www.regionsaris.sk\/es\/vyznamna-tvar\/mikulas-moyzes\/","og_site_name":"OOCR \u0160ari\u0161","article_modified_time":"2026-04-01T10:12:22+00:00","og_image":[{"width":500,"height":500,"url":"https:\/\/www.regionsaris.sk\/wp-content\/uploads\/2026\/03\/mikulas-moyzes-vyznamne-tvare-regionu-oocrrs.jpg","type":"image\/jpeg"}],"twitter_card":"summary_large_image","twitter_misc":{"Tiempo de lectura":"2 minutos"},"schema":{"@context":"https:\/\/schema.org","@graph":[{"@type":"WebPage","@id":"https:\/\/www.regionsaris.sk\/vyznamna-tvar\/mikulas-moyzes\/","url":"https:\/\/www.regionsaris.sk\/vyznamna-tvar\/mikulas-moyzes\/","name":"Mikul\u00e1\u0161 Moyzes - OOCR \u0160ari\u0161","isPartOf":{"@id":"https:\/\/www.regionsaris.sk\/#website"},"primaryImageOfPage":{"@id":"https:\/\/www.regionsaris.sk\/vyznamna-tvar\/mikulas-moyzes\/#primaryimage"},"image":{"@id":"https:\/\/www.regionsaris.sk\/vyznamna-tvar\/mikulas-moyzes\/#primaryimage"},"thumbnailUrl":"https:\/\/www.regionsaris.sk\/wp-content\/uploads\/2026\/03\/mikulas-moyzes-vyznamne-tvare-regionu-oocrrs.jpg","datePublished":"2026-03-20T08:43:05+00:00","dateModified":"2026-04-01T10:12:22+00:00","description":"Mikul\u00e1\u0161 Moyzes je d\u00f4le\u017eit\u00e1 osobnos\u0165 hudobnej sc\u00e9ny. Bol v\u00fdznamn\u00fdm dirigentom, skladate\u013eom, organistom a umelcom.","breadcrumb":{"@id":"https:\/\/www.regionsaris.sk\/vyznamna-tvar\/mikulas-moyzes\/#breadcrumb"},"inLanguage":"es","potentialAction":[{"@type":"ReadAction","target":["https:\/\/www.regionsaris.sk\/vyznamna-tvar\/mikulas-moyzes\/"]}]},{"@type":"ImageObject","inLanguage":"es","@id":"https:\/\/www.regionsaris.sk\/vyznamna-tvar\/mikulas-moyzes\/#primaryimage","url":"https:\/\/www.regionsaris.sk\/wp-content\/uploads\/2026\/03\/mikulas-moyzes-vyznamne-tvare-regionu-oocrrs.jpg","contentUrl":"https:\/\/www.regionsaris.sk\/wp-content\/uploads\/2026\/03\/mikulas-moyzes-vyznamne-tvare-regionu-oocrrs.jpg","width":500,"height":500},{"@type":"BreadcrumbList","@id":"https:\/\/www.regionsaris.sk\/vyznamna-tvar\/mikulas-moyzes\/#breadcrumb","itemListElement":[{"@type":"ListItem","position":1,"name":"Domov","item":"https:\/\/www.regionsaris.sk\/"},{"@type":"ListItem","position":2,"name":"V\u00fdznamn\u00e9 tv\u00e1re regi\u00f3nu","item":"https:\/\/www.regionsaris.sk\/vyznamne-tvare-regionu\/"},{"@type":"ListItem","position":3,"name":"Mikul\u00e1\u0161 Moyzes"}]},{"@type":"WebSite","@id":"https:\/\/www.regionsaris.sk\/#website","url":"https:\/\/www.regionsaris.sk\/","name":"OOCR \u0160ari\u0161","description":"","potentialAction":[{"@type":"SearchAction","target":{"@type":"EntryPoint","urlTemplate":"https:\/\/www.regionsaris.sk\/?s={search_term_string}"},"query-input":{"@type":"PropertyValueSpecification","valueRequired":true,"valueName":"search_term_string"}}],"inLanguage":"es"}]}},"_links":{"self":[{"href":"https:\/\/www.regionsaris.sk\/es\/wp-json\/wp\/v2\/vyznamna-tvar\/4062","targetHints":{"allow":["GET"]}}],"collection":[{"href":"https:\/\/www.regionsaris.sk\/es\/wp-json\/wp\/v2\/vyznamna-tvar"}],"about":[{"href":"https:\/\/www.regionsaris.sk\/es\/wp-json\/wp\/v2\/types\/vyznamna-tvar"}],"wp:featuredmedia":[{"embeddable":true,"href":"https:\/\/www.regionsaris.sk\/es\/wp-json\/wp\/v2\/media\/4277"}],"wp:attachment":[{"href":"https:\/\/www.regionsaris.sk\/es\/wp-json\/wp\/v2\/media?parent=4062"}],"wp:term":[{"taxonomy":"kategoria-vyznamnych-tvari","embeddable":true,"href":"https:\/\/www.regionsaris.sk\/es\/wp-json\/wp\/v2\/kategoria-vyznamnych-tvari?post=4062"},{"taxonomy":"oblast-posobenia","embeddable":true,"href":"https:\/\/www.regionsaris.sk\/es\/wp-json\/wp\/v2\/oblast-posobenia?post=4062"}],"curies":[{"name":"wp","href":"https:\/\/api.w.org\/{rel}","templated":true}]}}

Mikuláš Moyzes

<p>Nació en la familia de un maestro en Zvolenská Slatina el 6 de diciembre de 1872. Ya en su infancia aprendió a tocar el piano y el órgano. Se graduó en el instituto de magisterio de Kláštor pod Znievom y aprobó los exámenes estatales de música en la Real Academia Húngara de Budapest. Trabajó como organista y profesor de música en Jagr, Veľký Varadin, Čurgov y Kláštor pod Znievom.&nbsp;</p>



<p>En 1908 se instaló en Prešov y fue profesor de música y eslovaco en el Real Gimnasio Estatal de Profesores de Hungría. A partir de 1919, Moyzes fue el primer administrador eslovaco de esta escuela y presidente del comité administrativo del condado de Šariš. En 1920 fue uno de los miembros fundadores de la rama local de la Matriz Eslovaca. Al mismo tiempo, fue administrador y profesor de la escuela de música de la ciudad y en 1921-1929 también su director.</p>



<p>Moyzes se consagró como compositor de éxito, concertista, director de coro y director de coros laicos y eclesiásticos. Fue pionero de las tendencias realistas en la música eslovaca y precursor del modernismo musical eslovaco. Compuso Missa solemnis en do, Missa en re menor, Little Highland Symphony, Ctibora, Christmas Carol, Orphans, Forest Maiden, Devil's River y la composición orquestal Our Slovakia.&nbsp;</p>



<p>Escribió varios libros de texto para escuelas eslovacas: un libro teórico-musical, un cancionero escolar para guarderías y escuelas populares eslovacas y una pequeña escuela de canto. Arregló canciones populares eslovacas, sobre todo de los alrededores de su Zvolen natal y de Šariš. Murió en Prešov el 2 de abril de 1944 y está enterrado en el cementerio local. Una de las escuelas elementales de arte lleva su nombre.</p>



<p><strong>Fuente: </strong>Biblioteca Regional P. O. Hviezdoslav en Prešov; Microproyecto.<br><strong>Fuente de la foto:</strong> Autor Presov Slovakia 1227.JPG: Ing.Mgr. Mathuzalem - Presov Slovakia 1227.JPG, CC BY 3.0, https://commons.wikimedia.org/w/index.php?curid=16691032</p>



<p></p>

<!-- This site is optimized with the Yoast SEO Premium plugin v26.3 (Yoast SEO v26.8) - https://yoast.com/product/yoast-seo-premium-wordpress/ -->
<title>Mikuláš Moyzes - OOCR Šariš</title>
<meta name="description" content="Mikuláš Moyzes je dôležitá osobnosť hudobnej scény. Bol významným dirigentom, skladateľom, organistom a umelcom." />
<meta name="robots" content="index, follow, max-snippet:-1, max-image-preview:large, max-video-preview:-1" />
<link rel="canonical" href="https://www.regionsaris.sk/es/vyznamna-tvar/mikulas-moyzes/" />
<meta property="og:locale" content="es_ES" />
<meta property="og:type" content="article" />
<meta property="og:title" content="Mikuláš Moyzes" />
<meta property="og:description" content="Mikuláš Moyzes je dôležitá osobnosť hudobnej scény. Bol významným dirigentom, skladateľom, organistom a umelcom." />
<meta property="og:url" content="https://www.regionsaris.sk/es/vyznamna-tvar/mikulas-moyzes/" />
<meta property="og:site_name" content="OOCR Šariš" />
<meta property="article:modified_time" content="2026-04-01T10:12:22+00:00" />
<meta property="og:image" content="https://www.regionsaris.sk/wp-content/uploads/2026/03/mikulas-moyzes-vyznamne-tvare-regionu-oocrrs.jpg" />
	<meta property="og:image:width" content="500" />
	<meta property="og:image:height" content="500" />
	<meta property="og:image:type" content="image/jpeg" />
<meta name="twitter:card" content="summary_large_image" />
<meta name="twitter:label1" content="Tiempo de lectura" />
	<meta name="twitter:data1" content="2 minutos" />
<script type="application/ld+json" class="yoast-schema-graph">{"@context":"https://schema.org","@graph":[{"@type":"WebPage","@id":"https://www.regionsaris.sk/vyznamna-tvar/mikulas-moyzes/","url":"https://www.regionsaris.sk/vyznamna-tvar/mikulas-moyzes/","name":"Mikuláš Moyzes - OOCR Šariš","isPartOf":{"@id":"https://www.regionsaris.sk/#website"},"primaryImageOfPage":{"@id":"https://www.regionsaris.sk/vyznamna-tvar/mikulas-moyzes/#primaryimage"},"image":{"@id":"https://www.regionsaris.sk/vyznamna-tvar/mikulas-moyzes/#primaryimage"},"thumbnailUrl":"https://www.regionsaris.sk/wp-content/uploads/2026/03/mikulas-moyzes-vyznamne-tvare-regionu-oocrrs.jpg","datePublished":"2026-03-20T08:43:05+00:00","dateModified":"2026-04-01T10:12:22+00:00","description":"Mikuláš Moyzes je dôležitá osobnosť hudobnej scény. Bol významným dirigentom, skladateľom, organistom a umelcom.","breadcrumb":{"@id":"https://www.regionsaris.sk/vyznamna-tvar/mikulas-moyzes/#breadcrumb"},"inLanguage":"es","potentialAction":[{"@type":"ReadAction","target":["https://www.regionsaris.sk/vyznamna-tvar/mikulas-moyzes/"]}]},{"@type":"ImageObject","inLanguage":"es","@id":"https://www.regionsaris.sk/vyznamna-tvar/mikulas-moyzes/#primaryimage","url":"https://www.regionsaris.sk/wp-content/uploads/2026/03/mikulas-moyzes-vyznamne-tvare-regionu-oocrrs.jpg","contentUrl":"https://www.regionsaris.sk/wp-content/uploads/2026/03/mikulas-moyzes-vyznamne-tvare-regionu-oocrrs.jpg","width":500,"height":500},{"@type":"BreadcrumbList","@id":"https://www.regionsaris.sk/vyznamna-tvar/mikulas-moyzes/#breadcrumb","itemListElement":[{"@type":"ListItem","position":1,"name":"Domov","item":"https://www.regionsaris.sk/"},{"@type":"ListItem","position":2,"name":"Významné tváre regiónu","item":"https://www.regionsaris.sk/vyznamne-tvare-regionu/"},{"@type":"ListItem","position":3,"name":"Mikuláš Moyzes"}]},{"@type":"WebSite","@id":"https://www.regionsaris.sk/#website","url":"https://www.regionsaris.sk/","name":"OOCR Šariš","description":"","potentialAction":[{"@type":"SearchAction","target":{"@type":"EntryPoint","urlTemplate":"https://www.regionsaris.sk/?s={search_term_string}"},"query-input":{"@type":"PropertyValueSpecification","valueRequired":true,"valueName":"search_term_string"}}],"inLanguage":"es"}]}</script>
<!-- / Yoast SEO Premium plugin. -->

Mikuláš Moyzes - OOCR Šariš

Mikuláš Moyzes je dôležitá osobnosť hudobnej scény. Bol významným dirigentom, skladateľom, organistom a umelcom.

OOCR Šariš

Významné tváre regiónu
