{"id":2766,"date":"2026-01-07T19:25:02","date_gmt":"2026-01-07T18:25:02","guid":{"rendered":"https:\/\/www.regionsaris.sk\/?post_type=prirodne-krasy&#038;p=2766"},"modified":"2026-02-05T14:08:16","modified_gmt":"2026-02-05T13:08:16","slug":"spiaci-mnich-kamenica","status":"publish","type":"prirodne-krasy","link":"https:\/\/www.regionsaris.sk\/es\/prirodne-krasy\/spiaci-mnich-kamenica\/","title":{"rendered":"Monje dormido Kamenica"},"content":{"rendered":"<p>La formaci\u00f3n rocosa forma parte de la cordillera de la barbilla, que se extiende en arco desde Z\u00e1horie a trav\u00e9s de Sulov, Orava, Pieniny y m\u00e1s all\u00e1 hacia Ruman\u00eda. El acantilado de roca de forma inusual puede haber servido a las necesidades ideol\u00f3gicas de las civilizaciones antiguas y su apariencia no ha cambiado durante miles de a\u00f1os y todav\u00eda domina los alrededores.<br>El nombre m\u00e1s antiguo que se conserva es Gigante Dormido. Despu\u00e9s del siglo X d.C. pas\u00f3 a llamarse <strong>Monje durmiente<\/strong>, estaba relacionado con la conversi\u00f3n a la fe cristiana. Viv\u00edan aqu\u00ed <strong>Monjes benedictinos<\/strong>, que ten\u00eda un centro sobre <strong>Kamenicou<\/strong>. El nombre local Remety es una prueba de la actividad eremita en ermitas. Los nombres m\u00e1s recientes de la formaci\u00f3n rocosa son Pr\u00edncipe Durmiente, Indio, Mujer de Piedra, Baba de Piedra y Doncella Durmiente.<br>Los nombres derivan del parecido de la colina con un hombre reclinado. Ya desde la carretera se ve claramente la enorme cabeza humana, el cuello y el pecho. El monje dormido tiene en su centro <strong>\u201eLa Puerta del Para\u00edso\u201c<\/strong> - una cueva con la entrada orientada hacia el sol, que canalizaba el poder m\u00e1gico del sol, que brillaba a trav\u00e9s de ella en los d\u00edas importantes del a\u00f1o civil: los equinoccios solsticiales. Tambi\u00e9n se encuentra aqu\u00ed la llamada <strong>Cueva de Perun<\/strong>, transitable por ambos lados, artificial, de unos cuatro metros de altura y una longitud de casi 12 metros. En las piedras y rocas m\u00e1s peque\u00f1as que rodean al Monje Durmiente hay un gran n\u00famero de pinturas y figuras, concentradas alrededor de aberturas en las rocas. Parece que con una zanja artificial la gente form\u00f3 el cuello y, con el tiempo, la figura reclinada. En la superficie, crearon imitaciones de animales a partir de las rocas. Se pueden encontrar formaciones que parecen un rat\u00f3n o un halc\u00f3n. A la derecha hay una barra que termina con una enorme escultura \/ estimada entre 12 y 15 metros \/. Un misterioso rostro m\u00edtico con grandes ojos rectangulares de drag\u00f3n llamado Kukla fue tallado en la roca. El rostro se asemeja a un personaje del legendario cuento checo Kukla - el Golem. A la derecha encontrar\u00e1 un acantilado independiente en forma de cono. Hay senderos de piedra en su lado inclinado.<br>El monje durmiente Kamenica, es uno de los m\u00e1s <strong>santuarios naturales de roca<\/strong>, de las que hay varias en las inmediaciones, como la alta Sokol - Sokolia skala.<\/p>","protected":false},"featured_media":2301,"template":"","meta":{"_acf_changed":false},"kategoria-poi":[102,174],"lokalita":[29],"sezona-poi":[12],"trvanie-vyletu":[180],"class_list":["post-2766","prirodne-krasy","type-prirodne-krasy","status-publish","has-post-thumbnail","hentry","kategoria-poi-prirodne-krasy","kategoria-poi-prirodne-zaujimavosti","lokalita-lipany-a-okolie","sezona-poi-celorocne","trvanie-vyletu-poldenne-vylety"],"acf":[],"yoast_head":"<!-- This site is optimized with the Yoast SEO Premium plugin v26.3 (Yoast SEO v26.8) - https:\/\/yoast.com\/product\/yoast-seo-premium-wordpress\/ -->\n<title>Spiaci mn\u00edch Kamenica - OOCR \u0160ari\u0161<\/title>\n<meta name=\"robots\" content=\"index, follow, max-snippet:-1, max-image-preview:large, max-video-preview:-1\" \/>\n<link rel=\"canonical\" href=\"https:\/\/www.regionsaris.sk\/es\/prirodne-krasy\/spiaci-mnich-kamenica\/\" \/>\n<meta property=\"og:locale\" content=\"es_ES\" \/>\n<meta property=\"og:type\" content=\"article\" \/>\n<meta property=\"og:title\" content=\"Spiaci mn\u00edch Kamenica\" \/>\n<meta property=\"og:description\" content=\"Skaln\u00fd \u00fatvar je s\u00fa\u010das\u0165ou bradlov\u00e9ho p\u00e1sma, ktor\u00fd sa tiahne obl\u00fakom od Z\u00e1horia cez S\u00fa\u013eov, Oravu,...\" \/>\n<meta property=\"og:url\" content=\"https:\/\/www.regionsaris.sk\/es\/prirodne-krasy\/spiaci-mnich-kamenica\/\" \/>\n<meta property=\"og:site_name\" content=\"OOCR \u0160ari\u0161\" \/>\n<meta property=\"article:modified_time\" content=\"2026-02-05T13:08:16+00:00\" \/>\n<meta property=\"og:image\" content=\"https:\/\/www.regionsaris.sk\/wp-content\/uploads\/2026\/01\/mnich164-thumb.jpg\" \/>\n\t<meta property=\"og:image:width\" content=\"600\" \/>\n\t<meta property=\"og:image:height\" content=\"400\" \/>\n\t<meta property=\"og:image:type\" content=\"image\/jpeg\" \/>\n<meta name=\"twitter:card\" content=\"summary_large_image\" \/>\n<meta name=\"twitter:label1\" content=\"Tiempo de lectura\" \/>\n\t<meta name=\"twitter:data1\" content=\"2 minutos\" \/>\n<script type=\"application\/ld+json\" class=\"yoast-schema-graph\">{\"@context\":\"https:\/\/schema.org\",\"@graph\":[{\"@type\":\"WebPage\",\"@id\":\"https:\/\/www.regionsaris.sk\/prirodne-krasy\/spiaci-mnich-kamenica\/\",\"url\":\"https:\/\/www.regionsaris.sk\/prirodne-krasy\/spiaci-mnich-kamenica\/\",\"name\":\"Spiaci mn\u00edch Kamenica - OOCR \u0160ari\u0161\",\"isPartOf\":{\"@id\":\"https:\/\/www.regionsaris.sk\/#website\"},\"primaryImageOfPage\":{\"@id\":\"https:\/\/www.regionsaris.sk\/prirodne-krasy\/spiaci-mnich-kamenica\/#primaryimage\"},\"image\":{\"@id\":\"https:\/\/www.regionsaris.sk\/prirodne-krasy\/spiaci-mnich-kamenica\/#primaryimage\"},\"thumbnailUrl\":\"https:\/\/www.regionsaris.sk\/wp-content\/uploads\/2026\/01\/mnich164-thumb.jpg\",\"datePublished\":\"2026-01-07T18:25:02+00:00\",\"dateModified\":\"2026-02-05T13:08:16+00:00\",\"breadcrumb\":{\"@id\":\"https:\/\/www.regionsaris.sk\/prirodne-krasy\/spiaci-mnich-kamenica\/#breadcrumb\"},\"inLanguage\":\"es\",\"potentialAction\":[{\"@type\":\"ReadAction\",\"target\":[\"https:\/\/www.regionsaris.sk\/prirodne-krasy\/spiaci-mnich-kamenica\/\"]}]},{\"@type\":\"ImageObject\",\"inLanguage\":\"es\",\"@id\":\"https:\/\/www.regionsaris.sk\/prirodne-krasy\/spiaci-mnich-kamenica\/#primaryimage\",\"url\":\"https:\/\/www.regionsaris.sk\/wp-content\/uploads\/2026\/01\/mnich164-thumb.jpg\",\"contentUrl\":\"https:\/\/www.regionsaris.sk\/wp-content\/uploads\/2026\/01\/mnich164-thumb.jpg\",\"width\":600,\"height\":400},{\"@type\":\"BreadcrumbList\",\"@id\":\"https:\/\/www.regionsaris.sk\/prirodne-krasy\/spiaci-mnich-kamenica\/#breadcrumb\",\"itemListElement\":[{\"@type\":\"ListItem\",\"position\":1,\"name\":\"Domov\",\"item\":\"https:\/\/www.regionsaris.sk\/\"},{\"@type\":\"ListItem\",\"position\":2,\"name\":\"Pr\u00edrodn\u00e9 kr\u00e1sy v regi\u00f3ne\",\"item\":\"https:\/\/www.regionsaris.sk\/prirodne-krasy-v-regione\/\"},{\"@type\":\"ListItem\",\"position\":3,\"name\":\"Spiaci mn\u00edch Kamenica\"}]},{\"@type\":\"WebSite\",\"@id\":\"https:\/\/www.regionsaris.sk\/#website\",\"url\":\"https:\/\/www.regionsaris.sk\/\",\"name\":\"OOCR \u0160ari\u0161\",\"description\":\"\",\"potentialAction\":[{\"@type\":\"SearchAction\",\"target\":{\"@type\":\"EntryPoint\",\"urlTemplate\":\"https:\/\/www.regionsaris.sk\/?s={search_term_string}\"},\"query-input\":{\"@type\":\"PropertyValueSpecification\",\"valueRequired\":true,\"valueName\":\"search_term_string\"}}],\"inLanguage\":\"es\"}]}<\/script>\n<!-- \/ Yoast SEO Premium plugin. -->","yoast_head_json":{"title":"Spiaci mn\u00edch Kamenica - OOCR \u0160ari\u0161","robots":{"index":"index","follow":"follow","max-snippet":"max-snippet:-1","max-image-preview":"max-image-preview:large","max-video-preview":"max-video-preview:-1"},"canonical":"https:\/\/www.regionsaris.sk\/es\/prirodne-krasy\/spiaci-mnich-kamenica\/","og_locale":"es_ES","og_type":"article","og_title":"Spiaci mn\u00edch Kamenica","og_description":"Skaln\u00fd \u00fatvar je s\u00fa\u010das\u0165ou bradlov\u00e9ho p\u00e1sma, ktor\u00fd sa tiahne obl\u00fakom od Z\u00e1horia cez S\u00fa\u013eov, Oravu,...","og_url":"https:\/\/www.regionsaris.sk\/es\/prirodne-krasy\/spiaci-mnich-kamenica\/","og_site_name":"OOCR \u0160ari\u0161","article_modified_time":"2026-02-05T13:08:16+00:00","og_image":[{"width":600,"height":400,"url":"https:\/\/www.regionsaris.sk\/wp-content\/uploads\/2026\/01\/mnich164-thumb.jpg","type":"image\/jpeg"}],"twitter_card":"summary_large_image","twitter_misc":{"Tiempo de lectura":"2 minutos"},"schema":{"@context":"https:\/\/schema.org","@graph":[{"@type":"WebPage","@id":"https:\/\/www.regionsaris.sk\/prirodne-krasy\/spiaci-mnich-kamenica\/","url":"https:\/\/www.regionsaris.sk\/prirodne-krasy\/spiaci-mnich-kamenica\/","name":"Spiaci mn\u00edch Kamenica - OOCR \u0160ari\u0161","isPartOf":{"@id":"https:\/\/www.regionsaris.sk\/#website"},"primaryImageOfPage":{"@id":"https:\/\/www.regionsaris.sk\/prirodne-krasy\/spiaci-mnich-kamenica\/#primaryimage"},"image":{"@id":"https:\/\/www.regionsaris.sk\/prirodne-krasy\/spiaci-mnich-kamenica\/#primaryimage"},"thumbnailUrl":"https:\/\/www.regionsaris.sk\/wp-content\/uploads\/2026\/01\/mnich164-thumb.jpg","datePublished":"2026-01-07T18:25:02+00:00","dateModified":"2026-02-05T13:08:16+00:00","breadcrumb":{"@id":"https:\/\/www.regionsaris.sk\/prirodne-krasy\/spiaci-mnich-kamenica\/#breadcrumb"},"inLanguage":"es","potentialAction":[{"@type":"ReadAction","target":["https:\/\/www.regionsaris.sk\/prirodne-krasy\/spiaci-mnich-kamenica\/"]}]},{"@type":"ImageObject","inLanguage":"es","@id":"https:\/\/www.regionsaris.sk\/prirodne-krasy\/spiaci-mnich-kamenica\/#primaryimage","url":"https:\/\/www.regionsaris.sk\/wp-content\/uploads\/2026\/01\/mnich164-thumb.jpg","contentUrl":"https:\/\/www.regionsaris.sk\/wp-content\/uploads\/2026\/01\/mnich164-thumb.jpg","width":600,"height":400},{"@type":"BreadcrumbList","@id":"https:\/\/www.regionsaris.sk\/prirodne-krasy\/spiaci-mnich-kamenica\/#breadcrumb","itemListElement":[{"@type":"ListItem","position":1,"name":"Domov","item":"https:\/\/www.regionsaris.sk\/"},{"@type":"ListItem","position":2,"name":"Pr\u00edrodn\u00e9 kr\u00e1sy v regi\u00f3ne","item":"https:\/\/www.regionsaris.sk\/prirodne-krasy-v-regione\/"},{"@type":"ListItem","position":3,"name":"Spiaci mn\u00edch Kamenica"}]},{"@type":"WebSite","@id":"https:\/\/www.regionsaris.sk\/#website","url":"https:\/\/www.regionsaris.sk\/","name":"OOCR \u0160ari\u0161","description":"","potentialAction":[{"@type":"SearchAction","target":{"@type":"EntryPoint","urlTemplate":"https:\/\/www.regionsaris.sk\/?s={search_term_string}"},"query-input":{"@type":"PropertyValueSpecification","valueRequired":true,"valueName":"search_term_string"}}],"inLanguage":"es"}]}},"_links":{"self":[{"href":"https:\/\/www.regionsaris.sk\/es\/wp-json\/wp\/v2\/prirodne-krasy\/2766","targetHints":{"allow":["GET"]}}],"collection":[{"href":"https:\/\/www.regionsaris.sk\/es\/wp-json\/wp\/v2\/prirodne-krasy"}],"about":[{"href":"https:\/\/www.regionsaris.sk\/es\/wp-json\/wp\/v2\/types\/prirodne-krasy"}],"wp:featuredmedia":[{"embeddable":true,"href":"https:\/\/www.regionsaris.sk\/es\/wp-json\/wp\/v2\/media\/2301"}],"wp:attachment":[{"href":"https:\/\/www.regionsaris.sk\/es\/wp-json\/wp\/v2\/media?parent=2766"}],"wp:term":[{"taxonomy":"kategoria-poi","embeddable":true,"href":"https:\/\/www.regionsaris.sk\/es\/wp-json\/wp\/v2\/kategoria-poi?post=2766"},{"taxonomy":"lokalita","embeddable":true,"href":"https:\/\/www.regionsaris.sk\/es\/wp-json\/wp\/v2\/lokalita?post=2766"},{"taxonomy":"sezona-poi","embeddable":true,"href":"https:\/\/www.regionsaris.sk\/es\/wp-json\/wp\/v2\/sezona-poi?post=2766"},{"taxonomy":"trvanie-vyletu","embeddable":true,"href":"https:\/\/www.regionsaris.sk\/es\/wp-json\/wp\/v2\/trvanie-vyletu?post=2766"}],"curies":[{"name":"wp","href":"https:\/\/api.w.org\/{rel}","templated":true}]}}

<p>La formación rocosa forma parte de la cordillera de la barbilla, que se extiende en arco desde Záhorie a través de Sulov, Orava, Pieniny y más allá hacia Rumanía. El acantilado de roca de forma inusual puede haber servido a las necesidades ideológicas de las civilizaciones antiguas y su apariencia no ha cambiado durante miles de años y todavía domina los alrededores.<br>El nombre más antiguo que se conserva es Gigante Dormido. Después del siglo X d.C. pasó a llamarse <strong>Monje durmiente</strong>, estaba relacionado con la conversión a la fe cristiana. Vivían aquí <strong>Monjes benedictinos</strong>, que tenía un centro sobre <strong>Kamenicou</strong>. El nombre local Remety es una prueba de la actividad eremita en ermitas. Los nombres más recientes de la formación rocosa son Príncipe Durmiente, Indio, Mujer de Piedra, Baba de Piedra y Doncella Durmiente.<br>Los nombres derivan del parecido de la colina con un hombre reclinado. Ya desde la carretera se ve claramente la enorme cabeza humana, el cuello y el pecho. El monje dormido tiene en su centro <strong>„La Puerta del Paraíso“</strong> - una cueva con la entrada orientada hacia el sol, que canalizaba el poder mágico del sol, que brillaba a través de ella en los días importantes del año civil: los equinoccios solsticiales. También se encuentra aquí la llamada <strong>Cueva de Perun</strong>, transitable por ambos lados, artificial, de unos cuatro metros de altura y una longitud de casi 12 metros. En las piedras y rocas más pequeñas que rodean al Monje Durmiente hay un gran número de pinturas y figuras, concentradas alrededor de aberturas en las rocas. Parece que con una zanja artificial la gente formó el cuello y, con el tiempo, la figura reclinada. En la superficie, crearon imitaciones de animales a partir de las rocas. Se pueden encontrar formaciones que parecen un ratón o un halcón. A la derecha hay una barra que termina con una enorme escultura / estimada entre 12 y 15 metros /. Un misterioso rostro mítico con grandes ojos rectangulares de dragón llamado Kukla fue tallado en la roca. El rostro se asemeja a un personaje del legendario cuento checo Kukla - el Golem. A la derecha encontrará un acantilado independiente en forma de cono. Hay senderos de piedra en su lado inclinado.<br>El monje durmiente Kamenica, es uno de los más <strong>santuarios naturales de roca</strong>, de las que hay varias en las inmediaciones, como la alta Sokol - Sokolia skala.</p>

<!-- This site is optimized with the Yoast SEO Premium plugin v26.3 (Yoast SEO v26.8) - https://yoast.com/product/yoast-seo-premium-wordpress/ -->
<title>Spiaci mních Kamenica - OOCR Šariš</title>
<meta name="robots" content="index, follow, max-snippet:-1, max-image-preview:large, max-video-preview:-1" />
<link rel="canonical" href="https://www.regionsaris.sk/es/prirodne-krasy/spiaci-mnich-kamenica/" />
<meta property="og:locale" content="es_ES" />
<meta property="og:type" content="article" />
<meta property="og:title" content="Spiaci mních Kamenica" />
<meta property="og:description" content="Skalný útvar je súčasťou bradlového pásma, ktorý sa tiahne oblúkom od Záhoria cez Súľov, Oravu,..." />
<meta property="og:url" content="https://www.regionsaris.sk/es/prirodne-krasy/spiaci-mnich-kamenica/" />
<meta property="og:site_name" content="OOCR Šariš" />
<meta property="article:modified_time" content="2026-02-05T13:08:16+00:00" />
<meta property="og:image" content="https://www.regionsaris.sk/wp-content/uploads/2026/01/mnich164-thumb.jpg" />
	<meta property="og:image:width" content="600" />
	<meta property="og:image:height" content="400" />
	<meta property="og:image:type" content="image/jpeg" />
<meta name="twitter:card" content="summary_large_image" />
<meta name="twitter:label1" content="Tiempo de lectura" />
	<meta name="twitter:data1" content="2 minutos" />
<script type="application/ld+json" class="yoast-schema-graph">{"@context":"https://schema.org","@graph":[{"@type":"WebPage","@id":"https://www.regionsaris.sk/prirodne-krasy/spiaci-mnich-kamenica/","url":"https://www.regionsaris.sk/prirodne-krasy/spiaci-mnich-kamenica/","name":"Spiaci mních Kamenica - OOCR Šariš","isPartOf":{"@id":"https://www.regionsaris.sk/#website"},"primaryImageOfPage":{"@id":"https://www.regionsaris.sk/prirodne-krasy/spiaci-mnich-kamenica/#primaryimage"},"image":{"@id":"https://www.regionsaris.sk/prirodne-krasy/spiaci-mnich-kamenica/#primaryimage"},"thumbnailUrl":"https://www.regionsaris.sk/wp-content/uploads/2026/01/mnich164-thumb.jpg","datePublished":"2026-01-07T18:25:02+00:00","dateModified":"2026-02-05T13:08:16+00:00","breadcrumb":{"@id":"https://www.regionsaris.sk/prirodne-krasy/spiaci-mnich-kamenica/#breadcrumb"},"inLanguage":"es","potentialAction":[{"@type":"ReadAction","target":["https://www.regionsaris.sk/prirodne-krasy/spiaci-mnich-kamenica/"]}]},{"@type":"ImageObject","inLanguage":"es","@id":"https://www.regionsaris.sk/prirodne-krasy/spiaci-mnich-kamenica/#primaryimage","url":"https://www.regionsaris.sk/wp-content/uploads/2026/01/mnich164-thumb.jpg","contentUrl":"https://www.regionsaris.sk/wp-content/uploads/2026/01/mnich164-thumb.jpg","width":600,"height":400},{"@type":"BreadcrumbList","@id":"https://www.regionsaris.sk/prirodne-krasy/spiaci-mnich-kamenica/#breadcrumb","itemListElement":[{"@type":"ListItem","position":1,"name":"Domov","item":"https://www.regionsaris.sk/"},{"@type":"ListItem","position":2,"name":"Prírodné krásy v regióne","item":"https://www.regionsaris.sk/prirodne-krasy-v-regione/"},{"@type":"ListItem","position":3,"name":"Spiaci mních Kamenica"}]},{"@type":"WebSite","@id":"https://www.regionsaris.sk/#website","url":"https://www.regionsaris.sk/","name":"OOCR Šariš","description":"","potentialAction":[{"@type":"SearchAction","target":{"@type":"EntryPoint","urlTemplate":"https://www.regionsaris.sk/?s={search_term_string}"},"query-input":{"@type":"PropertyValueSpecification","valueRequired":true,"valueName":"search_term_string"}}],"inLanguage":"es"}]}</script>
<!-- / Yoast SEO Premium plugin. -->

Spiaci mních Kamenica - OOCR Šariš

Spiaci mních Kamenica

Skalný útvar je súčasťou bradlového pásma, ktorý sa tiahne oblúkom od Záhoria cez Súľov, Oravu,...

OOCR Šariš

Prírodné krásy v regióne
