{"id":2561,"date":"2026-01-07T12:45:05","date_gmt":"2026-01-07T11:45:05","guid":{"rendered":"https:\/\/www.regionsaris.sk\/?post_type=nabozensky-turizmus&#038;p=2561"},"modified":"2026-02-05T13:41:28","modified_gmt":"2026-02-05T12:41:28","slug":"dreveny-chram-svateho-michala-archanjela-semetkovce","status":"publish","type":"nabozensky-turizmus","link":"https:\/\/www.regionsaris.sk\/es\/nabozensky-turizmus\/dreveny-chram-svateho-michala-archanjela-semetkovce\/","title":{"rendered":"Iglesia de madera de San Miguel Arc\u00e1ngel, \u0160emetkovce"},"content":{"rendered":"<p>El templo fue construido en 1752. Durante las operaciones militares de la operaci\u00f3n C\u00e1rpatos-Dukla, durante la batalla de tanques, en el valle de la muerte, en octubre y noviembre de 1944, la iglesia sufri\u00f3 da\u00f1os. Los ciudadanos del pueblo contribuyeron a su restauraci\u00f3n en 1945. Desde 1968 la iglesia es monumento cultural nacional.<br>La torre de la iglesia est\u00e1 rematada por una amapola con una pandereta y una cruz de metal forjado, que brota de la estructura del edificio. Los tejados de dos niveles sobre el santuario y la nave est\u00e1n rematados por torrecillas c\u00f3nicas cubiertas de tejas con cruces de hierro forjado. Toda la caba\u00f1a de madera, al igual que las dem\u00e1s iglesias de madera del exterior, est\u00e1 revestida de tablas colocadas verticalmente con molduras que se restauraron en 2001. Delante del portal de la iglesia hay un peque\u00f1o vest\u00edbulo, cuyo techo tambi\u00e9n est\u00e1 cubierto de tejas.<br>En el interior de la iglesia se conservan restos de pinturas murales en las paredes. El iconostasio barroco de madera de cuatro filas con puerta de zar es de la segunda mitad del siglo XVIII. Algunos de los iconos incorporados al iconostasio son de una \u00e9poca anterior. El iconostasio y el altar fueron restaurados en 1969-1970. Se volvi\u00f3 a restaurar en 2005. En el altar hay columnas antiguas en miniatura y un peque\u00f1o tabern\u00e1culo con un icono de la Virgen Mar\u00eda.<br>El campanario con tres campanas de la segunda mitad del siglo XX se construy\u00f3 en el siglo XIX y est\u00e1 situado en el emplazamiento del campanario del siglo XVIII Al noroeste del templo se levanta un macizo campanario de madera sobre unos cimientos elevados de piedra (NKP). La construcci\u00f3n es columnaria. En la parte superior hay una cruz simple de tres brazos. En el campanario hay tres campanas, de 1971, 1948 y 1970.<\/p>\n\n\n\n<p>Fuente: <a href=\"http:\/\/www.drevenchramy.sk\/\">www.drevenchramy.sk<\/a><\/p>\n\n\n\n<p>Fotos:<strong>\u00a0<\/strong>Henryk Bielamowicz<\/p>","protected":false},"featured_media":2562,"template":"","meta":{"_acf_changed":false},"kategoria-poi":[186,168],"lokalita":[115],"sezona-poi":[12],"trvanie-vyletu":[180],"class_list":["post-2561","nabozensky-turizmus","type-nabozensky-turizmus","status-publish","has-post-thumbnail","hentry","kategoria-poi-drevene-chramy","kategoria-poi-nabozensky-turizmus","lokalita-svidnik-a-okolie","sezona-poi-celorocne","trvanie-vyletu-poldenne-vylety"],"acf":[],"yoast_head":"<!-- This site is optimized with the Yoast SEO Premium plugin v26.3 (Yoast SEO v26.8) - https:\/\/yoast.com\/product\/yoast-seo-premium-wordpress\/ -->\n<title>Dreven\u00fd chr\u00e1m Sv\u00e4t\u00e9ho Michala Archanjela, \u0160emetkovce - OOCR \u0160ari\u0161<\/title>\n<meta name=\"robots\" content=\"index, follow, max-snippet:-1, max-image-preview:large, max-video-preview:-1\" \/>\n<link rel=\"canonical\" href=\"https:\/\/www.regionsaris.sk\/es\/nabozensky-turizmus\/dreveny-chram-svateho-michala-archanjela-semetkovce\/\" \/>\n<meta property=\"og:locale\" content=\"es_ES\" \/>\n<meta property=\"og:type\" content=\"article\" \/>\n<meta property=\"og:title\" content=\"Dreven\u00fd chr\u00e1m Sv\u00e4t\u00e9ho Michala Archanjela, \u0160emetkovce\" \/>\n<meta property=\"og:description\" content=\"Chr\u00e1m bol postaven\u00fd v roku 1752. Pri vojensk\u00fdch oper\u00e1ci\u00e1ch karpatsko-duklianskej oper\u00e1cie, pri tankovej bitke, v...\" \/>\n<meta property=\"og:url\" content=\"https:\/\/www.regionsaris.sk\/es\/nabozensky-turizmus\/dreveny-chram-svateho-michala-archanjela-semetkovce\/\" \/>\n<meta property=\"og:site_name\" content=\"OOCR \u0160ari\u0161\" \/>\n<meta property=\"article:modified_time\" content=\"2026-02-05T12:41:28+00:00\" \/>\n<meta property=\"og:image\" content=\"https:\/\/www.regionsaris.sk\/wp-content\/uploads\/2026\/01\/semetkovce244-thumb.jpg\" \/>\n\t<meta property=\"og:image:width\" content=\"600\" \/>\n\t<meta property=\"og:image:height\" content=\"400\" \/>\n\t<meta property=\"og:image:type\" content=\"image\/jpeg\" \/>\n<meta name=\"twitter:card\" content=\"summary_large_image\" \/>\n<meta name=\"twitter:label1\" content=\"Tiempo de lectura\" \/>\n\t<meta name=\"twitter:data1\" content=\"1 minuto\" \/>\n<script type=\"application\/ld+json\" class=\"yoast-schema-graph\">{\"@context\":\"https:\/\/schema.org\",\"@graph\":[{\"@type\":\"WebPage\",\"@id\":\"https:\/\/www.regionsaris.sk\/nabozensky-turizmus\/dreveny-chram-svateho-michala-archanjela-semetkovce\/\",\"url\":\"https:\/\/www.regionsaris.sk\/nabozensky-turizmus\/dreveny-chram-svateho-michala-archanjela-semetkovce\/\",\"name\":\"Dreven\u00fd chr\u00e1m Sv\u00e4t\u00e9ho Michala Archanjela, \u0160emetkovce - OOCR \u0160ari\u0161\",\"isPartOf\":{\"@id\":\"https:\/\/www.regionsaris.sk\/#website\"},\"primaryImageOfPage\":{\"@id\":\"https:\/\/www.regionsaris.sk\/nabozensky-turizmus\/dreveny-chram-svateho-michala-archanjela-semetkovce\/#primaryimage\"},\"image\":{\"@id\":\"https:\/\/www.regionsaris.sk\/nabozensky-turizmus\/dreveny-chram-svateho-michala-archanjela-semetkovce\/#primaryimage\"},\"thumbnailUrl\":\"https:\/\/www.regionsaris.sk\/wp-content\/uploads\/2026\/01\/semetkovce244-thumb.jpg\",\"datePublished\":\"2026-01-07T11:45:05+00:00\",\"dateModified\":\"2026-02-05T12:41:28+00:00\",\"breadcrumb\":{\"@id\":\"https:\/\/www.regionsaris.sk\/nabozensky-turizmus\/dreveny-chram-svateho-michala-archanjela-semetkovce\/#breadcrumb\"},\"inLanguage\":\"es\",\"potentialAction\":[{\"@type\":\"ReadAction\",\"target\":[\"https:\/\/www.regionsaris.sk\/nabozensky-turizmus\/dreveny-chram-svateho-michala-archanjela-semetkovce\/\"]}]},{\"@type\":\"ImageObject\",\"inLanguage\":\"es\",\"@id\":\"https:\/\/www.regionsaris.sk\/nabozensky-turizmus\/dreveny-chram-svateho-michala-archanjela-semetkovce\/#primaryimage\",\"url\":\"https:\/\/www.regionsaris.sk\/wp-content\/uploads\/2026\/01\/semetkovce244-thumb.jpg\",\"contentUrl\":\"https:\/\/www.regionsaris.sk\/wp-content\/uploads\/2026\/01\/semetkovce244-thumb.jpg\",\"width\":600,\"height\":400},{\"@type\":\"BreadcrumbList\",\"@id\":\"https:\/\/www.regionsaris.sk\/nabozensky-turizmus\/dreveny-chram-svateho-michala-archanjela-semetkovce\/#breadcrumb\",\"itemListElement\":[{\"@type\":\"ListItem\",\"position\":1,\"name\":\"Domov\",\"item\":\"https:\/\/www.regionsaris.sk\/\"},{\"@type\":\"ListItem\",\"position\":2,\"name\":\"N\u00e1bo\u017eensk\u00fd turizmus v regi\u00f3ne\",\"item\":\"https:\/\/www.regionsaris.sk\/nabozensky-turizmus-v-regione\/\"},{\"@type\":\"ListItem\",\"position\":3,\"name\":\"Dreven\u00fd chr\u00e1m Sv\u00e4t\u00e9ho Michala Archanjela, \u0160emetkovce\"}]},{\"@type\":\"WebSite\",\"@id\":\"https:\/\/www.regionsaris.sk\/#website\",\"url\":\"https:\/\/www.regionsaris.sk\/\",\"name\":\"OOCR \u0160ari\u0161\",\"description\":\"\",\"potentialAction\":[{\"@type\":\"SearchAction\",\"target\":{\"@type\":\"EntryPoint\",\"urlTemplate\":\"https:\/\/www.regionsaris.sk\/?s={search_term_string}\"},\"query-input\":{\"@type\":\"PropertyValueSpecification\",\"valueRequired\":true,\"valueName\":\"search_term_string\"}}],\"inLanguage\":\"es\"}]}<\/script>\n<!-- \/ Yoast SEO Premium plugin. -->","yoast_head_json":{"title":"Dreven\u00fd chr\u00e1m Sv\u00e4t\u00e9ho Michala Archanjela, \u0160emetkovce - OOCR \u0160ari\u0161","robots":{"index":"index","follow":"follow","max-snippet":"max-snippet:-1","max-image-preview":"max-image-preview:large","max-video-preview":"max-video-preview:-1"},"canonical":"https:\/\/www.regionsaris.sk\/es\/nabozensky-turizmus\/dreveny-chram-svateho-michala-archanjela-semetkovce\/","og_locale":"es_ES","og_type":"article","og_title":"Dreven\u00fd chr\u00e1m Sv\u00e4t\u00e9ho Michala Archanjela, \u0160emetkovce","og_description":"Chr\u00e1m bol postaven\u00fd v roku 1752. Pri vojensk\u00fdch oper\u00e1ci\u00e1ch karpatsko-duklianskej oper\u00e1cie, pri tankovej bitke, v...","og_url":"https:\/\/www.regionsaris.sk\/es\/nabozensky-turizmus\/dreveny-chram-svateho-michala-archanjela-semetkovce\/","og_site_name":"OOCR \u0160ari\u0161","article_modified_time":"2026-02-05T12:41:28+00:00","og_image":[{"width":600,"height":400,"url":"https:\/\/www.regionsaris.sk\/wp-content\/uploads\/2026\/01\/semetkovce244-thumb.jpg","type":"image\/jpeg"}],"twitter_card":"summary_large_image","twitter_misc":{"Tiempo de lectura":"1 minuto"},"schema":{"@context":"https:\/\/schema.org","@graph":[{"@type":"WebPage","@id":"https:\/\/www.regionsaris.sk\/nabozensky-turizmus\/dreveny-chram-svateho-michala-archanjela-semetkovce\/","url":"https:\/\/www.regionsaris.sk\/nabozensky-turizmus\/dreveny-chram-svateho-michala-archanjela-semetkovce\/","name":"Dreven\u00fd chr\u00e1m Sv\u00e4t\u00e9ho Michala Archanjela, \u0160emetkovce - OOCR \u0160ari\u0161","isPartOf":{"@id":"https:\/\/www.regionsaris.sk\/#website"},"primaryImageOfPage":{"@id":"https:\/\/www.regionsaris.sk\/nabozensky-turizmus\/dreveny-chram-svateho-michala-archanjela-semetkovce\/#primaryimage"},"image":{"@id":"https:\/\/www.regionsaris.sk\/nabozensky-turizmus\/dreveny-chram-svateho-michala-archanjela-semetkovce\/#primaryimage"},"thumbnailUrl":"https:\/\/www.regionsaris.sk\/wp-content\/uploads\/2026\/01\/semetkovce244-thumb.jpg","datePublished":"2026-01-07T11:45:05+00:00","dateModified":"2026-02-05T12:41:28+00:00","breadcrumb":{"@id":"https:\/\/www.regionsaris.sk\/nabozensky-turizmus\/dreveny-chram-svateho-michala-archanjela-semetkovce\/#breadcrumb"},"inLanguage":"es","potentialAction":[{"@type":"ReadAction","target":["https:\/\/www.regionsaris.sk\/nabozensky-turizmus\/dreveny-chram-svateho-michala-archanjela-semetkovce\/"]}]},{"@type":"ImageObject","inLanguage":"es","@id":"https:\/\/www.regionsaris.sk\/nabozensky-turizmus\/dreveny-chram-svateho-michala-archanjela-semetkovce\/#primaryimage","url":"https:\/\/www.regionsaris.sk\/wp-content\/uploads\/2026\/01\/semetkovce244-thumb.jpg","contentUrl":"https:\/\/www.regionsaris.sk\/wp-content\/uploads\/2026\/01\/semetkovce244-thumb.jpg","width":600,"height":400},{"@type":"BreadcrumbList","@id":"https:\/\/www.regionsaris.sk\/nabozensky-turizmus\/dreveny-chram-svateho-michala-archanjela-semetkovce\/#breadcrumb","itemListElement":[{"@type":"ListItem","position":1,"name":"Domov","item":"https:\/\/www.regionsaris.sk\/"},{"@type":"ListItem","position":2,"name":"N\u00e1bo\u017eensk\u00fd turizmus v regi\u00f3ne","item":"https:\/\/www.regionsaris.sk\/nabozensky-turizmus-v-regione\/"},{"@type":"ListItem","position":3,"name":"Dreven\u00fd chr\u00e1m Sv\u00e4t\u00e9ho Michala Archanjela, \u0160emetkovce"}]},{"@type":"WebSite","@id":"https:\/\/www.regionsaris.sk\/#website","url":"https:\/\/www.regionsaris.sk\/","name":"OOCR \u0160ari\u0161","description":"","potentialAction":[{"@type":"SearchAction","target":{"@type":"EntryPoint","urlTemplate":"https:\/\/www.regionsaris.sk\/?s={search_term_string}"},"query-input":{"@type":"PropertyValueSpecification","valueRequired":true,"valueName":"search_term_string"}}],"inLanguage":"es"}]}},"_links":{"self":[{"href":"https:\/\/www.regionsaris.sk\/es\/wp-json\/wp\/v2\/nabozensky-turizmus\/2561","targetHints":{"allow":["GET"]}}],"collection":[{"href":"https:\/\/www.regionsaris.sk\/es\/wp-json\/wp\/v2\/nabozensky-turizmus"}],"about":[{"href":"https:\/\/www.regionsaris.sk\/es\/wp-json\/wp\/v2\/types\/nabozensky-turizmus"}],"wp:featuredmedia":[{"embeddable":true,"href":"https:\/\/www.regionsaris.sk\/es\/wp-json\/wp\/v2\/media\/2562"}],"wp:attachment":[{"href":"https:\/\/www.regionsaris.sk\/es\/wp-json\/wp\/v2\/media?parent=2561"}],"wp:term":[{"taxonomy":"kategoria-poi","embeddable":true,"href":"https:\/\/www.regionsaris.sk\/es\/wp-json\/wp\/v2\/kategoria-poi?post=2561"},{"taxonomy":"lokalita","embeddable":true,"href":"https:\/\/www.regionsaris.sk\/es\/wp-json\/wp\/v2\/lokalita?post=2561"},{"taxonomy":"sezona-poi","embeddable":true,"href":"https:\/\/www.regionsaris.sk\/es\/wp-json\/wp\/v2\/sezona-poi?post=2561"},{"taxonomy":"trvanie-vyletu","embeddable":true,"href":"https:\/\/www.regionsaris.sk\/es\/wp-json\/wp\/v2\/trvanie-vyletu?post=2561"}],"curies":[{"name":"wp","href":"https:\/\/api.w.org\/{rel}","templated":true}]}}

Iglesia de madera de San Miguel Arcángel, Šemetkovce

<p>El templo fue construido en 1752. Durante las operaciones militares de la operación Cárpatos-Dukla, durante la batalla de tanques, en el valle de la muerte, en octubre y noviembre de 1944, la iglesia sufrió daños. Los ciudadanos del pueblo contribuyeron a su restauración en 1945. Desde 1968 la iglesia es monumento cultural nacional.<br>La torre de la iglesia está rematada por una amapola con una pandereta y una cruz de metal forjado, que brota de la estructura del edificio. Los tejados de dos niveles sobre el santuario y la nave están rematados por torrecillas cónicas cubiertas de tejas con cruces de hierro forjado. Toda la cabaña de madera, al igual que las demás iglesias de madera del exterior, está revestida de tablas colocadas verticalmente con molduras que se restauraron en 2001. Delante del portal de la iglesia hay un pequeño vestíbulo, cuyo techo también está cubierto de tejas.<br>En el interior de la iglesia se conservan restos de pinturas murales en las paredes. El iconostasio barroco de madera de cuatro filas con puerta de zar es de la segunda mitad del siglo XVIII. Algunos de los iconos incorporados al iconostasio son de una época anterior. El iconostasio y el altar fueron restaurados en 1969-1970. Se volvió a restaurar en 2005. En el altar hay columnas antiguas en miniatura y un pequeño tabernáculo con un icono de la Virgen María.<br>El campanario con tres campanas de la segunda mitad del siglo XX se construyó en el siglo XIX y está situado en el emplazamiento del campanario del siglo XVIII Al noroeste del templo se levanta un macizo campanario de madera sobre unos cimientos elevados de piedra (NKP). La construcción es columnaria. En la parte superior hay una cruz simple de tres brazos. En el campanario hay tres campanas, de 1971, 1948 y 1970.</p>



<p>Fuente: <a href="http://www.drevenchramy.sk/">www.drevenchramy.sk</a></p>



<p>Fotos:<strong> </strong>Henryk Bielamowicz</p>

<!-- This site is optimized with the Yoast SEO Premium plugin v26.3 (Yoast SEO v26.8) - https://yoast.com/product/yoast-seo-premium-wordpress/ -->
<title>Drevený chrám Svätého Michala Archanjela, Šemetkovce - OOCR Šariš</title>
<meta name="robots" content="index, follow, max-snippet:-1, max-image-preview:large, max-video-preview:-1" />
<link rel="canonical" href="https://www.regionsaris.sk/es/nabozensky-turizmus/dreveny-chram-svateho-michala-archanjela-semetkovce/" />
<meta property="og:locale" content="es_ES" />
<meta property="og:type" content="article" />
<meta property="og:title" content="Drevený chrám Svätého Michala Archanjela, Šemetkovce" />
<meta property="og:description" content="Chrám bol postavený v roku 1752. Pri vojenských operáciách karpatsko-duklianskej operácie, pri tankovej bitke, v..." />
<meta property="og:url" content="https://www.regionsaris.sk/es/nabozensky-turizmus/dreveny-chram-svateho-michala-archanjela-semetkovce/" />
<meta property="og:site_name" content="OOCR Šariš" />
<meta property="article:modified_time" content="2026-02-05T12:41:28+00:00" />
<meta property="og:image" content="https://www.regionsaris.sk/wp-content/uploads/2026/01/semetkovce244-thumb.jpg" />
	<meta property="og:image:width" content="600" />
	<meta property="og:image:height" content="400" />
	<meta property="og:image:type" content="image/jpeg" />
<meta name="twitter:card" content="summary_large_image" />
<meta name="twitter:label1" content="Tiempo de lectura" />
	<meta name="twitter:data1" content="1 minuto" />
<script type="application/ld+json" class="yoast-schema-graph">{"@context":"https://schema.org","@graph":[{"@type":"WebPage","@id":"https://www.regionsaris.sk/nabozensky-turizmus/dreveny-chram-svateho-michala-archanjela-semetkovce/","url":"https://www.regionsaris.sk/nabozensky-turizmus/dreveny-chram-svateho-michala-archanjela-semetkovce/","name":"Drevený chrám Svätého Michala Archanjela, Šemetkovce - OOCR Šariš","isPartOf":{"@id":"https://www.regionsaris.sk/#website"},"primaryImageOfPage":{"@id":"https://www.regionsaris.sk/nabozensky-turizmus/dreveny-chram-svateho-michala-archanjela-semetkovce/#primaryimage"},"image":{"@id":"https://www.regionsaris.sk/nabozensky-turizmus/dreveny-chram-svateho-michala-archanjela-semetkovce/#primaryimage"},"thumbnailUrl":"https://www.regionsaris.sk/wp-content/uploads/2026/01/semetkovce244-thumb.jpg","datePublished":"2026-01-07T11:45:05+00:00","dateModified":"2026-02-05T12:41:28+00:00","breadcrumb":{"@id":"https://www.regionsaris.sk/nabozensky-turizmus/dreveny-chram-svateho-michala-archanjela-semetkovce/#breadcrumb"},"inLanguage":"es","potentialAction":[{"@type":"ReadAction","target":["https://www.regionsaris.sk/nabozensky-turizmus/dreveny-chram-svateho-michala-archanjela-semetkovce/"]}]},{"@type":"ImageObject","inLanguage":"es","@id":"https://www.regionsaris.sk/nabozensky-turizmus/dreveny-chram-svateho-michala-archanjela-semetkovce/#primaryimage","url":"https://www.regionsaris.sk/wp-content/uploads/2026/01/semetkovce244-thumb.jpg","contentUrl":"https://www.regionsaris.sk/wp-content/uploads/2026/01/semetkovce244-thumb.jpg","width":600,"height":400},{"@type":"BreadcrumbList","@id":"https://www.regionsaris.sk/nabozensky-turizmus/dreveny-chram-svateho-michala-archanjela-semetkovce/#breadcrumb","itemListElement":[{"@type":"ListItem","position":1,"name":"Domov","item":"https://www.regionsaris.sk/"},{"@type":"ListItem","position":2,"name":"Náboženský turizmus v regióne","item":"https://www.regionsaris.sk/nabozensky-turizmus-v-regione/"},{"@type":"ListItem","position":3,"name":"Drevený chrám Svätého Michala Archanjela, Šemetkovce"}]},{"@type":"WebSite","@id":"https://www.regionsaris.sk/#website","url":"https://www.regionsaris.sk/","name":"OOCR Šariš","description":"","potentialAction":[{"@type":"SearchAction","target":{"@type":"EntryPoint","urlTemplate":"https://www.regionsaris.sk/?s={search_term_string}"},"query-input":{"@type":"PropertyValueSpecification","valueRequired":true,"valueName":"search_term_string"}}],"inLanguage":"es"}]}</script>
<!-- / Yoast SEO Premium plugin. -->

Drevený chrám Svätého Michala Archanjela, Šemetkovce - OOCR Šariš

Drevený chrám Svätého Michala Archanjela, Šemetkovce

Chrám bol postavený v roku 1752. Pri vojenských operáciách karpatsko-duklianskej operácie, pri tankovej bitke, v...

OOCR Šariš

Náboženský turizmus v regióne
