{"id":2134,"date":"2020-05-29T12:16:03","date_gmt":"2020-05-29T11:16:03","guid":{"rendered":"https:\/\/www.regionsaris.sk\/historia\/pamatnik-vychodoslovenskeho-rolnickeho-povstania\/"},"modified":"2020-05-29T12:16:03","modified_gmt":"2020-05-29T11:16:03","slug":"pamatnik-vychodoslovenskeho-rolnickeho-povstania","status":"publish","type":"historia","link":"https:\/\/www.regionsaris.sk\/es\/historia\/pamatnik-vychodoslovenskeho-rolnickeho-povstania\/","title":{"rendered":"Memorial del levantamiento campesino de Eslovaquia Oriental"},"content":{"rendered":"<p>El Levantamiento Campesino de Eslovaquia Oriental o tambi\u00e9n Levantamiento del C\u00f3lera tuvo lugar en julio y agosto de 1831 en los condados de Zempl\u00edn, Abovsk\u00e1, \u0160ari\u0161 y Spi\u0161. En el levantamiento participaron 150 pueblos y ciudades con 40 000 insurgentes. El incentivo directo para la sublevaci\u00f3n fue una gran p\u00e9rdida de cosechas y una epidemia de c\u00f3lera. La poblaci\u00f3n interpret\u00f3 las medidas de precauci\u00f3n como una intenci\u00f3n de envenenar a los siervos y apoderarse de sus propiedades. La rebeli\u00f3n fue sofocada y los tribunales estatales ejecutaron inmediatamente sentencias de muerte en la horca. En total fueron 119. Aunque el levantamiento fue reprimido, encontr\u00f3 eco en la Dieta h\u00fangara y en 1832-1836, que consider\u00f3 la cuesti\u00f3n de los siervos y les concedi\u00f3 ciertos derechos, aunque peque\u00f1os.<\/p>\n\n\n\n<p>En el a\u00f1o <strong>1938 erigi\u00f3 un monumento<\/strong>, cuyo tema principal es <strong>estatua de bronce de un hombre que camina triunfante<\/strong>, colocada sobre un alto pil\u00f3n cil\u00edndrico. En la base hay una escultura de 7 insurrectos, que representan simb\u00f3licamente los estatus profesionales de los participantes en el levantamiento. Entre ellos hab\u00eda principalmente terratenientes, burgueses, hacendados, aparceros, mineros, pobres (urbanos y rurales) y empleados del Estado (richtars, maestros, hajd\u00fasi.).<\/p>\n\n\n\n<p>Total <strong>la altura del monumento es de 20 m<\/strong>. Las figuras de la escultura miden hasta 3,2 m de altura. La estatua de bronce del pil\u00f3n mide 4,2 m. En su mano derecha sostiene una rama de 0,4 m. Las estatuas de la escultura est\u00e1n talladas en piedra arenisca.<\/p>\n\n\n\n<p>Fuente\/foto: www.obechaniska.sk<\/p>","protected":false},"featured_media":1835,"template":"","meta":{"_acf_changed":false},"kategoria-poi":[105,171],"lokalita":[28],"sezona-poi":[],"trvanie-vyletu":[],"class_list":["post-2134","historia","type-historia","status-publish","has-post-thumbnail","hentry","kategoria-poi-historia","kategoria-poi-ine-vyznamne-pamiatky","lokalita-presov-a-okolie"],"acf":[],"yoast_head":"<!-- This site is optimized with the Yoast SEO Premium plugin v26.3 (Yoast SEO v26.8) - https:\/\/yoast.com\/product\/yoast-seo-premium-wordpress\/ -->\n<title>Pam\u00e4tn\u00edk v\u00fdchodoslovensk\u00e9ho ro\u013en\u00edckeho povstania - OOCR \u0160ari\u0161<\/title>\n<meta name=\"robots\" content=\"index, follow, max-snippet:-1, max-image-preview:large, max-video-preview:-1\" \/>\n<link rel=\"canonical\" href=\"https:\/\/www.regionsaris.sk\/es\/historia\/pamatnik-vychodoslovenskeho-rolnickeho-povstania\/\" \/>\n<meta property=\"og:locale\" content=\"es_ES\" \/>\n<meta property=\"og:type\" content=\"article\" \/>\n<meta property=\"og:title\" content=\"Pam\u00e4tn\u00edk v\u00fdchodoslovensk\u00e9ho ro\u013en\u00edckeho povstania\" \/>\n<meta property=\"og:description\" content=\"V\u00fdchodoslovensk\u00e9 ro\u013en\u00edcke povstanie alebo aj cholerov\u00e9 povstanie sa odohralo v j\u00fali a auguste 1831 v...\" \/>\n<meta property=\"og:url\" content=\"https:\/\/www.regionsaris.sk\/es\/historia\/pamatnik-vychodoslovenskeho-rolnickeho-povstania\/\" \/>\n<meta property=\"og:site_name\" content=\"OOCR \u0160ari\u0161\" \/>\n<meta property=\"og:image\" content=\"https:\/\/www.regionsaris.sk\/wp-content\/uploads\/2026\/01\/i_5714602.jpg\" \/>\n\t<meta property=\"og:image:width\" content=\"1600\" \/>\n\t<meta property=\"og:image:height\" content=\"1067\" \/>\n\t<meta property=\"og:image:type\" content=\"image\/jpeg\" \/>\n<meta name=\"twitter:card\" content=\"summary_large_image\" \/>\n<meta name=\"twitter:label1\" content=\"Tiempo de lectura\" \/>\n\t<meta name=\"twitter:data1\" content=\"1 minuto\" \/>\n<script type=\"application\/ld+json\" class=\"yoast-schema-graph\">{\"@context\":\"https:\/\/schema.org\",\"@graph\":[{\"@type\":\"WebPage\",\"@id\":\"https:\/\/www.regionsaris.sk\/historia\/pamatnik-vychodoslovenskeho-rolnickeho-povstania\/\",\"url\":\"https:\/\/www.regionsaris.sk\/historia\/pamatnik-vychodoslovenskeho-rolnickeho-povstania\/\",\"name\":\"Pam\u00e4tn\u00edk v\u00fdchodoslovensk\u00e9ho ro\u013en\u00edckeho povstania - OOCR \u0160ari\u0161\",\"isPartOf\":{\"@id\":\"https:\/\/www.regionsaris.sk\/#website\"},\"primaryImageOfPage\":{\"@id\":\"https:\/\/www.regionsaris.sk\/historia\/pamatnik-vychodoslovenskeho-rolnickeho-povstania\/#primaryimage\"},\"image\":{\"@id\":\"https:\/\/www.regionsaris.sk\/historia\/pamatnik-vychodoslovenskeho-rolnickeho-povstania\/#primaryimage\"},\"thumbnailUrl\":\"https:\/\/www.regionsaris.sk\/wp-content\/uploads\/2026\/01\/i_5714602.jpg\",\"datePublished\":\"2020-05-29T11:16:03+00:00\",\"breadcrumb\":{\"@id\":\"https:\/\/www.regionsaris.sk\/historia\/pamatnik-vychodoslovenskeho-rolnickeho-povstania\/#breadcrumb\"},\"inLanguage\":\"es\",\"potentialAction\":[{\"@type\":\"ReadAction\",\"target\":[\"https:\/\/www.regionsaris.sk\/historia\/pamatnik-vychodoslovenskeho-rolnickeho-povstania\/\"]}]},{\"@type\":\"ImageObject\",\"inLanguage\":\"es\",\"@id\":\"https:\/\/www.regionsaris.sk\/historia\/pamatnik-vychodoslovenskeho-rolnickeho-povstania\/#primaryimage\",\"url\":\"https:\/\/www.regionsaris.sk\/wp-content\/uploads\/2026\/01\/i_5714602.jpg\",\"contentUrl\":\"https:\/\/www.regionsaris.sk\/wp-content\/uploads\/2026\/01\/i_5714602.jpg\",\"width\":1600,\"height\":1067},{\"@type\":\"BreadcrumbList\",\"@id\":\"https:\/\/www.regionsaris.sk\/historia\/pamatnik-vychodoslovenskeho-rolnickeho-povstania\/#breadcrumb\",\"itemListElement\":[{\"@type\":\"ListItem\",\"position\":1,\"name\":\"Domov\",\"item\":\"https:\/\/www.regionsaris.sk\/\"},{\"@type\":\"ListItem\",\"position\":2,\"name\":\"Hist\u00f3ria regi\u00f3nu\",\"item\":\"https:\/\/www.regionsaris.sk\/historia-regionu\/\"},{\"@type\":\"ListItem\",\"position\":3,\"name\":\"Pam\u00e4tn\u00edk v\u00fdchodoslovensk\u00e9ho ro\u013en\u00edckeho povstania\"}]},{\"@type\":\"WebSite\",\"@id\":\"https:\/\/www.regionsaris.sk\/#website\",\"url\":\"https:\/\/www.regionsaris.sk\/\",\"name\":\"OOCR \u0160ari\u0161\",\"description\":\"\",\"potentialAction\":[{\"@type\":\"SearchAction\",\"target\":{\"@type\":\"EntryPoint\",\"urlTemplate\":\"https:\/\/www.regionsaris.sk\/?s={search_term_string}\"},\"query-input\":{\"@type\":\"PropertyValueSpecification\",\"valueRequired\":true,\"valueName\":\"search_term_string\"}}],\"inLanguage\":\"es\"}]}<\/script>\n<!-- \/ Yoast SEO Premium plugin. -->","yoast_head_json":{"title":"Pam\u00e4tn\u00edk v\u00fdchodoslovensk\u00e9ho ro\u013en\u00edckeho povstania - OOCR \u0160ari\u0161","robots":{"index":"index","follow":"follow","max-snippet":"max-snippet:-1","max-image-preview":"max-image-preview:large","max-video-preview":"max-video-preview:-1"},"canonical":"https:\/\/www.regionsaris.sk\/es\/historia\/pamatnik-vychodoslovenskeho-rolnickeho-povstania\/","og_locale":"es_ES","og_type":"article","og_title":"Pam\u00e4tn\u00edk v\u00fdchodoslovensk\u00e9ho ro\u013en\u00edckeho povstania","og_description":"V\u00fdchodoslovensk\u00e9 ro\u013en\u00edcke povstanie alebo aj cholerov\u00e9 povstanie sa odohralo v j\u00fali a auguste 1831 v...","og_url":"https:\/\/www.regionsaris.sk\/es\/historia\/pamatnik-vychodoslovenskeho-rolnickeho-povstania\/","og_site_name":"OOCR \u0160ari\u0161","og_image":[{"width":1600,"height":1067,"url":"https:\/\/www.regionsaris.sk\/wp-content\/uploads\/2026\/01\/i_5714602.jpg","type":"image\/jpeg"}],"twitter_card":"summary_large_image","twitter_misc":{"Tiempo de lectura":"1 minuto"},"schema":{"@context":"https:\/\/schema.org","@graph":[{"@type":"WebPage","@id":"https:\/\/www.regionsaris.sk\/historia\/pamatnik-vychodoslovenskeho-rolnickeho-povstania\/","url":"https:\/\/www.regionsaris.sk\/historia\/pamatnik-vychodoslovenskeho-rolnickeho-povstania\/","name":"Pam\u00e4tn\u00edk v\u00fdchodoslovensk\u00e9ho ro\u013en\u00edckeho povstania - OOCR \u0160ari\u0161","isPartOf":{"@id":"https:\/\/www.regionsaris.sk\/#website"},"primaryImageOfPage":{"@id":"https:\/\/www.regionsaris.sk\/historia\/pamatnik-vychodoslovenskeho-rolnickeho-povstania\/#primaryimage"},"image":{"@id":"https:\/\/www.regionsaris.sk\/historia\/pamatnik-vychodoslovenskeho-rolnickeho-povstania\/#primaryimage"},"thumbnailUrl":"https:\/\/www.regionsaris.sk\/wp-content\/uploads\/2026\/01\/i_5714602.jpg","datePublished":"2020-05-29T11:16:03+00:00","breadcrumb":{"@id":"https:\/\/www.regionsaris.sk\/historia\/pamatnik-vychodoslovenskeho-rolnickeho-povstania\/#breadcrumb"},"inLanguage":"es","potentialAction":[{"@type":"ReadAction","target":["https:\/\/www.regionsaris.sk\/historia\/pamatnik-vychodoslovenskeho-rolnickeho-povstania\/"]}]},{"@type":"ImageObject","inLanguage":"es","@id":"https:\/\/www.regionsaris.sk\/historia\/pamatnik-vychodoslovenskeho-rolnickeho-povstania\/#primaryimage","url":"https:\/\/www.regionsaris.sk\/wp-content\/uploads\/2026\/01\/i_5714602.jpg","contentUrl":"https:\/\/www.regionsaris.sk\/wp-content\/uploads\/2026\/01\/i_5714602.jpg","width":1600,"height":1067},{"@type":"BreadcrumbList","@id":"https:\/\/www.regionsaris.sk\/historia\/pamatnik-vychodoslovenskeho-rolnickeho-povstania\/#breadcrumb","itemListElement":[{"@type":"ListItem","position":1,"name":"Domov","item":"https:\/\/www.regionsaris.sk\/"},{"@type":"ListItem","position":2,"name":"Hist\u00f3ria regi\u00f3nu","item":"https:\/\/www.regionsaris.sk\/historia-regionu\/"},{"@type":"ListItem","position":3,"name":"Pam\u00e4tn\u00edk v\u00fdchodoslovensk\u00e9ho ro\u013en\u00edckeho povstania"}]},{"@type":"WebSite","@id":"https:\/\/www.regionsaris.sk\/#website","url":"https:\/\/www.regionsaris.sk\/","name":"OOCR \u0160ari\u0161","description":"","potentialAction":[{"@type":"SearchAction","target":{"@type":"EntryPoint","urlTemplate":"https:\/\/www.regionsaris.sk\/?s={search_term_string}"},"query-input":{"@type":"PropertyValueSpecification","valueRequired":true,"valueName":"search_term_string"}}],"inLanguage":"es"}]}},"_links":{"self":[{"href":"https:\/\/www.regionsaris.sk\/es\/wp-json\/wp\/v2\/historia\/2134","targetHints":{"allow":["GET"]}}],"collection":[{"href":"https:\/\/www.regionsaris.sk\/es\/wp-json\/wp\/v2\/historia"}],"about":[{"href":"https:\/\/www.regionsaris.sk\/es\/wp-json\/wp\/v2\/types\/historia"}],"wp:featuredmedia":[{"embeddable":true,"href":"https:\/\/www.regionsaris.sk\/es\/wp-json\/wp\/v2\/media\/1835"}],"wp:attachment":[{"href":"https:\/\/www.regionsaris.sk\/es\/wp-json\/wp\/v2\/media?parent=2134"}],"wp:term":[{"taxonomy":"kategoria-poi","embeddable":true,"href":"https:\/\/www.regionsaris.sk\/es\/wp-json\/wp\/v2\/kategoria-poi?post=2134"},{"taxonomy":"lokalita","embeddable":true,"href":"https:\/\/www.regionsaris.sk\/es\/wp-json\/wp\/v2\/lokalita?post=2134"},{"taxonomy":"sezona-poi","embeddable":true,"href":"https:\/\/www.regionsaris.sk\/es\/wp-json\/wp\/v2\/sezona-poi?post=2134"},{"taxonomy":"trvanie-vyletu","embeddable":true,"href":"https:\/\/www.regionsaris.sk\/es\/wp-json\/wp\/v2\/trvanie-vyletu?post=2134"}],"curies":[{"name":"wp","href":"https:\/\/api.w.org\/{rel}","templated":true}]}}

<p>El Levantamiento Campesino de Eslovaquia Oriental o también Levantamiento del Cólera tuvo lugar en julio y agosto de 1831 en los condados de Zemplín, Abovská, Šariš y Spiš. En el levantamiento participaron 150 pueblos y ciudades con 40 000 insurgentes. El incentivo directo para la sublevación fue una gran pérdida de cosechas y una epidemia de cólera. La población interpretó las medidas de precaución como una intención de envenenar a los siervos y apoderarse de sus propiedades. La rebelión fue sofocada y los tribunales estatales ejecutaron inmediatamente sentencias de muerte en la horca. En total fueron 119. Aunque el levantamiento fue reprimido, encontró eco en la Dieta húngara y en 1832-1836, que consideró la cuestión de los siervos y les concedió ciertos derechos, aunque pequeños.</p>



<p>En el año <strong>1938 erigió un monumento</strong>, cuyo tema principal es <strong>estatua de bronce de un hombre que camina triunfante</strong>, colocada sobre un alto pilón cilíndrico. En la base hay una escultura de 7 insurrectos, que representan simbólicamente los estatus profesionales de los participantes en el levantamiento. Entre ellos había principalmente terratenientes, burgueses, hacendados, aparceros, mineros, pobres (urbanos y rurales) y empleados del Estado (richtars, maestros, hajdúsi.).</p>



<p>Total <strong>la altura del monumento es de 20 m</strong>. Las figuras de la escultura miden hasta 3,2 m de altura. La estatua de bronce del pilón mide 4,2 m. En su mano derecha sostiene una rama de 0,4 m. Las estatuas de la escultura están talladas en piedra arenisca.</p>



<p>Fuente/foto: www.obechaniska.sk</p>

<!-- This site is optimized with the Yoast SEO Premium plugin v26.3 (Yoast SEO v26.8) - https://yoast.com/product/yoast-seo-premium-wordpress/ -->
<title>Pamätník východoslovenského roľníckeho povstania - OOCR Šariš</title>
<meta name="robots" content="index, follow, max-snippet:-1, max-image-preview:large, max-video-preview:-1" />
<link rel="canonical" href="https://www.regionsaris.sk/es/historia/pamatnik-vychodoslovenskeho-rolnickeho-povstania/" />
<meta property="og:locale" content="es_ES" />
<meta property="og:type" content="article" />
<meta property="og:title" content="Pamätník východoslovenského roľníckeho povstania" />
<meta property="og:description" content="Východoslovenské roľnícke povstanie alebo aj cholerové povstanie sa odohralo v júli a auguste 1831 v..." />
<meta property="og:url" content="https://www.regionsaris.sk/es/historia/pamatnik-vychodoslovenskeho-rolnickeho-povstania/" />
<meta property="og:site_name" content="OOCR Šariš" />
<meta property="og:image" content="https://www.regionsaris.sk/wp-content/uploads/2026/01/i_5714602.jpg" />
	<meta property="og:image:width" content="1600" />
	<meta property="og:image:height" content="1067" />
	<meta property="og:image:type" content="image/jpeg" />
<meta name="twitter:card" content="summary_large_image" />
<meta name="twitter:label1" content="Tiempo de lectura" />
	<meta name="twitter:data1" content="1 minuto" />
<script type="application/ld+json" class="yoast-schema-graph">{"@context":"https://schema.org","@graph":[{"@type":"WebPage","@id":"https://www.regionsaris.sk/historia/pamatnik-vychodoslovenskeho-rolnickeho-povstania/","url":"https://www.regionsaris.sk/historia/pamatnik-vychodoslovenskeho-rolnickeho-povstania/","name":"Pamätník východoslovenského roľníckeho povstania - OOCR Šariš","isPartOf":{"@id":"https://www.regionsaris.sk/#website"},"primaryImageOfPage":{"@id":"https://www.regionsaris.sk/historia/pamatnik-vychodoslovenskeho-rolnickeho-povstania/#primaryimage"},"image":{"@id":"https://www.regionsaris.sk/historia/pamatnik-vychodoslovenskeho-rolnickeho-povstania/#primaryimage"},"thumbnailUrl":"https://www.regionsaris.sk/wp-content/uploads/2026/01/i_5714602.jpg","datePublished":"2020-05-29T11:16:03+00:00","breadcrumb":{"@id":"https://www.regionsaris.sk/historia/pamatnik-vychodoslovenskeho-rolnickeho-povstania/#breadcrumb"},"inLanguage":"es","potentialAction":[{"@type":"ReadAction","target":["https://www.regionsaris.sk/historia/pamatnik-vychodoslovenskeho-rolnickeho-povstania/"]}]},{"@type":"ImageObject","inLanguage":"es","@id":"https://www.regionsaris.sk/historia/pamatnik-vychodoslovenskeho-rolnickeho-povstania/#primaryimage","url":"https://www.regionsaris.sk/wp-content/uploads/2026/01/i_5714602.jpg","contentUrl":"https://www.regionsaris.sk/wp-content/uploads/2026/01/i_5714602.jpg","width":1600,"height":1067},{"@type":"BreadcrumbList","@id":"https://www.regionsaris.sk/historia/pamatnik-vychodoslovenskeho-rolnickeho-povstania/#breadcrumb","itemListElement":[{"@type":"ListItem","position":1,"name":"Domov","item":"https://www.regionsaris.sk/"},{"@type":"ListItem","position":2,"name":"História regiónu","item":"https://www.regionsaris.sk/historia-regionu/"},{"@type":"ListItem","position":3,"name":"Pamätník východoslovenského roľníckeho povstania"}]},{"@type":"WebSite","@id":"https://www.regionsaris.sk/#website","url":"https://www.regionsaris.sk/","name":"OOCR Šariš","description":"","potentialAction":[{"@type":"SearchAction","target":{"@type":"EntryPoint","urlTemplate":"https://www.regionsaris.sk/?s={search_term_string}"},"query-input":{"@type":"PropertyValueSpecification","valueRequired":true,"valueName":"search_term_string"}}],"inLanguage":"es"}]}</script>
<!-- / Yoast SEO Premium plugin. -->

Pamätník východoslovenského roľníckeho povstania - OOCR Šariš

Pamätník východoslovenského roľníckeho povstania

Východoslovenské roľnícke povstanie alebo aj cholerové povstanie sa odohralo v júli a auguste 1831 v...

OOCR Šariš

História regiónu
