{"id":4172,"date":"2026-03-23T08:11:16","date_gmt":"2026-03-23T07:11:16","guid":{"rendered":"https:\/\/www.regionsaris.sk\/?post_type=vyznamna-tvar&#038;p=4172"},"modified":"2026-03-25T14:39:17","modified_gmt":"2026-03-25T13:39:17","slug":"pter-konya","status":"publish","type":"vyznamna-tvar","link":"https:\/\/www.regionsaris.sk\/en\/vyznamna-tvar\/pter-konya\/","title":{"rendered":"Peter K\u00f3nya"},"content":{"rendered":"<p>Dr. h. c. prof. Peter K\u00f3nya, PhD (* August 20, 1966, Pre\u0161ov, Czechoslovakia) is a Slovak university professor, historian and academic official. He works at the Institute of History, Faculty of Arts, University of Pre\u0161ov. He has been the Rector of the University of Pre\u0161ov since 1 August 2015.<\/p>\n\n\n\n<p>His long-term scientific research focuses on the history of the anti-Habsburg uprisings in Hungary and their impact on the free royal towns of the Upper Hungary (Pre\u0161ov Blood Trial of 1687, Pre\u0161ov, Bardejov, Sabinov during the Counter-Reformation and the anti-Habsburg uprisings (1670 - 1711), For God's Fatherland and Freedom. The turbulent fate of the Kuruc general Juraj Ottlyk). He also researches the issues of Reformation and Recatholization and the history of the Evangelical Church a.v.,He was the compiler and author of several scientific collections, monographs and editions of sources on the subject (Counter-Reformation, Recatholization and Catholic Reformation, Three Lutheran Confessions of Faith from Hungary, Leonard St\u00f6ckel and the Reformation in Central Europe, Confessionalization in Slovakia in the 16th-18th centuries).&nbsp;<\/p>\n\n\n\n<p>His research interest is also focused on the research of regional history, where he was the author and compiler of many histories of villages and towns in eastern Slovakia (History of Sabinov, History of Sobraniec, History of Kr\u00e1\u013eovsk\u00fd Chlmec, History of the village of So\u013e). He is the compiler and co-author of the university textbook History of Hungary (1000 - 1918).<\/p>\n\n\n\n<p><strong>Awards:<\/strong><\/p>\n\n\n\n<p>1st Dean's Award of the Faculty of Arts PU (2001, 2010)<\/p>\n\n\n\n<p>2. Jozef Miloslav Hurban Prize for biographical and dictionary literature (2010),<\/p>\n\n\n\n<p>3. Award of the Slovak Historical Society at the Slovak Academy of Sciences (2011)<\/p>\n\n\n\n<p>4. Medal of the Debrecen Branch of the Hungarian Academy of Sciences Pro Cooperatione.<\/p>\n\n\n\n<p><strong>Source: <\/strong>https:\/\/www.unipo.sk\/filozoficka-fakulta\/instituty-fakulty\/ih-new\/ludia\/profesori\/30976<br><strong>Photo source:<\/strong> Author: University of Presov - https:\/\/www.unipo.sk\/informacie-o-univerzite\/organy\/oas\/rektor\/, CC BY-SA 4.0, https:\/\/commons.wikimedia.org\/w\/index.php?curid=85891316<\/p>\n\n\n\n<p><\/p>","protected":false},"featured_media":4234,"template":"","meta":{"_acf_changed":true},"kategoria-vyznamnych-tvari":[244],"oblast-posobenia":[232],"class_list":["post-4172","vyznamna-tvar","type-vyznamna-tvar","status-publish","has-post-thumbnail","hentry","kategoria-vyznamnych-tvari-sucasna-osobnost","oblast-posobenia-pedagogika"],"acf":[],"yoast_head":"<!-- This site is optimized with the Yoast SEO Premium plugin v26.3 (Yoast SEO v26.8) - https:\/\/yoast.com\/product\/yoast-seo-premium-wordpress\/ -->\n<title>Peter K\u00f3nya - OOCR \u0160ari\u0161<\/title>\n<meta name=\"description\" content=\"Peter K\u00f3nya je slovensk\u00fd univerzitn\u00fd profesor, historik a akademick\u00fd funkcion\u00e1r. P\u00f4sob\u00ed na In\u0161tit\u00fate hist\u00f3rie Filozofickej fakulty PU.\" \/>\n<meta name=\"robots\" content=\"index, follow, max-snippet:-1, max-image-preview:large, max-video-preview:-1\" \/>\n<link rel=\"canonical\" href=\"https:\/\/www.regionsaris.sk\/en\/vyznamna-tvar\/pter-konya\/\" \/>\n<meta property=\"og:locale\" content=\"en_GB\" \/>\n<meta property=\"og:type\" content=\"article\" \/>\n<meta property=\"og:title\" content=\"Peter K\u00f3nya\" \/>\n<meta property=\"og:description\" content=\"Peter K\u00f3nya je slovensk\u00fd univerzitn\u00fd profesor, historik a akademick\u00fd funkcion\u00e1r. P\u00f4sob\u00ed na In\u0161tit\u00fate hist\u00f3rie Filozofickej fakulty PU.\" \/>\n<meta property=\"og:url\" content=\"https:\/\/www.regionsaris.sk\/en\/vyznamna-tvar\/pter-konya\/\" \/>\n<meta property=\"og:site_name\" content=\"OOCR \u0160ari\u0161\" \/>\n<meta property=\"article:modified_time\" content=\"2026-03-25T13:39:17+00:00\" \/>\n<meta property=\"og:image\" content=\"https:\/\/www.regionsaris.sk\/wp-content\/uploads\/2026\/03\/peter-konya-vyznamne-tvare-regionu-oocrrs.png\" \/>\n\t<meta property=\"og:image:width\" content=\"500\" \/>\n\t<meta property=\"og:image:height\" content=\"500\" \/>\n\t<meta property=\"og:image:type\" content=\"image\/png\" \/>\n<meta name=\"twitter:card\" content=\"summary_large_image\" \/>\n<meta name=\"twitter:label1\" content=\"Estimated reading time\" \/>\n\t<meta name=\"twitter:data1\" content=\"2 minutes\" \/>\n<script type=\"application\/ld+json\" class=\"yoast-schema-graph\">{\"@context\":\"https:\/\/schema.org\",\"@graph\":[{\"@type\":\"WebPage\",\"@id\":\"https:\/\/www.regionsaris.sk\/vyznamna-tvar\/pter-konya\/\",\"url\":\"https:\/\/www.regionsaris.sk\/vyznamna-tvar\/pter-konya\/\",\"name\":\"Peter K\u00f3nya - OOCR \u0160ari\u0161\",\"isPartOf\":{\"@id\":\"https:\/\/www.regionsaris.sk\/#website\"},\"primaryImageOfPage\":{\"@id\":\"https:\/\/www.regionsaris.sk\/vyznamna-tvar\/pter-konya\/#primaryimage\"},\"image\":{\"@id\":\"https:\/\/www.regionsaris.sk\/vyznamna-tvar\/pter-konya\/#primaryimage\"},\"thumbnailUrl\":\"https:\/\/www.regionsaris.sk\/wp-content\/uploads\/2026\/03\/peter-konya-vyznamne-tvare-regionu-oocrrs.png\",\"datePublished\":\"2026-03-23T07:11:16+00:00\",\"dateModified\":\"2026-03-25T13:39:17+00:00\",\"description\":\"Peter K\u00f3nya je slovensk\u00fd univerzitn\u00fd profesor, historik a akademick\u00fd funkcion\u00e1r. P\u00f4sob\u00ed na In\u0161tit\u00fate hist\u00f3rie Filozofickej fakulty PU.\",\"breadcrumb\":{\"@id\":\"https:\/\/www.regionsaris.sk\/vyznamna-tvar\/pter-konya\/#breadcrumb\"},\"inLanguage\":\"en-GB\",\"potentialAction\":[{\"@type\":\"ReadAction\",\"target\":[\"https:\/\/www.regionsaris.sk\/vyznamna-tvar\/pter-konya\/\"]}]},{\"@type\":\"ImageObject\",\"inLanguage\":\"en-GB\",\"@id\":\"https:\/\/www.regionsaris.sk\/vyznamna-tvar\/pter-konya\/#primaryimage\",\"url\":\"https:\/\/www.regionsaris.sk\/wp-content\/uploads\/2026\/03\/peter-konya-vyznamne-tvare-regionu-oocrrs.png\",\"contentUrl\":\"https:\/\/www.regionsaris.sk\/wp-content\/uploads\/2026\/03\/peter-konya-vyznamne-tvare-regionu-oocrrs.png\",\"width\":500,\"height\":500},{\"@type\":\"BreadcrumbList\",\"@id\":\"https:\/\/www.regionsaris.sk\/vyznamna-tvar\/pter-konya\/#breadcrumb\",\"itemListElement\":[{\"@type\":\"ListItem\",\"position\":1,\"name\":\"Domov\",\"item\":\"https:\/\/www.regionsaris.sk\/\"},{\"@type\":\"ListItem\",\"position\":2,\"name\":\"V\u00fdznamn\u00e9 tv\u00e1re regi\u00f3nu\",\"item\":\"https:\/\/www.regionsaris.sk\/vyznamne-tvare-regionu\/\"},{\"@type\":\"ListItem\",\"position\":3,\"name\":\"Peter K\u00f3nya\"}]},{\"@type\":\"WebSite\",\"@id\":\"https:\/\/www.regionsaris.sk\/#website\",\"url\":\"https:\/\/www.regionsaris.sk\/\",\"name\":\"OOCR \u0160ari\u0161\",\"description\":\"\",\"potentialAction\":[{\"@type\":\"SearchAction\",\"target\":{\"@type\":\"EntryPoint\",\"urlTemplate\":\"https:\/\/www.regionsaris.sk\/?s={search_term_string}\"},\"query-input\":{\"@type\":\"PropertyValueSpecification\",\"valueRequired\":true,\"valueName\":\"search_term_string\"}}],\"inLanguage\":\"en-GB\"}]}<\/script>\n<!-- \/ Yoast SEO Premium plugin. -->","yoast_head_json":{"title":"Peter K\u00f3nya - OOCR \u0160ari\u0161","description":"Peter K\u00f3nya je slovensk\u00fd univerzitn\u00fd profesor, historik a akademick\u00fd funkcion\u00e1r. P\u00f4sob\u00ed na In\u0161tit\u00fate hist\u00f3rie Filozofickej fakulty PU.","robots":{"index":"index","follow":"follow","max-snippet":"max-snippet:-1","max-image-preview":"max-image-preview:large","max-video-preview":"max-video-preview:-1"},"canonical":"https:\/\/www.regionsaris.sk\/en\/vyznamna-tvar\/pter-konya\/","og_locale":"en_GB","og_type":"article","og_title":"Peter K\u00f3nya","og_description":"Peter K\u00f3nya je slovensk\u00fd univerzitn\u00fd profesor, historik a akademick\u00fd funkcion\u00e1r. P\u00f4sob\u00ed na In\u0161tit\u00fate hist\u00f3rie Filozofickej fakulty PU.","og_url":"https:\/\/www.regionsaris.sk\/en\/vyznamna-tvar\/pter-konya\/","og_site_name":"OOCR \u0160ari\u0161","article_modified_time":"2026-03-25T13:39:17+00:00","og_image":[{"width":500,"height":500,"url":"https:\/\/www.regionsaris.sk\/wp-content\/uploads\/2026\/03\/peter-konya-vyznamne-tvare-regionu-oocrrs.png","type":"image\/png"}],"twitter_card":"summary_large_image","twitter_misc":{"Estimated reading time":"2 minutes"},"schema":{"@context":"https:\/\/schema.org","@graph":[{"@type":"WebPage","@id":"https:\/\/www.regionsaris.sk\/vyznamna-tvar\/pter-konya\/","url":"https:\/\/www.regionsaris.sk\/vyznamna-tvar\/pter-konya\/","name":"Peter K\u00f3nya - OOCR \u0160ari\u0161","isPartOf":{"@id":"https:\/\/www.regionsaris.sk\/#website"},"primaryImageOfPage":{"@id":"https:\/\/www.regionsaris.sk\/vyznamna-tvar\/pter-konya\/#primaryimage"},"image":{"@id":"https:\/\/www.regionsaris.sk\/vyznamna-tvar\/pter-konya\/#primaryimage"},"thumbnailUrl":"https:\/\/www.regionsaris.sk\/wp-content\/uploads\/2026\/03\/peter-konya-vyznamne-tvare-regionu-oocrrs.png","datePublished":"2026-03-23T07:11:16+00:00","dateModified":"2026-03-25T13:39:17+00:00","description":"Peter K\u00f3nya je slovensk\u00fd univerzitn\u00fd profesor, historik a akademick\u00fd funkcion\u00e1r. P\u00f4sob\u00ed na In\u0161tit\u00fate hist\u00f3rie Filozofickej fakulty PU.","breadcrumb":{"@id":"https:\/\/www.regionsaris.sk\/vyznamna-tvar\/pter-konya\/#breadcrumb"},"inLanguage":"en-GB","potentialAction":[{"@type":"ReadAction","target":["https:\/\/www.regionsaris.sk\/vyznamna-tvar\/pter-konya\/"]}]},{"@type":"ImageObject","inLanguage":"en-GB","@id":"https:\/\/www.regionsaris.sk\/vyznamna-tvar\/pter-konya\/#primaryimage","url":"https:\/\/www.regionsaris.sk\/wp-content\/uploads\/2026\/03\/peter-konya-vyznamne-tvare-regionu-oocrrs.png","contentUrl":"https:\/\/www.regionsaris.sk\/wp-content\/uploads\/2026\/03\/peter-konya-vyznamne-tvare-regionu-oocrrs.png","width":500,"height":500},{"@type":"BreadcrumbList","@id":"https:\/\/www.regionsaris.sk\/vyznamna-tvar\/pter-konya\/#breadcrumb","itemListElement":[{"@type":"ListItem","position":1,"name":"Domov","item":"https:\/\/www.regionsaris.sk\/"},{"@type":"ListItem","position":2,"name":"V\u00fdznamn\u00e9 tv\u00e1re regi\u00f3nu","item":"https:\/\/www.regionsaris.sk\/vyznamne-tvare-regionu\/"},{"@type":"ListItem","position":3,"name":"Peter K\u00f3nya"}]},{"@type":"WebSite","@id":"https:\/\/www.regionsaris.sk\/#website","url":"https:\/\/www.regionsaris.sk\/","name":"OOCR \u0160ari\u0161","description":"","potentialAction":[{"@type":"SearchAction","target":{"@type":"EntryPoint","urlTemplate":"https:\/\/www.regionsaris.sk\/?s={search_term_string}"},"query-input":{"@type":"PropertyValueSpecification","valueRequired":true,"valueName":"search_term_string"}}],"inLanguage":"en-GB"}]}},"_links":{"self":[{"href":"https:\/\/www.regionsaris.sk\/en\/wp-json\/wp\/v2\/vyznamna-tvar\/4172","targetHints":{"allow":["GET"]}}],"collection":[{"href":"https:\/\/www.regionsaris.sk\/en\/wp-json\/wp\/v2\/vyznamna-tvar"}],"about":[{"href":"https:\/\/www.regionsaris.sk\/en\/wp-json\/wp\/v2\/types\/vyznamna-tvar"}],"wp:featuredmedia":[{"embeddable":true,"href":"https:\/\/www.regionsaris.sk\/en\/wp-json\/wp\/v2\/media\/4234"}],"wp:attachment":[{"href":"https:\/\/www.regionsaris.sk\/en\/wp-json\/wp\/v2\/media?parent=4172"}],"wp:term":[{"taxonomy":"kategoria-vyznamnych-tvari","embeddable":true,"href":"https:\/\/www.regionsaris.sk\/en\/wp-json\/wp\/v2\/kategoria-vyznamnych-tvari?post=4172"},{"taxonomy":"oblast-posobenia","embeddable":true,"href":"https:\/\/www.regionsaris.sk\/en\/wp-json\/wp\/v2\/oblast-posobenia?post=4172"}],"curies":[{"name":"wp","href":"https:\/\/api.w.org\/{rel}","templated":true}]}}

Peter Kónya

<p>Dr. h. c. prof. Peter Kónya, PhD (* August 20, 1966, Prešov, Czechoslovakia) is a Slovak university professor, historian and academic official. He works at the Institute of History, Faculty of Arts, University of Prešov. He has been the Rector of the University of Prešov since 1 August 2015.</p>



<p>His long-term scientific research focuses on the history of the anti-Habsburg uprisings in Hungary and their impact on the free royal towns of the Upper Hungary (Prešov Blood Trial of 1687, Prešov, Bardejov, Sabinov during the Counter-Reformation and the anti-Habsburg uprisings (1670 - 1711), For God's Fatherland and Freedom. The turbulent fate of the Kuruc general Juraj Ottlyk). He also researches the issues of Reformation and Recatholization and the history of the Evangelical Church a.v.,He was the compiler and author of several scientific collections, monographs and editions of sources on the subject (Counter-Reformation, Recatholization and Catholic Reformation, Three Lutheran Confessions of Faith from Hungary, Leonard Stöckel and the Reformation in Central Europe, Confessionalization in Slovakia in the 16th-18th centuries).&nbsp;</p>



<p>His research interest is also focused on the research of regional history, where he was the author and compiler of many histories of villages and towns in eastern Slovakia (History of Sabinov, History of Sobraniec, History of Kráľovský Chlmec, History of the village of Soľ). He is the compiler and co-author of the university textbook History of Hungary (1000 - 1918).</p>



<p><strong>Awards:</strong></p>



<p>1st Dean's Award of the Faculty of Arts PU (2001, 2010)</p>



<p>2. Jozef Miloslav Hurban Prize for biographical and dictionary literature (2010),</p>



<p>3. Award of the Slovak Historical Society at the Slovak Academy of Sciences (2011)</p>



<p>4. Medal of the Debrecen Branch of the Hungarian Academy of Sciences Pro Cooperatione.</p>



<p><strong>Source: </strong>https://www.unipo.sk/filozoficka-fakulta/instituty-fakulty/ih-new/ludia/profesori/30976<br><strong>Photo source:</strong> Author: University of Presov - https://www.unipo.sk/informacie-o-univerzite/organy/oas/rektor/, CC BY-SA 4.0, https://commons.wikimedia.org/w/index.php?curid=85891316</p>



<p></p>

<!-- This site is optimized with the Yoast SEO Premium plugin v26.3 (Yoast SEO v26.8) - https://yoast.com/product/yoast-seo-premium-wordpress/ -->
<title>Peter Kónya - OOCR Šariš</title>
<meta name="description" content="Peter Kónya je slovenský univerzitný profesor, historik a akademický funkcionár. Pôsobí na Inštitúte histórie Filozofickej fakulty PU." />
<meta name="robots" content="index, follow, max-snippet:-1, max-image-preview:large, max-video-preview:-1" />
<link rel="canonical" href="https://www.regionsaris.sk/en/vyznamna-tvar/pter-konya/" />
<meta property="og:locale" content="en_GB" />
<meta property="og:type" content="article" />
<meta property="og:title" content="Peter Kónya" />
<meta property="og:description" content="Peter Kónya je slovenský univerzitný profesor, historik a akademický funkcionár. Pôsobí na Inštitúte histórie Filozofickej fakulty PU." />
<meta property="og:url" content="https://www.regionsaris.sk/en/vyznamna-tvar/pter-konya/" />
<meta property="og:site_name" content="OOCR Šariš" />
<meta property="article:modified_time" content="2026-03-25T13:39:17+00:00" />
<meta property="og:image" content="https://www.regionsaris.sk/wp-content/uploads/2026/03/peter-konya-vyznamne-tvare-regionu-oocrrs.png" />
	<meta property="og:image:width" content="500" />
	<meta property="og:image:height" content="500" />
	<meta property="og:image:type" content="image/png" />
<meta name="twitter:card" content="summary_large_image" />
<meta name="twitter:label1" content="Estimated reading time" />
	<meta name="twitter:data1" content="2 minutes" />
<script type="application/ld+json" class="yoast-schema-graph">{"@context":"https://schema.org","@graph":[{"@type":"WebPage","@id":"https://www.regionsaris.sk/vyznamna-tvar/pter-konya/","url":"https://www.regionsaris.sk/vyznamna-tvar/pter-konya/","name":"Peter Kónya - OOCR Šariš","isPartOf":{"@id":"https://www.regionsaris.sk/#website"},"primaryImageOfPage":{"@id":"https://www.regionsaris.sk/vyznamna-tvar/pter-konya/#primaryimage"},"image":{"@id":"https://www.regionsaris.sk/vyznamna-tvar/pter-konya/#primaryimage"},"thumbnailUrl":"https://www.regionsaris.sk/wp-content/uploads/2026/03/peter-konya-vyznamne-tvare-regionu-oocrrs.png","datePublished":"2026-03-23T07:11:16+00:00","dateModified":"2026-03-25T13:39:17+00:00","description":"Peter Kónya je slovenský univerzitný profesor, historik a akademický funkcionár. Pôsobí na Inštitúte histórie Filozofickej fakulty PU.","breadcrumb":{"@id":"https://www.regionsaris.sk/vyznamna-tvar/pter-konya/#breadcrumb"},"inLanguage":"en-GB","potentialAction":[{"@type":"ReadAction","target":["https://www.regionsaris.sk/vyznamna-tvar/pter-konya/"]}]},{"@type":"ImageObject","inLanguage":"en-GB","@id":"https://www.regionsaris.sk/vyznamna-tvar/pter-konya/#primaryimage","url":"https://www.regionsaris.sk/wp-content/uploads/2026/03/peter-konya-vyznamne-tvare-regionu-oocrrs.png","contentUrl":"https://www.regionsaris.sk/wp-content/uploads/2026/03/peter-konya-vyznamne-tvare-regionu-oocrrs.png","width":500,"height":500},{"@type":"BreadcrumbList","@id":"https://www.regionsaris.sk/vyznamna-tvar/pter-konya/#breadcrumb","itemListElement":[{"@type":"ListItem","position":1,"name":"Domov","item":"https://www.regionsaris.sk/"},{"@type":"ListItem","position":2,"name":"Významné tváre regiónu","item":"https://www.regionsaris.sk/vyznamne-tvare-regionu/"},{"@type":"ListItem","position":3,"name":"Peter Kónya"}]},{"@type":"WebSite","@id":"https://www.regionsaris.sk/#website","url":"https://www.regionsaris.sk/","name":"OOCR Šariš","description":"","potentialAction":[{"@type":"SearchAction","target":{"@type":"EntryPoint","urlTemplate":"https://www.regionsaris.sk/?s={search_term_string}"},"query-input":{"@type":"PropertyValueSpecification","valueRequired":true,"valueName":"search_term_string"}}],"inLanguage":"en-GB"}]}</script>
<!-- / Yoast SEO Premium plugin. -->

Peter Kónya - OOCR Šariš

Peter Kónya je slovenský univerzitný profesor, historik a akademický funkcionár. Pôsobí na Inštitúte histórie Filozofickej fakulty PU.

OOCR Šariš

Významné tváre regiónu
