{"id":4168,"date":"2026-03-23T08:04:26","date_gmt":"2026-03-23T07:04:26","guid":{"rendered":"https:\/\/www.regionsaris.sk\/?post_type=vyznamna-tvar&#038;p=4168"},"modified":"2026-03-25T14:43:46","modified_gmt":"2026-03-25T13:43:46","slug":"marcel-merciak","status":"publish","type":"vyznamna-tvar","link":"https:\/\/www.regionsaris.sk\/en\/vyznamna-tvar\/marcel-merciak\/","title":{"rendered":"Marcel Merciak"},"content":{"rendered":"<p>Marcel Mer\u010diak was born on 31 August 1975 in Pre\u0161ov. After graduating from the Gymnasium on Tarasa \u0160ev\u010denka Street (today's Gymnasium Jan Adam Rayman) in Pre\u0161ov, he started studying journalism at the Faculty of Arts of the Charles University in Bratislava in 1993. After graduating with a Master's degree, he became an employee of Slovak Television on 1 July 1997, where he commentates on sports broadcasts (mainly football or biathlon).&nbsp;<\/p>\n\n\n\n<p>From 1996 to 2024, he participated in all fifteen Olympic Games (8 Summer and 7 Winter). In his admirable professional statistics stand out the records of commentating matches at seven World Cups and seven European Championships in football, 12 times he commentated the Champions League final.<\/p>\n\n\n\n<p>After the establishment of RTVS in January 2011, the management of Director General V\u00e1clav Mika entrusted him with the management of the RTVS Sports Department. He served in this position of the Sports Editor-in-Chief for 4 years and 11 months (from 1 February 2013 to the end of 2017). In 2021, he was given the position of Programme Head of the Sport circuit in the public media.&nbsp;<\/p>\n\n\n\n<p>He is a winner of the Zivot Weekly Award, winner of the Gab Zelenay Award from the Union of Slovak Journalists, 13-time winner of the OTO poll (3 times in the category of sports presenter, 8 times in the category of sports commentator and twice \u201eAbsolute OTO\u201c). In 2014, the management of the then RTVS entrusted him with the moderation of the knowledge competition-entertainment show \u201eWhat I Know\u201c. Since 2013, he has been a member of the Sports Commission of the prestigious Crystal Wing Awards. Marcel Merciak has grown into an integrated journalistic personality, a true professional.<\/p>\n\n\n\n<p>In addition to his television work, the great journalist has also become a freelance contributor to the online daily Standard, where he enriches readers with his commentaries, insights and interviews with famous athletes.<\/p>\n\n\n\n<p><strong>Source:<\/strong> https:\/\/www.stvr.sk\/historia\/osobnosti\/marcel-merciak<br><strong>Photo source:<\/strong> Author: the Bratislava County from Bratislava, Slovakia - Crystal Wing 2016, CC BY 2.0, https:\/\/commons.wikimedia.org\/w\/index.php?curid=46672694<\/p>","protected":false},"featured_media":4236,"template":"","meta":{"_acf_changed":true},"kategoria-vyznamnych-tvari":[244],"oblast-posobenia":[241,237,263],"class_list":["post-4168","vyznamna-tvar","type-vyznamna-tvar","status-publish","has-post-thumbnail","hentry","kategoria-vyznamnych-tvari-sucasna-osobnost","oblast-posobenia-publicistika","oblast-posobenia-sport","oblast-posobenia-televizia"],"acf":[],"yoast_head":"<!-- This site is optimized with the Yoast SEO Premium plugin v26.3 (Yoast SEO v26.8) - https:\/\/yoast.com\/product\/yoast-seo-premium-wordpress\/ -->\n<title>Marcel Mer\u010diak - OOCR \u0160ari\u0161<\/title>\n<meta name=\"description\" content=\"Marcel Mer\u010diak je zn\u00e1my slovensk\u00fd \u0161portov\u00fd koment\u00e1tor a novin\u00e1r. Taktie\u017e je extern\u00fdm spolupracovn\u00edkov denn\u00edka \u0160tandard.\" \/>\n<meta name=\"robots\" content=\"index, follow, max-snippet:-1, max-image-preview:large, max-video-preview:-1\" \/>\n<link rel=\"canonical\" href=\"https:\/\/www.regionsaris.sk\/en\/vyznamna-tvar\/marcel-merciak\/\" \/>\n<meta property=\"og:locale\" content=\"en_GB\" \/>\n<meta property=\"og:type\" content=\"article\" \/>\n<meta property=\"og:title\" content=\"Marcel Mer\u010diak\" \/>\n<meta property=\"og:description\" content=\"Marcel Mer\u010diak je zn\u00e1my slovensk\u00fd \u0161portov\u00fd koment\u00e1tor a novin\u00e1r. Taktie\u017e je extern\u00fdm spolupracovn\u00edkov denn\u00edka \u0160tandard.\" \/>\n<meta property=\"og:url\" content=\"https:\/\/www.regionsaris.sk\/en\/vyznamna-tvar\/marcel-merciak\/\" \/>\n<meta property=\"og:site_name\" content=\"OOCR \u0160ari\u0161\" \/>\n<meta property=\"article:modified_time\" content=\"2026-03-25T13:43:46+00:00\" \/>\n<meta property=\"og:image\" content=\"https:\/\/www.regionsaris.sk\/wp-content\/uploads\/2026\/03\/marcel-merciak-vyznamne-tvare-regionu-oocrrs.png\" \/>\n\t<meta property=\"og:image:width\" content=\"500\" \/>\n\t<meta property=\"og:image:height\" content=\"500\" \/>\n\t<meta property=\"og:image:type\" content=\"image\/png\" \/>\n<meta name=\"twitter:card\" content=\"summary_large_image\" \/>\n<meta name=\"twitter:label1\" content=\"Estimated reading time\" \/>\n\t<meta name=\"twitter:data1\" content=\"2 minutes\" \/>\n<script type=\"application\/ld+json\" class=\"yoast-schema-graph\">{\"@context\":\"https:\/\/schema.org\",\"@graph\":[{\"@type\":\"WebPage\",\"@id\":\"https:\/\/www.regionsaris.sk\/vyznamna-tvar\/marcel-merciak\/\",\"url\":\"https:\/\/www.regionsaris.sk\/vyznamna-tvar\/marcel-merciak\/\",\"name\":\"Marcel Mer\u010diak - OOCR \u0160ari\u0161\",\"isPartOf\":{\"@id\":\"https:\/\/www.regionsaris.sk\/#website\"},\"primaryImageOfPage\":{\"@id\":\"https:\/\/www.regionsaris.sk\/vyznamna-tvar\/marcel-merciak\/#primaryimage\"},\"image\":{\"@id\":\"https:\/\/www.regionsaris.sk\/vyznamna-tvar\/marcel-merciak\/#primaryimage\"},\"thumbnailUrl\":\"https:\/\/www.regionsaris.sk\/wp-content\/uploads\/2026\/03\/marcel-merciak-vyznamne-tvare-regionu-oocrrs.png\",\"datePublished\":\"2026-03-23T07:04:26+00:00\",\"dateModified\":\"2026-03-25T13:43:46+00:00\",\"description\":\"Marcel Mer\u010diak je zn\u00e1my slovensk\u00fd \u0161portov\u00fd koment\u00e1tor a novin\u00e1r. Taktie\u017e je extern\u00fdm spolupracovn\u00edkov denn\u00edka \u0160tandard.\",\"breadcrumb\":{\"@id\":\"https:\/\/www.regionsaris.sk\/vyznamna-tvar\/marcel-merciak\/#breadcrumb\"},\"inLanguage\":\"en-GB\",\"potentialAction\":[{\"@type\":\"ReadAction\",\"target\":[\"https:\/\/www.regionsaris.sk\/vyznamna-tvar\/marcel-merciak\/\"]}]},{\"@type\":\"ImageObject\",\"inLanguage\":\"en-GB\",\"@id\":\"https:\/\/www.regionsaris.sk\/vyznamna-tvar\/marcel-merciak\/#primaryimage\",\"url\":\"https:\/\/www.regionsaris.sk\/wp-content\/uploads\/2026\/03\/marcel-merciak-vyznamne-tvare-regionu-oocrrs.png\",\"contentUrl\":\"https:\/\/www.regionsaris.sk\/wp-content\/uploads\/2026\/03\/marcel-merciak-vyznamne-tvare-regionu-oocrrs.png\",\"width\":500,\"height\":500},{\"@type\":\"BreadcrumbList\",\"@id\":\"https:\/\/www.regionsaris.sk\/vyznamna-tvar\/marcel-merciak\/#breadcrumb\",\"itemListElement\":[{\"@type\":\"ListItem\",\"position\":1,\"name\":\"Domov\",\"item\":\"https:\/\/www.regionsaris.sk\/\"},{\"@type\":\"ListItem\",\"position\":2,\"name\":\"V\u00fdznamn\u00e9 tv\u00e1re regi\u00f3nu\",\"item\":\"https:\/\/www.regionsaris.sk\/vyznamne-tvare-regionu\/\"},{\"@type\":\"ListItem\",\"position\":3,\"name\":\"Marcel Mer\u010diak\"}]},{\"@type\":\"WebSite\",\"@id\":\"https:\/\/www.regionsaris.sk\/#website\",\"url\":\"https:\/\/www.regionsaris.sk\/\",\"name\":\"OOCR \u0160ari\u0161\",\"description\":\"\",\"potentialAction\":[{\"@type\":\"SearchAction\",\"target\":{\"@type\":\"EntryPoint\",\"urlTemplate\":\"https:\/\/www.regionsaris.sk\/?s={search_term_string}\"},\"query-input\":{\"@type\":\"PropertyValueSpecification\",\"valueRequired\":true,\"valueName\":\"search_term_string\"}}],\"inLanguage\":\"en-GB\"}]}<\/script>\n<!-- \/ Yoast SEO Premium plugin. -->","yoast_head_json":{"title":"Marcel Mer\u010diak - OOCR \u0160ari\u0161","description":"Marcel Mer\u010diak je zn\u00e1my slovensk\u00fd \u0161portov\u00fd koment\u00e1tor a novin\u00e1r. Taktie\u017e je extern\u00fdm spolupracovn\u00edkov denn\u00edka \u0160tandard.","robots":{"index":"index","follow":"follow","max-snippet":"max-snippet:-1","max-image-preview":"max-image-preview:large","max-video-preview":"max-video-preview:-1"},"canonical":"https:\/\/www.regionsaris.sk\/en\/vyznamna-tvar\/marcel-merciak\/","og_locale":"en_GB","og_type":"article","og_title":"Marcel Mer\u010diak","og_description":"Marcel Mer\u010diak je zn\u00e1my slovensk\u00fd \u0161portov\u00fd koment\u00e1tor a novin\u00e1r. Taktie\u017e je extern\u00fdm spolupracovn\u00edkov denn\u00edka \u0160tandard.","og_url":"https:\/\/www.regionsaris.sk\/en\/vyznamna-tvar\/marcel-merciak\/","og_site_name":"OOCR \u0160ari\u0161","article_modified_time":"2026-03-25T13:43:46+00:00","og_image":[{"width":500,"height":500,"url":"https:\/\/www.regionsaris.sk\/wp-content\/uploads\/2026\/03\/marcel-merciak-vyznamne-tvare-regionu-oocrrs.png","type":"image\/png"}],"twitter_card":"summary_large_image","twitter_misc":{"Estimated reading time":"2 minutes"},"schema":{"@context":"https:\/\/schema.org","@graph":[{"@type":"WebPage","@id":"https:\/\/www.regionsaris.sk\/vyznamna-tvar\/marcel-merciak\/","url":"https:\/\/www.regionsaris.sk\/vyznamna-tvar\/marcel-merciak\/","name":"Marcel Mer\u010diak - OOCR \u0160ari\u0161","isPartOf":{"@id":"https:\/\/www.regionsaris.sk\/#website"},"primaryImageOfPage":{"@id":"https:\/\/www.regionsaris.sk\/vyznamna-tvar\/marcel-merciak\/#primaryimage"},"image":{"@id":"https:\/\/www.regionsaris.sk\/vyznamna-tvar\/marcel-merciak\/#primaryimage"},"thumbnailUrl":"https:\/\/www.regionsaris.sk\/wp-content\/uploads\/2026\/03\/marcel-merciak-vyznamne-tvare-regionu-oocrrs.png","datePublished":"2026-03-23T07:04:26+00:00","dateModified":"2026-03-25T13:43:46+00:00","description":"Marcel Mer\u010diak je zn\u00e1my slovensk\u00fd \u0161portov\u00fd koment\u00e1tor a novin\u00e1r. Taktie\u017e je extern\u00fdm spolupracovn\u00edkov denn\u00edka \u0160tandard.","breadcrumb":{"@id":"https:\/\/www.regionsaris.sk\/vyznamna-tvar\/marcel-merciak\/#breadcrumb"},"inLanguage":"en-GB","potentialAction":[{"@type":"ReadAction","target":["https:\/\/www.regionsaris.sk\/vyznamna-tvar\/marcel-merciak\/"]}]},{"@type":"ImageObject","inLanguage":"en-GB","@id":"https:\/\/www.regionsaris.sk\/vyznamna-tvar\/marcel-merciak\/#primaryimage","url":"https:\/\/www.regionsaris.sk\/wp-content\/uploads\/2026\/03\/marcel-merciak-vyznamne-tvare-regionu-oocrrs.png","contentUrl":"https:\/\/www.regionsaris.sk\/wp-content\/uploads\/2026\/03\/marcel-merciak-vyznamne-tvare-regionu-oocrrs.png","width":500,"height":500},{"@type":"BreadcrumbList","@id":"https:\/\/www.regionsaris.sk\/vyznamna-tvar\/marcel-merciak\/#breadcrumb","itemListElement":[{"@type":"ListItem","position":1,"name":"Domov","item":"https:\/\/www.regionsaris.sk\/"},{"@type":"ListItem","position":2,"name":"V\u00fdznamn\u00e9 tv\u00e1re regi\u00f3nu","item":"https:\/\/www.regionsaris.sk\/vyznamne-tvare-regionu\/"},{"@type":"ListItem","position":3,"name":"Marcel Mer\u010diak"}]},{"@type":"WebSite","@id":"https:\/\/www.regionsaris.sk\/#website","url":"https:\/\/www.regionsaris.sk\/","name":"OOCR \u0160ari\u0161","description":"","potentialAction":[{"@type":"SearchAction","target":{"@type":"EntryPoint","urlTemplate":"https:\/\/www.regionsaris.sk\/?s={search_term_string}"},"query-input":{"@type":"PropertyValueSpecification","valueRequired":true,"valueName":"search_term_string"}}],"inLanguage":"en-GB"}]}},"_links":{"self":[{"href":"https:\/\/www.regionsaris.sk\/en\/wp-json\/wp\/v2\/vyznamna-tvar\/4168","targetHints":{"allow":["GET"]}}],"collection":[{"href":"https:\/\/www.regionsaris.sk\/en\/wp-json\/wp\/v2\/vyznamna-tvar"}],"about":[{"href":"https:\/\/www.regionsaris.sk\/en\/wp-json\/wp\/v2\/types\/vyznamna-tvar"}],"wp:featuredmedia":[{"embeddable":true,"href":"https:\/\/www.regionsaris.sk\/en\/wp-json\/wp\/v2\/media\/4236"}],"wp:attachment":[{"href":"https:\/\/www.regionsaris.sk\/en\/wp-json\/wp\/v2\/media?parent=4168"}],"wp:term":[{"taxonomy":"kategoria-vyznamnych-tvari","embeddable":true,"href":"https:\/\/www.regionsaris.sk\/en\/wp-json\/wp\/v2\/kategoria-vyznamnych-tvari?post=4168"},{"taxonomy":"oblast-posobenia","embeddable":true,"href":"https:\/\/www.regionsaris.sk\/en\/wp-json\/wp\/v2\/oblast-posobenia?post=4168"}],"curies":[{"name":"wp","href":"https:\/\/api.w.org\/{rel}","templated":true}]}}

<p>Marcel Merčiak was born on 31 August 1975 in Prešov. After graduating from the Gymnasium on Tarasa Ševčenka Street (today's Gymnasium Jan Adam Rayman) in Prešov, he started studying journalism at the Faculty of Arts of the Charles University in Bratislava in 1993. After graduating with a Master's degree, he became an employee of Slovak Television on 1 July 1997, where he commentates on sports broadcasts (mainly football or biathlon).&nbsp;</p>



<p>From 1996 to 2024, he participated in all fifteen Olympic Games (8 Summer and 7 Winter). In his admirable professional statistics stand out the records of commentating matches at seven World Cups and seven European Championships in football, 12 times he commentated the Champions League final.</p>



<p>After the establishment of RTVS in January 2011, the management of Director General Václav Mika entrusted him with the management of the RTVS Sports Department. He served in this position of the Sports Editor-in-Chief for 4 years and 11 months (from 1 February 2013 to the end of 2017). In 2021, he was given the position of Programme Head of the Sport circuit in the public media.&nbsp;</p>



<p>He is a winner of the Zivot Weekly Award, winner of the Gab Zelenay Award from the Union of Slovak Journalists, 13-time winner of the OTO poll (3 times in the category of sports presenter, 8 times in the category of sports commentator and twice „Absolute OTO“). In 2014, the management of the then RTVS entrusted him with the moderation of the knowledge competition-entertainment show „What I Know“. Since 2013, he has been a member of the Sports Commission of the prestigious Crystal Wing Awards. Marcel Merciak has grown into an integrated journalistic personality, a true professional.</p>



<p>In addition to his television work, the great journalist has also become a freelance contributor to the online daily Standard, where he enriches readers with his commentaries, insights and interviews with famous athletes.</p>



<p><strong>Source:</strong> https://www.stvr.sk/historia/osobnosti/marcel-merciak<br><strong>Photo source:</strong> Author: the Bratislava County from Bratislava, Slovakia - Crystal Wing 2016, CC BY 2.0, https://commons.wikimedia.org/w/index.php?curid=46672694</p>

<!-- This site is optimized with the Yoast SEO Premium plugin v26.3 (Yoast SEO v26.8) - https://yoast.com/product/yoast-seo-premium-wordpress/ -->
<title>Marcel Merčiak - OOCR Šariš</title>
<meta name="description" content="Marcel Merčiak je známy slovenský športový komentátor a novinár. Taktiež je externým spolupracovníkov denníka Štandard." />
<meta name="robots" content="index, follow, max-snippet:-1, max-image-preview:large, max-video-preview:-1" />
<link rel="canonical" href="https://www.regionsaris.sk/en/vyznamna-tvar/marcel-merciak/" />
<meta property="og:locale" content="en_GB" />
<meta property="og:type" content="article" />
<meta property="og:title" content="Marcel Merčiak" />
<meta property="og:description" content="Marcel Merčiak je známy slovenský športový komentátor a novinár. Taktiež je externým spolupracovníkov denníka Štandard." />
<meta property="og:url" content="https://www.regionsaris.sk/en/vyznamna-tvar/marcel-merciak/" />
<meta property="og:site_name" content="OOCR Šariš" />
<meta property="article:modified_time" content="2026-03-25T13:43:46+00:00" />
<meta property="og:image" content="https://www.regionsaris.sk/wp-content/uploads/2026/03/marcel-merciak-vyznamne-tvare-regionu-oocrrs.png" />
	<meta property="og:image:width" content="500" />
	<meta property="og:image:height" content="500" />
	<meta property="og:image:type" content="image/png" />
<meta name="twitter:card" content="summary_large_image" />
<meta name="twitter:label1" content="Estimated reading time" />
	<meta name="twitter:data1" content="2 minutes" />
<script type="application/ld+json" class="yoast-schema-graph">{"@context":"https://schema.org","@graph":[{"@type":"WebPage","@id":"https://www.regionsaris.sk/vyznamna-tvar/marcel-merciak/","url":"https://www.regionsaris.sk/vyznamna-tvar/marcel-merciak/","name":"Marcel Merčiak - OOCR Šariš","isPartOf":{"@id":"https://www.regionsaris.sk/#website"},"primaryImageOfPage":{"@id":"https://www.regionsaris.sk/vyznamna-tvar/marcel-merciak/#primaryimage"},"image":{"@id":"https://www.regionsaris.sk/vyznamna-tvar/marcel-merciak/#primaryimage"},"thumbnailUrl":"https://www.regionsaris.sk/wp-content/uploads/2026/03/marcel-merciak-vyznamne-tvare-regionu-oocrrs.png","datePublished":"2026-03-23T07:04:26+00:00","dateModified":"2026-03-25T13:43:46+00:00","description":"Marcel Merčiak je známy slovenský športový komentátor a novinár. Taktiež je externým spolupracovníkov denníka Štandard.","breadcrumb":{"@id":"https://www.regionsaris.sk/vyznamna-tvar/marcel-merciak/#breadcrumb"},"inLanguage":"en-GB","potentialAction":[{"@type":"ReadAction","target":["https://www.regionsaris.sk/vyznamna-tvar/marcel-merciak/"]}]},{"@type":"ImageObject","inLanguage":"en-GB","@id":"https://www.regionsaris.sk/vyznamna-tvar/marcel-merciak/#primaryimage","url":"https://www.regionsaris.sk/wp-content/uploads/2026/03/marcel-merciak-vyznamne-tvare-regionu-oocrrs.png","contentUrl":"https://www.regionsaris.sk/wp-content/uploads/2026/03/marcel-merciak-vyznamne-tvare-regionu-oocrrs.png","width":500,"height":500},{"@type":"BreadcrumbList","@id":"https://www.regionsaris.sk/vyznamna-tvar/marcel-merciak/#breadcrumb","itemListElement":[{"@type":"ListItem","position":1,"name":"Domov","item":"https://www.regionsaris.sk/"},{"@type":"ListItem","position":2,"name":"Významné tváre regiónu","item":"https://www.regionsaris.sk/vyznamne-tvare-regionu/"},{"@type":"ListItem","position":3,"name":"Marcel Merčiak"}]},{"@type":"WebSite","@id":"https://www.regionsaris.sk/#website","url":"https://www.regionsaris.sk/","name":"OOCR Šariš","description":"","potentialAction":[{"@type":"SearchAction","target":{"@type":"EntryPoint","urlTemplate":"https://www.regionsaris.sk/?s={search_term_string}"},"query-input":{"@type":"PropertyValueSpecification","valueRequired":true,"valueName":"search_term_string"}}],"inLanguage":"en-GB"}]}</script>
<!-- / Yoast SEO Premium plugin. -->

Marcel Merčiak - OOCR Šariš

Marcel Merčiak je známy slovenský športový komentátor a novinár. Taktiež je externým spolupracovníkov denníka Štandard.

Marcel Merčiak

OOCR Šariš

Významné tváre regiónu
