{"id":4113,"date":"2026-03-22T11:35:25","date_gmt":"2026-03-22T10:35:25","guid":{"rendered":"https:\/\/www.regionsaris.sk\/?post_type=vyznamna-tvar&#038;p=4113"},"modified":"2026-04-01T10:19:40","modified_gmt":"2026-04-01T09:19:40","slug":"rudolf-dilong","status":"publish","type":"vyznamna-tvar","link":"https:\/\/www.regionsaris.sk\/en\/vyznamna-tvar\/rudolf-dilong\/","title":{"rendered":"Rudolf Dilong"},"content":{"rendered":"<p>He was born on 1 August 1905 in Trstena, Orava, where he graduated from the gymnasium. After graduation he became a monk of the Franciscan Order and worked in monasteries in Kremnica, Hlohovec, Malacky and \u017dilina. He studied Catholic theology and became a priest. Subsequently, he worked as a secondary school teacher of religion in several towns, including an evangelical college in Pre\u0161ov in the second half of the 1930s. After the outbreak of World War II, he volunteered as a field curator on the Eastern Front.&nbsp;<\/p>\n\n\n\n<p>Returning from the front in the autumn of 1944, he spent five months in the Franciscan monastery in Ni\u017en\u00e1 \u0160ebastov\u00e1 near Pre\u0161ov. After the war he emigrated, first to Rome and from there to Argentina, where from 1947 he was a priest of the Slovak emigrants in Buenos Aires and edited the magazine Slovensk\u00e9 zvesti (Slovak Tidings). From 1965 he lived in a monastery in Pittsburgh, USA, where he was the editor of the Letters of St. Francis, but also an official of the World Congress of Slovaks. In 1969 he visited Slovakia with the intention of staying, but eventually returned to the USA. He died in Pittsburgh on April 7, 1986.<\/p>\n\n\n\n<p>Dilong is one of the leading representatives of Slovak Catholic modernism, whose work includes more than one hundred collections of poetry. His life and work were marked by his \u201eforbidden\u201c love for a woman of Jewish origin, Vali, during the time of anti-Semitism. He entered literature as a co-founder of the magazine Postup. In his first three collections of poetry, Future People, Gloriously on stilts, Breathe lazy! he portrayed the theme of nature and peasant life through a traditional rustic vision. In the collections Helena Wears a Lily and The Young Bridegroom one can identify the influences of Czech poetism. Later, struck by the horrors of war, Dilong resorted in his collections to the themes of childhood and his native Orava, which he saw as a security in times of war.&nbsp;<\/p>\n\n\n\n<p>His work was of a spiritual meditative character, and his book I, Saint Francis is considered to be its culmination. In exile he published more than 70 collections. A selection of his exiled works was published after 1989 under the title I, Rudolf Dilong, troubadour and bears witness to his bitter plight as an outcast and separated from his homeland. His most recent works include the unfinished prose work Ru\u017ea Dagmar.&nbsp;<\/p>\n\n\n\n<p>There is a street named after him in Pre\u0161ov.<\/p>\n\n\n\n<p><strong>Source: <\/strong>Regional Library P. O. Hviezdoslav in Pre\u0161ov; Micro-project.<br><strong>Photo source: <\/strong>Author Slovak Bookshop, Prague - The Pictures of Slovak Writers Serie, vol. 1 (The Pictures of Slovak Writers Series, Series 1), Free work, https:\/\/commons.wikimedia.org\/w\/index.php?curid=10679310<\/p>\n\n\n\n<p><\/p>","protected":false},"featured_media":4268,"template":"","meta":{"_acf_changed":true},"kategoria-vyznamnych-tvari":[230],"oblast-posobenia":[233,231],"class_list":["post-4113","vyznamna-tvar","type-vyznamna-tvar","status-publish","has-post-thumbnail","hentry","kategoria-vyznamnych-tvari-historicka-osobnost","oblast-posobenia-literatura","oblast-posobenia-teologia"],"acf":[],"yoast_head":"<!-- This site is optimized with the Yoast SEO Premium plugin v26.3 (Yoast SEO v26.8) - https:\/\/yoast.com\/product\/yoast-seo-premium-wordpress\/ -->\n<title>Rudolf Dilong - OOCR \u0160ari\u0161<\/title>\n<meta name=\"description\" content=\"Rudolf Dilong ur\u010dit\u00fd \u010das p\u00f4sobil v Pre\u0161ove, no pres\u0165ahoval sa do Ameriky. Bol popredn\u00fdm predstavite\u013eom katol\u00edckej moderny.\" \/>\n<meta name=\"robots\" content=\"index, follow, max-snippet:-1, max-image-preview:large, max-video-preview:-1\" \/>\n<link rel=\"canonical\" href=\"https:\/\/www.regionsaris.sk\/en\/vyznamna-tvar\/rudolf-dilong\/\" \/>\n<meta property=\"og:locale\" content=\"en_GB\" \/>\n<meta property=\"og:type\" content=\"article\" \/>\n<meta property=\"og:title\" content=\"Rudolf Dilong\" \/>\n<meta property=\"og:description\" content=\"Rudolf Dilong ur\u010dit\u00fd \u010das p\u00f4sobil v Pre\u0161ove, no pres\u0165ahoval sa do Ameriky. Bol popredn\u00fdm predstavite\u013eom katol\u00edckej moderny.\" \/>\n<meta property=\"og:url\" content=\"https:\/\/www.regionsaris.sk\/en\/vyznamna-tvar\/rudolf-dilong\/\" \/>\n<meta property=\"og:site_name\" content=\"OOCR \u0160ari\u0161\" \/>\n<meta property=\"article:modified_time\" content=\"2026-04-01T09:19:40+00:00\" \/>\n<meta property=\"og:image\" content=\"https:\/\/www.regionsaris.sk\/wp-content\/uploads\/2026\/03\/rudolf-dilong-vyznamne-tvare-regionu-oocrrs.jpg\" \/>\n\t<meta property=\"og:image:width\" content=\"500\" \/>\n\t<meta property=\"og:image:height\" content=\"500\" \/>\n\t<meta property=\"og:image:type\" content=\"image\/jpeg\" \/>\n<meta name=\"twitter:card\" content=\"summary_large_image\" \/>\n<meta name=\"twitter:label1\" content=\"Estimated reading time\" \/>\n\t<meta name=\"twitter:data1\" content=\"3 minutes\" \/>\n<script type=\"application\/ld+json\" class=\"yoast-schema-graph\">{\"@context\":\"https:\/\/schema.org\",\"@graph\":[{\"@type\":\"WebPage\",\"@id\":\"https:\/\/www.regionsaris.sk\/vyznamna-tvar\/rudolf-dilong\/\",\"url\":\"https:\/\/www.regionsaris.sk\/vyznamna-tvar\/rudolf-dilong\/\",\"name\":\"Rudolf Dilong - OOCR \u0160ari\u0161\",\"isPartOf\":{\"@id\":\"https:\/\/www.regionsaris.sk\/#website\"},\"primaryImageOfPage\":{\"@id\":\"https:\/\/www.regionsaris.sk\/vyznamna-tvar\/rudolf-dilong\/#primaryimage\"},\"image\":{\"@id\":\"https:\/\/www.regionsaris.sk\/vyznamna-tvar\/rudolf-dilong\/#primaryimage\"},\"thumbnailUrl\":\"https:\/\/www.regionsaris.sk\/wp-content\/uploads\/2026\/03\/rudolf-dilong-vyznamne-tvare-regionu-oocrrs.jpg\",\"datePublished\":\"2026-03-22T10:35:25+00:00\",\"dateModified\":\"2026-04-01T09:19:40+00:00\",\"description\":\"Rudolf Dilong ur\u010dit\u00fd \u010das p\u00f4sobil v Pre\u0161ove, no pres\u0165ahoval sa do Ameriky. Bol popredn\u00fdm predstavite\u013eom katol\u00edckej moderny.\",\"breadcrumb\":{\"@id\":\"https:\/\/www.regionsaris.sk\/vyznamna-tvar\/rudolf-dilong\/#breadcrumb\"},\"inLanguage\":\"en-GB\",\"potentialAction\":[{\"@type\":\"ReadAction\",\"target\":[\"https:\/\/www.regionsaris.sk\/vyznamna-tvar\/rudolf-dilong\/\"]}]},{\"@type\":\"ImageObject\",\"inLanguage\":\"en-GB\",\"@id\":\"https:\/\/www.regionsaris.sk\/vyznamna-tvar\/rudolf-dilong\/#primaryimage\",\"url\":\"https:\/\/www.regionsaris.sk\/wp-content\/uploads\/2026\/03\/rudolf-dilong-vyznamne-tvare-regionu-oocrrs.jpg\",\"contentUrl\":\"https:\/\/www.regionsaris.sk\/wp-content\/uploads\/2026\/03\/rudolf-dilong-vyznamne-tvare-regionu-oocrrs.jpg\",\"width\":500,\"height\":500},{\"@type\":\"BreadcrumbList\",\"@id\":\"https:\/\/www.regionsaris.sk\/vyznamna-tvar\/rudolf-dilong\/#breadcrumb\",\"itemListElement\":[{\"@type\":\"ListItem\",\"position\":1,\"name\":\"Domov\",\"item\":\"https:\/\/www.regionsaris.sk\/\"},{\"@type\":\"ListItem\",\"position\":2,\"name\":\"V\u00fdznamn\u00e9 tv\u00e1re regi\u00f3nu\",\"item\":\"https:\/\/www.regionsaris.sk\/vyznamne-tvare-regionu\/\"},{\"@type\":\"ListItem\",\"position\":3,\"name\":\"Rudolf Dilong\"}]},{\"@type\":\"WebSite\",\"@id\":\"https:\/\/www.regionsaris.sk\/#website\",\"url\":\"https:\/\/www.regionsaris.sk\/\",\"name\":\"OOCR \u0160ari\u0161\",\"description\":\"\",\"potentialAction\":[{\"@type\":\"SearchAction\",\"target\":{\"@type\":\"EntryPoint\",\"urlTemplate\":\"https:\/\/www.regionsaris.sk\/?s={search_term_string}\"},\"query-input\":{\"@type\":\"PropertyValueSpecification\",\"valueRequired\":true,\"valueName\":\"search_term_string\"}}],\"inLanguage\":\"en-GB\"}]}<\/script>\n<!-- \/ Yoast SEO Premium plugin. -->","yoast_head_json":{"title":"Rudolf Dilong - OOCR \u0160ari\u0161","description":"Rudolf Dilong ur\u010dit\u00fd \u010das p\u00f4sobil v Pre\u0161ove, no pres\u0165ahoval sa do Ameriky. Bol popredn\u00fdm predstavite\u013eom katol\u00edckej moderny.","robots":{"index":"index","follow":"follow","max-snippet":"max-snippet:-1","max-image-preview":"max-image-preview:large","max-video-preview":"max-video-preview:-1"},"canonical":"https:\/\/www.regionsaris.sk\/en\/vyznamna-tvar\/rudolf-dilong\/","og_locale":"en_GB","og_type":"article","og_title":"Rudolf Dilong","og_description":"Rudolf Dilong ur\u010dit\u00fd \u010das p\u00f4sobil v Pre\u0161ove, no pres\u0165ahoval sa do Ameriky. Bol popredn\u00fdm predstavite\u013eom katol\u00edckej moderny.","og_url":"https:\/\/www.regionsaris.sk\/en\/vyznamna-tvar\/rudolf-dilong\/","og_site_name":"OOCR \u0160ari\u0161","article_modified_time":"2026-04-01T09:19:40+00:00","og_image":[{"width":500,"height":500,"url":"https:\/\/www.regionsaris.sk\/wp-content\/uploads\/2026\/03\/rudolf-dilong-vyznamne-tvare-regionu-oocrrs.jpg","type":"image\/jpeg"}],"twitter_card":"summary_large_image","twitter_misc":{"Estimated reading time":"3 minutes"},"schema":{"@context":"https:\/\/schema.org","@graph":[{"@type":"WebPage","@id":"https:\/\/www.regionsaris.sk\/vyznamna-tvar\/rudolf-dilong\/","url":"https:\/\/www.regionsaris.sk\/vyznamna-tvar\/rudolf-dilong\/","name":"Rudolf Dilong - OOCR \u0160ari\u0161","isPartOf":{"@id":"https:\/\/www.regionsaris.sk\/#website"},"primaryImageOfPage":{"@id":"https:\/\/www.regionsaris.sk\/vyznamna-tvar\/rudolf-dilong\/#primaryimage"},"image":{"@id":"https:\/\/www.regionsaris.sk\/vyznamna-tvar\/rudolf-dilong\/#primaryimage"},"thumbnailUrl":"https:\/\/www.regionsaris.sk\/wp-content\/uploads\/2026\/03\/rudolf-dilong-vyznamne-tvare-regionu-oocrrs.jpg","datePublished":"2026-03-22T10:35:25+00:00","dateModified":"2026-04-01T09:19:40+00:00","description":"Rudolf Dilong ur\u010dit\u00fd \u010das p\u00f4sobil v Pre\u0161ove, no pres\u0165ahoval sa do Ameriky. Bol popredn\u00fdm predstavite\u013eom katol\u00edckej moderny.","breadcrumb":{"@id":"https:\/\/www.regionsaris.sk\/vyznamna-tvar\/rudolf-dilong\/#breadcrumb"},"inLanguage":"en-GB","potentialAction":[{"@type":"ReadAction","target":["https:\/\/www.regionsaris.sk\/vyznamna-tvar\/rudolf-dilong\/"]}]},{"@type":"ImageObject","inLanguage":"en-GB","@id":"https:\/\/www.regionsaris.sk\/vyznamna-tvar\/rudolf-dilong\/#primaryimage","url":"https:\/\/www.regionsaris.sk\/wp-content\/uploads\/2026\/03\/rudolf-dilong-vyznamne-tvare-regionu-oocrrs.jpg","contentUrl":"https:\/\/www.regionsaris.sk\/wp-content\/uploads\/2026\/03\/rudolf-dilong-vyznamne-tvare-regionu-oocrrs.jpg","width":500,"height":500},{"@type":"BreadcrumbList","@id":"https:\/\/www.regionsaris.sk\/vyznamna-tvar\/rudolf-dilong\/#breadcrumb","itemListElement":[{"@type":"ListItem","position":1,"name":"Domov","item":"https:\/\/www.regionsaris.sk\/"},{"@type":"ListItem","position":2,"name":"V\u00fdznamn\u00e9 tv\u00e1re regi\u00f3nu","item":"https:\/\/www.regionsaris.sk\/vyznamne-tvare-regionu\/"},{"@type":"ListItem","position":3,"name":"Rudolf Dilong"}]},{"@type":"WebSite","@id":"https:\/\/www.regionsaris.sk\/#website","url":"https:\/\/www.regionsaris.sk\/","name":"OOCR \u0160ari\u0161","description":"","potentialAction":[{"@type":"SearchAction","target":{"@type":"EntryPoint","urlTemplate":"https:\/\/www.regionsaris.sk\/?s={search_term_string}"},"query-input":{"@type":"PropertyValueSpecification","valueRequired":true,"valueName":"search_term_string"}}],"inLanguage":"en-GB"}]}},"_links":{"self":[{"href":"https:\/\/www.regionsaris.sk\/en\/wp-json\/wp\/v2\/vyznamna-tvar\/4113","targetHints":{"allow":["GET"]}}],"collection":[{"href":"https:\/\/www.regionsaris.sk\/en\/wp-json\/wp\/v2\/vyznamna-tvar"}],"about":[{"href":"https:\/\/www.regionsaris.sk\/en\/wp-json\/wp\/v2\/types\/vyznamna-tvar"}],"wp:featuredmedia":[{"embeddable":true,"href":"https:\/\/www.regionsaris.sk\/en\/wp-json\/wp\/v2\/media\/4268"}],"wp:attachment":[{"href":"https:\/\/www.regionsaris.sk\/en\/wp-json\/wp\/v2\/media?parent=4113"}],"wp:term":[{"taxonomy":"kategoria-vyznamnych-tvari","embeddable":true,"href":"https:\/\/www.regionsaris.sk\/en\/wp-json\/wp\/v2\/kategoria-vyznamnych-tvari?post=4113"},{"taxonomy":"oblast-posobenia","embeddable":true,"href":"https:\/\/www.regionsaris.sk\/en\/wp-json\/wp\/v2\/oblast-posobenia?post=4113"}],"curies":[{"name":"wp","href":"https:\/\/api.w.org\/{rel}","templated":true}]}}

<p>He was born on 1 August 1905 in Trstena, Orava, where he graduated from the gymnasium. After graduation he became a monk of the Franciscan Order and worked in monasteries in Kremnica, Hlohovec, Malacky and Žilina. He studied Catholic theology and became a priest. Subsequently, he worked as a secondary school teacher of religion in several towns, including an evangelical college in Prešov in the second half of the 1930s. After the outbreak of World War II, he volunteered as a field curator on the Eastern Front.&nbsp;</p>



<p>Returning from the front in the autumn of 1944, he spent five months in the Franciscan monastery in Nižná Šebastová near Prešov. After the war he emigrated, first to Rome and from there to Argentina, where from 1947 he was a priest of the Slovak emigrants in Buenos Aires and edited the magazine Slovenské zvesti (Slovak Tidings). From 1965 he lived in a monastery in Pittsburgh, USA, where he was the editor of the Letters of St. Francis, but also an official of the World Congress of Slovaks. In 1969 he visited Slovakia with the intention of staying, but eventually returned to the USA. He died in Pittsburgh on April 7, 1986.</p>



<p>Dilong is one of the leading representatives of Slovak Catholic modernism, whose work includes more than one hundred collections of poetry. His life and work were marked by his „forbidden“ love for a woman of Jewish origin, Vali, during the time of anti-Semitism. He entered literature as a co-founder of the magazine Postup. In his first three collections of poetry, Future People, Gloriously on stilts, Breathe lazy! he portrayed the theme of nature and peasant life through a traditional rustic vision. In the collections Helena Wears a Lily and The Young Bridegroom one can identify the influences of Czech poetism. Later, struck by the horrors of war, Dilong resorted in his collections to the themes of childhood and his native Orava, which he saw as a security in times of war.&nbsp;</p>



<p>His work was of a spiritual meditative character, and his book I, Saint Francis is considered to be its culmination. In exile he published more than 70 collections. A selection of his exiled works was published after 1989 under the title I, Rudolf Dilong, troubadour and bears witness to his bitter plight as an outcast and separated from his homeland. His most recent works include the unfinished prose work Ruža Dagmar.&nbsp;</p>



<p>There is a street named after him in Prešov.</p>



<p><strong>Source: </strong>Regional Library P. O. Hviezdoslav in Prešov; Micro-project.<br><strong>Photo source: </strong>Author Slovak Bookshop, Prague - The Pictures of Slovak Writers Serie, vol. 1 (The Pictures of Slovak Writers Series, Series 1), Free work, https://commons.wikimedia.org/w/index.php?curid=10679310</p>



<p></p>

<!-- This site is optimized with the Yoast SEO Premium plugin v26.3 (Yoast SEO v26.8) - https://yoast.com/product/yoast-seo-premium-wordpress/ -->
<title>Rudolf Dilong - OOCR Šariš</title>
<meta name="description" content="Rudolf Dilong určitý čas pôsobil v Prešove, no presťahoval sa do Ameriky. Bol popredným predstaviteľom katolíckej moderny." />
<meta name="robots" content="index, follow, max-snippet:-1, max-image-preview:large, max-video-preview:-1" />
<link rel="canonical" href="https://www.regionsaris.sk/en/vyznamna-tvar/rudolf-dilong/" />
<meta property="og:locale" content="en_GB" />
<meta property="og:type" content="article" />
<meta property="og:title" content="Rudolf Dilong" />
<meta property="og:description" content="Rudolf Dilong určitý čas pôsobil v Prešove, no presťahoval sa do Ameriky. Bol popredným predstaviteľom katolíckej moderny." />
<meta property="og:url" content="https://www.regionsaris.sk/en/vyznamna-tvar/rudolf-dilong/" />
<meta property="og:site_name" content="OOCR Šariš" />
<meta property="article:modified_time" content="2026-04-01T09:19:40+00:00" />
<meta property="og:image" content="https://www.regionsaris.sk/wp-content/uploads/2026/03/rudolf-dilong-vyznamne-tvare-regionu-oocrrs.jpg" />
	<meta property="og:image:width" content="500" />
	<meta property="og:image:height" content="500" />
	<meta property="og:image:type" content="image/jpeg" />
<meta name="twitter:card" content="summary_large_image" />
<meta name="twitter:label1" content="Estimated reading time" />
	<meta name="twitter:data1" content="3 minutes" />
<script type="application/ld+json" class="yoast-schema-graph">{"@context":"https://schema.org","@graph":[{"@type":"WebPage","@id":"https://www.regionsaris.sk/vyznamna-tvar/rudolf-dilong/","url":"https://www.regionsaris.sk/vyznamna-tvar/rudolf-dilong/","name":"Rudolf Dilong - OOCR Šariš","isPartOf":{"@id":"https://www.regionsaris.sk/#website"},"primaryImageOfPage":{"@id":"https://www.regionsaris.sk/vyznamna-tvar/rudolf-dilong/#primaryimage"},"image":{"@id":"https://www.regionsaris.sk/vyznamna-tvar/rudolf-dilong/#primaryimage"},"thumbnailUrl":"https://www.regionsaris.sk/wp-content/uploads/2026/03/rudolf-dilong-vyznamne-tvare-regionu-oocrrs.jpg","datePublished":"2026-03-22T10:35:25+00:00","dateModified":"2026-04-01T09:19:40+00:00","description":"Rudolf Dilong určitý čas pôsobil v Prešove, no presťahoval sa do Ameriky. Bol popredným predstaviteľom katolíckej moderny.","breadcrumb":{"@id":"https://www.regionsaris.sk/vyznamna-tvar/rudolf-dilong/#breadcrumb"},"inLanguage":"en-GB","potentialAction":[{"@type":"ReadAction","target":["https://www.regionsaris.sk/vyznamna-tvar/rudolf-dilong/"]}]},{"@type":"ImageObject","inLanguage":"en-GB","@id":"https://www.regionsaris.sk/vyznamna-tvar/rudolf-dilong/#primaryimage","url":"https://www.regionsaris.sk/wp-content/uploads/2026/03/rudolf-dilong-vyznamne-tvare-regionu-oocrrs.jpg","contentUrl":"https://www.regionsaris.sk/wp-content/uploads/2026/03/rudolf-dilong-vyznamne-tvare-regionu-oocrrs.jpg","width":500,"height":500},{"@type":"BreadcrumbList","@id":"https://www.regionsaris.sk/vyznamna-tvar/rudolf-dilong/#breadcrumb","itemListElement":[{"@type":"ListItem","position":1,"name":"Domov","item":"https://www.regionsaris.sk/"},{"@type":"ListItem","position":2,"name":"Významné tváre regiónu","item":"https://www.regionsaris.sk/vyznamne-tvare-regionu/"},{"@type":"ListItem","position":3,"name":"Rudolf Dilong"}]},{"@type":"WebSite","@id":"https://www.regionsaris.sk/#website","url":"https://www.regionsaris.sk/","name":"OOCR Šariš","description":"","potentialAction":[{"@type":"SearchAction","target":{"@type":"EntryPoint","urlTemplate":"https://www.regionsaris.sk/?s={search_term_string}"},"query-input":{"@type":"PropertyValueSpecification","valueRequired":true,"valueName":"search_term_string"}}],"inLanguage":"en-GB"}]}</script>
<!-- / Yoast SEO Premium plugin. -->

Rudolf Dilong - OOCR Šariš

Rudolf Dilong určitý čas pôsobil v Prešove, no presťahoval sa do Ameriky. Bol popredným predstaviteľom katolíckej moderny.

OOCR Šariš

Významné tváre regiónu
