{"id":4105,"date":"2026-03-22T11:05:40","date_gmt":"2026-03-22T10:05:40","guid":{"rendered":"https:\/\/www.regionsaris.sk\/?post_type=vyznamna-tvar&#038;p=4105"},"modified":"2026-04-01T10:41:16","modified_gmt":"2026-04-01T09:41:16","slug":"jan-jesensky","status":"publish","type":"vyznamna-tvar","link":"https:\/\/www.regionsaris.sk\/en\/vyznamna-tvar\/jan-jesensky\/","title":{"rendered":"J\u00e1n Jesensk\u00fd"},"content":{"rendered":"<p>He was born on 30 December 1874 in Martin. After graduating from high school in Ke\u017emarok, he graduated from the law academy at the Evangelical College in Pre\u0161ov (1893 - 1896). He received his doctorate in law in Cluj, Romania, and passed the bar exam in 1905 in Budapest. He worked as a lawyer in B\u00e1novce nad Bebravou.&nbsp;<\/p>\n\n\n\n<p>After the outbreak of World War I he was on the Russian front, where he joined the Czechoslovak legions. In 1922 he was a mayor in Rimavsk\u00e1 Sobota and then a grand-mayor in Nitra. From 1929 he was a government councillor in Bratislava and later vice-president of the Regional Office. From 1930 to 1939 he was vice-president of the Slovak Writers' Association and from 1933 editor-in-chief of the journal Slovensk\u00e9 smery umeleck\u00e9 a kritick\u00e9 (Slovak Directions of Art and Criticism). In November 1945, he was the first Slovak to receive the title of national artist. He died on 27 December 1945 in Bratislava.<\/p>\n\n\n\n<p>He began to devote himself to literary work during his studies in Ke\u017emarok. He was both a poet and a prose writer. During his stay in Pre\u0161ov he wrote 60 poems, among others Na shohu Torysy, Na rumoch \u0160ari\u0161a, Na Kapu\u0161ianskom hrade, and two hilarious plays, Kisses of Struggle and Medicine Works. Later he also wrote a novella Karol Ketzer. In poetry he came up with themes of personally experienced love emotion and published several collections of Verses.&nbsp;<\/p>\n\n\n\n<p>As an intellectual type of poet, he also responded to social issues in the collections Our Hero, Black Days, and On the Wickedness of the Day. In his prose work, he began with satirical and humorous anecdotal stories from the small-town environment, which he published under the title Small-Town Tales. The culmination of Jesensk\u00fd's prose work is the extensive novel The Democrats, in which he put his lifelong experience of public engagement in the political-administrative sphere. His works have been published in several languages and some have been the subject of film and television adaptations. He has also translated Russian poetry by Pushkin, Yesenin and Blok, and written literary and cultural journalism. His work made him an important representative of modern Slovak literature.<\/p>\n\n\n\n<p>Jesensky's stay in Pre\u0161ov is commemorated by a commemorative plaque on the Evangelical College and one of the streets.<\/p>\n\n\n\n<p><strong>Source: <\/strong>Regional Library P. O. Hviezdoslav in Pre\u0161ov; Micro-project.<br><strong>Photo source:<\/strong> Author Slovak Bookshop, Prague - The Pictures of Slovak Writers Serie, vol. 1 (The Pictures of Slovak Writers Series, Series 1), Free Works, https:\/\/commons.wikimedia.org\/w\/index.php?curid=10680412<\/p>\n\n\n\n<p><\/p>","protected":false},"featured_media":4271,"template":"","meta":{"_acf_changed":true},"kategoria-vyznamnych-tvari":[230],"oblast-posobenia":[233,250],"class_list":["post-4105","vyznamna-tvar","type-vyznamna-tvar","status-publish","has-post-thumbnail","hentry","kategoria-vyznamnych-tvari-historicka-osobnost","oblast-posobenia-literatura","oblast-posobenia-pravo"],"acf":[],"yoast_head":"<!-- This site is optimized with the Yoast SEO Premium plugin v26.3 (Yoast SEO v26.8) - https:\/\/yoast.com\/product\/yoast-seo-premium-wordpress\/ -->\n<title>J\u00e1n Jesensk\u00fd - OOCR \u0160ari\u0161<\/title>\n<meta name=\"description\" content=\"J\u00e1n Jesensk\u00fd bol v\u00fdznamn\u00fdm predstavite\u013eom liter\u00e1rnej tvorby. Z\u00e1rove\u0148 bol vy\u0161tudovan\u00fdm pr\u00e1vnikom a bol na fronte p\u00fao\u010das 1. svetovej vojny.\" \/>\n<meta name=\"robots\" content=\"index, follow, max-snippet:-1, max-image-preview:large, max-video-preview:-1\" \/>\n<link rel=\"canonical\" href=\"https:\/\/www.regionsaris.sk\/en\/vyznamna-tvar\/jan-jesensky\/\" \/>\n<meta property=\"og:locale\" content=\"en_GB\" \/>\n<meta property=\"og:type\" content=\"article\" \/>\n<meta property=\"og:title\" content=\"J\u00e1n Jesensk\u00fd\" \/>\n<meta property=\"og:description\" content=\"J\u00e1n Jesensk\u00fd bol v\u00fdznamn\u00fdm predstavite\u013eom liter\u00e1rnej tvorby. Z\u00e1rove\u0148 bol vy\u0161tudovan\u00fdm pr\u00e1vnikom a bol na fronte p\u00fao\u010das 1. svetovej vojny.\" \/>\n<meta property=\"og:url\" content=\"https:\/\/www.regionsaris.sk\/en\/vyznamna-tvar\/jan-jesensky\/\" \/>\n<meta property=\"og:site_name\" content=\"OOCR \u0160ari\u0161\" \/>\n<meta property=\"article:modified_time\" content=\"2026-04-01T09:41:16+00:00\" \/>\n<meta property=\"og:image\" content=\"https:\/\/www.regionsaris.sk\/wp-content\/uploads\/2026\/03\/jan-jesensky-vyznamne-tvare-regionu-oocrrs.jpg\" \/>\n\t<meta property=\"og:image:width\" content=\"500\" \/>\n\t<meta property=\"og:image:height\" content=\"500\" \/>\n\t<meta property=\"og:image:type\" content=\"image\/jpeg\" \/>\n<meta name=\"twitter:card\" content=\"summary_large_image\" \/>\n<meta name=\"twitter:label1\" content=\"Estimated reading time\" \/>\n\t<meta name=\"twitter:data1\" content=\"3 minutes\" \/>\n<script type=\"application\/ld+json\" class=\"yoast-schema-graph\">{\"@context\":\"https:\/\/schema.org\",\"@graph\":[{\"@type\":\"WebPage\",\"@id\":\"https:\/\/www.regionsaris.sk\/vyznamna-tvar\/jan-jesensky\/\",\"url\":\"https:\/\/www.regionsaris.sk\/vyznamna-tvar\/jan-jesensky\/\",\"name\":\"J\u00e1n Jesensk\u00fd - OOCR \u0160ari\u0161\",\"isPartOf\":{\"@id\":\"https:\/\/www.regionsaris.sk\/#website\"},\"primaryImageOfPage\":{\"@id\":\"https:\/\/www.regionsaris.sk\/vyznamna-tvar\/jan-jesensky\/#primaryimage\"},\"image\":{\"@id\":\"https:\/\/www.regionsaris.sk\/vyznamna-tvar\/jan-jesensky\/#primaryimage\"},\"thumbnailUrl\":\"https:\/\/www.regionsaris.sk\/wp-content\/uploads\/2026\/03\/jan-jesensky-vyznamne-tvare-regionu-oocrrs.jpg\",\"datePublished\":\"2026-03-22T10:05:40+00:00\",\"dateModified\":\"2026-04-01T09:41:16+00:00\",\"description\":\"J\u00e1n Jesensk\u00fd bol v\u00fdznamn\u00fdm predstavite\u013eom liter\u00e1rnej tvorby. Z\u00e1rove\u0148 bol vy\u0161tudovan\u00fdm pr\u00e1vnikom a bol na fronte p\u00fao\u010das 1. svetovej vojny.\",\"breadcrumb\":{\"@id\":\"https:\/\/www.regionsaris.sk\/vyznamna-tvar\/jan-jesensky\/#breadcrumb\"},\"inLanguage\":\"en-GB\",\"potentialAction\":[{\"@type\":\"ReadAction\",\"target\":[\"https:\/\/www.regionsaris.sk\/vyznamna-tvar\/jan-jesensky\/\"]}]},{\"@type\":\"ImageObject\",\"inLanguage\":\"en-GB\",\"@id\":\"https:\/\/www.regionsaris.sk\/vyznamna-tvar\/jan-jesensky\/#primaryimage\",\"url\":\"https:\/\/www.regionsaris.sk\/wp-content\/uploads\/2026\/03\/jan-jesensky-vyznamne-tvare-regionu-oocrrs.jpg\",\"contentUrl\":\"https:\/\/www.regionsaris.sk\/wp-content\/uploads\/2026\/03\/jan-jesensky-vyznamne-tvare-regionu-oocrrs.jpg\",\"width\":500,\"height\":500},{\"@type\":\"BreadcrumbList\",\"@id\":\"https:\/\/www.regionsaris.sk\/vyznamna-tvar\/jan-jesensky\/#breadcrumb\",\"itemListElement\":[{\"@type\":\"ListItem\",\"position\":1,\"name\":\"Domov\",\"item\":\"https:\/\/www.regionsaris.sk\/\"},{\"@type\":\"ListItem\",\"position\":2,\"name\":\"V\u00fdznamn\u00e9 tv\u00e1re regi\u00f3nu\",\"item\":\"https:\/\/www.regionsaris.sk\/vyznamne-tvare-regionu\/\"},{\"@type\":\"ListItem\",\"position\":3,\"name\":\"J\u00e1n Jesensk\u00fd\"}]},{\"@type\":\"WebSite\",\"@id\":\"https:\/\/www.regionsaris.sk\/#website\",\"url\":\"https:\/\/www.regionsaris.sk\/\",\"name\":\"OOCR \u0160ari\u0161\",\"description\":\"\",\"potentialAction\":[{\"@type\":\"SearchAction\",\"target\":{\"@type\":\"EntryPoint\",\"urlTemplate\":\"https:\/\/www.regionsaris.sk\/?s={search_term_string}\"},\"query-input\":{\"@type\":\"PropertyValueSpecification\",\"valueRequired\":true,\"valueName\":\"search_term_string\"}}],\"inLanguage\":\"en-GB\"}]}<\/script>\n<!-- \/ Yoast SEO Premium plugin. -->","yoast_head_json":{"title":"J\u00e1n Jesensk\u00fd - OOCR \u0160ari\u0161","description":"J\u00e1n Jesensk\u00fd bol v\u00fdznamn\u00fdm predstavite\u013eom liter\u00e1rnej tvorby. Z\u00e1rove\u0148 bol vy\u0161tudovan\u00fdm pr\u00e1vnikom a bol na fronte p\u00fao\u010das 1. svetovej vojny.","robots":{"index":"index","follow":"follow","max-snippet":"max-snippet:-1","max-image-preview":"max-image-preview:large","max-video-preview":"max-video-preview:-1"},"canonical":"https:\/\/www.regionsaris.sk\/en\/vyznamna-tvar\/jan-jesensky\/","og_locale":"en_GB","og_type":"article","og_title":"J\u00e1n Jesensk\u00fd","og_description":"J\u00e1n Jesensk\u00fd bol v\u00fdznamn\u00fdm predstavite\u013eom liter\u00e1rnej tvorby. Z\u00e1rove\u0148 bol vy\u0161tudovan\u00fdm pr\u00e1vnikom a bol na fronte p\u00fao\u010das 1. svetovej vojny.","og_url":"https:\/\/www.regionsaris.sk\/en\/vyznamna-tvar\/jan-jesensky\/","og_site_name":"OOCR \u0160ari\u0161","article_modified_time":"2026-04-01T09:41:16+00:00","og_image":[{"width":500,"height":500,"url":"https:\/\/www.regionsaris.sk\/wp-content\/uploads\/2026\/03\/jan-jesensky-vyznamne-tvare-regionu-oocrrs.jpg","type":"image\/jpeg"}],"twitter_card":"summary_large_image","twitter_misc":{"Estimated reading time":"3 minutes"},"schema":{"@context":"https:\/\/schema.org","@graph":[{"@type":"WebPage","@id":"https:\/\/www.regionsaris.sk\/vyznamna-tvar\/jan-jesensky\/","url":"https:\/\/www.regionsaris.sk\/vyznamna-tvar\/jan-jesensky\/","name":"J\u00e1n Jesensk\u00fd - OOCR \u0160ari\u0161","isPartOf":{"@id":"https:\/\/www.regionsaris.sk\/#website"},"primaryImageOfPage":{"@id":"https:\/\/www.regionsaris.sk\/vyznamna-tvar\/jan-jesensky\/#primaryimage"},"image":{"@id":"https:\/\/www.regionsaris.sk\/vyznamna-tvar\/jan-jesensky\/#primaryimage"},"thumbnailUrl":"https:\/\/www.regionsaris.sk\/wp-content\/uploads\/2026\/03\/jan-jesensky-vyznamne-tvare-regionu-oocrrs.jpg","datePublished":"2026-03-22T10:05:40+00:00","dateModified":"2026-04-01T09:41:16+00:00","description":"J\u00e1n Jesensk\u00fd bol v\u00fdznamn\u00fdm predstavite\u013eom liter\u00e1rnej tvorby. Z\u00e1rove\u0148 bol vy\u0161tudovan\u00fdm pr\u00e1vnikom a bol na fronte p\u00fao\u010das 1. svetovej vojny.","breadcrumb":{"@id":"https:\/\/www.regionsaris.sk\/vyznamna-tvar\/jan-jesensky\/#breadcrumb"},"inLanguage":"en-GB","potentialAction":[{"@type":"ReadAction","target":["https:\/\/www.regionsaris.sk\/vyznamna-tvar\/jan-jesensky\/"]}]},{"@type":"ImageObject","inLanguage":"en-GB","@id":"https:\/\/www.regionsaris.sk\/vyznamna-tvar\/jan-jesensky\/#primaryimage","url":"https:\/\/www.regionsaris.sk\/wp-content\/uploads\/2026\/03\/jan-jesensky-vyznamne-tvare-regionu-oocrrs.jpg","contentUrl":"https:\/\/www.regionsaris.sk\/wp-content\/uploads\/2026\/03\/jan-jesensky-vyznamne-tvare-regionu-oocrrs.jpg","width":500,"height":500},{"@type":"BreadcrumbList","@id":"https:\/\/www.regionsaris.sk\/vyznamna-tvar\/jan-jesensky\/#breadcrumb","itemListElement":[{"@type":"ListItem","position":1,"name":"Domov","item":"https:\/\/www.regionsaris.sk\/"},{"@type":"ListItem","position":2,"name":"V\u00fdznamn\u00e9 tv\u00e1re regi\u00f3nu","item":"https:\/\/www.regionsaris.sk\/vyznamne-tvare-regionu\/"},{"@type":"ListItem","position":3,"name":"J\u00e1n Jesensk\u00fd"}]},{"@type":"WebSite","@id":"https:\/\/www.regionsaris.sk\/#website","url":"https:\/\/www.regionsaris.sk\/","name":"OOCR \u0160ari\u0161","description":"","potentialAction":[{"@type":"SearchAction","target":{"@type":"EntryPoint","urlTemplate":"https:\/\/www.regionsaris.sk\/?s={search_term_string}"},"query-input":{"@type":"PropertyValueSpecification","valueRequired":true,"valueName":"search_term_string"}}],"inLanguage":"en-GB"}]}},"_links":{"self":[{"href":"https:\/\/www.regionsaris.sk\/en\/wp-json\/wp\/v2\/vyznamna-tvar\/4105","targetHints":{"allow":["GET"]}}],"collection":[{"href":"https:\/\/www.regionsaris.sk\/en\/wp-json\/wp\/v2\/vyznamna-tvar"}],"about":[{"href":"https:\/\/www.regionsaris.sk\/en\/wp-json\/wp\/v2\/types\/vyznamna-tvar"}],"wp:featuredmedia":[{"embeddable":true,"href":"https:\/\/www.regionsaris.sk\/en\/wp-json\/wp\/v2\/media\/4271"}],"wp:attachment":[{"href":"https:\/\/www.regionsaris.sk\/en\/wp-json\/wp\/v2\/media?parent=4105"}],"wp:term":[{"taxonomy":"kategoria-vyznamnych-tvari","embeddable":true,"href":"https:\/\/www.regionsaris.sk\/en\/wp-json\/wp\/v2\/kategoria-vyznamnych-tvari?post=4105"},{"taxonomy":"oblast-posobenia","embeddable":true,"href":"https:\/\/www.regionsaris.sk\/en\/wp-json\/wp\/v2\/oblast-posobenia?post=4105"}],"curies":[{"name":"wp","href":"https:\/\/api.w.org\/{rel}","templated":true}]}}

Ján Jesenský

<p>He was born on 30 December 1874 in Martin. After graduating from high school in Kežmarok, he graduated from the law academy at the Evangelical College in Prešov (1893 - 1896). He received his doctorate in law in Cluj, Romania, and passed the bar exam in 1905 in Budapest. He worked as a lawyer in Bánovce nad Bebravou.&nbsp;</p>



<p>After the outbreak of World War I he was on the Russian front, where he joined the Czechoslovak legions. In 1922 he was a mayor in Rimavská Sobota and then a grand-mayor in Nitra. From 1929 he was a government councillor in Bratislava and later vice-president of the Regional Office. From 1930 to 1939 he was vice-president of the Slovak Writers' Association and from 1933 editor-in-chief of the journal Slovenské smery umelecké a kritické (Slovak Directions of Art and Criticism). In November 1945, he was the first Slovak to receive the title of national artist. He died on 27 December 1945 in Bratislava.</p>



<p>He began to devote himself to literary work during his studies in Kežmarok. He was both a poet and a prose writer. During his stay in Prešov he wrote 60 poems, among others Na shohu Torysy, Na rumoch Šariša, Na Kapušianskom hrade, and two hilarious plays, Kisses of Struggle and Medicine Works. Later he also wrote a novella Karol Ketzer. In poetry he came up with themes of personally experienced love emotion and published several collections of Verses.&nbsp;</p>



<p>As an intellectual type of poet, he also responded to social issues in the collections Our Hero, Black Days, and On the Wickedness of the Day. In his prose work, he began with satirical and humorous anecdotal stories from the small-town environment, which he published under the title Small-Town Tales. The culmination of Jesenský's prose work is the extensive novel The Democrats, in which he put his lifelong experience of public engagement in the political-administrative sphere. His works have been published in several languages and some have been the subject of film and television adaptations. He has also translated Russian poetry by Pushkin, Yesenin and Blok, and written literary and cultural journalism. His work made him an important representative of modern Slovak literature.</p>



<p>Jesensky's stay in Prešov is commemorated by a commemorative plaque on the Evangelical College and one of the streets.</p>



<p><strong>Source: </strong>Regional Library P. O. Hviezdoslav in Prešov; Micro-project.<br><strong>Photo source:</strong> Author Slovak Bookshop, Prague - The Pictures of Slovak Writers Serie, vol. 1 (The Pictures of Slovak Writers Series, Series 1), Free Works, https://commons.wikimedia.org/w/index.php?curid=10680412</p>



<p></p>

<!-- This site is optimized with the Yoast SEO Premium plugin v26.3 (Yoast SEO v26.8) - https://yoast.com/product/yoast-seo-premium-wordpress/ -->
<title>Ján Jesenský - OOCR Šariš</title>
<meta name="description" content="Ján Jesenský bol významným predstaviteľom literárnej tvorby. Zároveň bol vyštudovaným právnikom a bol na fronte púočas 1. svetovej vojny." />
<meta name="robots" content="index, follow, max-snippet:-1, max-image-preview:large, max-video-preview:-1" />
<link rel="canonical" href="https://www.regionsaris.sk/en/vyznamna-tvar/jan-jesensky/" />
<meta property="og:locale" content="en_GB" />
<meta property="og:type" content="article" />
<meta property="og:title" content="Ján Jesenský" />
<meta property="og:description" content="Ján Jesenský bol významným predstaviteľom literárnej tvorby. Zároveň bol vyštudovaným právnikom a bol na fronte púočas 1. svetovej vojny." />
<meta property="og:url" content="https://www.regionsaris.sk/en/vyznamna-tvar/jan-jesensky/" />
<meta property="og:site_name" content="OOCR Šariš" />
<meta property="article:modified_time" content="2026-04-01T09:41:16+00:00" />
<meta property="og:image" content="https://www.regionsaris.sk/wp-content/uploads/2026/03/jan-jesensky-vyznamne-tvare-regionu-oocrrs.jpg" />
	<meta property="og:image:width" content="500" />
	<meta property="og:image:height" content="500" />
	<meta property="og:image:type" content="image/jpeg" />
<meta name="twitter:card" content="summary_large_image" />
<meta name="twitter:label1" content="Estimated reading time" />
	<meta name="twitter:data1" content="3 minutes" />
<script type="application/ld+json" class="yoast-schema-graph">{"@context":"https://schema.org","@graph":[{"@type":"WebPage","@id":"https://www.regionsaris.sk/vyznamna-tvar/jan-jesensky/","url":"https://www.regionsaris.sk/vyznamna-tvar/jan-jesensky/","name":"Ján Jesenský - OOCR Šariš","isPartOf":{"@id":"https://www.regionsaris.sk/#website"},"primaryImageOfPage":{"@id":"https://www.regionsaris.sk/vyznamna-tvar/jan-jesensky/#primaryimage"},"image":{"@id":"https://www.regionsaris.sk/vyznamna-tvar/jan-jesensky/#primaryimage"},"thumbnailUrl":"https://www.regionsaris.sk/wp-content/uploads/2026/03/jan-jesensky-vyznamne-tvare-regionu-oocrrs.jpg","datePublished":"2026-03-22T10:05:40+00:00","dateModified":"2026-04-01T09:41:16+00:00","description":"Ján Jesenský bol významným predstaviteľom literárnej tvorby. Zároveň bol vyštudovaným právnikom a bol na fronte púočas 1. svetovej vojny.","breadcrumb":{"@id":"https://www.regionsaris.sk/vyznamna-tvar/jan-jesensky/#breadcrumb"},"inLanguage":"en-GB","potentialAction":[{"@type":"ReadAction","target":["https://www.regionsaris.sk/vyznamna-tvar/jan-jesensky/"]}]},{"@type":"ImageObject","inLanguage":"en-GB","@id":"https://www.regionsaris.sk/vyznamna-tvar/jan-jesensky/#primaryimage","url":"https://www.regionsaris.sk/wp-content/uploads/2026/03/jan-jesensky-vyznamne-tvare-regionu-oocrrs.jpg","contentUrl":"https://www.regionsaris.sk/wp-content/uploads/2026/03/jan-jesensky-vyznamne-tvare-regionu-oocrrs.jpg","width":500,"height":500},{"@type":"BreadcrumbList","@id":"https://www.regionsaris.sk/vyznamna-tvar/jan-jesensky/#breadcrumb","itemListElement":[{"@type":"ListItem","position":1,"name":"Domov","item":"https://www.regionsaris.sk/"},{"@type":"ListItem","position":2,"name":"Významné tváre regiónu","item":"https://www.regionsaris.sk/vyznamne-tvare-regionu/"},{"@type":"ListItem","position":3,"name":"Ján Jesenský"}]},{"@type":"WebSite","@id":"https://www.regionsaris.sk/#website","url":"https://www.regionsaris.sk/","name":"OOCR Šariš","description":"","potentialAction":[{"@type":"SearchAction","target":{"@type":"EntryPoint","urlTemplate":"https://www.regionsaris.sk/?s={search_term_string}"},"query-input":{"@type":"PropertyValueSpecification","valueRequired":true,"valueName":"search_term_string"}}],"inLanguage":"en-GB"}]}</script>
<!-- / Yoast SEO Premium plugin. -->

Ján Jesenský - OOCR Šariš

Ján Jesenský bol významným predstaviteľom literárnej tvorby. Zároveň bol vyštudovaným právnikom a bol na fronte púočas 1. svetovej vojny.

OOCR Šariš

Významné tváre regiónu
