{"id":4099,"date":"2026-03-21T20:36:52","date_gmt":"2026-03-21T19:36:52","guid":{"rendered":"https:\/\/www.regionsaris.sk\/?post_type=vyznamna-tvar&#038;p=4099"},"modified":"2026-04-01T10:46:53","modified_gmt":"2026-04-01T09:46:53","slug":"oskar-berger","status":"publish","type":"vyznamna-tvar","link":"https:\/\/www.regionsaris.sk\/en\/vyznamna-tvar\/oskar-berger\/","title":{"rendered":"Oskar Berger"},"content":{"rendered":"<p>He was born on 12 May 1901 in the Jewish family of the owner of the Berger Hotel in Pre\u0161ov. He developed his artistic talent during his studies in Prague, Paris and Berlin, where he was employed by one of the largest daily newspapers. As a journalist, he attended the trial of Hitler in Munich in 1923 after his failed putsch attempt. After Hitler came to power, he had to flee Germany. He stayed briefly in Budapest, Paris and Geneva, where he attended meetings of the League of Nations.&nbsp;<\/p>\n\n\n\n<p>In 1935 he settled in London and began working for the Daily Telegraph. After World War II, he moved to New York, USA, and published in prestigious newspapers and magazines such as the New York Times, the New York Herald Tribune, Life magazine and Le Figaro. In the 1950s, Berger attended United Nations assemblies and drew almost every important leader who appeared there. He portrayed monarchs and famous personalities and film stars in the same idiosyncratic way.&nbsp;<\/p>\n\n\n\n<p>He created caricatures of Winston Churchill, John F. Kennedy, Richard Nixon, Dwight Eisenhower, Vyacheslav Mikhailov Molotov, Albert Einstein, John Paul II, Thomas S. Elliot, Laurence Olivier, Greta Garbo, Charlie Chaplin, Vivien Leigh and many others. He has captured them all with elegant pencil strokes, with an eye for the uniqueness of the person and the characteristic detail. Alongside his cartoons, he was also a cartoonist of political jokes.&nbsp;<\/p>\n\n\n\n<p>His prolific work produced several books such as Famous Faces - From the Cartoonist's Sketchbook (1950), My Victims - How to Make a Cartoon (1952), Presidents - From Washington to the Present (1968). Berger's work is also on permanent display at the National Portrait Gallery in Washington, DC. Berger died on May 15, 1997, in New York City.<\/p>\n\n\n\n<p><strong>Source: <\/strong>Regional Library P. O. Hviezdoslav in Pre\u0161ov; Micro-project.<br><strong>Photo source: <\/strong>By unknown photographer - Original publication: unknown when, where or how first publishedImmediate source: https:\/\/spartacus-educational.com\/ARTberger.htm, Fair use, https:\/\/en.wikipedia.org\/w\/index.php?curid=76151688<\/p>\n\n\n\n<p><\/p>","protected":false},"featured_media":4272,"template":"","meta":{"_acf_changed":true},"kategoria-vyznamnych-tvari":[230],"oblast-posobenia":[241,235],"class_list":["post-4099","vyznamna-tvar","type-vyznamna-tvar","status-publish","has-post-thumbnail","hentry","kategoria-vyznamnych-tvari-historicka-osobnost","oblast-posobenia-publicistika","oblast-posobenia-umenie"],"acf":[],"yoast_head":"<!-- This site is optimized with the Yoast SEO Premium plugin v26.3 (Yoast SEO v26.8) - https:\/\/yoast.com\/product\/yoast-seo-premium-wordpress\/ -->\n<title>Oskar Berger - OOCR \u0160ari\u0161<\/title>\n<meta name=\"description\" content=\"Umelec svetovej \u00farovne - to je Oskar Berger, ktor\u00fd svojho \u010dasu karikuroval v\u0161etky zn\u00e1me osobnosti svetov\u00e9ho aj dom\u00e1ceho diania.\" \/>\n<meta name=\"robots\" content=\"index, follow, max-snippet:-1, max-image-preview:large, max-video-preview:-1\" \/>\n<link rel=\"canonical\" href=\"https:\/\/www.regionsaris.sk\/en\/vyznamna-tvar\/oskar-berger\/\" \/>\n<meta property=\"og:locale\" content=\"en_GB\" \/>\n<meta property=\"og:type\" content=\"article\" \/>\n<meta property=\"og:title\" content=\"Oskar Berger\" \/>\n<meta property=\"og:description\" content=\"Umelec svetovej \u00farovne - to je Oskar Berger, ktor\u00fd svojho \u010dasu karikuroval v\u0161etky zn\u00e1me osobnosti svetov\u00e9ho aj dom\u00e1ceho diania.\" \/>\n<meta property=\"og:url\" content=\"https:\/\/www.regionsaris.sk\/en\/vyznamna-tvar\/oskar-berger\/\" \/>\n<meta property=\"og:site_name\" content=\"OOCR \u0160ari\u0161\" \/>\n<meta property=\"article:modified_time\" content=\"2026-04-01T09:46:53+00:00\" \/>\n<meta property=\"og:image\" content=\"https:\/\/www.regionsaris.sk\/wp-content\/uploads\/2026\/03\/oskar-berger-vyznamne-tvare-regionu-oocrrs.jpg\" \/>\n\t<meta property=\"og:image:width\" content=\"500\" \/>\n\t<meta property=\"og:image:height\" content=\"500\" \/>\n\t<meta property=\"og:image:type\" content=\"image\/jpeg\" \/>\n<meta name=\"twitter:card\" content=\"summary_large_image\" \/>\n<meta name=\"twitter:label1\" content=\"Estimated reading time\" \/>\n\t<meta name=\"twitter:data1\" content=\"2 minutes\" \/>\n<script type=\"application\/ld+json\" class=\"yoast-schema-graph\">{\"@context\":\"https:\/\/schema.org\",\"@graph\":[{\"@type\":\"WebPage\",\"@id\":\"https:\/\/www.regionsaris.sk\/vyznamna-tvar\/oskar-berger\/\",\"url\":\"https:\/\/www.regionsaris.sk\/vyznamna-tvar\/oskar-berger\/\",\"name\":\"Oskar Berger - OOCR \u0160ari\u0161\",\"isPartOf\":{\"@id\":\"https:\/\/www.regionsaris.sk\/#website\"},\"primaryImageOfPage\":{\"@id\":\"https:\/\/www.regionsaris.sk\/vyznamna-tvar\/oskar-berger\/#primaryimage\"},\"image\":{\"@id\":\"https:\/\/www.regionsaris.sk\/vyznamna-tvar\/oskar-berger\/#primaryimage\"},\"thumbnailUrl\":\"https:\/\/www.regionsaris.sk\/wp-content\/uploads\/2026\/03\/oskar-berger-vyznamne-tvare-regionu-oocrrs.jpg\",\"datePublished\":\"2026-03-21T19:36:52+00:00\",\"dateModified\":\"2026-04-01T09:46:53+00:00\",\"description\":\"Umelec svetovej \u00farovne - to je Oskar Berger, ktor\u00fd svojho \u010dasu karikuroval v\u0161etky zn\u00e1me osobnosti svetov\u00e9ho aj dom\u00e1ceho diania.\",\"breadcrumb\":{\"@id\":\"https:\/\/www.regionsaris.sk\/vyznamna-tvar\/oskar-berger\/#breadcrumb\"},\"inLanguage\":\"en-GB\",\"potentialAction\":[{\"@type\":\"ReadAction\",\"target\":[\"https:\/\/www.regionsaris.sk\/vyznamna-tvar\/oskar-berger\/\"]}]},{\"@type\":\"ImageObject\",\"inLanguage\":\"en-GB\",\"@id\":\"https:\/\/www.regionsaris.sk\/vyznamna-tvar\/oskar-berger\/#primaryimage\",\"url\":\"https:\/\/www.regionsaris.sk\/wp-content\/uploads\/2026\/03\/oskar-berger-vyznamne-tvare-regionu-oocrrs.jpg\",\"contentUrl\":\"https:\/\/www.regionsaris.sk\/wp-content\/uploads\/2026\/03\/oskar-berger-vyznamne-tvare-regionu-oocrrs.jpg\",\"width\":500,\"height\":500},{\"@type\":\"BreadcrumbList\",\"@id\":\"https:\/\/www.regionsaris.sk\/vyznamna-tvar\/oskar-berger\/#breadcrumb\",\"itemListElement\":[{\"@type\":\"ListItem\",\"position\":1,\"name\":\"Domov\",\"item\":\"https:\/\/www.regionsaris.sk\/\"},{\"@type\":\"ListItem\",\"position\":2,\"name\":\"V\u00fdznamn\u00e9 tv\u00e1re regi\u00f3nu\",\"item\":\"https:\/\/www.regionsaris.sk\/vyznamne-tvare-regionu\/\"},{\"@type\":\"ListItem\",\"position\":3,\"name\":\"Oskar Berger\"}]},{\"@type\":\"WebSite\",\"@id\":\"https:\/\/www.regionsaris.sk\/#website\",\"url\":\"https:\/\/www.regionsaris.sk\/\",\"name\":\"OOCR \u0160ari\u0161\",\"description\":\"\",\"potentialAction\":[{\"@type\":\"SearchAction\",\"target\":{\"@type\":\"EntryPoint\",\"urlTemplate\":\"https:\/\/www.regionsaris.sk\/?s={search_term_string}\"},\"query-input\":{\"@type\":\"PropertyValueSpecification\",\"valueRequired\":true,\"valueName\":\"search_term_string\"}}],\"inLanguage\":\"en-GB\"}]}<\/script>\n<!-- \/ Yoast SEO Premium plugin. -->","yoast_head_json":{"title":"Oskar Berger - OOCR \u0160ari\u0161","description":"Umelec svetovej \u00farovne - to je Oskar Berger, ktor\u00fd svojho \u010dasu karikuroval v\u0161etky zn\u00e1me osobnosti svetov\u00e9ho aj dom\u00e1ceho diania.","robots":{"index":"index","follow":"follow","max-snippet":"max-snippet:-1","max-image-preview":"max-image-preview:large","max-video-preview":"max-video-preview:-1"},"canonical":"https:\/\/www.regionsaris.sk\/en\/vyznamna-tvar\/oskar-berger\/","og_locale":"en_GB","og_type":"article","og_title":"Oskar Berger","og_description":"Umelec svetovej \u00farovne - to je Oskar Berger, ktor\u00fd svojho \u010dasu karikuroval v\u0161etky zn\u00e1me osobnosti svetov\u00e9ho aj dom\u00e1ceho diania.","og_url":"https:\/\/www.regionsaris.sk\/en\/vyznamna-tvar\/oskar-berger\/","og_site_name":"OOCR \u0160ari\u0161","article_modified_time":"2026-04-01T09:46:53+00:00","og_image":[{"width":500,"height":500,"url":"https:\/\/www.regionsaris.sk\/wp-content\/uploads\/2026\/03\/oskar-berger-vyznamne-tvare-regionu-oocrrs.jpg","type":"image\/jpeg"}],"twitter_card":"summary_large_image","twitter_misc":{"Estimated reading time":"2 minutes"},"schema":{"@context":"https:\/\/schema.org","@graph":[{"@type":"WebPage","@id":"https:\/\/www.regionsaris.sk\/vyznamna-tvar\/oskar-berger\/","url":"https:\/\/www.regionsaris.sk\/vyznamna-tvar\/oskar-berger\/","name":"Oskar Berger - OOCR \u0160ari\u0161","isPartOf":{"@id":"https:\/\/www.regionsaris.sk\/#website"},"primaryImageOfPage":{"@id":"https:\/\/www.regionsaris.sk\/vyznamna-tvar\/oskar-berger\/#primaryimage"},"image":{"@id":"https:\/\/www.regionsaris.sk\/vyznamna-tvar\/oskar-berger\/#primaryimage"},"thumbnailUrl":"https:\/\/www.regionsaris.sk\/wp-content\/uploads\/2026\/03\/oskar-berger-vyznamne-tvare-regionu-oocrrs.jpg","datePublished":"2026-03-21T19:36:52+00:00","dateModified":"2026-04-01T09:46:53+00:00","description":"Umelec svetovej \u00farovne - to je Oskar Berger, ktor\u00fd svojho \u010dasu karikuroval v\u0161etky zn\u00e1me osobnosti svetov\u00e9ho aj dom\u00e1ceho diania.","breadcrumb":{"@id":"https:\/\/www.regionsaris.sk\/vyznamna-tvar\/oskar-berger\/#breadcrumb"},"inLanguage":"en-GB","potentialAction":[{"@type":"ReadAction","target":["https:\/\/www.regionsaris.sk\/vyznamna-tvar\/oskar-berger\/"]}]},{"@type":"ImageObject","inLanguage":"en-GB","@id":"https:\/\/www.regionsaris.sk\/vyznamna-tvar\/oskar-berger\/#primaryimage","url":"https:\/\/www.regionsaris.sk\/wp-content\/uploads\/2026\/03\/oskar-berger-vyznamne-tvare-regionu-oocrrs.jpg","contentUrl":"https:\/\/www.regionsaris.sk\/wp-content\/uploads\/2026\/03\/oskar-berger-vyznamne-tvare-regionu-oocrrs.jpg","width":500,"height":500},{"@type":"BreadcrumbList","@id":"https:\/\/www.regionsaris.sk\/vyznamna-tvar\/oskar-berger\/#breadcrumb","itemListElement":[{"@type":"ListItem","position":1,"name":"Domov","item":"https:\/\/www.regionsaris.sk\/"},{"@type":"ListItem","position":2,"name":"V\u00fdznamn\u00e9 tv\u00e1re regi\u00f3nu","item":"https:\/\/www.regionsaris.sk\/vyznamne-tvare-regionu\/"},{"@type":"ListItem","position":3,"name":"Oskar Berger"}]},{"@type":"WebSite","@id":"https:\/\/www.regionsaris.sk\/#website","url":"https:\/\/www.regionsaris.sk\/","name":"OOCR \u0160ari\u0161","description":"","potentialAction":[{"@type":"SearchAction","target":{"@type":"EntryPoint","urlTemplate":"https:\/\/www.regionsaris.sk\/?s={search_term_string}"},"query-input":{"@type":"PropertyValueSpecification","valueRequired":true,"valueName":"search_term_string"}}],"inLanguage":"en-GB"}]}},"_links":{"self":[{"href":"https:\/\/www.regionsaris.sk\/en\/wp-json\/wp\/v2\/vyznamna-tvar\/4099","targetHints":{"allow":["GET"]}}],"collection":[{"href":"https:\/\/www.regionsaris.sk\/en\/wp-json\/wp\/v2\/vyznamna-tvar"}],"about":[{"href":"https:\/\/www.regionsaris.sk\/en\/wp-json\/wp\/v2\/types\/vyznamna-tvar"}],"wp:featuredmedia":[{"embeddable":true,"href":"https:\/\/www.regionsaris.sk\/en\/wp-json\/wp\/v2\/media\/4272"}],"wp:attachment":[{"href":"https:\/\/www.regionsaris.sk\/en\/wp-json\/wp\/v2\/media?parent=4099"}],"wp:term":[{"taxonomy":"kategoria-vyznamnych-tvari","embeddable":true,"href":"https:\/\/www.regionsaris.sk\/en\/wp-json\/wp\/v2\/kategoria-vyznamnych-tvari?post=4099"},{"taxonomy":"oblast-posobenia","embeddable":true,"href":"https:\/\/www.regionsaris.sk\/en\/wp-json\/wp\/v2\/oblast-posobenia?post=4099"}],"curies":[{"name":"wp","href":"https:\/\/api.w.org\/{rel}","templated":true}]}}

<p>He was born on 12 May 1901 in the Jewish family of the owner of the Berger Hotel in Prešov. He developed his artistic talent during his studies in Prague, Paris and Berlin, where he was employed by one of the largest daily newspapers. As a journalist, he attended the trial of Hitler in Munich in 1923 after his failed putsch attempt. After Hitler came to power, he had to flee Germany. He stayed briefly in Budapest, Paris and Geneva, where he attended meetings of the League of Nations.&nbsp;</p>



<p>In 1935 he settled in London and began working for the Daily Telegraph. After World War II, he moved to New York, USA, and published in prestigious newspapers and magazines such as the New York Times, the New York Herald Tribune, Life magazine and Le Figaro. In the 1950s, Berger attended United Nations assemblies and drew almost every important leader who appeared there. He portrayed monarchs and famous personalities and film stars in the same idiosyncratic way.&nbsp;</p>



<p>He created caricatures of Winston Churchill, John F. Kennedy, Richard Nixon, Dwight Eisenhower, Vyacheslav Mikhailov Molotov, Albert Einstein, John Paul II, Thomas S. Elliot, Laurence Olivier, Greta Garbo, Charlie Chaplin, Vivien Leigh and many others. He has captured them all with elegant pencil strokes, with an eye for the uniqueness of the person and the characteristic detail. Alongside his cartoons, he was also a cartoonist of political jokes.&nbsp;</p>



<p>His prolific work produced several books such as Famous Faces - From the Cartoonist's Sketchbook (1950), My Victims - How to Make a Cartoon (1952), Presidents - From Washington to the Present (1968). Berger's work is also on permanent display at the National Portrait Gallery in Washington, DC. Berger died on May 15, 1997, in New York City.</p>



<p><strong>Source: </strong>Regional Library P. O. Hviezdoslav in Prešov; Micro-project.<br><strong>Photo source: </strong>By unknown photographer - Original publication: unknown when, where or how first publishedImmediate source: https://spartacus-educational.com/ARTberger.htm, Fair use, https://en.wikipedia.org/w/index.php?curid=76151688</p>



<p></p>

<!-- This site is optimized with the Yoast SEO Premium plugin v26.3 (Yoast SEO v26.8) - https://yoast.com/product/yoast-seo-premium-wordpress/ -->
<title>Oskar Berger - OOCR Šariš</title>
<meta name="description" content="Umelec svetovej úrovne - to je Oskar Berger, ktorý svojho času karikuroval všetky známe osobnosti svetového aj domáceho diania." />
<meta name="robots" content="index, follow, max-snippet:-1, max-image-preview:large, max-video-preview:-1" />
<link rel="canonical" href="https://www.regionsaris.sk/en/vyznamna-tvar/oskar-berger/" />
<meta property="og:locale" content="en_GB" />
<meta property="og:type" content="article" />
<meta property="og:title" content="Oskar Berger" />
<meta property="og:description" content="Umelec svetovej úrovne - to je Oskar Berger, ktorý svojho času karikuroval všetky známe osobnosti svetového aj domáceho diania." />
<meta property="og:url" content="https://www.regionsaris.sk/en/vyznamna-tvar/oskar-berger/" />
<meta property="og:site_name" content="OOCR Šariš" />
<meta property="article:modified_time" content="2026-04-01T09:46:53+00:00" />
<meta property="og:image" content="https://www.regionsaris.sk/wp-content/uploads/2026/03/oskar-berger-vyznamne-tvare-regionu-oocrrs.jpg" />
	<meta property="og:image:width" content="500" />
	<meta property="og:image:height" content="500" />
	<meta property="og:image:type" content="image/jpeg" />
<meta name="twitter:card" content="summary_large_image" />
<meta name="twitter:label1" content="Estimated reading time" />
	<meta name="twitter:data1" content="2 minutes" />
<script type="application/ld+json" class="yoast-schema-graph">{"@context":"https://schema.org","@graph":[{"@type":"WebPage","@id":"https://www.regionsaris.sk/vyznamna-tvar/oskar-berger/","url":"https://www.regionsaris.sk/vyznamna-tvar/oskar-berger/","name":"Oskar Berger - OOCR Šariš","isPartOf":{"@id":"https://www.regionsaris.sk/#website"},"primaryImageOfPage":{"@id":"https://www.regionsaris.sk/vyznamna-tvar/oskar-berger/#primaryimage"},"image":{"@id":"https://www.regionsaris.sk/vyznamna-tvar/oskar-berger/#primaryimage"},"thumbnailUrl":"https://www.regionsaris.sk/wp-content/uploads/2026/03/oskar-berger-vyznamne-tvare-regionu-oocrrs.jpg","datePublished":"2026-03-21T19:36:52+00:00","dateModified":"2026-04-01T09:46:53+00:00","description":"Umelec svetovej úrovne - to je Oskar Berger, ktorý svojho času karikuroval všetky známe osobnosti svetového aj domáceho diania.","breadcrumb":{"@id":"https://www.regionsaris.sk/vyznamna-tvar/oskar-berger/#breadcrumb"},"inLanguage":"en-GB","potentialAction":[{"@type":"ReadAction","target":["https://www.regionsaris.sk/vyznamna-tvar/oskar-berger/"]}]},{"@type":"ImageObject","inLanguage":"en-GB","@id":"https://www.regionsaris.sk/vyznamna-tvar/oskar-berger/#primaryimage","url":"https://www.regionsaris.sk/wp-content/uploads/2026/03/oskar-berger-vyznamne-tvare-regionu-oocrrs.jpg","contentUrl":"https://www.regionsaris.sk/wp-content/uploads/2026/03/oskar-berger-vyznamne-tvare-regionu-oocrrs.jpg","width":500,"height":500},{"@type":"BreadcrumbList","@id":"https://www.regionsaris.sk/vyznamna-tvar/oskar-berger/#breadcrumb","itemListElement":[{"@type":"ListItem","position":1,"name":"Domov","item":"https://www.regionsaris.sk/"},{"@type":"ListItem","position":2,"name":"Významné tváre regiónu","item":"https://www.regionsaris.sk/vyznamne-tvare-regionu/"},{"@type":"ListItem","position":3,"name":"Oskar Berger"}]},{"@type":"WebSite","@id":"https://www.regionsaris.sk/#website","url":"https://www.regionsaris.sk/","name":"OOCR Šariš","description":"","potentialAction":[{"@type":"SearchAction","target":{"@type":"EntryPoint","urlTemplate":"https://www.regionsaris.sk/?s={search_term_string}"},"query-input":{"@type":"PropertyValueSpecification","valueRequired":true,"valueName":"search_term_string"}}],"inLanguage":"en-GB"}]}</script>
<!-- / Yoast SEO Premium plugin. -->

Oskar Berger - OOCR Šariš

Umelec svetovej úrovne - to je Oskar Berger, ktorý svojho času karikuroval všetky známe osobnosti svetového aj domáceho diania.

OOCR Šariš

Významné tváre regiónu
