{"id":2904,"date":"2026-01-07T19:24:47","date_gmt":"2026-01-07T18:24:47","guid":{"rendered":"https:\/\/www.regionsaris.sk\/?post_type=prirodne-krasy&#038;p=2904"},"modified":"2026-02-05T14:24:44","modified_gmt":"2026-02-05T13:24:44","slug":"nizny-slavkov","status":"publish","type":"prirodne-krasy","link":"https:\/\/www.regionsaris.sk\/en\/prirodne-krasy\/nizny-slavkov\/","title":{"rendered":"Nizhny Slavkov"},"content":{"rendered":"<p>It is located at an altitude of 520 m above sea level on the border of the \u0160ari\u0161sk\u00e1 vrchovina, Bachurna, Branisko and Levo\u010da Hills in the valley of the Slavkovsk\u00fd brook. The name of the village is derived from the Slavic personal name Slavk, Slavek, or Slavko, reminiscent of the founding family - the Slavkays, which lasted until the 19th century.<\/p>\n\n\n\n<p>The first written mention of Ni\u017en\u00e9 Slavkov dates back to 1214, when the church of St. Anne (the present chapel) and 12 houses already stood. This ancient village was founded on the land right at the so-called Great Road (Via magna) connecting \u0160ari\u0161 with nearby Spi\u0161 and had the largest area of its cadastre (2314 ha) with rich forests and pastures, which in the past meant that more than one landowner wanted to own it. There are also several precious sacral monuments from the 13th century in the village, such as the late Romanesque chapel of St. Anne, which is part of the early Gothic Church of the Nativity of the Virgin Mary, or two roadside chapels commemorating the Tatar invasion of the 13th century. Another valuable monument is the classicist chapel of St. John of Nepomuk from 1821, built by Count Ladislav Melczer in the church grounds. In addition to the sacral monuments, there is also a remarkable natural monument of the Old Mill and the last haylofts (barns) from the so-called Peasant Village in the valley of the Black Swamp.<\/p>","protected":false},"featured_media":2359,"template":"","meta":{"_acf_changed":false},"kategoria-poi":[102,107],"lokalita":[27],"sezona-poi":[12],"trvanie-vyletu":[180],"class_list":["post-2904","prirodne-krasy","type-prirodne-krasy","status-publish","has-post-thumbnail","hentry","kategoria-poi-prirodne-krasy","kategoria-poi-turistika","lokalita-sabinov-a-okolie","sezona-poi-celorocne","trvanie-vyletu-poldenne-vylety"],"acf":[],"yoast_head":"<!-- This site is optimized with the Yoast SEO Premium plugin v26.3 (Yoast SEO v26.8) - https:\/\/yoast.com\/product\/yoast-seo-premium-wordpress\/ -->\n<title>Ni\u017en\u00fd Slavkov - OOCR \u0160ari\u0161<\/title>\n<meta name=\"robots\" content=\"index, follow, max-snippet:-1, max-image-preview:large, max-video-preview:-1\" \/>\n<link rel=\"canonical\" href=\"https:\/\/www.regionsaris.sk\/en\/prirodne-krasy\/nizny-slavkov\/\" \/>\n<meta property=\"og:locale\" content=\"en_GB\" \/>\n<meta property=\"og:type\" content=\"article\" \/>\n<meta property=\"og:title\" content=\"Ni\u017en\u00fd Slavkov\" \/>\n<meta property=\"og:description\" content=\"Nach\u00e1dza sa v nadmorskej v\u00fd\u0161ke 520 m n. m. na rozhran\u00ed \u0160ari\u0161skej vrchoviny, Bachurne, Braniska...\" \/>\n<meta property=\"og:url\" content=\"https:\/\/www.regionsaris.sk\/en\/prirodne-krasy\/nizny-slavkov\/\" \/>\n<meta property=\"og:site_name\" content=\"OOCR \u0160ari\u0161\" \/>\n<meta property=\"article:modified_time\" content=\"2026-02-05T13:24:44+00:00\" \/>\n<meta property=\"og:image\" content=\"https:\/\/www.regionsaris.sk\/wp-content\/uploads\/2026\/01\/slavkov173-thumb.jpg\" \/>\n\t<meta property=\"og:image:width\" content=\"600\" \/>\n\t<meta property=\"og:image:height\" content=\"400\" \/>\n\t<meta property=\"og:image:type\" content=\"image\/jpeg\" \/>\n<meta name=\"twitter:card\" content=\"summary_large_image\" \/>\n<meta name=\"twitter:label1\" content=\"Estimated reading time\" \/>\n\t<meta name=\"twitter:data1\" content=\"1 minute\" \/>\n<script type=\"application\/ld+json\" class=\"yoast-schema-graph\">{\"@context\":\"https:\/\/schema.org\",\"@graph\":[{\"@type\":\"WebPage\",\"@id\":\"https:\/\/www.regionsaris.sk\/prirodne-krasy\/nizny-slavkov\/\",\"url\":\"https:\/\/www.regionsaris.sk\/prirodne-krasy\/nizny-slavkov\/\",\"name\":\"Ni\u017en\u00fd Slavkov - OOCR \u0160ari\u0161\",\"isPartOf\":{\"@id\":\"https:\/\/www.regionsaris.sk\/#website\"},\"primaryImageOfPage\":{\"@id\":\"https:\/\/www.regionsaris.sk\/prirodne-krasy\/nizny-slavkov\/#primaryimage\"},\"image\":{\"@id\":\"https:\/\/www.regionsaris.sk\/prirodne-krasy\/nizny-slavkov\/#primaryimage\"},\"thumbnailUrl\":\"https:\/\/www.regionsaris.sk\/wp-content\/uploads\/2026\/01\/slavkov173-thumb.jpg\",\"datePublished\":\"2026-01-07T18:24:47+00:00\",\"dateModified\":\"2026-02-05T13:24:44+00:00\",\"breadcrumb\":{\"@id\":\"https:\/\/www.regionsaris.sk\/prirodne-krasy\/nizny-slavkov\/#breadcrumb\"},\"inLanguage\":\"en-GB\",\"potentialAction\":[{\"@type\":\"ReadAction\",\"target\":[\"https:\/\/www.regionsaris.sk\/prirodne-krasy\/nizny-slavkov\/\"]}]},{\"@type\":\"ImageObject\",\"inLanguage\":\"en-GB\",\"@id\":\"https:\/\/www.regionsaris.sk\/prirodne-krasy\/nizny-slavkov\/#primaryimage\",\"url\":\"https:\/\/www.regionsaris.sk\/wp-content\/uploads\/2026\/01\/slavkov173-thumb.jpg\",\"contentUrl\":\"https:\/\/www.regionsaris.sk\/wp-content\/uploads\/2026\/01\/slavkov173-thumb.jpg\",\"width\":600,\"height\":400},{\"@type\":\"BreadcrumbList\",\"@id\":\"https:\/\/www.regionsaris.sk\/prirodne-krasy\/nizny-slavkov\/#breadcrumb\",\"itemListElement\":[{\"@type\":\"ListItem\",\"position\":1,\"name\":\"Domov\",\"item\":\"https:\/\/www.regionsaris.sk\/\"},{\"@type\":\"ListItem\",\"position\":2,\"name\":\"Pr\u00edrodn\u00e9 kr\u00e1sy v regi\u00f3ne\",\"item\":\"https:\/\/www.regionsaris.sk\/prirodne-krasy-v-regione\/\"},{\"@type\":\"ListItem\",\"position\":3,\"name\":\"Ni\u017en\u00fd Slavkov\"}]},{\"@type\":\"WebSite\",\"@id\":\"https:\/\/www.regionsaris.sk\/#website\",\"url\":\"https:\/\/www.regionsaris.sk\/\",\"name\":\"OOCR \u0160ari\u0161\",\"description\":\"\",\"potentialAction\":[{\"@type\":\"SearchAction\",\"target\":{\"@type\":\"EntryPoint\",\"urlTemplate\":\"https:\/\/www.regionsaris.sk\/?s={search_term_string}\"},\"query-input\":{\"@type\":\"PropertyValueSpecification\",\"valueRequired\":true,\"valueName\":\"search_term_string\"}}],\"inLanguage\":\"en-GB\"}]}<\/script>\n<!-- \/ Yoast SEO Premium plugin. -->","yoast_head_json":{"title":"Ni\u017en\u00fd Slavkov - OOCR \u0160ari\u0161","robots":{"index":"index","follow":"follow","max-snippet":"max-snippet:-1","max-image-preview":"max-image-preview:large","max-video-preview":"max-video-preview:-1"},"canonical":"https:\/\/www.regionsaris.sk\/en\/prirodne-krasy\/nizny-slavkov\/","og_locale":"en_GB","og_type":"article","og_title":"Ni\u017en\u00fd Slavkov","og_description":"Nach\u00e1dza sa v nadmorskej v\u00fd\u0161ke 520 m n. m. na rozhran\u00ed \u0160ari\u0161skej vrchoviny, Bachurne, Braniska...","og_url":"https:\/\/www.regionsaris.sk\/en\/prirodne-krasy\/nizny-slavkov\/","og_site_name":"OOCR \u0160ari\u0161","article_modified_time":"2026-02-05T13:24:44+00:00","og_image":[{"width":600,"height":400,"url":"https:\/\/www.regionsaris.sk\/wp-content\/uploads\/2026\/01\/slavkov173-thumb.jpg","type":"image\/jpeg"}],"twitter_card":"summary_large_image","twitter_misc":{"Estimated reading time":"1 minute"},"schema":{"@context":"https:\/\/schema.org","@graph":[{"@type":"WebPage","@id":"https:\/\/www.regionsaris.sk\/prirodne-krasy\/nizny-slavkov\/","url":"https:\/\/www.regionsaris.sk\/prirodne-krasy\/nizny-slavkov\/","name":"Ni\u017en\u00fd Slavkov - OOCR \u0160ari\u0161","isPartOf":{"@id":"https:\/\/www.regionsaris.sk\/#website"},"primaryImageOfPage":{"@id":"https:\/\/www.regionsaris.sk\/prirodne-krasy\/nizny-slavkov\/#primaryimage"},"image":{"@id":"https:\/\/www.regionsaris.sk\/prirodne-krasy\/nizny-slavkov\/#primaryimage"},"thumbnailUrl":"https:\/\/www.regionsaris.sk\/wp-content\/uploads\/2026\/01\/slavkov173-thumb.jpg","datePublished":"2026-01-07T18:24:47+00:00","dateModified":"2026-02-05T13:24:44+00:00","breadcrumb":{"@id":"https:\/\/www.regionsaris.sk\/prirodne-krasy\/nizny-slavkov\/#breadcrumb"},"inLanguage":"en-GB","potentialAction":[{"@type":"ReadAction","target":["https:\/\/www.regionsaris.sk\/prirodne-krasy\/nizny-slavkov\/"]}]},{"@type":"ImageObject","inLanguage":"en-GB","@id":"https:\/\/www.regionsaris.sk\/prirodne-krasy\/nizny-slavkov\/#primaryimage","url":"https:\/\/www.regionsaris.sk\/wp-content\/uploads\/2026\/01\/slavkov173-thumb.jpg","contentUrl":"https:\/\/www.regionsaris.sk\/wp-content\/uploads\/2026\/01\/slavkov173-thumb.jpg","width":600,"height":400},{"@type":"BreadcrumbList","@id":"https:\/\/www.regionsaris.sk\/prirodne-krasy\/nizny-slavkov\/#breadcrumb","itemListElement":[{"@type":"ListItem","position":1,"name":"Domov","item":"https:\/\/www.regionsaris.sk\/"},{"@type":"ListItem","position":2,"name":"Pr\u00edrodn\u00e9 kr\u00e1sy v regi\u00f3ne","item":"https:\/\/www.regionsaris.sk\/prirodne-krasy-v-regione\/"},{"@type":"ListItem","position":3,"name":"Ni\u017en\u00fd Slavkov"}]},{"@type":"WebSite","@id":"https:\/\/www.regionsaris.sk\/#website","url":"https:\/\/www.regionsaris.sk\/","name":"OOCR \u0160ari\u0161","description":"","potentialAction":[{"@type":"SearchAction","target":{"@type":"EntryPoint","urlTemplate":"https:\/\/www.regionsaris.sk\/?s={search_term_string}"},"query-input":{"@type":"PropertyValueSpecification","valueRequired":true,"valueName":"search_term_string"}}],"inLanguage":"en-GB"}]}},"_links":{"self":[{"href":"https:\/\/www.regionsaris.sk\/en\/wp-json\/wp\/v2\/prirodne-krasy\/2904","targetHints":{"allow":["GET"]}}],"collection":[{"href":"https:\/\/www.regionsaris.sk\/en\/wp-json\/wp\/v2\/prirodne-krasy"}],"about":[{"href":"https:\/\/www.regionsaris.sk\/en\/wp-json\/wp\/v2\/types\/prirodne-krasy"}],"wp:featuredmedia":[{"embeddable":true,"href":"https:\/\/www.regionsaris.sk\/en\/wp-json\/wp\/v2\/media\/2359"}],"wp:attachment":[{"href":"https:\/\/www.regionsaris.sk\/en\/wp-json\/wp\/v2\/media?parent=2904"}],"wp:term":[{"taxonomy":"kategoria-poi","embeddable":true,"href":"https:\/\/www.regionsaris.sk\/en\/wp-json\/wp\/v2\/kategoria-poi?post=2904"},{"taxonomy":"lokalita","embeddable":true,"href":"https:\/\/www.regionsaris.sk\/en\/wp-json\/wp\/v2\/lokalita?post=2904"},{"taxonomy":"sezona-poi","embeddable":true,"href":"https:\/\/www.regionsaris.sk\/en\/wp-json\/wp\/v2\/sezona-poi?post=2904"},{"taxonomy":"trvanie-vyletu","embeddable":true,"href":"https:\/\/www.regionsaris.sk\/en\/wp-json\/wp\/v2\/trvanie-vyletu?post=2904"}],"curies":[{"name":"wp","href":"https:\/\/api.w.org\/{rel}","templated":true}]}}

<p>It is located at an altitude of 520 m above sea level on the border of the Šarišská vrchovina, Bachurna, Branisko and Levoča Hills in the valley of the Slavkovský brook. The name of the village is derived from the Slavic personal name Slavk, Slavek, or Slavko, reminiscent of the founding family - the Slavkays, which lasted until the 19th century.</p>



<p>The first written mention of Nižné Slavkov dates back to 1214, when the church of St. Anne (the present chapel) and 12 houses already stood. This ancient village was founded on the land right at the so-called Great Road (Via magna) connecting Šariš with nearby Spiš and had the largest area of its cadastre (2314 ha) with rich forests and pastures, which in the past meant that more than one landowner wanted to own it. There are also several precious sacral monuments from the 13th century in the village, such as the late Romanesque chapel of St. Anne, which is part of the early Gothic Church of the Nativity of the Virgin Mary, or two roadside chapels commemorating the Tatar invasion of the 13th century. Another valuable monument is the classicist chapel of St. John of Nepomuk from 1821, built by Count Ladislav Melczer in the church grounds. In addition to the sacral monuments, there is also a remarkable natural monument of the Old Mill and the last haylofts (barns) from the so-called Peasant Village in the valley of the Black Swamp.</p>

<!-- This site is optimized with the Yoast SEO Premium plugin v26.3 (Yoast SEO v26.8) - https://yoast.com/product/yoast-seo-premium-wordpress/ -->
<title>Nižný Slavkov - OOCR Šariš</title>
<meta name="robots" content="index, follow, max-snippet:-1, max-image-preview:large, max-video-preview:-1" />
<link rel="canonical" href="https://www.regionsaris.sk/en/prirodne-krasy/nizny-slavkov/" />
<meta property="og:locale" content="en_GB" />
<meta property="og:type" content="article" />
<meta property="og:title" content="Nižný Slavkov" />
<meta property="og:description" content="Nachádza sa v nadmorskej výške 520 m n. m. na rozhraní Šarišskej vrchoviny, Bachurne, Braniska..." />
<meta property="og:url" content="https://www.regionsaris.sk/en/prirodne-krasy/nizny-slavkov/" />
<meta property="og:site_name" content="OOCR Šariš" />
<meta property="article:modified_time" content="2026-02-05T13:24:44+00:00" />
<meta property="og:image" content="https://www.regionsaris.sk/wp-content/uploads/2026/01/slavkov173-thumb.jpg" />
	<meta property="og:image:width" content="600" />
	<meta property="og:image:height" content="400" />
	<meta property="og:image:type" content="image/jpeg" />
<meta name="twitter:card" content="summary_large_image" />
<meta name="twitter:label1" content="Estimated reading time" />
	<meta name="twitter:data1" content="1 minute" />
<script type="application/ld+json" class="yoast-schema-graph">{"@context":"https://schema.org","@graph":[{"@type":"WebPage","@id":"https://www.regionsaris.sk/prirodne-krasy/nizny-slavkov/","url":"https://www.regionsaris.sk/prirodne-krasy/nizny-slavkov/","name":"Nižný Slavkov - OOCR Šariš","isPartOf":{"@id":"https://www.regionsaris.sk/#website"},"primaryImageOfPage":{"@id":"https://www.regionsaris.sk/prirodne-krasy/nizny-slavkov/#primaryimage"},"image":{"@id":"https://www.regionsaris.sk/prirodne-krasy/nizny-slavkov/#primaryimage"},"thumbnailUrl":"https://www.regionsaris.sk/wp-content/uploads/2026/01/slavkov173-thumb.jpg","datePublished":"2026-01-07T18:24:47+00:00","dateModified":"2026-02-05T13:24:44+00:00","breadcrumb":{"@id":"https://www.regionsaris.sk/prirodne-krasy/nizny-slavkov/#breadcrumb"},"inLanguage":"en-GB","potentialAction":[{"@type":"ReadAction","target":["https://www.regionsaris.sk/prirodne-krasy/nizny-slavkov/"]}]},{"@type":"ImageObject","inLanguage":"en-GB","@id":"https://www.regionsaris.sk/prirodne-krasy/nizny-slavkov/#primaryimage","url":"https://www.regionsaris.sk/wp-content/uploads/2026/01/slavkov173-thumb.jpg","contentUrl":"https://www.regionsaris.sk/wp-content/uploads/2026/01/slavkov173-thumb.jpg","width":600,"height":400},{"@type":"BreadcrumbList","@id":"https://www.regionsaris.sk/prirodne-krasy/nizny-slavkov/#breadcrumb","itemListElement":[{"@type":"ListItem","position":1,"name":"Domov","item":"https://www.regionsaris.sk/"},{"@type":"ListItem","position":2,"name":"Prírodné krásy v regióne","item":"https://www.regionsaris.sk/prirodne-krasy-v-regione/"},{"@type":"ListItem","position":3,"name":"Nižný Slavkov"}]},{"@type":"WebSite","@id":"https://www.regionsaris.sk/#website","url":"https://www.regionsaris.sk/","name":"OOCR Šariš","description":"","potentialAction":[{"@type":"SearchAction","target":{"@type":"EntryPoint","urlTemplate":"https://www.regionsaris.sk/?s={search_term_string}"},"query-input":{"@type":"PropertyValueSpecification","valueRequired":true,"valueName":"search_term_string"}}],"inLanguage":"en-GB"}]}</script>
<!-- / Yoast SEO Premium plugin. -->

Nižný Slavkov - OOCR Šariš

Nižný Slavkov

Nachádza sa v nadmorskej výške 520 m n. m. na rozhraní Šarišskej vrchoviny, Bachurne, Braniska...

OOCR Šariš

Prírodné krásy v regióne
