{"id":2589,"date":"2026-01-07T12:44:59","date_gmt":"2026-01-07T11:44:59","guid":{"rendered":"https:\/\/www.regionsaris.sk\/?post_type=nabozensky-turizmus&#038;p=2589"},"modified":"2026-02-05T13:47:27","modified_gmt":"2026-02-05T12:47:27","slug":"dreveny-greckokatolicky-chram-svateho-lukasa-krive","status":"publish","type":"nabozensky-turizmus","link":"https:\/\/www.regionsaris.sk\/en\/nabozensky-turizmus\/dreveny-greckokatolicky-chram-svateho-lukasa-krive\/","title":{"rendered":"Wooden Greek-Catholic Church of St. Luke, Krive"},"content":{"rendered":"<p>The wooden Greek-Catholic church in the village of Kriv\u00e9, dedicated to the Holy Apostle and Evangelist Luke, is characteristic for its massiveness and simplicity.<br>The log structure stands on a stone foundation, which disappears on the west side. The whole building has a unified rectangular plan with a polygonal sanctuary, an extended nave and a square tower. The tower rises from the narthex, is vertically panelled and moulded, and is surmounted by a Baroque lantern with a poppy and cross. Inside there are two bells. One bell dates from 1826, the year the church was built. The temple was covered with a simple gabled roof, thus losing the three-towered appearance so typical of the surrounding buildings in the area. As a result of the shingling of the sanctuary and nave and the plating of the narthex, the temple gives the impression of a one-piece building.<br>In fact, it is a three-space building. The entrance part is called the hall, popularly called the granary. In the past it was a place reserved for catechumens and penitents. Symbolically, it represents purgatory or the suffering Church.<br>The next part is the boat. It is where the faithful participating in the ceremonies are concentrated. Symbolically, it represents the wandering Church, i.e. Christians living on earth. The third part, located behind the iconostasis - the picture wall, is called the sanctuary. It represents the kingdom of heaven - paradise and also the triumphant glorified Church in heaven. The precious iconostasis consists of icons from different time periods. In the main row in the center are carved royal doors with medallions of the Evangelists and scenes of the Annunciation. Together with the icons of St Nicholas, the Mother of God Hodigitria, Christ the Teacher and St Luke the Apostle, they date from the beginning of the 18th century. The iconostasis has a four-aisle architecture placed on four floors. It is tuned in brick-red colour. The blue framing of the frames of the Tsar's door is unusual. The columns and icon frames are gilded, the Tsar's door is decorated with bunches of grapes.<br>There is no similar iconostasis from this period anywhere in Slovakia in such a well-preserved condition and in such numbers. There is also a cross painted in the 17th century, an icon of the Crucifixion from the 19th century and an icon of the Passion of Christ from the 18th century. In the centre of the icon is Christ with the wounds of the Passion and around him are depicted objects related to his Passion.<\/p>\n\n\n\n<p>Source : www.drevenchramy.sk<\/p>\n\n\n\n<p>Photo: Henryk Bielamowicz, cergov.sk<\/p>","protected":false},"featured_media":2590,"template":"","meta":{"_acf_changed":false},"kategoria-poi":[186,168],"lokalita":[178],"sezona-poi":[12],"trvanie-vyletu":[217],"class_list":["post-2589","nabozensky-turizmus","type-nabozensky-turizmus","status-publish","has-post-thumbnail","hentry","kategoria-poi-drevene-chramy","kategoria-poi-nabozensky-turizmus","lokalita-bardejov-a-okolie","sezona-poi-celorocne","trvanie-vyletu-kratke-vylety"],"acf":[],"yoast_head":"<!-- This site is optimized with the Yoast SEO Premium plugin v26.3 (Yoast SEO v26.8) - https:\/\/yoast.com\/product\/yoast-seo-premium-wordpress\/ -->\n<title>Dreven\u00fd gr\u00e9ckokatol\u00edcky chr\u00e1m sv\u00e4t\u00e9ho Luk\u00e1\u0161a, Kriv\u00e9 - OOCR \u0160ari\u0161<\/title>\n<meta name=\"robots\" content=\"index, follow, max-snippet:-1, max-image-preview:large, max-video-preview:-1\" \/>\n<link rel=\"canonical\" href=\"https:\/\/www.regionsaris.sk\/en\/nabozensky-turizmus\/dreveny-greckokatolicky-chram-svateho-lukasa-krive\/\" \/>\n<meta property=\"og:locale\" content=\"en_GB\" \/>\n<meta property=\"og:type\" content=\"article\" \/>\n<meta property=\"og:title\" content=\"Dreven\u00fd gr\u00e9ckokatol\u00edcky chr\u00e1m sv\u00e4t\u00e9ho Luk\u00e1\u0161a, Kriv\u00e9\" \/>\n<meta property=\"og:description\" content=\"Dreven\u00fd gr\u00e9ckokatol\u00edcky chr\u00e1m v obci Kriv\u00e9, zasv\u00e4ten\u00fd sv\u00e4t\u00e9mu apo\u0161tolovi a evanjelistovi Luk\u00e1\u0161ovi je charakteristicky svojou...\" \/>\n<meta property=\"og:url\" content=\"https:\/\/www.regionsaris.sk\/en\/nabozensky-turizmus\/dreveny-greckokatolicky-chram-svateho-lukasa-krive\/\" \/>\n<meta property=\"og:site_name\" content=\"OOCR \u0160ari\u0161\" \/>\n<meta property=\"article:modified_time\" content=\"2026-02-05T12:47:27+00:00\" \/>\n<meta property=\"og:image\" content=\"https:\/\/www.regionsaris.sk\/wp-content\/uploads\/2026\/01\/krive259-thumb.jpg\" \/>\n\t<meta property=\"og:image:width\" content=\"600\" \/>\n\t<meta property=\"og:image:height\" content=\"400\" \/>\n\t<meta property=\"og:image:type\" content=\"image\/jpeg\" \/>\n<meta name=\"twitter:card\" content=\"summary_large_image\" \/>\n<meta name=\"twitter:label1\" content=\"Estimated reading time\" \/>\n\t<meta name=\"twitter:data1\" content=\"2 minutes\" \/>\n<script type=\"application\/ld+json\" class=\"yoast-schema-graph\">{\"@context\":\"https:\/\/schema.org\",\"@graph\":[{\"@type\":\"WebPage\",\"@id\":\"https:\/\/www.regionsaris.sk\/nabozensky-turizmus\/dreveny-greckokatolicky-chram-svateho-lukasa-krive\/\",\"url\":\"https:\/\/www.regionsaris.sk\/nabozensky-turizmus\/dreveny-greckokatolicky-chram-svateho-lukasa-krive\/\",\"name\":\"Dreven\u00fd gr\u00e9ckokatol\u00edcky chr\u00e1m sv\u00e4t\u00e9ho Luk\u00e1\u0161a, Kriv\u00e9 - OOCR \u0160ari\u0161\",\"isPartOf\":{\"@id\":\"https:\/\/www.regionsaris.sk\/#website\"},\"primaryImageOfPage\":{\"@id\":\"https:\/\/www.regionsaris.sk\/nabozensky-turizmus\/dreveny-greckokatolicky-chram-svateho-lukasa-krive\/#primaryimage\"},\"image\":{\"@id\":\"https:\/\/www.regionsaris.sk\/nabozensky-turizmus\/dreveny-greckokatolicky-chram-svateho-lukasa-krive\/#primaryimage\"},\"thumbnailUrl\":\"https:\/\/www.regionsaris.sk\/wp-content\/uploads\/2026\/01\/krive259-thumb.jpg\",\"datePublished\":\"2026-01-07T11:44:59+00:00\",\"dateModified\":\"2026-02-05T12:47:27+00:00\",\"breadcrumb\":{\"@id\":\"https:\/\/www.regionsaris.sk\/nabozensky-turizmus\/dreveny-greckokatolicky-chram-svateho-lukasa-krive\/#breadcrumb\"},\"inLanguage\":\"en-GB\",\"potentialAction\":[{\"@type\":\"ReadAction\",\"target\":[\"https:\/\/www.regionsaris.sk\/nabozensky-turizmus\/dreveny-greckokatolicky-chram-svateho-lukasa-krive\/\"]}]},{\"@type\":\"ImageObject\",\"inLanguage\":\"en-GB\",\"@id\":\"https:\/\/www.regionsaris.sk\/nabozensky-turizmus\/dreveny-greckokatolicky-chram-svateho-lukasa-krive\/#primaryimage\",\"url\":\"https:\/\/www.regionsaris.sk\/wp-content\/uploads\/2026\/01\/krive259-thumb.jpg\",\"contentUrl\":\"https:\/\/www.regionsaris.sk\/wp-content\/uploads\/2026\/01\/krive259-thumb.jpg\",\"width\":600,\"height\":400},{\"@type\":\"BreadcrumbList\",\"@id\":\"https:\/\/www.regionsaris.sk\/nabozensky-turizmus\/dreveny-greckokatolicky-chram-svateho-lukasa-krive\/#breadcrumb\",\"itemListElement\":[{\"@type\":\"ListItem\",\"position\":1,\"name\":\"Domov\",\"item\":\"https:\/\/www.regionsaris.sk\/\"},{\"@type\":\"ListItem\",\"position\":2,\"name\":\"N\u00e1bo\u017eensk\u00fd turizmus v regi\u00f3ne\",\"item\":\"https:\/\/www.regionsaris.sk\/nabozensky-turizmus-v-regione\/\"},{\"@type\":\"ListItem\",\"position\":3,\"name\":\"Dreven\u00fd gr\u00e9ckokatol\u00edcky chr\u00e1m sv\u00e4t\u00e9ho Luk\u00e1\u0161a, Kriv\u00e9\"}]},{\"@type\":\"WebSite\",\"@id\":\"https:\/\/www.regionsaris.sk\/#website\",\"url\":\"https:\/\/www.regionsaris.sk\/\",\"name\":\"OOCR \u0160ari\u0161\",\"description\":\"\",\"potentialAction\":[{\"@type\":\"SearchAction\",\"target\":{\"@type\":\"EntryPoint\",\"urlTemplate\":\"https:\/\/www.regionsaris.sk\/?s={search_term_string}\"},\"query-input\":{\"@type\":\"PropertyValueSpecification\",\"valueRequired\":true,\"valueName\":\"search_term_string\"}}],\"inLanguage\":\"en-GB\"}]}<\/script>\n<!-- \/ Yoast SEO Premium plugin. -->","yoast_head_json":{"title":"Dreven\u00fd gr\u00e9ckokatol\u00edcky chr\u00e1m sv\u00e4t\u00e9ho Luk\u00e1\u0161a, Kriv\u00e9 - OOCR \u0160ari\u0161","robots":{"index":"index","follow":"follow","max-snippet":"max-snippet:-1","max-image-preview":"max-image-preview:large","max-video-preview":"max-video-preview:-1"},"canonical":"https:\/\/www.regionsaris.sk\/en\/nabozensky-turizmus\/dreveny-greckokatolicky-chram-svateho-lukasa-krive\/","og_locale":"en_GB","og_type":"article","og_title":"Dreven\u00fd gr\u00e9ckokatol\u00edcky chr\u00e1m sv\u00e4t\u00e9ho Luk\u00e1\u0161a, Kriv\u00e9","og_description":"Dreven\u00fd gr\u00e9ckokatol\u00edcky chr\u00e1m v obci Kriv\u00e9, zasv\u00e4ten\u00fd sv\u00e4t\u00e9mu apo\u0161tolovi a evanjelistovi Luk\u00e1\u0161ovi je charakteristicky svojou...","og_url":"https:\/\/www.regionsaris.sk\/en\/nabozensky-turizmus\/dreveny-greckokatolicky-chram-svateho-lukasa-krive\/","og_site_name":"OOCR \u0160ari\u0161","article_modified_time":"2026-02-05T12:47:27+00:00","og_image":[{"width":600,"height":400,"url":"https:\/\/www.regionsaris.sk\/wp-content\/uploads\/2026\/01\/krive259-thumb.jpg","type":"image\/jpeg"}],"twitter_card":"summary_large_image","twitter_misc":{"Estimated reading time":"2 minutes"},"schema":{"@context":"https:\/\/schema.org","@graph":[{"@type":"WebPage","@id":"https:\/\/www.regionsaris.sk\/nabozensky-turizmus\/dreveny-greckokatolicky-chram-svateho-lukasa-krive\/","url":"https:\/\/www.regionsaris.sk\/nabozensky-turizmus\/dreveny-greckokatolicky-chram-svateho-lukasa-krive\/","name":"Dreven\u00fd gr\u00e9ckokatol\u00edcky chr\u00e1m sv\u00e4t\u00e9ho Luk\u00e1\u0161a, Kriv\u00e9 - OOCR \u0160ari\u0161","isPartOf":{"@id":"https:\/\/www.regionsaris.sk\/#website"},"primaryImageOfPage":{"@id":"https:\/\/www.regionsaris.sk\/nabozensky-turizmus\/dreveny-greckokatolicky-chram-svateho-lukasa-krive\/#primaryimage"},"image":{"@id":"https:\/\/www.regionsaris.sk\/nabozensky-turizmus\/dreveny-greckokatolicky-chram-svateho-lukasa-krive\/#primaryimage"},"thumbnailUrl":"https:\/\/www.regionsaris.sk\/wp-content\/uploads\/2026\/01\/krive259-thumb.jpg","datePublished":"2026-01-07T11:44:59+00:00","dateModified":"2026-02-05T12:47:27+00:00","breadcrumb":{"@id":"https:\/\/www.regionsaris.sk\/nabozensky-turizmus\/dreveny-greckokatolicky-chram-svateho-lukasa-krive\/#breadcrumb"},"inLanguage":"en-GB","potentialAction":[{"@type":"ReadAction","target":["https:\/\/www.regionsaris.sk\/nabozensky-turizmus\/dreveny-greckokatolicky-chram-svateho-lukasa-krive\/"]}]},{"@type":"ImageObject","inLanguage":"en-GB","@id":"https:\/\/www.regionsaris.sk\/nabozensky-turizmus\/dreveny-greckokatolicky-chram-svateho-lukasa-krive\/#primaryimage","url":"https:\/\/www.regionsaris.sk\/wp-content\/uploads\/2026\/01\/krive259-thumb.jpg","contentUrl":"https:\/\/www.regionsaris.sk\/wp-content\/uploads\/2026\/01\/krive259-thumb.jpg","width":600,"height":400},{"@type":"BreadcrumbList","@id":"https:\/\/www.regionsaris.sk\/nabozensky-turizmus\/dreveny-greckokatolicky-chram-svateho-lukasa-krive\/#breadcrumb","itemListElement":[{"@type":"ListItem","position":1,"name":"Domov","item":"https:\/\/www.regionsaris.sk\/"},{"@type":"ListItem","position":2,"name":"N\u00e1bo\u017eensk\u00fd turizmus v regi\u00f3ne","item":"https:\/\/www.regionsaris.sk\/nabozensky-turizmus-v-regione\/"},{"@type":"ListItem","position":3,"name":"Dreven\u00fd gr\u00e9ckokatol\u00edcky chr\u00e1m sv\u00e4t\u00e9ho Luk\u00e1\u0161a, Kriv\u00e9"}]},{"@type":"WebSite","@id":"https:\/\/www.regionsaris.sk\/#website","url":"https:\/\/www.regionsaris.sk\/","name":"OOCR \u0160ari\u0161","description":"","potentialAction":[{"@type":"SearchAction","target":{"@type":"EntryPoint","urlTemplate":"https:\/\/www.regionsaris.sk\/?s={search_term_string}"},"query-input":{"@type":"PropertyValueSpecification","valueRequired":true,"valueName":"search_term_string"}}],"inLanguage":"en-GB"}]}},"_links":{"self":[{"href":"https:\/\/www.regionsaris.sk\/en\/wp-json\/wp\/v2\/nabozensky-turizmus\/2589","targetHints":{"allow":["GET"]}}],"collection":[{"href":"https:\/\/www.regionsaris.sk\/en\/wp-json\/wp\/v2\/nabozensky-turizmus"}],"about":[{"href":"https:\/\/www.regionsaris.sk\/en\/wp-json\/wp\/v2\/types\/nabozensky-turizmus"}],"wp:featuredmedia":[{"embeddable":true,"href":"https:\/\/www.regionsaris.sk\/en\/wp-json\/wp\/v2\/media\/2590"}],"wp:attachment":[{"href":"https:\/\/www.regionsaris.sk\/en\/wp-json\/wp\/v2\/media?parent=2589"}],"wp:term":[{"taxonomy":"kategoria-poi","embeddable":true,"href":"https:\/\/www.regionsaris.sk\/en\/wp-json\/wp\/v2\/kategoria-poi?post=2589"},{"taxonomy":"lokalita","embeddable":true,"href":"https:\/\/www.regionsaris.sk\/en\/wp-json\/wp\/v2\/lokalita?post=2589"},{"taxonomy":"sezona-poi","embeddable":true,"href":"https:\/\/www.regionsaris.sk\/en\/wp-json\/wp\/v2\/sezona-poi?post=2589"},{"taxonomy":"trvanie-vyletu","embeddable":true,"href":"https:\/\/www.regionsaris.sk\/en\/wp-json\/wp\/v2\/trvanie-vyletu?post=2589"}],"curies":[{"name":"wp","href":"https:\/\/api.w.org\/{rel}","templated":true}]}}

<p>The wooden Greek-Catholic church in the village of Krivé, dedicated to the Holy Apostle and Evangelist Luke, is characteristic for its massiveness and simplicity.<br>The log structure stands on a stone foundation, which disappears on the west side. The whole building has a unified rectangular plan with a polygonal sanctuary, an extended nave and a square tower. The tower rises from the narthex, is vertically panelled and moulded, and is surmounted by a Baroque lantern with a poppy and cross. Inside there are two bells. One bell dates from 1826, the year the church was built. The temple was covered with a simple gabled roof, thus losing the three-towered appearance so typical of the surrounding buildings in the area. As a result of the shingling of the sanctuary and nave and the plating of the narthex, the temple gives the impression of a one-piece building.<br>In fact, it is a three-space building. The entrance part is called the hall, popularly called the granary. In the past it was a place reserved for catechumens and penitents. Symbolically, it represents purgatory or the suffering Church.<br>The next part is the boat. It is where the faithful participating in the ceremonies are concentrated. Symbolically, it represents the wandering Church, i.e. Christians living on earth. The third part, located behind the iconostasis - the picture wall, is called the sanctuary. It represents the kingdom of heaven - paradise and also the triumphant glorified Church in heaven. The precious iconostasis consists of icons from different time periods. In the main row in the center are carved royal doors with medallions of the Evangelists and scenes of the Annunciation. Together with the icons of St Nicholas, the Mother of God Hodigitria, Christ the Teacher and St Luke the Apostle, they date from the beginning of the 18th century. The iconostasis has a four-aisle architecture placed on four floors. It is tuned in brick-red colour. The blue framing of the frames of the Tsar's door is unusual. The columns and icon frames are gilded, the Tsar's door is decorated with bunches of grapes.<br>There is no similar iconostasis from this period anywhere in Slovakia in such a well-preserved condition and in such numbers. There is also a cross painted in the 17th century, an icon of the Crucifixion from the 19th century and an icon of the Passion of Christ from the 18th century. In the centre of the icon is Christ with the wounds of the Passion and around him are depicted objects related to his Passion.</p>



<p>Source : www.drevenchramy.sk</p>



<p>Photo: Henryk Bielamowicz, cergov.sk</p>

<!-- This site is optimized with the Yoast SEO Premium plugin v26.3 (Yoast SEO v26.8) - https://yoast.com/product/yoast-seo-premium-wordpress/ -->
<title>Drevený gréckokatolícky chrám svätého Lukáša, Krivé - OOCR Šariš</title>
<meta name="robots" content="index, follow, max-snippet:-1, max-image-preview:large, max-video-preview:-1" />
<link rel="canonical" href="https://www.regionsaris.sk/en/nabozensky-turizmus/dreveny-greckokatolicky-chram-svateho-lukasa-krive/" />
<meta property="og:locale" content="en_GB" />
<meta property="og:type" content="article" />
<meta property="og:title" content="Drevený gréckokatolícky chrám svätého Lukáša, Krivé" />
<meta property="og:description" content="Drevený gréckokatolícky chrám v obci Krivé, zasvätený svätému apoštolovi a evanjelistovi Lukášovi je charakteristicky svojou..." />
<meta property="og:url" content="https://www.regionsaris.sk/en/nabozensky-turizmus/dreveny-greckokatolicky-chram-svateho-lukasa-krive/" />
<meta property="og:site_name" content="OOCR Šariš" />
<meta property="article:modified_time" content="2026-02-05T12:47:27+00:00" />
<meta property="og:image" content="https://www.regionsaris.sk/wp-content/uploads/2026/01/krive259-thumb.jpg" />
	<meta property="og:image:width" content="600" />
	<meta property="og:image:height" content="400" />
	<meta property="og:image:type" content="image/jpeg" />
<meta name="twitter:card" content="summary_large_image" />
<meta name="twitter:label1" content="Estimated reading time" />
	<meta name="twitter:data1" content="2 minutes" />
<script type="application/ld+json" class="yoast-schema-graph">{"@context":"https://schema.org","@graph":[{"@type":"WebPage","@id":"https://www.regionsaris.sk/nabozensky-turizmus/dreveny-greckokatolicky-chram-svateho-lukasa-krive/","url":"https://www.regionsaris.sk/nabozensky-turizmus/dreveny-greckokatolicky-chram-svateho-lukasa-krive/","name":"Drevený gréckokatolícky chrám svätého Lukáša, Krivé - OOCR Šariš","isPartOf":{"@id":"https://www.regionsaris.sk/#website"},"primaryImageOfPage":{"@id":"https://www.regionsaris.sk/nabozensky-turizmus/dreveny-greckokatolicky-chram-svateho-lukasa-krive/#primaryimage"},"image":{"@id":"https://www.regionsaris.sk/nabozensky-turizmus/dreveny-greckokatolicky-chram-svateho-lukasa-krive/#primaryimage"},"thumbnailUrl":"https://www.regionsaris.sk/wp-content/uploads/2026/01/krive259-thumb.jpg","datePublished":"2026-01-07T11:44:59+00:00","dateModified":"2026-02-05T12:47:27+00:00","breadcrumb":{"@id":"https://www.regionsaris.sk/nabozensky-turizmus/dreveny-greckokatolicky-chram-svateho-lukasa-krive/#breadcrumb"},"inLanguage":"en-GB","potentialAction":[{"@type":"ReadAction","target":["https://www.regionsaris.sk/nabozensky-turizmus/dreveny-greckokatolicky-chram-svateho-lukasa-krive/"]}]},{"@type":"ImageObject","inLanguage":"en-GB","@id":"https://www.regionsaris.sk/nabozensky-turizmus/dreveny-greckokatolicky-chram-svateho-lukasa-krive/#primaryimage","url":"https://www.regionsaris.sk/wp-content/uploads/2026/01/krive259-thumb.jpg","contentUrl":"https://www.regionsaris.sk/wp-content/uploads/2026/01/krive259-thumb.jpg","width":600,"height":400},{"@type":"BreadcrumbList","@id":"https://www.regionsaris.sk/nabozensky-turizmus/dreveny-greckokatolicky-chram-svateho-lukasa-krive/#breadcrumb","itemListElement":[{"@type":"ListItem","position":1,"name":"Domov","item":"https://www.regionsaris.sk/"},{"@type":"ListItem","position":2,"name":"Náboženský turizmus v regióne","item":"https://www.regionsaris.sk/nabozensky-turizmus-v-regione/"},{"@type":"ListItem","position":3,"name":"Drevený gréckokatolícky chrám svätého Lukáša, Krivé"}]},{"@type":"WebSite","@id":"https://www.regionsaris.sk/#website","url":"https://www.regionsaris.sk/","name":"OOCR Šariš","description":"","potentialAction":[{"@type":"SearchAction","target":{"@type":"EntryPoint","urlTemplate":"https://www.regionsaris.sk/?s={search_term_string}"},"query-input":{"@type":"PropertyValueSpecification","valueRequired":true,"valueName":"search_term_string"}}],"inLanguage":"en-GB"}]}</script>
<!-- / Yoast SEO Premium plugin. -->

Drevený gréckokatolícky chrám svätého Lukáša, Krivé - OOCR Šariš

Drevený gréckokatolícky chrám svätého Lukáša, Krivé

Drevený gréckokatolícky chrám v obci Krivé, zasvätený svätému apoštolovi a evanjelistovi Lukášovi je charakteristicky svojou...

OOCR Šariš

Náboženský turizmus v regióne
