{"id":2581,"date":"2026-01-07T12:45:00","date_gmt":"2026-01-07T11:45:00","guid":{"rendered":"https:\/\/www.regionsaris.sk\/?post_type=nabozensky-turizmus&#038;p=2581"},"modified":"2026-02-05T13:46:09","modified_gmt":"2026-02-05T12:46:09","slug":"dreveny-greckokatolicky-chram-sv-archanjela-michala-fricka","status":"publish","type":"nabozensky-turizmus","link":"https:\/\/www.regionsaris.sk\/en\/nabozensky-turizmus\/dreveny-greckokatolicky-chram-sv-archanjela-michala-fricka\/","title":{"rendered":"Wooden Greek-Catholic Church of St. Michael the Archangel, Fri\u010dka"},"content":{"rendered":"<p><strong>Wooden filial church in Fri\u010dka\u00a0<\/strong>was built on a slight elevation in the middle of the village in 1829. From this period, the church has retained its present appearance, although it underwent extensive modifications in 1933 and 1971. It is dedicated to St. Michael the Archangel. Structurally, it is a three-part, three-space, two-towered church with three crosses. The temple is built on a stone foundation. The construction of the temple is log, with columns at the tower.<br>The west side is dominated by a massive tower with space for three bells, the oldest of which dates back to 1697.<br>In the temple there is an iconostasis made of wood, separating the sanctuary and the nave. It dates from the 18th and 19th centuries.<br>The iconostasis has a five-aisle architecture. The first - the main row is composed of the following icons: St. Bishop Nicholas, the Mother of God Hodigitria, Christ the Teacher, the patronizing icon of St. Michael the Archangel. The second row of icons are the icons of the feasts, which are unconventionally partitioned by the Veraikon. The following third row is made up of icons of the Apostles, with the icon of Christ the High Priest in the centre. The fourth row of prophets consists of six icons with pairs of figures. The fifth row is placed below the main icons. These four icons depict events: St. Nicholas Bishop calms the sea, St. Anthony and Theodosius, the Three Hierarchs, St. John the Baptist. The iconostasis ends with the Crucifixion, with the figures of the Mother of God and St. John the Evangelist on the sides.<br>Within the iconostasis there is a richly carved Tsar's door with six medallions depicting the four Evangelists and scenes from the Annunciation. The space above the two deacon's doors is filled with the icon of the Last Supper and the icon of the Entombment of Jesus. The painting of the ceiling of the sanctuary dates from the 20th century.<\/p>\n\n\n\n<p>Source : www.drevenechramy.sk, wikipedia<\/p>","protected":false},"featured_media":2582,"template":"","meta":{"_acf_changed":false},"kategoria-poi":[186,168],"lokalita":[178],"sezona-poi":[12],"trvanie-vyletu":[217,180],"class_list":["post-2581","nabozensky-turizmus","type-nabozensky-turizmus","status-publish","has-post-thumbnail","hentry","kategoria-poi-drevene-chramy","kategoria-poi-nabozensky-turizmus","lokalita-bardejov-a-okolie","sezona-poi-celorocne","trvanie-vyletu-kratke-vylety","trvanie-vyletu-poldenne-vylety"],"acf":[],"yoast_head":"<!-- This site is optimized with the Yoast SEO Premium plugin v26.3 (Yoast SEO v26.8) - https:\/\/yoast.com\/product\/yoast-seo-premium-wordpress\/ -->\n<title>Dreven\u00fd gr\u00e9ckokatol\u00edcky chr\u00e1m sv. archanjela Michala, Fri\u010dka - OOCR \u0160ari\u0161<\/title>\n<meta name=\"robots\" content=\"index, follow, max-snippet:-1, max-image-preview:large, max-video-preview:-1\" \/>\n<link rel=\"canonical\" href=\"https:\/\/www.regionsaris.sk\/en\/nabozensky-turizmus\/dreveny-greckokatolicky-chram-sv-archanjela-michala-fricka\/\" \/>\n<meta property=\"og:locale\" content=\"en_GB\" \/>\n<meta property=\"og:type\" content=\"article\" \/>\n<meta property=\"og:title\" content=\"Dreven\u00fd gr\u00e9ckokatol\u00edcky chr\u00e1m sv. archanjela Michala, Fri\u010dka\" \/>\n<meta property=\"og:description\" content=\"Dreven\u00fd fili\u00e1lny chr\u00e1m vo Fri\u010dke\u00a0bol postaven\u00fd na miernej vyv\u00fd\u0161enine uprostred dediny v roku 1829. Z...\" \/>\n<meta property=\"og:url\" content=\"https:\/\/www.regionsaris.sk\/en\/nabozensky-turizmus\/dreveny-greckokatolicky-chram-sv-archanjela-michala-fricka\/\" \/>\n<meta property=\"og:site_name\" content=\"OOCR \u0160ari\u0161\" \/>\n<meta property=\"article:modified_time\" content=\"2026-02-05T12:46:09+00:00\" \/>\n<meta property=\"og:image\" content=\"https:\/\/www.regionsaris.sk\/wp-content\/uploads\/2026\/01\/Fricka255-thumb.jpg\" \/>\n\t<meta property=\"og:image:width\" content=\"600\" \/>\n\t<meta property=\"og:image:height\" content=\"400\" \/>\n\t<meta property=\"og:image:type\" content=\"image\/jpeg\" \/>\n<meta name=\"twitter:card\" content=\"summary_large_image\" \/>\n<meta name=\"twitter:label1\" content=\"Estimated reading time\" \/>\n\t<meta name=\"twitter:data1\" content=\"2 minutes\" \/>\n<script type=\"application\/ld+json\" class=\"yoast-schema-graph\">{\"@context\":\"https:\/\/schema.org\",\"@graph\":[{\"@type\":\"WebPage\",\"@id\":\"https:\/\/www.regionsaris.sk\/nabozensky-turizmus\/dreveny-greckokatolicky-chram-sv-archanjela-michala-fricka\/\",\"url\":\"https:\/\/www.regionsaris.sk\/nabozensky-turizmus\/dreveny-greckokatolicky-chram-sv-archanjela-michala-fricka\/\",\"name\":\"Dreven\u00fd gr\u00e9ckokatol\u00edcky chr\u00e1m sv. archanjela Michala, Fri\u010dka - OOCR \u0160ari\u0161\",\"isPartOf\":{\"@id\":\"https:\/\/www.regionsaris.sk\/#website\"},\"primaryImageOfPage\":{\"@id\":\"https:\/\/www.regionsaris.sk\/nabozensky-turizmus\/dreveny-greckokatolicky-chram-sv-archanjela-michala-fricka\/#primaryimage\"},\"image\":{\"@id\":\"https:\/\/www.regionsaris.sk\/nabozensky-turizmus\/dreveny-greckokatolicky-chram-sv-archanjela-michala-fricka\/#primaryimage\"},\"thumbnailUrl\":\"https:\/\/www.regionsaris.sk\/wp-content\/uploads\/2026\/01\/Fricka255-thumb.jpg\",\"datePublished\":\"2026-01-07T11:45:00+00:00\",\"dateModified\":\"2026-02-05T12:46:09+00:00\",\"breadcrumb\":{\"@id\":\"https:\/\/www.regionsaris.sk\/nabozensky-turizmus\/dreveny-greckokatolicky-chram-sv-archanjela-michala-fricka\/#breadcrumb\"},\"inLanguage\":\"en-GB\",\"potentialAction\":[{\"@type\":\"ReadAction\",\"target\":[\"https:\/\/www.regionsaris.sk\/nabozensky-turizmus\/dreveny-greckokatolicky-chram-sv-archanjela-michala-fricka\/\"]}]},{\"@type\":\"ImageObject\",\"inLanguage\":\"en-GB\",\"@id\":\"https:\/\/www.regionsaris.sk\/nabozensky-turizmus\/dreveny-greckokatolicky-chram-sv-archanjela-michala-fricka\/#primaryimage\",\"url\":\"https:\/\/www.regionsaris.sk\/wp-content\/uploads\/2026\/01\/Fricka255-thumb.jpg\",\"contentUrl\":\"https:\/\/www.regionsaris.sk\/wp-content\/uploads\/2026\/01\/Fricka255-thumb.jpg\",\"width\":600,\"height\":400},{\"@type\":\"BreadcrumbList\",\"@id\":\"https:\/\/www.regionsaris.sk\/nabozensky-turizmus\/dreveny-greckokatolicky-chram-sv-archanjela-michala-fricka\/#breadcrumb\",\"itemListElement\":[{\"@type\":\"ListItem\",\"position\":1,\"name\":\"Domov\",\"item\":\"https:\/\/www.regionsaris.sk\/\"},{\"@type\":\"ListItem\",\"position\":2,\"name\":\"N\u00e1bo\u017eensk\u00fd turizmus v regi\u00f3ne\",\"item\":\"https:\/\/www.regionsaris.sk\/nabozensky-turizmus-v-regione\/\"},{\"@type\":\"ListItem\",\"position\":3,\"name\":\"Dreven\u00fd gr\u00e9ckokatol\u00edcky chr\u00e1m sv. archanjela Michala, Fri\u010dka\"}]},{\"@type\":\"WebSite\",\"@id\":\"https:\/\/www.regionsaris.sk\/#website\",\"url\":\"https:\/\/www.regionsaris.sk\/\",\"name\":\"OOCR \u0160ari\u0161\",\"description\":\"\",\"potentialAction\":[{\"@type\":\"SearchAction\",\"target\":{\"@type\":\"EntryPoint\",\"urlTemplate\":\"https:\/\/www.regionsaris.sk\/?s={search_term_string}\"},\"query-input\":{\"@type\":\"PropertyValueSpecification\",\"valueRequired\":true,\"valueName\":\"search_term_string\"}}],\"inLanguage\":\"en-GB\"}]}<\/script>\n<!-- \/ Yoast SEO Premium plugin. -->","yoast_head_json":{"title":"Dreven\u00fd gr\u00e9ckokatol\u00edcky chr\u00e1m sv. archanjela Michala, Fri\u010dka - OOCR \u0160ari\u0161","robots":{"index":"index","follow":"follow","max-snippet":"max-snippet:-1","max-image-preview":"max-image-preview:large","max-video-preview":"max-video-preview:-1"},"canonical":"https:\/\/www.regionsaris.sk\/en\/nabozensky-turizmus\/dreveny-greckokatolicky-chram-sv-archanjela-michala-fricka\/","og_locale":"en_GB","og_type":"article","og_title":"Dreven\u00fd gr\u00e9ckokatol\u00edcky chr\u00e1m sv. archanjela Michala, Fri\u010dka","og_description":"Dreven\u00fd fili\u00e1lny chr\u00e1m vo Fri\u010dke\u00a0bol postaven\u00fd na miernej vyv\u00fd\u0161enine uprostred dediny v roku 1829. Z...","og_url":"https:\/\/www.regionsaris.sk\/en\/nabozensky-turizmus\/dreveny-greckokatolicky-chram-sv-archanjela-michala-fricka\/","og_site_name":"OOCR \u0160ari\u0161","article_modified_time":"2026-02-05T12:46:09+00:00","og_image":[{"width":600,"height":400,"url":"https:\/\/www.regionsaris.sk\/wp-content\/uploads\/2026\/01\/Fricka255-thumb.jpg","type":"image\/jpeg"}],"twitter_card":"summary_large_image","twitter_misc":{"Estimated reading time":"2 minutes"},"schema":{"@context":"https:\/\/schema.org","@graph":[{"@type":"WebPage","@id":"https:\/\/www.regionsaris.sk\/nabozensky-turizmus\/dreveny-greckokatolicky-chram-sv-archanjela-michala-fricka\/","url":"https:\/\/www.regionsaris.sk\/nabozensky-turizmus\/dreveny-greckokatolicky-chram-sv-archanjela-michala-fricka\/","name":"Dreven\u00fd gr\u00e9ckokatol\u00edcky chr\u00e1m sv. archanjela Michala, Fri\u010dka - OOCR \u0160ari\u0161","isPartOf":{"@id":"https:\/\/www.regionsaris.sk\/#website"},"primaryImageOfPage":{"@id":"https:\/\/www.regionsaris.sk\/nabozensky-turizmus\/dreveny-greckokatolicky-chram-sv-archanjela-michala-fricka\/#primaryimage"},"image":{"@id":"https:\/\/www.regionsaris.sk\/nabozensky-turizmus\/dreveny-greckokatolicky-chram-sv-archanjela-michala-fricka\/#primaryimage"},"thumbnailUrl":"https:\/\/www.regionsaris.sk\/wp-content\/uploads\/2026\/01\/Fricka255-thumb.jpg","datePublished":"2026-01-07T11:45:00+00:00","dateModified":"2026-02-05T12:46:09+00:00","breadcrumb":{"@id":"https:\/\/www.regionsaris.sk\/nabozensky-turizmus\/dreveny-greckokatolicky-chram-sv-archanjela-michala-fricka\/#breadcrumb"},"inLanguage":"en-GB","potentialAction":[{"@type":"ReadAction","target":["https:\/\/www.regionsaris.sk\/nabozensky-turizmus\/dreveny-greckokatolicky-chram-sv-archanjela-michala-fricka\/"]}]},{"@type":"ImageObject","inLanguage":"en-GB","@id":"https:\/\/www.regionsaris.sk\/nabozensky-turizmus\/dreveny-greckokatolicky-chram-sv-archanjela-michala-fricka\/#primaryimage","url":"https:\/\/www.regionsaris.sk\/wp-content\/uploads\/2026\/01\/Fricka255-thumb.jpg","contentUrl":"https:\/\/www.regionsaris.sk\/wp-content\/uploads\/2026\/01\/Fricka255-thumb.jpg","width":600,"height":400},{"@type":"BreadcrumbList","@id":"https:\/\/www.regionsaris.sk\/nabozensky-turizmus\/dreveny-greckokatolicky-chram-sv-archanjela-michala-fricka\/#breadcrumb","itemListElement":[{"@type":"ListItem","position":1,"name":"Domov","item":"https:\/\/www.regionsaris.sk\/"},{"@type":"ListItem","position":2,"name":"N\u00e1bo\u017eensk\u00fd turizmus v regi\u00f3ne","item":"https:\/\/www.regionsaris.sk\/nabozensky-turizmus-v-regione\/"},{"@type":"ListItem","position":3,"name":"Dreven\u00fd gr\u00e9ckokatol\u00edcky chr\u00e1m sv. archanjela Michala, Fri\u010dka"}]},{"@type":"WebSite","@id":"https:\/\/www.regionsaris.sk\/#website","url":"https:\/\/www.regionsaris.sk\/","name":"OOCR \u0160ari\u0161","description":"","potentialAction":[{"@type":"SearchAction","target":{"@type":"EntryPoint","urlTemplate":"https:\/\/www.regionsaris.sk\/?s={search_term_string}"},"query-input":{"@type":"PropertyValueSpecification","valueRequired":true,"valueName":"search_term_string"}}],"inLanguage":"en-GB"}]}},"_links":{"self":[{"href":"https:\/\/www.regionsaris.sk\/en\/wp-json\/wp\/v2\/nabozensky-turizmus\/2581","targetHints":{"allow":["GET"]}}],"collection":[{"href":"https:\/\/www.regionsaris.sk\/en\/wp-json\/wp\/v2\/nabozensky-turizmus"}],"about":[{"href":"https:\/\/www.regionsaris.sk\/en\/wp-json\/wp\/v2\/types\/nabozensky-turizmus"}],"wp:featuredmedia":[{"embeddable":true,"href":"https:\/\/www.regionsaris.sk\/en\/wp-json\/wp\/v2\/media\/2582"}],"wp:attachment":[{"href":"https:\/\/www.regionsaris.sk\/en\/wp-json\/wp\/v2\/media?parent=2581"}],"wp:term":[{"taxonomy":"kategoria-poi","embeddable":true,"href":"https:\/\/www.regionsaris.sk\/en\/wp-json\/wp\/v2\/kategoria-poi?post=2581"},{"taxonomy":"lokalita","embeddable":true,"href":"https:\/\/www.regionsaris.sk\/en\/wp-json\/wp\/v2\/lokalita?post=2581"},{"taxonomy":"sezona-poi","embeddable":true,"href":"https:\/\/www.regionsaris.sk\/en\/wp-json\/wp\/v2\/sezona-poi?post=2581"},{"taxonomy":"trvanie-vyletu","embeddable":true,"href":"https:\/\/www.regionsaris.sk\/en\/wp-json\/wp\/v2\/trvanie-vyletu?post=2581"}],"curies":[{"name":"wp","href":"https:\/\/api.w.org\/{rel}","templated":true}]}}

Wooden Greek-Catholic Church of St. Michael the Archangel, Frička

<p><strong>Wooden filial church in Frička </strong>was built on a slight elevation in the middle of the village in 1829. From this period, the church has retained its present appearance, although it underwent extensive modifications in 1933 and 1971. It is dedicated to St. Michael the Archangel. Structurally, it is a three-part, three-space, two-towered church with three crosses. The temple is built on a stone foundation. The construction of the temple is log, with columns at the tower.<br>The west side is dominated by a massive tower with space for three bells, the oldest of which dates back to 1697.<br>In the temple there is an iconostasis made of wood, separating the sanctuary and the nave. It dates from the 18th and 19th centuries.<br>The iconostasis has a five-aisle architecture. The first - the main row is composed of the following icons: St. Bishop Nicholas, the Mother of God Hodigitria, Christ the Teacher, the patronizing icon of St. Michael the Archangel. The second row of icons are the icons of the feasts, which are unconventionally partitioned by the Veraikon. The following third row is made up of icons of the Apostles, with the icon of Christ the High Priest in the centre. The fourth row of prophets consists of six icons with pairs of figures. The fifth row is placed below the main icons. These four icons depict events: St. Nicholas Bishop calms the sea, St. Anthony and Theodosius, the Three Hierarchs, St. John the Baptist. The iconostasis ends with the Crucifixion, with the figures of the Mother of God and St. John the Evangelist on the sides.<br>Within the iconostasis there is a richly carved Tsar's door with six medallions depicting the four Evangelists and scenes from the Annunciation. The space above the two deacon's doors is filled with the icon of the Last Supper and the icon of the Entombment of Jesus. The painting of the ceiling of the sanctuary dates from the 20th century.</p>



<p>Source : www.drevenechramy.sk, wikipedia</p>

<!-- This site is optimized with the Yoast SEO Premium plugin v26.3 (Yoast SEO v26.8) - https://yoast.com/product/yoast-seo-premium-wordpress/ -->
<title>Drevený gréckokatolícky chrám sv. archanjela Michala, Frička - OOCR Šariš</title>
<meta name="robots" content="index, follow, max-snippet:-1, max-image-preview:large, max-video-preview:-1" />
<link rel="canonical" href="https://www.regionsaris.sk/en/nabozensky-turizmus/dreveny-greckokatolicky-chram-sv-archanjela-michala-fricka/" />
<meta property="og:locale" content="en_GB" />
<meta property="og:type" content="article" />
<meta property="og:title" content="Drevený gréckokatolícky chrám sv. archanjela Michala, Frička" />
<meta property="og:description" content="Drevený filiálny chrám vo Fričke bol postavený na miernej vyvýšenine uprostred dediny v roku 1829. Z..." />
<meta property="og:url" content="https://www.regionsaris.sk/en/nabozensky-turizmus/dreveny-greckokatolicky-chram-sv-archanjela-michala-fricka/" />
<meta property="og:site_name" content="OOCR Šariš" />
<meta property="article:modified_time" content="2026-02-05T12:46:09+00:00" />
<meta property="og:image" content="https://www.regionsaris.sk/wp-content/uploads/2026/01/Fricka255-thumb.jpg" />
	<meta property="og:image:width" content="600" />
	<meta property="og:image:height" content="400" />
	<meta property="og:image:type" content="image/jpeg" />
<meta name="twitter:card" content="summary_large_image" />
<meta name="twitter:label1" content="Estimated reading time" />
	<meta name="twitter:data1" content="2 minutes" />
<script type="application/ld+json" class="yoast-schema-graph">{"@context":"https://schema.org","@graph":[{"@type":"WebPage","@id":"https://www.regionsaris.sk/nabozensky-turizmus/dreveny-greckokatolicky-chram-sv-archanjela-michala-fricka/","url":"https://www.regionsaris.sk/nabozensky-turizmus/dreveny-greckokatolicky-chram-sv-archanjela-michala-fricka/","name":"Drevený gréckokatolícky chrám sv. archanjela Michala, Frička - OOCR Šariš","isPartOf":{"@id":"https://www.regionsaris.sk/#website"},"primaryImageOfPage":{"@id":"https://www.regionsaris.sk/nabozensky-turizmus/dreveny-greckokatolicky-chram-sv-archanjela-michala-fricka/#primaryimage"},"image":{"@id":"https://www.regionsaris.sk/nabozensky-turizmus/dreveny-greckokatolicky-chram-sv-archanjela-michala-fricka/#primaryimage"},"thumbnailUrl":"https://www.regionsaris.sk/wp-content/uploads/2026/01/Fricka255-thumb.jpg","datePublished":"2026-01-07T11:45:00+00:00","dateModified":"2026-02-05T12:46:09+00:00","breadcrumb":{"@id":"https://www.regionsaris.sk/nabozensky-turizmus/dreveny-greckokatolicky-chram-sv-archanjela-michala-fricka/#breadcrumb"},"inLanguage":"en-GB","potentialAction":[{"@type":"ReadAction","target":["https://www.regionsaris.sk/nabozensky-turizmus/dreveny-greckokatolicky-chram-sv-archanjela-michala-fricka/"]}]},{"@type":"ImageObject","inLanguage":"en-GB","@id":"https://www.regionsaris.sk/nabozensky-turizmus/dreveny-greckokatolicky-chram-sv-archanjela-michala-fricka/#primaryimage","url":"https://www.regionsaris.sk/wp-content/uploads/2026/01/Fricka255-thumb.jpg","contentUrl":"https://www.regionsaris.sk/wp-content/uploads/2026/01/Fricka255-thumb.jpg","width":600,"height":400},{"@type":"BreadcrumbList","@id":"https://www.regionsaris.sk/nabozensky-turizmus/dreveny-greckokatolicky-chram-sv-archanjela-michala-fricka/#breadcrumb","itemListElement":[{"@type":"ListItem","position":1,"name":"Domov","item":"https://www.regionsaris.sk/"},{"@type":"ListItem","position":2,"name":"Náboženský turizmus v regióne","item":"https://www.regionsaris.sk/nabozensky-turizmus-v-regione/"},{"@type":"ListItem","position":3,"name":"Drevený gréckokatolícky chrám sv. archanjela Michala, Frička"}]},{"@type":"WebSite","@id":"https://www.regionsaris.sk/#website","url":"https://www.regionsaris.sk/","name":"OOCR Šariš","description":"","potentialAction":[{"@type":"SearchAction","target":{"@type":"EntryPoint","urlTemplate":"https://www.regionsaris.sk/?s={search_term_string}"},"query-input":{"@type":"PropertyValueSpecification","valueRequired":true,"valueName":"search_term_string"}}],"inLanguage":"en-GB"}]}</script>
<!-- / Yoast SEO Premium plugin. -->

Drevený gréckokatolícky chrám sv. archanjela Michala, Frička - OOCR Šariš

Drevený gréckokatolícky chrám sv. archanjela Michala, Frička

Drevený filiálny chrám vo Fričke bol postavený na miernej vyvýšenine uprostred dediny v roku 1829. Z...

OOCR Šariš

Náboženský turizmus v regióne
