{"id":2565,"date":"2026-01-07T12:45:04","date_gmt":"2026-01-07T11:45:04","guid":{"rendered":"https:\/\/www.regionsaris.sk\/?post_type=nabozensky-turizmus&#038;p=2565"},"modified":"2026-02-05T13:43:09","modified_gmt":"2026-02-05T12:43:09","slug":"dreveny-chram-sv-bazila-velkeho-krajne-cierno","status":"publish","type":"nabozensky-turizmus","link":"https:\/\/www.regionsaris.sk\/en\/nabozensky-turizmus\/dreveny-chram-sv-bazila-velkeho-krajne-cierno\/","title":{"rendered":"Wooden Church of St. Basil the Great, Krajn\u00e9 \u010cierno"},"content":{"rendered":"<p><strong>Church of St. Basil the Great<\/strong> is a Greek-Catholic church in the village of Krajn\u00e9 \u010cierno in the Svidn\u00edk district.<\/p>\n\n\n\n<p>The three-part log church of St. Basil the Great was built at the end of the 18th century. The exterior of the log cabin is covered with shingles. The roofing is also shingles made of hand-split logs of conifers. The plan of the church consists of three squares arranged in a single line, beginning on the east side with the presbytery, a square nave, and ending on the west with the nave. The width of the nave is identical to that of the nave. In the sanctuary and nave there is a log system of internal arrangement. Both spaces are surmounted by domes in the form of truncated spires. The tower over the nave is approximately the same dimensions as the width of the chancel. The protection of the tower is realized by vertical boards made of coniferous wood and not of shingles as in other parts of the church. These two spaces, separated from each other by the nave, harmonise with each other and create an optically unified system of the whole building.<\/p>\n\n\n\n<p>The two-tiered quadrangular tent roof over the nave on the ridge has a small conical roof (not with onion extensions as in Ladomirova, Hunkovce, Bodru\u017eali and Miroli), on which there is a wrought metal cross. The roof over the presbytery is modified, hipped on one side, anchored to the nave, on the ridge with a square superstructure topped with a conical roof with a cross.<\/p>\n\n\n\n<p>The architecture of the church belongs to the Byzantine sacral buildings where the Eastern rite and the Church liturgy of John Chrysostom is performed. The interior of the church consists of a Baroque iconostasis with polychrome wood carvings and icons that were made in the 18th century. There are also icons from an earlier period in the church. The church is enclosed by a wooden log enclosure with a shingled roof. The entrance to the church building is through a gate with a conical roof covered with shingles. The church was restored between 1947 and 1948 and at the beginning of the 21st century.<\/p>\n\n\n\n<p>It is noteworthy that at the beginning of the village there is still one wooden church covered with tin roofing.<\/p>\n\n\n\n<p>An interesting feature of the wooden churches in the region of Svidnica is that they were built during the reign of Maria Theresa.<\/p>\n\n\n\n<p>Source: <a href=\"http:\/\/www.drevenchramy.sk\/\">www.drevenchramy.sk<\/a><\/p>\n\n\n\n<p>Photos:<strong>\u00a0<\/strong>Henryk Bielamowicz<\/p>","protected":false},"featured_media":2566,"template":"","meta":{"_acf_changed":false},"kategoria-poi":[186,168],"lokalita":[115],"sezona-poi":[12],"trvanie-vyletu":[180],"class_list":["post-2565","nabozensky-turizmus","type-nabozensky-turizmus","status-publish","has-post-thumbnail","hentry","kategoria-poi-drevene-chramy","kategoria-poi-nabozensky-turizmus","lokalita-svidnik-a-okolie","sezona-poi-celorocne","trvanie-vyletu-poldenne-vylety"],"acf":[],"yoast_head":"<!-- This site is optimized with the Yoast SEO Premium plugin v26.3 (Yoast SEO v26.8) - https:\/\/yoast.com\/product\/yoast-seo-premium-wordpress\/ -->\n<title>Dreven\u00fd chr\u00e1m Sv. Bazila Ve\u013ek\u00e9ho, Krajn\u00e9 \u010cierno - OOCR \u0160ari\u0161<\/title>\n<meta name=\"robots\" content=\"index, follow, max-snippet:-1, max-image-preview:large, max-video-preview:-1\" \/>\n<link rel=\"canonical\" href=\"https:\/\/www.regionsaris.sk\/en\/nabozensky-turizmus\/dreveny-chram-sv-bazila-velkeho-krajne-cierno\/\" \/>\n<meta property=\"og:locale\" content=\"en_GB\" \/>\n<meta property=\"og:type\" content=\"article\" \/>\n<meta property=\"og:title\" content=\"Dreven\u00fd chr\u00e1m Sv. Bazila Ve\u013ek\u00e9ho, Krajn\u00e9 \u010cierno\" \/>\n<meta property=\"og:description\" content=\"Chr\u00e1m sv\u00e4t\u00e9ho Bazila Ve\u013ek\u00e9ho je gr\u00e9ckokatol\u00edcka cerkva v obci Krajn\u00e9 \u010cierno v okrese Svidn\u00edk. Trojdielna...\" \/>\n<meta property=\"og:url\" content=\"https:\/\/www.regionsaris.sk\/en\/nabozensky-turizmus\/dreveny-chram-sv-bazila-velkeho-krajne-cierno\/\" \/>\n<meta property=\"og:site_name\" content=\"OOCR \u0160ari\u0161\" \/>\n<meta property=\"article:modified_time\" content=\"2026-02-05T12:43:09+00:00\" \/>\n<meta property=\"og:image\" content=\"https:\/\/www.regionsaris.sk\/wp-content\/uploads\/2026\/01\/krajne-cierno245-thumb.jpg\" \/>\n\t<meta property=\"og:image:width\" content=\"600\" \/>\n\t<meta property=\"og:image:height\" content=\"400\" \/>\n\t<meta property=\"og:image:type\" content=\"image\/jpeg\" \/>\n<meta name=\"twitter:card\" content=\"summary_large_image\" \/>\n<meta name=\"twitter:label1\" content=\"Estimated reading time\" \/>\n\t<meta name=\"twitter:data1\" content=\"2 minutes\" \/>\n<script type=\"application\/ld+json\" class=\"yoast-schema-graph\">{\"@context\":\"https:\/\/schema.org\",\"@graph\":[{\"@type\":\"WebPage\",\"@id\":\"https:\/\/www.regionsaris.sk\/nabozensky-turizmus\/dreveny-chram-sv-bazila-velkeho-krajne-cierno\/\",\"url\":\"https:\/\/www.regionsaris.sk\/nabozensky-turizmus\/dreveny-chram-sv-bazila-velkeho-krajne-cierno\/\",\"name\":\"Dreven\u00fd chr\u00e1m Sv. Bazila Ve\u013ek\u00e9ho, Krajn\u00e9 \u010cierno - OOCR \u0160ari\u0161\",\"isPartOf\":{\"@id\":\"https:\/\/www.regionsaris.sk\/#website\"},\"primaryImageOfPage\":{\"@id\":\"https:\/\/www.regionsaris.sk\/nabozensky-turizmus\/dreveny-chram-sv-bazila-velkeho-krajne-cierno\/#primaryimage\"},\"image\":{\"@id\":\"https:\/\/www.regionsaris.sk\/nabozensky-turizmus\/dreveny-chram-sv-bazila-velkeho-krajne-cierno\/#primaryimage\"},\"thumbnailUrl\":\"https:\/\/www.regionsaris.sk\/wp-content\/uploads\/2026\/01\/krajne-cierno245-thumb.jpg\",\"datePublished\":\"2026-01-07T11:45:04+00:00\",\"dateModified\":\"2026-02-05T12:43:09+00:00\",\"breadcrumb\":{\"@id\":\"https:\/\/www.regionsaris.sk\/nabozensky-turizmus\/dreveny-chram-sv-bazila-velkeho-krajne-cierno\/#breadcrumb\"},\"inLanguage\":\"en-GB\",\"potentialAction\":[{\"@type\":\"ReadAction\",\"target\":[\"https:\/\/www.regionsaris.sk\/nabozensky-turizmus\/dreveny-chram-sv-bazila-velkeho-krajne-cierno\/\"]}]},{\"@type\":\"ImageObject\",\"inLanguage\":\"en-GB\",\"@id\":\"https:\/\/www.regionsaris.sk\/nabozensky-turizmus\/dreveny-chram-sv-bazila-velkeho-krajne-cierno\/#primaryimage\",\"url\":\"https:\/\/www.regionsaris.sk\/wp-content\/uploads\/2026\/01\/krajne-cierno245-thumb.jpg\",\"contentUrl\":\"https:\/\/www.regionsaris.sk\/wp-content\/uploads\/2026\/01\/krajne-cierno245-thumb.jpg\",\"width\":600,\"height\":400},{\"@type\":\"BreadcrumbList\",\"@id\":\"https:\/\/www.regionsaris.sk\/nabozensky-turizmus\/dreveny-chram-sv-bazila-velkeho-krajne-cierno\/#breadcrumb\",\"itemListElement\":[{\"@type\":\"ListItem\",\"position\":1,\"name\":\"Domov\",\"item\":\"https:\/\/www.regionsaris.sk\/\"},{\"@type\":\"ListItem\",\"position\":2,\"name\":\"N\u00e1bo\u017eensk\u00fd turizmus v regi\u00f3ne\",\"item\":\"https:\/\/www.regionsaris.sk\/nabozensky-turizmus-v-regione\/\"},{\"@type\":\"ListItem\",\"position\":3,\"name\":\"Dreven\u00fd chr\u00e1m Sv. Bazila Ve\u013ek\u00e9ho, Krajn\u00e9 \u010cierno\"}]},{\"@type\":\"WebSite\",\"@id\":\"https:\/\/www.regionsaris.sk\/#website\",\"url\":\"https:\/\/www.regionsaris.sk\/\",\"name\":\"OOCR \u0160ari\u0161\",\"description\":\"\",\"potentialAction\":[{\"@type\":\"SearchAction\",\"target\":{\"@type\":\"EntryPoint\",\"urlTemplate\":\"https:\/\/www.regionsaris.sk\/?s={search_term_string}\"},\"query-input\":{\"@type\":\"PropertyValueSpecification\",\"valueRequired\":true,\"valueName\":\"search_term_string\"}}],\"inLanguage\":\"en-GB\"}]}<\/script>\n<!-- \/ Yoast SEO Premium plugin. -->","yoast_head_json":{"title":"Dreven\u00fd chr\u00e1m Sv. Bazila Ve\u013ek\u00e9ho, Krajn\u00e9 \u010cierno - OOCR \u0160ari\u0161","robots":{"index":"index","follow":"follow","max-snippet":"max-snippet:-1","max-image-preview":"max-image-preview:large","max-video-preview":"max-video-preview:-1"},"canonical":"https:\/\/www.regionsaris.sk\/en\/nabozensky-turizmus\/dreveny-chram-sv-bazila-velkeho-krajne-cierno\/","og_locale":"en_GB","og_type":"article","og_title":"Dreven\u00fd chr\u00e1m Sv. Bazila Ve\u013ek\u00e9ho, Krajn\u00e9 \u010cierno","og_description":"Chr\u00e1m sv\u00e4t\u00e9ho Bazila Ve\u013ek\u00e9ho je gr\u00e9ckokatol\u00edcka cerkva v obci Krajn\u00e9 \u010cierno v okrese Svidn\u00edk. Trojdielna...","og_url":"https:\/\/www.regionsaris.sk\/en\/nabozensky-turizmus\/dreveny-chram-sv-bazila-velkeho-krajne-cierno\/","og_site_name":"OOCR \u0160ari\u0161","article_modified_time":"2026-02-05T12:43:09+00:00","og_image":[{"width":600,"height":400,"url":"https:\/\/www.regionsaris.sk\/wp-content\/uploads\/2026\/01\/krajne-cierno245-thumb.jpg","type":"image\/jpeg"}],"twitter_card":"summary_large_image","twitter_misc":{"Estimated reading time":"2 minutes"},"schema":{"@context":"https:\/\/schema.org","@graph":[{"@type":"WebPage","@id":"https:\/\/www.regionsaris.sk\/nabozensky-turizmus\/dreveny-chram-sv-bazila-velkeho-krajne-cierno\/","url":"https:\/\/www.regionsaris.sk\/nabozensky-turizmus\/dreveny-chram-sv-bazila-velkeho-krajne-cierno\/","name":"Dreven\u00fd chr\u00e1m Sv. Bazila Ve\u013ek\u00e9ho, Krajn\u00e9 \u010cierno - OOCR \u0160ari\u0161","isPartOf":{"@id":"https:\/\/www.regionsaris.sk\/#website"},"primaryImageOfPage":{"@id":"https:\/\/www.regionsaris.sk\/nabozensky-turizmus\/dreveny-chram-sv-bazila-velkeho-krajne-cierno\/#primaryimage"},"image":{"@id":"https:\/\/www.regionsaris.sk\/nabozensky-turizmus\/dreveny-chram-sv-bazila-velkeho-krajne-cierno\/#primaryimage"},"thumbnailUrl":"https:\/\/www.regionsaris.sk\/wp-content\/uploads\/2026\/01\/krajne-cierno245-thumb.jpg","datePublished":"2026-01-07T11:45:04+00:00","dateModified":"2026-02-05T12:43:09+00:00","breadcrumb":{"@id":"https:\/\/www.regionsaris.sk\/nabozensky-turizmus\/dreveny-chram-sv-bazila-velkeho-krajne-cierno\/#breadcrumb"},"inLanguage":"en-GB","potentialAction":[{"@type":"ReadAction","target":["https:\/\/www.regionsaris.sk\/nabozensky-turizmus\/dreveny-chram-sv-bazila-velkeho-krajne-cierno\/"]}]},{"@type":"ImageObject","inLanguage":"en-GB","@id":"https:\/\/www.regionsaris.sk\/nabozensky-turizmus\/dreveny-chram-sv-bazila-velkeho-krajne-cierno\/#primaryimage","url":"https:\/\/www.regionsaris.sk\/wp-content\/uploads\/2026\/01\/krajne-cierno245-thumb.jpg","contentUrl":"https:\/\/www.regionsaris.sk\/wp-content\/uploads\/2026\/01\/krajne-cierno245-thumb.jpg","width":600,"height":400},{"@type":"BreadcrumbList","@id":"https:\/\/www.regionsaris.sk\/nabozensky-turizmus\/dreveny-chram-sv-bazila-velkeho-krajne-cierno\/#breadcrumb","itemListElement":[{"@type":"ListItem","position":1,"name":"Domov","item":"https:\/\/www.regionsaris.sk\/"},{"@type":"ListItem","position":2,"name":"N\u00e1bo\u017eensk\u00fd turizmus v regi\u00f3ne","item":"https:\/\/www.regionsaris.sk\/nabozensky-turizmus-v-regione\/"},{"@type":"ListItem","position":3,"name":"Dreven\u00fd chr\u00e1m Sv. Bazila Ve\u013ek\u00e9ho, Krajn\u00e9 \u010cierno"}]},{"@type":"WebSite","@id":"https:\/\/www.regionsaris.sk\/#website","url":"https:\/\/www.regionsaris.sk\/","name":"OOCR \u0160ari\u0161","description":"","potentialAction":[{"@type":"SearchAction","target":{"@type":"EntryPoint","urlTemplate":"https:\/\/www.regionsaris.sk\/?s={search_term_string}"},"query-input":{"@type":"PropertyValueSpecification","valueRequired":true,"valueName":"search_term_string"}}],"inLanguage":"en-GB"}]}},"_links":{"self":[{"href":"https:\/\/www.regionsaris.sk\/en\/wp-json\/wp\/v2\/nabozensky-turizmus\/2565","targetHints":{"allow":["GET"]}}],"collection":[{"href":"https:\/\/www.regionsaris.sk\/en\/wp-json\/wp\/v2\/nabozensky-turizmus"}],"about":[{"href":"https:\/\/www.regionsaris.sk\/en\/wp-json\/wp\/v2\/types\/nabozensky-turizmus"}],"wp:featuredmedia":[{"embeddable":true,"href":"https:\/\/www.regionsaris.sk\/en\/wp-json\/wp\/v2\/media\/2566"}],"wp:attachment":[{"href":"https:\/\/www.regionsaris.sk\/en\/wp-json\/wp\/v2\/media?parent=2565"}],"wp:term":[{"taxonomy":"kategoria-poi","embeddable":true,"href":"https:\/\/www.regionsaris.sk\/en\/wp-json\/wp\/v2\/kategoria-poi?post=2565"},{"taxonomy":"lokalita","embeddable":true,"href":"https:\/\/www.regionsaris.sk\/en\/wp-json\/wp\/v2\/lokalita?post=2565"},{"taxonomy":"sezona-poi","embeddable":true,"href":"https:\/\/www.regionsaris.sk\/en\/wp-json\/wp\/v2\/sezona-poi?post=2565"},{"taxonomy":"trvanie-vyletu","embeddable":true,"href":"https:\/\/www.regionsaris.sk\/en\/wp-json\/wp\/v2\/trvanie-vyletu?post=2565"}],"curies":[{"name":"wp","href":"https:\/\/api.w.org\/{rel}","templated":true}]}}

Wooden Church of St. Basil the Great, Krajné Čierno

<p><strong>Church of St. Basil the Great</strong> is a Greek-Catholic church in the village of Krajné Čierno in the Svidník district.</p>



<p>The three-part log church of St. Basil the Great was built at the end of the 18th century. The exterior of the log cabin is covered with shingles. The roofing is also shingles made of hand-split logs of conifers. The plan of the church consists of three squares arranged in a single line, beginning on the east side with the presbytery, a square nave, and ending on the west with the nave. The width of the nave is identical to that of the nave. In the sanctuary and nave there is a log system of internal arrangement. Both spaces are surmounted by domes in the form of truncated spires. The tower over the nave is approximately the same dimensions as the width of the chancel. The protection of the tower is realized by vertical boards made of coniferous wood and not of shingles as in other parts of the church. These two spaces, separated from each other by the nave, harmonise with each other and create an optically unified system of the whole building.</p>



<p>The two-tiered quadrangular tent roof over the nave on the ridge has a small conical roof (not with onion extensions as in Ladomirova, Hunkovce, Bodružali and Miroli), on which there is a wrought metal cross. The roof over the presbytery is modified, hipped on one side, anchored to the nave, on the ridge with a square superstructure topped with a conical roof with a cross.</p>



<p>The architecture of the church belongs to the Byzantine sacral buildings where the Eastern rite and the Church liturgy of John Chrysostom is performed. The interior of the church consists of a Baroque iconostasis with polychrome wood carvings and icons that were made in the 18th century. There are also icons from an earlier period in the church. The church is enclosed by a wooden log enclosure with a shingled roof. The entrance to the church building is through a gate with a conical roof covered with shingles. The church was restored between 1947 and 1948 and at the beginning of the 21st century.</p>



<p>It is noteworthy that at the beginning of the village there is still one wooden church covered with tin roofing.</p>



<p>An interesting feature of the wooden churches in the region of Svidnica is that they were built during the reign of Maria Theresa.</p>



<p>Source: <a href="http://www.drevenchramy.sk/">www.drevenchramy.sk</a></p>



<p>Photos:<strong> </strong>Henryk Bielamowicz</p>

<!-- This site is optimized with the Yoast SEO Premium plugin v26.3 (Yoast SEO v26.8) - https://yoast.com/product/yoast-seo-premium-wordpress/ -->
<title>Drevený chrám Sv. Bazila Veľkého, Krajné Čierno - OOCR Šariš</title>
<meta name="robots" content="index, follow, max-snippet:-1, max-image-preview:large, max-video-preview:-1" />
<link rel="canonical" href="https://www.regionsaris.sk/en/nabozensky-turizmus/dreveny-chram-sv-bazila-velkeho-krajne-cierno/" />
<meta property="og:locale" content="en_GB" />
<meta property="og:type" content="article" />
<meta property="og:title" content="Drevený chrám Sv. Bazila Veľkého, Krajné Čierno" />
<meta property="og:description" content="Chrám svätého Bazila Veľkého je gréckokatolícka cerkva v obci Krajné Čierno v okrese Svidník. Trojdielna..." />
<meta property="og:url" content="https://www.regionsaris.sk/en/nabozensky-turizmus/dreveny-chram-sv-bazila-velkeho-krajne-cierno/" />
<meta property="og:site_name" content="OOCR Šariš" />
<meta property="article:modified_time" content="2026-02-05T12:43:09+00:00" />
<meta property="og:image" content="https://www.regionsaris.sk/wp-content/uploads/2026/01/krajne-cierno245-thumb.jpg" />
	<meta property="og:image:width" content="600" />
	<meta property="og:image:height" content="400" />
	<meta property="og:image:type" content="image/jpeg" />
<meta name="twitter:card" content="summary_large_image" />
<meta name="twitter:label1" content="Estimated reading time" />
	<meta name="twitter:data1" content="2 minutes" />
<script type="application/ld+json" class="yoast-schema-graph">{"@context":"https://schema.org","@graph":[{"@type":"WebPage","@id":"https://www.regionsaris.sk/nabozensky-turizmus/dreveny-chram-sv-bazila-velkeho-krajne-cierno/","url":"https://www.regionsaris.sk/nabozensky-turizmus/dreveny-chram-sv-bazila-velkeho-krajne-cierno/","name":"Drevený chrám Sv. Bazila Veľkého, Krajné Čierno - OOCR Šariš","isPartOf":{"@id":"https://www.regionsaris.sk/#website"},"primaryImageOfPage":{"@id":"https://www.regionsaris.sk/nabozensky-turizmus/dreveny-chram-sv-bazila-velkeho-krajne-cierno/#primaryimage"},"image":{"@id":"https://www.regionsaris.sk/nabozensky-turizmus/dreveny-chram-sv-bazila-velkeho-krajne-cierno/#primaryimage"},"thumbnailUrl":"https://www.regionsaris.sk/wp-content/uploads/2026/01/krajne-cierno245-thumb.jpg","datePublished":"2026-01-07T11:45:04+00:00","dateModified":"2026-02-05T12:43:09+00:00","breadcrumb":{"@id":"https://www.regionsaris.sk/nabozensky-turizmus/dreveny-chram-sv-bazila-velkeho-krajne-cierno/#breadcrumb"},"inLanguage":"en-GB","potentialAction":[{"@type":"ReadAction","target":["https://www.regionsaris.sk/nabozensky-turizmus/dreveny-chram-sv-bazila-velkeho-krajne-cierno/"]}]},{"@type":"ImageObject","inLanguage":"en-GB","@id":"https://www.regionsaris.sk/nabozensky-turizmus/dreveny-chram-sv-bazila-velkeho-krajne-cierno/#primaryimage","url":"https://www.regionsaris.sk/wp-content/uploads/2026/01/krajne-cierno245-thumb.jpg","contentUrl":"https://www.regionsaris.sk/wp-content/uploads/2026/01/krajne-cierno245-thumb.jpg","width":600,"height":400},{"@type":"BreadcrumbList","@id":"https://www.regionsaris.sk/nabozensky-turizmus/dreveny-chram-sv-bazila-velkeho-krajne-cierno/#breadcrumb","itemListElement":[{"@type":"ListItem","position":1,"name":"Domov","item":"https://www.regionsaris.sk/"},{"@type":"ListItem","position":2,"name":"Náboženský turizmus v regióne","item":"https://www.regionsaris.sk/nabozensky-turizmus-v-regione/"},{"@type":"ListItem","position":3,"name":"Drevený chrám Sv. Bazila Veľkého, Krajné Čierno"}]},{"@type":"WebSite","@id":"https://www.regionsaris.sk/#website","url":"https://www.regionsaris.sk/","name":"OOCR Šariš","description":"","potentialAction":[{"@type":"SearchAction","target":{"@type":"EntryPoint","urlTemplate":"https://www.regionsaris.sk/?s={search_term_string}"},"query-input":{"@type":"PropertyValueSpecification","valueRequired":true,"valueName":"search_term_string"}}],"inLanguage":"en-GB"}]}</script>
<!-- / Yoast SEO Premium plugin. -->

Drevený chrám Sv. Bazila Veľkého, Krajné Čierno - OOCR Šariš

Drevený chrám Sv. Bazila Veľkého, Krajné Čierno

Chrám svätého Bazila Veľkého je gréckokatolícka cerkva v obci Krajné Čierno v okrese Svidník. Trojdielna...

OOCR Šariš

Náboženský turizmus v regióne
