{"id":2152,"date":"2020-12-18T13:06:38","date_gmt":"2020-12-18T12:06:38","guid":{"rendered":"https:\/\/www.regionsaris.sk\/historia\/rakociho-kastiel-velky-saris-zaniknuty\/"},"modified":"2026-02-07T10:54:09","modified_gmt":"2026-02-07T09:54:09","slug":"rakociho-kastiel-velky-saris-zaniknuty","status":"publish","type":"historia","link":"https:\/\/www.regionsaris.sk\/en\/historia\/rakociho-kastiel-velky-saris-zaniknuty\/","title":{"rendered":"Rakoci's manor Ve\u013ek\u00fd \u0160ari\u0161 - extinct"},"content":{"rendered":"<p>The manor house was built on the ruins of the former Augustinian monastery and it is assumed that it was also built from the building material of this monastery. According to the preserved morphological features, it was built sometime in the 17th century. In 1645 the castle estate of \u0160ari\u0161 was acquired by the Rakoci family. Previously, the estate was owned by the Per\u00e9nyi family, who also owned \u0160ari\u0161 Castle. Of the R\u00e1koci family, the most famous owner was Franti\u0161ek R\u00e1koczi II, who was also solemnly appointed hereditary count of the \u0160ari\u0161 County and called the \u201eCount of \u0160ari\u0161\u201c. In 1701, in connection with the preparation of the Estates Uprising, he was arrested and taken to Pre\u0161ov for interrogation.<\/p>\n\n\n\n<p>After Franti\u0161ek R\u00e1koci, the manor house was owned by his sister Julia de Aspermont, later by the Sirmay family and in the 19th century it was married off by the Polish nobleman Joseph B. Lu\u017eensk\u00fd de Reglice, whose son was shot in a duel and is buried at the local Chapel of St. Elizabeth. At the turn of the 19th and 20th century the manor was owned by Gejza Pulsk\u00fd.<\/p>\n\n\n\n<p>According to contemporary photographs and drawings from the first half of the 20th century, it was a Renaissance building made in the spirit of the typology of Renaissance block manor houses with corner towers. Ve\u013eko\u0161ari\u0161sk\u00fd manor house had two cylindrical corner towers on the front eastern facade, attached to the rectangular mass of the building itself. The third tower-like formation was located within the west courtyard wing and was most probably a stair tube. The manor house was two-storeyed, roofed with a gabled roof, combined with a mansard on the north side. Plastered chimneys with corniced horizontal articulation projected above the roof ridge. The corner towers were covered by bell roofs, which were covered with shingles. On the ground floor of the manor house, the original rectangular stone window lining was partially preserved, finished with a straight profiled cornice. In the interior of the first floor there were Renaissance vaults with lunette sections. The lunette vault above the staircase was set on a column, with a channeled shaft at the top and a pilaster at the jamb. The window on the first floor was rectangular, with a slight segmental recess. The lower ones were barred.<\/p>\n\n\n\n<p>The manor house was damaged during the First World War and after the fire when the fire broke out on 13.9.1948 and spread to the manor house. This was its undoing and so it was later demolished.<\/p>\n\n\n\n<p>It is said that during the demolition the material was dismantled among the inhabitants, as well as the furniture that remained in the manor. Today there is a football pitch on its site, and its outbuilding, which has been converted into a dwelling house, still stands. The manor house also included the chapel of St. Kunhuta, an alley, a cellar and other outbuildings.<\/p>\n\n\n\n<p>A well and a granary have been preserved in the grounds of the once famous manor house. It is said that in the well there was an entrance to a secret passage that connected it to the manor.<\/p>\n\n\n\n<p>The surroundings of the manor house consisted of a beautiful park and garden, which was taken care of by Ilona Zr\u00ednyi. Gardening was a family tradition with the R\u00e1koczis. In the beautiful gardens of the Velko\u0161ari\u0161 manor house, the Duchess also grew figs, rosemary, violets, violets, carnations, roses, strelitzia and velvetleaf pansies. There was a chestnut avenue in the garden. A small-leaved linden tree, estimated to be 350-400 years old, has been preserved to this day.<\/p>\n\n\n\n<p>Very few photographs and paintings of the manor house have been preserved. The glory of R\u00e1koci Manor is documented only by a memorial stone with an engraving of the manor and the text \u201eR\u00e1koci Manor\". It is now preserved by the town in a depository.<\/p>\n\n\n\n<p>The manor house is part of\u00a0<a href=\"http:\/\/www.sarisskahradnacesta.sk\/\">\u0160ari\u0161 Castle Road<\/a><\/p>\n\n\n\n<p>Source: the town of Ve\u013ek\u00fd \u0160ari\u0161<\/p>\n\n\n\n<p>Photo: index.hu, pinterest.hu, FB Slovakia in historical photos<\/p>","protected":false},"featured_media":1959,"template":"","meta":{"_acf_changed":false},"kategoria-poi":[105,173],"lokalita":[28],"sezona-poi":[],"trvanie-vyletu":[194],"class_list":["post-2152","historia","type-historia","status-publish","has-post-thumbnail","hentry","kategoria-poi-historia","kategoria-poi-kastiele-a-kurie","lokalita-presov-a-okolie","trvanie-vyletu-skolske-vylety"],"acf":[],"yoast_head":"<!-- This site is optimized with the Yoast SEO Premium plugin v26.3 (Yoast SEO v26.8) - https:\/\/yoast.com\/product\/yoast-seo-premium-wordpress\/ -->\n<title>R\u00e1kociho ka\u0161tie\u013e Ve\u013ek\u00fd \u0160ari\u0161 - zaniknut\u00fd - OOCR \u0160ari\u0161<\/title>\n<meta name=\"robots\" content=\"index, follow, max-snippet:-1, max-image-preview:large, max-video-preview:-1\" \/>\n<link rel=\"canonical\" href=\"https:\/\/www.regionsaris.sk\/en\/historia\/rakociho-kastiel-velky-saris-zaniknuty\/\" \/>\n<meta property=\"og:locale\" content=\"en_GB\" \/>\n<meta property=\"og:type\" content=\"article\" \/>\n<meta property=\"og:title\" content=\"R\u00e1kociho ka\u0161tie\u013e Ve\u013ek\u00fd \u0160ari\u0161 - zaniknut\u00fd\" \/>\n<meta property=\"og:description\" content=\"Ka\u0161tie\u013e bol postaven\u00fd na ruin\u00e1ch b\u00fdval\u00e9ho kl\u00e1\u0161tora augustini\u00e1nov a\u00a0predpoklad\u00e1 sa, \u017ee aj zo stavebn\u00e9ho materi\u00e1lu...\" \/>\n<meta property=\"og:url\" content=\"https:\/\/www.regionsaris.sk\/en\/historia\/rakociho-kastiel-velky-saris-zaniknuty\/\" \/>\n<meta property=\"og:site_name\" content=\"OOCR \u0160ari\u0161\" \/>\n<meta property=\"article:modified_time\" content=\"2026-02-07T09:54:09+00:00\" \/>\n<meta property=\"og:image\" content=\"https:\/\/www.regionsaris.sk\/wp-content\/uploads\/2026\/01\/kastiel_velky_saris.jpg\" \/>\n\t<meta property=\"og:image:width\" content=\"1505\" \/>\n\t<meta property=\"og:image:height\" content=\"1060\" \/>\n\t<meta property=\"og:image:type\" content=\"image\/jpeg\" \/>\n<meta name=\"twitter:card\" content=\"summary_large_image\" \/>\n<meta name=\"twitter:label1\" content=\"Estimated reading time\" \/>\n\t<meta name=\"twitter:data1\" content=\"3 minutes\" \/>\n<script type=\"application\/ld+json\" class=\"yoast-schema-graph\">{\"@context\":\"https:\/\/schema.org\",\"@graph\":[{\"@type\":\"WebPage\",\"@id\":\"https:\/\/www.regionsaris.sk\/historia\/rakociho-kastiel-velky-saris-zaniknuty\/\",\"url\":\"https:\/\/www.regionsaris.sk\/historia\/rakociho-kastiel-velky-saris-zaniknuty\/\",\"name\":\"R\u00e1kociho ka\u0161tie\u013e Ve\u013ek\u00fd \u0160ari\u0161 - zaniknut\u00fd - OOCR \u0160ari\u0161\",\"isPartOf\":{\"@id\":\"https:\/\/www.regionsaris.sk\/#website\"},\"primaryImageOfPage\":{\"@id\":\"https:\/\/www.regionsaris.sk\/historia\/rakociho-kastiel-velky-saris-zaniknuty\/#primaryimage\"},\"image\":{\"@id\":\"https:\/\/www.regionsaris.sk\/historia\/rakociho-kastiel-velky-saris-zaniknuty\/#primaryimage\"},\"thumbnailUrl\":\"https:\/\/www.regionsaris.sk\/wp-content\/uploads\/2026\/01\/kastiel_velky_saris.jpg\",\"datePublished\":\"2020-12-18T12:06:38+00:00\",\"dateModified\":\"2026-02-07T09:54:09+00:00\",\"breadcrumb\":{\"@id\":\"https:\/\/www.regionsaris.sk\/historia\/rakociho-kastiel-velky-saris-zaniknuty\/#breadcrumb\"},\"inLanguage\":\"en-GB\",\"potentialAction\":[{\"@type\":\"ReadAction\",\"target\":[\"https:\/\/www.regionsaris.sk\/historia\/rakociho-kastiel-velky-saris-zaniknuty\/\"]}]},{\"@type\":\"ImageObject\",\"inLanguage\":\"en-GB\",\"@id\":\"https:\/\/www.regionsaris.sk\/historia\/rakociho-kastiel-velky-saris-zaniknuty\/#primaryimage\",\"url\":\"https:\/\/www.regionsaris.sk\/wp-content\/uploads\/2026\/01\/kastiel_velky_saris.jpg\",\"contentUrl\":\"https:\/\/www.regionsaris.sk\/wp-content\/uploads\/2026\/01\/kastiel_velky_saris.jpg\",\"width\":1505,\"height\":1060},{\"@type\":\"BreadcrumbList\",\"@id\":\"https:\/\/www.regionsaris.sk\/historia\/rakociho-kastiel-velky-saris-zaniknuty\/#breadcrumb\",\"itemListElement\":[{\"@type\":\"ListItem\",\"position\":1,\"name\":\"Domov\",\"item\":\"https:\/\/www.regionsaris.sk\/\"},{\"@type\":\"ListItem\",\"position\":2,\"name\":\"Hist\u00f3ria regi\u00f3nu\",\"item\":\"https:\/\/www.regionsaris.sk\/historia-regionu\/\"},{\"@type\":\"ListItem\",\"position\":3,\"name\":\"R\u00e1kociho ka\u0161tie\u013e Ve\u013ek\u00fd \u0160ari\u0161 - zaniknut\u00fd\"}]},{\"@type\":\"WebSite\",\"@id\":\"https:\/\/www.regionsaris.sk\/#website\",\"url\":\"https:\/\/www.regionsaris.sk\/\",\"name\":\"OOCR \u0160ari\u0161\",\"description\":\"\",\"potentialAction\":[{\"@type\":\"SearchAction\",\"target\":{\"@type\":\"EntryPoint\",\"urlTemplate\":\"https:\/\/www.regionsaris.sk\/?s={search_term_string}\"},\"query-input\":{\"@type\":\"PropertyValueSpecification\",\"valueRequired\":true,\"valueName\":\"search_term_string\"}}],\"inLanguage\":\"en-GB\"}]}<\/script>\n<!-- \/ Yoast SEO Premium plugin. -->","yoast_head_json":{"title":"R\u00e1kociho ka\u0161tie\u013e Ve\u013ek\u00fd \u0160ari\u0161 - zaniknut\u00fd - OOCR \u0160ari\u0161","robots":{"index":"index","follow":"follow","max-snippet":"max-snippet:-1","max-image-preview":"max-image-preview:large","max-video-preview":"max-video-preview:-1"},"canonical":"https:\/\/www.regionsaris.sk\/en\/historia\/rakociho-kastiel-velky-saris-zaniknuty\/","og_locale":"en_GB","og_type":"article","og_title":"R\u00e1kociho ka\u0161tie\u013e Ve\u013ek\u00fd \u0160ari\u0161 - zaniknut\u00fd","og_description":"Ka\u0161tie\u013e bol postaven\u00fd na ruin\u00e1ch b\u00fdval\u00e9ho kl\u00e1\u0161tora augustini\u00e1nov a\u00a0predpoklad\u00e1 sa, \u017ee aj zo stavebn\u00e9ho materi\u00e1lu...","og_url":"https:\/\/www.regionsaris.sk\/en\/historia\/rakociho-kastiel-velky-saris-zaniknuty\/","og_site_name":"OOCR \u0160ari\u0161","article_modified_time":"2026-02-07T09:54:09+00:00","og_image":[{"width":1505,"height":1060,"url":"https:\/\/www.regionsaris.sk\/wp-content\/uploads\/2026\/01\/kastiel_velky_saris.jpg","type":"image\/jpeg"}],"twitter_card":"summary_large_image","twitter_misc":{"Estimated reading time":"3 minutes"},"schema":{"@context":"https:\/\/schema.org","@graph":[{"@type":"WebPage","@id":"https:\/\/www.regionsaris.sk\/historia\/rakociho-kastiel-velky-saris-zaniknuty\/","url":"https:\/\/www.regionsaris.sk\/historia\/rakociho-kastiel-velky-saris-zaniknuty\/","name":"R\u00e1kociho ka\u0161tie\u013e Ve\u013ek\u00fd \u0160ari\u0161 - zaniknut\u00fd - OOCR \u0160ari\u0161","isPartOf":{"@id":"https:\/\/www.regionsaris.sk\/#website"},"primaryImageOfPage":{"@id":"https:\/\/www.regionsaris.sk\/historia\/rakociho-kastiel-velky-saris-zaniknuty\/#primaryimage"},"image":{"@id":"https:\/\/www.regionsaris.sk\/historia\/rakociho-kastiel-velky-saris-zaniknuty\/#primaryimage"},"thumbnailUrl":"https:\/\/www.regionsaris.sk\/wp-content\/uploads\/2026\/01\/kastiel_velky_saris.jpg","datePublished":"2020-12-18T12:06:38+00:00","dateModified":"2026-02-07T09:54:09+00:00","breadcrumb":{"@id":"https:\/\/www.regionsaris.sk\/historia\/rakociho-kastiel-velky-saris-zaniknuty\/#breadcrumb"},"inLanguage":"en-GB","potentialAction":[{"@type":"ReadAction","target":["https:\/\/www.regionsaris.sk\/historia\/rakociho-kastiel-velky-saris-zaniknuty\/"]}]},{"@type":"ImageObject","inLanguage":"en-GB","@id":"https:\/\/www.regionsaris.sk\/historia\/rakociho-kastiel-velky-saris-zaniknuty\/#primaryimage","url":"https:\/\/www.regionsaris.sk\/wp-content\/uploads\/2026\/01\/kastiel_velky_saris.jpg","contentUrl":"https:\/\/www.regionsaris.sk\/wp-content\/uploads\/2026\/01\/kastiel_velky_saris.jpg","width":1505,"height":1060},{"@type":"BreadcrumbList","@id":"https:\/\/www.regionsaris.sk\/historia\/rakociho-kastiel-velky-saris-zaniknuty\/#breadcrumb","itemListElement":[{"@type":"ListItem","position":1,"name":"Domov","item":"https:\/\/www.regionsaris.sk\/"},{"@type":"ListItem","position":2,"name":"Hist\u00f3ria regi\u00f3nu","item":"https:\/\/www.regionsaris.sk\/historia-regionu\/"},{"@type":"ListItem","position":3,"name":"R\u00e1kociho ka\u0161tie\u013e Ve\u013ek\u00fd \u0160ari\u0161 - zaniknut\u00fd"}]},{"@type":"WebSite","@id":"https:\/\/www.regionsaris.sk\/#website","url":"https:\/\/www.regionsaris.sk\/","name":"OOCR \u0160ari\u0161","description":"","potentialAction":[{"@type":"SearchAction","target":{"@type":"EntryPoint","urlTemplate":"https:\/\/www.regionsaris.sk\/?s={search_term_string}"},"query-input":{"@type":"PropertyValueSpecification","valueRequired":true,"valueName":"search_term_string"}}],"inLanguage":"en-GB"}]}},"_links":{"self":[{"href":"https:\/\/www.regionsaris.sk\/en\/wp-json\/wp\/v2\/historia\/2152","targetHints":{"allow":["GET"]}}],"collection":[{"href":"https:\/\/www.regionsaris.sk\/en\/wp-json\/wp\/v2\/historia"}],"about":[{"href":"https:\/\/www.regionsaris.sk\/en\/wp-json\/wp\/v2\/types\/historia"}],"wp:featuredmedia":[{"embeddable":true,"href":"https:\/\/www.regionsaris.sk\/en\/wp-json\/wp\/v2\/media\/1959"}],"wp:attachment":[{"href":"https:\/\/www.regionsaris.sk\/en\/wp-json\/wp\/v2\/media?parent=2152"}],"wp:term":[{"taxonomy":"kategoria-poi","embeddable":true,"href":"https:\/\/www.regionsaris.sk\/en\/wp-json\/wp\/v2\/kategoria-poi?post=2152"},{"taxonomy":"lokalita","embeddable":true,"href":"https:\/\/www.regionsaris.sk\/en\/wp-json\/wp\/v2\/lokalita?post=2152"},{"taxonomy":"sezona-poi","embeddable":true,"href":"https:\/\/www.regionsaris.sk\/en\/wp-json\/wp\/v2\/sezona-poi?post=2152"},{"taxonomy":"trvanie-vyletu","embeddable":true,"href":"https:\/\/www.regionsaris.sk\/en\/wp-json\/wp\/v2\/trvanie-vyletu?post=2152"}],"curies":[{"name":"wp","href":"https:\/\/api.w.org\/{rel}","templated":true}]}}

Rakoci's manor Veľký Šariš - extinct

<p>The manor house was built on the ruins of the former Augustinian monastery and it is assumed that it was also built from the building material of this monastery. According to the preserved morphological features, it was built sometime in the 17th century. In 1645 the castle estate of Šariš was acquired by the Rakoci family. Previously, the estate was owned by the Perényi family, who also owned Šariš Castle. Of the Rákoci family, the most famous owner was František Rákoczi II, who was also solemnly appointed hereditary count of the Šariš County and called the „Count of Šariš“. In 1701, in connection with the preparation of the Estates Uprising, he was arrested and taken to Prešov for interrogation.</p>



<p>After František Rákoci, the manor house was owned by his sister Julia de Aspermont, later by the Sirmay family and in the 19th century it was married off by the Polish nobleman Joseph B. Luženský de Reglice, whose son was shot in a duel and is buried at the local Chapel of St. Elizabeth. At the turn of the 19th and 20th century the manor was owned by Gejza Pulský.</p>



<p>According to contemporary photographs and drawings from the first half of the 20th century, it was a Renaissance building made in the spirit of the typology of Renaissance block manor houses with corner towers. Veľkošarišský manor house had two cylindrical corner towers on the front eastern facade, attached to the rectangular mass of the building itself. The third tower-like formation was located within the west courtyard wing and was most probably a stair tube. The manor house was two-storeyed, roofed with a gabled roof, combined with a mansard on the north side. Plastered chimneys with corniced horizontal articulation projected above the roof ridge. The corner towers were covered by bell roofs, which were covered with shingles. On the ground floor of the manor house, the original rectangular stone window lining was partially preserved, finished with a straight profiled cornice. In the interior of the first floor there were Renaissance vaults with lunette sections. The lunette vault above the staircase was set on a column, with a channeled shaft at the top and a pilaster at the jamb. The window on the first floor was rectangular, with a slight segmental recess. The lower ones were barred.</p>



<p>The manor house was damaged during the First World War and after the fire when the fire broke out on 13.9.1948 and spread to the manor house. This was its undoing and so it was later demolished.</p>



<p>It is said that during the demolition the material was dismantled among the inhabitants, as well as the furniture that remained in the manor. Today there is a football pitch on its site, and its outbuilding, which has been converted into a dwelling house, still stands. The manor house also included the chapel of St. Kunhuta, an alley, a cellar and other outbuildings.</p>



<p>A well and a granary have been preserved in the grounds of the once famous manor house. It is said that in the well there was an entrance to a secret passage that connected it to the manor.</p>



<p>The surroundings of the manor house consisted of a beautiful park and garden, which was taken care of by Ilona Zrínyi. Gardening was a family tradition with the Rákoczis. In the beautiful gardens of the Velkošariš manor house, the Duchess also grew figs, rosemary, violets, violets, carnations, roses, strelitzia and velvetleaf pansies. There was a chestnut avenue in the garden. A small-leaved linden tree, estimated to be 350-400 years old, has been preserved to this day.</p>



<p>Very few photographs and paintings of the manor house have been preserved. The glory of Rákoci Manor is documented only by a memorial stone with an engraving of the manor and the text „Rákoci Manor". It is now preserved by the town in a depository.</p>



<p>The manor house is part of <a href="http://www.sarisskahradnacesta.sk/">Šariš Castle Road</a></p>



<p>Source: the town of Veľký Šariš</p>



<p>Photo: index.hu, pinterest.hu, FB Slovakia in historical photos</p>

<!-- This site is optimized with the Yoast SEO Premium plugin v26.3 (Yoast SEO v26.8) - https://yoast.com/product/yoast-seo-premium-wordpress/ -->
<title>Rákociho kaštieľ Veľký Šariš - zaniknutý - OOCR Šariš</title>
<meta name="robots" content="index, follow, max-snippet:-1, max-image-preview:large, max-video-preview:-1" />
<link rel="canonical" href="https://www.regionsaris.sk/en/historia/rakociho-kastiel-velky-saris-zaniknuty/" />
<meta property="og:locale" content="en_GB" />
<meta property="og:type" content="article" />
<meta property="og:title" content="Rákociho kaštieľ Veľký Šariš - zaniknutý" />
<meta property="og:description" content="Kaštieľ bol postavený na ruinách bývalého kláštora augustiniánov a predpokladá sa, že aj zo stavebného materiálu..." />
<meta property="og:url" content="https://www.regionsaris.sk/en/historia/rakociho-kastiel-velky-saris-zaniknuty/" />
<meta property="og:site_name" content="OOCR Šariš" />
<meta property="article:modified_time" content="2026-02-07T09:54:09+00:00" />
<meta property="og:image" content="https://www.regionsaris.sk/wp-content/uploads/2026/01/kastiel_velky_saris.jpg" />
	<meta property="og:image:width" content="1505" />
	<meta property="og:image:height" content="1060" />
	<meta property="og:image:type" content="image/jpeg" />
<meta name="twitter:card" content="summary_large_image" />
<meta name="twitter:label1" content="Estimated reading time" />
	<meta name="twitter:data1" content="3 minutes" />
<script type="application/ld+json" class="yoast-schema-graph">{"@context":"https://schema.org","@graph":[{"@type":"WebPage","@id":"https://www.regionsaris.sk/historia/rakociho-kastiel-velky-saris-zaniknuty/","url":"https://www.regionsaris.sk/historia/rakociho-kastiel-velky-saris-zaniknuty/","name":"Rákociho kaštieľ Veľký Šariš - zaniknutý - OOCR Šariš","isPartOf":{"@id":"https://www.regionsaris.sk/#website"},"primaryImageOfPage":{"@id":"https://www.regionsaris.sk/historia/rakociho-kastiel-velky-saris-zaniknuty/#primaryimage"},"image":{"@id":"https://www.regionsaris.sk/historia/rakociho-kastiel-velky-saris-zaniknuty/#primaryimage"},"thumbnailUrl":"https://www.regionsaris.sk/wp-content/uploads/2026/01/kastiel_velky_saris.jpg","datePublished":"2020-12-18T12:06:38+00:00","dateModified":"2026-02-07T09:54:09+00:00","breadcrumb":{"@id":"https://www.regionsaris.sk/historia/rakociho-kastiel-velky-saris-zaniknuty/#breadcrumb"},"inLanguage":"en-GB","potentialAction":[{"@type":"ReadAction","target":["https://www.regionsaris.sk/historia/rakociho-kastiel-velky-saris-zaniknuty/"]}]},{"@type":"ImageObject","inLanguage":"en-GB","@id":"https://www.regionsaris.sk/historia/rakociho-kastiel-velky-saris-zaniknuty/#primaryimage","url":"https://www.regionsaris.sk/wp-content/uploads/2026/01/kastiel_velky_saris.jpg","contentUrl":"https://www.regionsaris.sk/wp-content/uploads/2026/01/kastiel_velky_saris.jpg","width":1505,"height":1060},{"@type":"BreadcrumbList","@id":"https://www.regionsaris.sk/historia/rakociho-kastiel-velky-saris-zaniknuty/#breadcrumb","itemListElement":[{"@type":"ListItem","position":1,"name":"Domov","item":"https://www.regionsaris.sk/"},{"@type":"ListItem","position":2,"name":"História regiónu","item":"https://www.regionsaris.sk/historia-regionu/"},{"@type":"ListItem","position":3,"name":"Rákociho kaštieľ Veľký Šariš - zaniknutý"}]},{"@type":"WebSite","@id":"https://www.regionsaris.sk/#website","url":"https://www.regionsaris.sk/","name":"OOCR Šariš","description":"","potentialAction":[{"@type":"SearchAction","target":{"@type":"EntryPoint","urlTemplate":"https://www.regionsaris.sk/?s={search_term_string}"},"query-input":{"@type":"PropertyValueSpecification","valueRequired":true,"valueName":"search_term_string"}}],"inLanguage":"en-GB"}]}</script>
<!-- / Yoast SEO Premium plugin. -->

Rákociho kaštieľ Veľký Šariš - zaniknutý - OOCR Šariš

Rákociho kaštieľ Veľký Šariš - zaniknutý

Kaštieľ bol postavený na ruinách bývalého kláštora augustiniánov a predpokladá sa, že aj zo stavebného materiálu...

OOCR Šariš

História regiónu
